{"id":160,"date":"2025-04-24T12:04:03","date_gmt":"2025-04-24T12:04:03","guid":{"rendered":"https:\/\/help.jamk.fi\/aineistonhallinta\/?page_id=160"},"modified":"2025-04-24T12:04:03","modified_gmt":"2025-04-24T12:04:03","slug":"suunnittele-aineistonhallintasi","status":"publish","type":"page","link":"https:\/\/help.jamk.fi\/aineistonhallinta\/aineistonhallintasuunnitelma\/suunnittele-aineistonhallintasi\/","title":{"rendered":"Suunnittele aineistonhallintasi"},"content":{"rendered":"\n<h2 class=\"wp-block-heading\">Aineistonhallinnan suunnittelu: miksi ja miten?<\/h2>\n\n\n\n<ul class=\"wp-block-list\">\n<li>Aineistonhallintasuunnitelma kartoittaa mahdollisia riskej\u00e4 ja osoittaa, ett\u00e4 tunnistat ja hallitset ne (mm. tietosuoja, oikeudet, tietoturva).<\/li>\n\n\n\n<li>Hyv\u00e4 tutkimussuunnitelma sis\u00e4lt\u00e4\u00e4 jo aineistonhallinnan keskeiset elementit ja tutkimusmenetelmien kuvauksen, v\u00e4lt\u00e4 p\u00e4\u00e4llekk\u00e4isyytt\u00e4. Aineistonhallintasuunnitelma kuvaa aineiston teknist\u00e4 ja hallinnollista k\u00e4sittely\u00e4.<\/li>\n\n\n\n<li>DMPTuuli-ty\u00f6kalu ohjaa sinua huomiomaan aineistohallintasuunnitelman osa-alueet vaihe vaiheelta, joten k\u00e4yt\u00e4 sit\u00e4.<\/li>\n\n\n\n<li>Suunnitelman teht\u00e4v\u00e4 on vastata juuri sinun tutkimuksesi aineiston keskeisiin haasteisiin, vastaa konkreettisesti, \u00e4l\u00e4 kopioi tekstej\u00e4 ohjeista tai muiden suunnitelmista. Tekij\u00e4n tulee ymm\u00e4rt\u00e4\u00e4, mit\u00e4 suunnitelmassa luvataan!<\/li>\n\n\n\n<li>Sovita suunnitelman tarkkuus ja laajuus omaan projektiisi ja aineistoosi sopivaksi \u2013 vastaa kysymyksiin soveltuvin osin, usein 1-2 sivua riitt\u00e4\u00e4. Erityisesti kehitt\u00e4mishankkeiden (mm. rakennerahastot) aineistonhallintasuunnitelmat voivat olla aika lyhyit\u00e4, koska niiss\u00e4 ei ker\u00e4t\u00e4 laajoja aineistoja.<\/li>\n\n\n\n<li>Lis\u00e4tietoa saat Fairdata-palveluiden <a href=\"http:\/\/www.fairdata.fi\/miksi-fairdata\/datanhallinnan-muistilista\/\">Datanhallinnan muistilistasta<\/a> sek\u00e4 Tietoarkiston <a href=\"https:\/\/www.fsd.uta.fi\/aineistonhallinta\/fi\/\">Aineistonhallinnan k\u00e4sikirjasta<\/a>.<\/li>\n<\/ul>\n\n\n\n<p>Pyyd\u00e4 tarvittaessa tukea aineistonhallintasuunnitelmastasi laatimiseen, jotta sen sis\u00e4lt\u00f6 vastaa Jamkin k\u00e4yt\u00e4nteit\u00e4 ja toimintatapoja ja saat tutkimuksellesi\/hankkeellesi k\u00e4ytt\u00f6kelpoisen suunnitelman. Jamkissa voit pyyt\u00e4\u00e4 kommentteja suunnitelmaasi tai voimme katsoa yhdess\u00e4 suunnitelman laatimista.<\/p>\n\n\n<div id=\"info-lift-block_da36f256559de3c8070646634d0d1348\" class=\"block-info-lift block-info-lift\">\n  <div class=\"row\">\n    <div class=\"col-12\">\n              <div class=\"block-info-lift__content\">\n          <div class=\"block-info-lift__content__icon\">\n            <span>!<\/span>\n          <\/div>\n          <p class=\"block-info-lift__content__text\">Kysy apua osoitteesta att(a)jamk.fi<\/p>\n        <\/div>\n          <\/div>\n  <\/div>\n<\/div>\n\n\n<h2 class=\"wp-block-heading\">DMPTuuli-ty\u00f6kalu aineistonhallintaan<\/h2>\n\n\n\n<p>TKI-toiminnan aineistonhallintasuunnitelmat tehd\u00e4\u00e4n Jamkissa suomalaisten korkeakoulujen ja tutkimuslaitosten k\u00e4ytt\u00e4m\u00e4ll\u00e4 DMPTuuli- aineistonhallintasuunnitelmaty\u00f6kalulla. K\u00e4yt\u00e4 rahoittajan omaa pohjaa, jos sellainen on tarjolla. Jos ei ole, k\u00e4yt\u00e4 Jamkin TKI-toiminnan suunnitelmapohjaa. Jokaisessa pohjassa on my\u00f6s vaiheittaiset ohjeet, mit\u00e4 eri kohdassa tulisi kuvata.<\/p>\n\n\n\n<p>Tuulissa voit jakaa suunnitelmasi kommentoitavaksi tai kirjoittaa sit\u00e4 yhdess\u00e4 yhteisty\u00f6kumppaneiden kanssa. Pohjan voi my\u00f6s ladata ja tulostaa rahoitushakemuksen tai tutkimusluvan liitteeksi.<\/p>\n\n\n\n<p>N\u00e4in p\u00e4\u00e4set alkuun aineistonhallintasuunnitelmasi kanssa ja saat k\u00e4ytt\u00f6\u00f6n Jamkin mallipohjan:<\/p>\n\n\n\n<ul class=\"wp-block-list\">\n<li>Kirjaudu DMPTuuliin Jamkin k\u00e4ytt\u00e4j\u00e4tunnuksilla Haka-kirjautumisen kautta: <a href=\"https:\/\/www.dmptuuli.fi\/\">https:\/\/www.dmptuuli.fi\/<\/a><\/li>\n\n\n\n<li>Ensimm\u00e4isell\u00e4 kerralla luo tili Rekister\u00f6idy\/Create Account-n\u00e4kym\u00e4st\u00e4 ja valitse organisaatioksi listalta JAMK University of Applied Sciences. T\u00e4m\u00e4n j\u00e4lkeen voit kirjautua k\u00e4ytt\u00e4m\u00e4ll\u00e4 Haka-tunnuksia tai luomiasi tunnuksia.<\/li>\n\n\n\n<li>Kirjauduttuasi voit valita k\u00e4ytt\u00f6kieleksi suomen tai englannin.<\/li>\n\n\n\n<li>Klikkaa Tee suunnitelma\/Create Plan, nime\u00e4 suunnitelma, kirjoita organisaatioksi JAMK. Valitse listalta rahoittaja, jolloin ohjelma tarjoaa rahoittajan pohjaa. <strong>Jos rahoittajan pohjaa ei ole, laita rasti ja valitse sopiva Jamkin TKI-toiminnan mallipohja<\/strong>. HUOM. Mallipohja tulee aina valita t\u00e4ss\u00e4 vaiheessa.<\/li>\n\n\n\n<li>Kun k\u00e4yt\u00e4t Jamkin mallipohjaa, ei ohjetta (guidance) valita erikseen.<\/li>\n\n\n\n<li>Kansallisessa yhteisty\u00f6ss\u00e4 laaditut General Finnish DMP -ohjeet on luettavissa suomeksi ja englanniksi my\u00f6s erikseen (valitse listalta n\u00e4ytett\u00e4v\u00e4 ohje): Kansallinen aineistonhallintasuunnittelun ohje (Tuuli-projekti 2021). Jamkin mallipohjat pohjautuvat t\u00e4h\u00e4n ohjeistukseen tarkennettuna Jamkin omilla k\u00e4yt\u00e4nteill\u00e4 ja vinkeill\u00e4.<\/li>\n<\/ul>\n\n\n\n<h2 class=\"wp-block-heading\">Arkaluonteisten aineistojen aineistonhallinta<\/h2>\n\n\n\n<p>Sensitiivisen eli arkaluonteisen ja luottamuksellisia tietoja sis\u00e4lt\u00e4v\u00e4n datan k\u00e4sittely tulee huomioida aineistonhallintasuunnitelmassa. Voit k\u00e4ytt\u00e4\u00e4 apuna t\u00e4ydent\u00e4v\u00e4\u00e4 ohjetta sensitiivisen datan hallinnan suunnitteluun, joka t\u00e4ydent\u00e4\u00e4 kansallista DMP Tuuli-aineistonhallintasuunnitelmapohjaa (<a href=\"https:\/\/zenodo.org\/record\/3247282#.XQh1RExuJPY\">ATT aineistonhallinnan ohje sensitiivisille aineistoille -ty\u00f6ryhm\u00e4 2019<\/a>).<\/p>\n\n\n\n<p>My\u00f6s Jamkin TKI-toiminnan aineistonhallintasuunnitelmapohjassa on annettu erikseen ohjeita arkaluonteiselle aineistolle.<\/p>\n\n\n\n<ul class=\"wp-block-list\">\n<li>Lue lis\u00e4\u00e4:<a href=\"https:\/\/avointiede.fi\/fi\/ajankohtaista\/sensitiivisten-aineistojen-vastuullinen-avaaminen\"> Sensitiivisten aineistojen avaaminen vaatii erityist\u00e4 tarkkuutta, mutta se ei ole mahdotonta<\/a> (Jauhiainen 2021, Avoimen tieteen koordinaatio)<\/li>\n\n\n\n<li><a href=\"https:\/\/research.csc.fi\/sensitive-data\">CSC:n sensitiivisen datan palvelut<\/a>: erilliset tallennusratkaisut arkaluonteisen datan tallentamiseen ja v\u00e4litt\u00e4miseen.<\/li>\n<\/ul>\n\n\n\n<h2 class=\"wp-block-heading\">Tutkimuslupa ja eettinen ennakkoarviointi<\/h2>\n\n\n\n<p>Varmista ajoissa, edellytt\u00e4\u00e4k\u00f6 tutkimusaineiston hankinta tutkimuslupaa Jamkista tai muusta kohteena olevasta organisaatiosta. Joskus tutkimusasetelma voi olla sellainen, ett\u00e4 tutkimukselle pit\u00e4\u00e4 hakea eettinen ennakkoarviointilausunto. Lausunto pit\u00e4\u00e4 hakea ennen tutkimusluvan hakemista.<\/p>\n\n\n\n<p>Tutkimuslupa antaa luvan l\u00e4hesty\u00e4 organisaatiota ja sen j\u00e4seni\u00e4 tutkimukseen liittyen tai saada rekisteri- tai arkistoaineistoja tutkimusk\u00e4ytt\u00f6\u00f6n. Tutkimusluvan liitteen\u00e4 tulee aina olla my\u00f6s aineistonhallintasuunnitelma. K\u00e4yt\u00e4nteet ovat organisaatiokohtaisia eik\u00e4 Jamk voi k\u00e4sitell\u00e4 tai ohjeistaa toisten organisaatioiden puolesta. Tutkittavien informointi ei korvaa tutkimuslupaa, eik\u00e4 tutkimusluva toisaalta poista informoinnin tarvetta.<\/p>\n\n\n\n<p>Jamkilta tutkimuslupa edellytet\u00e4\u00e4n seuraavissa tapauksissa:<\/p>\n\n\n\n<ul class=\"wp-block-list\">\n<li>Kun pyydet\u00e4\u00e4n tietoja Jamkin henkil\u00f6- tai muista rekistereist\u00e4<\/li>\n\n\n\n<li>Arkisto- ja tilastoaineiston k\u00e4ytt\u00f6 tutkimustarkoituksiin (jos ei ole julkista dataa)<\/li>\n\n\n\n<li>Opiskelijan tuottaman aineiston k\u00e4ytt\u00f6 tutkimustarkoituksiin (lupaa ei tarvita Jamkin sis\u00e4iseen kehitt\u00e4misty\u00f6h\u00f6n)<\/li>\n\n\n\n<li>Havainnointi, haastattelut ja kyselyt<\/li>\n\n\n\n<li>Muu erikseen tutkimuslupahakemuksessa ilmoitettu tutkimustapa tai -menetelm\u00e4 &#8211; l\u00e4ht\u00f6kohtaisesti lupa tarvitaan, sill\u00e4 se on lupa tutkia organisaatiota.<\/li>\n\n\n\n<li>HUOM. Lupaa ei tarvita sis\u00e4iseen kehitt\u00e4miseen tai ulkoisen rahoituksen saaneeseen hankkeeseen, johon sis\u00e4ltyv\u00e4\u00e4n tutkimukseen on sitouduttu jo hankkeeseen sitoutumisen my\u00f6t\u00e4. Poikkeuksena t\u00e4st\u00e4 hanke tarvitsee tutkimusluvan, jos se haluaa k\u00e4ytt\u00f6\u00f6ns\u00e4 rekisteritietoja. Kysy luvan tarvetta etuk\u00e4teen (yhteydenottolomake tutkimusluvan verkkosivuilla).<\/li>\n<\/ul>\n\n\n\n<p><a href=\"https:\/\/www.jamk.fi\/fi\/tutkimus-ja-kehitys\/tutkimus\/tutkimuslupa\">Tutustu tutkimusluvan ehtoihin, lomakkeisiin ja hakemiseen Jamkissa<\/a>. Varaudu aina siihen, ett\u00e4 hakemuksen k\u00e4sittelyyn ja mahdollisten tietojen toimittamiseen menee noin kaksi-kolme viikkoa.<\/p>\n\n\n\n<p><strong>Eettisen ennakkoarvioinnin<\/strong> tavoitteena on turvata ihmistieteellisen tutkimuksen eettisten periaatteiden toteutuminen Tutkimuseettisen neuvottelukunnan (TENK) ohjeistuksen mukaisesti. Lis\u00e4ksi tavoitteena on varmistaa tutkimussuunnitelmien eettisyys ja tunnistaa niihin sis\u00e4ltyv\u00e4t riskit ennakkoarviointilausuntoprosessissa. Jamkissa lausuntopyynt\u00f6 osoitetaan Jyv\u00e4skyl\u00e4n ammattikorkeakoulun eettiselle toimikunnalle oheisten ohjeiden mukaisesti.<\/p>\n\n\n\n<p><a href=\"https:\/\/jamkstudent.sharepoint.com\/sites\/Organisaatio-ja-johtaminen-Elmo\/SitePages\/Eettinen-toimikunta.aspx\">Lue tarkemmat ohjeet eettist\u00e4 ennakkoarviointia vaativista tutkimusasetelmista sek\u00e4 lausuntopyynn\u00f6n hakemisesta Jamkin intrassa<\/a> (vaatii kirjautumisen).<\/p>\n","protected":false},"excerpt":{"rendered":"<p>Aineistonhallinnan suunnittelu: miksi ja miten? Pyyd\u00e4 tarvittaessa tukea aineistonhallintasuunnitelmastasi laatimiseen, jotta sen sis\u00e4lt\u00f6 vastaa Jamkin k\u00e4yt\u00e4nteit\u00e4 ja toimintatapoja ja saat tutkimuksellesi\/hankkeellesi k\u00e4ytt\u00f6kelpoisen suunnitelman. Jamkissa voit pyyt\u00e4\u00e4 kommentteja suunnitelmaasi tai voimme katsoa yhdess\u00e4 suunnitelman laatimista. DMPTuuli-ty\u00f6kalu aineistonhallintaan TKI-toiminnan aineistonhallintasuunnitelmat tehd\u00e4\u00e4n Jamkissa suomalaisten korkeakoulujen ja tutkimuslaitosten k\u00e4ytt\u00e4m\u00e4ll\u00e4 DMPTuuli- aineistonhallintasuunnitelmaty\u00f6kalulla. K\u00e4yt\u00e4 rahoittajan omaa pohjaa, jos sellainen on tarjolla. [&hellip;]<\/p>\n","protected":false},"author":494,"featured_media":0,"parent":97,"menu_order":0,"comment_status":"closed","ping_status":"closed","template":"","meta":{"_acf_changed":false,"_relevanssi_hide_post":"","_relevanssi_hide_content":"","_relevanssi_pin_for_all":"","_relevanssi_pin_keywords":"","_relevanssi_unpin_keywords":"","_relevanssi_related_keywords":"","_relevanssi_related_include_ids":"","_relevanssi_related_exclude_ids":"","_relevanssi_related_no_append":"","_relevanssi_related_not_related":"","_relevanssi_related_posts":"1","_relevanssi_noindex_reason":"","footnotes":""},"categories":[],"tags":[],"class_list":["post-160","page","type-page","status-publish","hentry"],"acf":[],"yoast_head":"<!-- This site is optimized with the Yoast SEO plugin v27.3 - https:\/\/yoast.com\/product\/yoast-seo-wordpress\/ -->\n<title>Suunnittele aineistonhallintasi - Aineistonhallinnan opas<\/title>\n<meta name=\"robots\" content=\"index, follow, max-snippet:-1, max-image-preview:large, max-video-preview:-1\" \/>\n<link rel=\"canonical\" href=\"https:\/\/help.jamk.fi\/aineistonhallinta\/aineistonhallintasuunnitelma\/suunnittele-aineistonhallintasi\/\" \/>\n<meta property=\"og:locale\" content=\"fi_FI\" \/>\n<meta property=\"og:type\" content=\"article\" \/>\n<meta property=\"og:title\" content=\"Suunnittele aineistonhallintasi - Aineistonhallinnan opas\" \/>\n<meta property=\"og:description\" content=\"Aineistonhallinnan suunnittelu: miksi ja miten? Pyyd\u00e4 tarvittaessa tukea aineistonhallintasuunnitelmastasi laatimiseen, jotta sen sis\u00e4lt\u00f6 vastaa Jamkin k\u00e4yt\u00e4nteit\u00e4 ja toimintatapoja ja saat tutkimuksellesi\/hankkeellesi k\u00e4ytt\u00f6kelpoisen suunnitelman. Jamkissa voit pyyt\u00e4\u00e4 kommentteja suunnitelmaasi tai voimme katsoa yhdess\u00e4 suunnitelman laatimista. DMPTuuli-ty\u00f6kalu aineistonhallintaan TKI-toiminnan aineistonhallintasuunnitelmat tehd\u00e4\u00e4n Jamkissa suomalaisten korkeakoulujen ja tutkimuslaitosten k\u00e4ytt\u00e4m\u00e4ll\u00e4 DMPTuuli- aineistonhallintasuunnitelmaty\u00f6kalulla. K\u00e4yt\u00e4 rahoittajan omaa pohjaa, jos sellainen on tarjolla. [&hellip;]\" \/>\n<meta property=\"og:url\" content=\"https:\/\/help.jamk.fi\/aineistonhallinta\/aineistonhallintasuunnitelma\/suunnittele-aineistonhallintasi\/\" \/>\n<meta property=\"og:site_name\" content=\"Aineistonhallinnan opas\" \/>\n<meta name=\"twitter:card\" content=\"summary_large_image\" \/>\n<meta name=\"twitter:label1\" content=\"Arvioitu lukuaika\" \/>\n\t<meta name=\"twitter:data1\" content=\"5 minuuttia\" \/>\n<script type=\"application\/ld+json\" class=\"yoast-schema-graph\">{\"@context\":\"https:\\\/\\\/schema.org\",\"@graph\":[{\"@type\":\"WebPage\",\"@id\":\"https:\\\/\\\/help.jamk.fi\\\/aineistonhallinta\\\/aineistonhallintasuunnitelma\\\/suunnittele-aineistonhallintasi\\\/\",\"url\":\"https:\\\/\\\/help.jamk.fi\\\/aineistonhallinta\\\/aineistonhallintasuunnitelma\\\/suunnittele-aineistonhallintasi\\\/\",\"name\":\"Suunnittele aineistonhallintasi - Aineistonhallinnan opas\",\"isPartOf\":{\"@id\":\"https:\\\/\\\/help.jamk.fi\\\/aineistonhallinta\\\/#website\"},\"datePublished\":\"2025-04-24T12:04:03+00:00\",\"breadcrumb\":{\"@id\":\"https:\\\/\\\/help.jamk.fi\\\/aineistonhallinta\\\/aineistonhallintasuunnitelma\\\/suunnittele-aineistonhallintasi\\\/#breadcrumb\"},\"inLanguage\":\"fi\",\"potentialAction\":[{\"@type\":\"ReadAction\",\"target\":[\"https:\\\/\\\/help.jamk.fi\\\/aineistonhallinta\\\/aineistonhallintasuunnitelma\\\/suunnittele-aineistonhallintasi\\\/\"]}]},{\"@type\":\"BreadcrumbList\",\"@id\":\"https:\\\/\\\/help.jamk.fi\\\/aineistonhallinta\\\/aineistonhallintasuunnitelma\\\/suunnittele-aineistonhallintasi\\\/#breadcrumb\",\"itemListElement\":[{\"@type\":\"ListItem\",\"position\":1,\"name\":\"Home\",\"item\":\"https:\\\/\\\/help.jamk.fi\\\/aineistonhallinta\\\/\"},{\"@type\":\"ListItem\",\"position\":2,\"name\":\"Aineistonhallintasuunnitelma\",\"item\":\"https:\\\/\\\/help.jamk.fi\\\/aineistonhallinta\\\/aineistonhallintasuunnitelma\\\/\"},{\"@type\":\"ListItem\",\"position\":3,\"name\":\"Suunnittele aineistonhallintasi\"}]},{\"@type\":\"WebSite\",\"@id\":\"https:\\\/\\\/help.jamk.fi\\\/aineistonhallinta\\\/#website\",\"url\":\"https:\\\/\\\/help.jamk.fi\\\/aineistonhallinta\\\/\",\"name\":\"Aineistonhallinnan opas\",\"description\":\"\",\"potentialAction\":[{\"@type\":\"SearchAction\",\"target\":{\"@type\":\"EntryPoint\",\"urlTemplate\":\"https:\\\/\\\/help.jamk.fi\\\/aineistonhallinta\\\/?s={search_term_string}\"},\"query-input\":{\"@type\":\"PropertyValueSpecification\",\"valueRequired\":true,\"valueName\":\"search_term_string\"}}],\"inLanguage\":\"fi\"}]}<\/script>\n<!-- \/ Yoast SEO plugin. -->","yoast_head_json":{"title":"Suunnittele aineistonhallintasi - Aineistonhallinnan opas","robots":{"index":"index","follow":"follow","max-snippet":"max-snippet:-1","max-image-preview":"max-image-preview:large","max-video-preview":"max-video-preview:-1"},"canonical":"https:\/\/help.jamk.fi\/aineistonhallinta\/aineistonhallintasuunnitelma\/suunnittele-aineistonhallintasi\/","og_locale":"fi_FI","og_type":"article","og_title":"Suunnittele aineistonhallintasi - Aineistonhallinnan opas","og_description":"Aineistonhallinnan suunnittelu: miksi ja miten? Pyyd\u00e4 tarvittaessa tukea aineistonhallintasuunnitelmastasi laatimiseen, jotta sen sis\u00e4lt\u00f6 vastaa Jamkin k\u00e4yt\u00e4nteit\u00e4 ja toimintatapoja ja saat tutkimuksellesi\/hankkeellesi k\u00e4ytt\u00f6kelpoisen suunnitelman. Jamkissa voit pyyt\u00e4\u00e4 kommentteja suunnitelmaasi tai voimme katsoa yhdess\u00e4 suunnitelman laatimista. DMPTuuli-ty\u00f6kalu aineistonhallintaan TKI-toiminnan aineistonhallintasuunnitelmat tehd\u00e4\u00e4n Jamkissa suomalaisten korkeakoulujen ja tutkimuslaitosten k\u00e4ytt\u00e4m\u00e4ll\u00e4 DMPTuuli- aineistonhallintasuunnitelmaty\u00f6kalulla. K\u00e4yt\u00e4 rahoittajan omaa pohjaa, jos sellainen on tarjolla. [&hellip;]","og_url":"https:\/\/help.jamk.fi\/aineistonhallinta\/aineistonhallintasuunnitelma\/suunnittele-aineistonhallintasi\/","og_site_name":"Aineistonhallinnan opas","twitter_card":"summary_large_image","twitter_misc":{"Arvioitu lukuaika":"5 minuuttia"},"schema":{"@context":"https:\/\/schema.org","@graph":[{"@type":"WebPage","@id":"https:\/\/help.jamk.fi\/aineistonhallinta\/aineistonhallintasuunnitelma\/suunnittele-aineistonhallintasi\/","url":"https:\/\/help.jamk.fi\/aineistonhallinta\/aineistonhallintasuunnitelma\/suunnittele-aineistonhallintasi\/","name":"Suunnittele aineistonhallintasi - Aineistonhallinnan opas","isPartOf":{"@id":"https:\/\/help.jamk.fi\/aineistonhallinta\/#website"},"datePublished":"2025-04-24T12:04:03+00:00","breadcrumb":{"@id":"https:\/\/help.jamk.fi\/aineistonhallinta\/aineistonhallintasuunnitelma\/suunnittele-aineistonhallintasi\/#breadcrumb"},"inLanguage":"fi","potentialAction":[{"@type":"ReadAction","target":["https:\/\/help.jamk.fi\/aineistonhallinta\/aineistonhallintasuunnitelma\/suunnittele-aineistonhallintasi\/"]}]},{"@type":"BreadcrumbList","@id":"https:\/\/help.jamk.fi\/aineistonhallinta\/aineistonhallintasuunnitelma\/suunnittele-aineistonhallintasi\/#breadcrumb","itemListElement":[{"@type":"ListItem","position":1,"name":"Home","item":"https:\/\/help.jamk.fi\/aineistonhallinta\/"},{"@type":"ListItem","position":2,"name":"Aineistonhallintasuunnitelma","item":"https:\/\/help.jamk.fi\/aineistonhallinta\/aineistonhallintasuunnitelma\/"},{"@type":"ListItem","position":3,"name":"Suunnittele aineistonhallintasi"}]},{"@type":"WebSite","@id":"https:\/\/help.jamk.fi\/aineistonhallinta\/#website","url":"https:\/\/help.jamk.fi\/aineistonhallinta\/","name":"Aineistonhallinnan opas","description":"","potentialAction":[{"@type":"SearchAction","target":{"@type":"EntryPoint","urlTemplate":"https:\/\/help.jamk.fi\/aineistonhallinta\/?s={search_term_string}"},"query-input":{"@type":"PropertyValueSpecification","valueRequired":true,"valueName":"search_term_string"}}],"inLanguage":"fi"}]}},"_links":{"self":[{"href":"https:\/\/help.jamk.fi\/aineistonhallinta\/wp-json\/wp\/v2\/pages\/160","targetHints":{"allow":["GET"]}}],"collection":[{"href":"https:\/\/help.jamk.fi\/aineistonhallinta\/wp-json\/wp\/v2\/pages"}],"about":[{"href":"https:\/\/help.jamk.fi\/aineistonhallinta\/wp-json\/wp\/v2\/types\/page"}],"author":[{"embeddable":true,"href":"https:\/\/help.jamk.fi\/aineistonhallinta\/wp-json\/wp\/v2\/users\/494"}],"replies":[{"embeddable":true,"href":"https:\/\/help.jamk.fi\/aineistonhallinta\/wp-json\/wp\/v2\/comments?post=160"}],"version-history":[{"count":1,"href":"https:\/\/help.jamk.fi\/aineistonhallinta\/wp-json\/wp\/v2\/pages\/160\/revisions"}],"predecessor-version":[{"id":161,"href":"https:\/\/help.jamk.fi\/aineistonhallinta\/wp-json\/wp\/v2\/pages\/160\/revisions\/161"}],"up":[{"embeddable":true,"href":"https:\/\/help.jamk.fi\/aineistonhallinta\/wp-json\/wp\/v2\/pages\/97"}],"wp:attachment":[{"href":"https:\/\/help.jamk.fi\/aineistonhallinta\/wp-json\/wp\/v2\/media?parent=160"}],"wp:term":[{"taxonomy":"category","embeddable":true,"href":"https:\/\/help.jamk.fi\/aineistonhallinta\/wp-json\/wp\/v2\/categories?post=160"},{"taxonomy":"post_tag","embeddable":true,"href":"https:\/\/help.jamk.fi\/aineistonhallinta\/wp-json\/wp\/v2\/tags?post=160"}],"curies":[{"name":"wp","href":"https:\/\/api.w.org\/{rel}","templated":true}]}}