{"id":198,"date":"2012-12-13T11:04:53","date_gmt":"2012-12-13T09:04:53","guid":{"rendered":"https:\/\/help.jamk.fi\/asiakirjahallinto\/esimerkkisivu\/6-allekirjoittaminen-hyvaksyminen-saapunut-toimeksianto\/"},"modified":"2024-01-05T11:08:02","modified_gmt":"2024-01-05T09:08:02","slug":"6-allekirjoittaminen-hyvaksyminen-saapunut-toimeksianto","status":"publish","type":"page","link":"https:\/\/help.jamk.fi\/asianhallinta\/fi\/6-allekirjoittaminen-hyvaksyminen-saapunut-toimeksianto\/","title":{"rendered":"5 Allekirjoitus, hyv\u00e4ksyminen"},"content":{"rendered":"\n<p>Paperiasiakirjan aitouden takeena on yleisesti pidetty kyn\u00e4ll\u00e4 tehty\u00e4 allekirjoitusta, ja s\u00e4hk\u00f6isen asiakirjan aitouden takeena s\u00e4hk\u00f6isest\u00e4 allekirjoittamisesta muodostuvaa sinetti\u00e4 tai vaihtoehtoisesti lokimerkint\u00e4\u00e4. Hallintolain mukaan asiakirjassa on mainittava l\u00e4hett\u00e4j\u00e4n nimi sek\u00e4 tarvittavat yhteystiedot asian hoitamiseksi. Allekirjoituksen yhteyteen tulee merkit\u00e4 my\u00f6s virka-asema, mik\u00e4li erityiset syyt eiv\u00e4t edellyt\u00e4 sen pois j\u00e4tt\u00e4mist\u00e4. (<a href=\"http:\/\/www.finlex.fi\/fi\/laki\/ajantasa\/2003\/20030434\" target=\"_blank\" rel=\"noopener\">Hallintolaki<\/a>)<\/p>\n\n\n\n<p>Jyv\u00e4skyl\u00e4n ammattikorkeakoulun johtamisj\u00e4rjestelm\u00e4ss\u00e4 m\u00e4\u00e4ritell\u00e4\u00e4n virallinen nimenkirjoitusoikeus. Siin\u00e4 m\u00e4\u00e4ritet\u00e4\u00e4n mm. kuka saa allekirjoittaa sopimukset, hankkeiden rahoitussopimukset, esitykset ja aloitteet. Johtamisj\u00e4rjestelm\u00e4kuvaus selkeytt\u00e4\u00e4 ammattikorkeakoulun johtamisen ja p\u00e4\u00e4t\u00f6ksenteon ty\u00f6njakoa ja vastuuta. J\u00e4rjestelm\u00e4kuvausta yll\u00e4pit\u00e4\u00e4 hallintojohtaja.<\/p>\n\n\n\n<p><strong>Jamkin sis\u00e4iset asiakirjat voidaan hyv\u00e4ksy\u00e4 ja allekirjoittaa Twebiss\u00e4. Ulkopuoliselle toimijalle toimitettavat paperiasiakirjat allekirjoitetaan k\u00e4sin, ja ulkopuoliselle toimijalle toimitettavat s\u00e4hk\u00f6iset asiakirjat allekirjoitetaan Jamkin s\u00e4hk\u00f6isell\u00e4 allekirjoitusj\u00e4rjestelm\u00e4ll\u00e4 (Jamk Sign).<\/strong><\/p>\n\n\n<div id=\"link-lifts-block_970ff9863215ce97572337db1f790628\" class=\"link-lifts block-link-lifts\">\n  <div class=\"row\">\n            <div class=\"col-12 col-lg-4 block-link-lifts__column\">\n          <div class=\"block-link-lifts__item lilac\">\n            <h3 class=\"block-link-lifts__item--heading\">Lis\u00e4tietoa<\/h3>\n                          <ul class=\"block-link-lifts__item--link-list\">\n                                                                        <li>\n                                              <a class=\"link-list\" href=\"https:\/\/help.jamk.fi\/sahkoinen-allekirjoitus\/fi\/\" target=\"_self\">S\u00e4hk\u00f6inen allekirjoitus (JAMK Sign)<\/a>\n                                          <\/li>\n                                                <\/ul>\n            \n          <\/div>\n        <\/div>\n      <\/div>\n<\/div>","protected":false},"excerpt":{"rendered":"<p>Paperiasiakirjan aitouden takeena on yleisesti pidetty kyn\u00e4ll\u00e4 tehty\u00e4 allekirjoitusta, ja s\u00e4hk\u00f6isen asiakirjan aitouden takeena s\u00e4hk\u00f6isest\u00e4 allekirjoittamisesta muodostuvaa sinetti\u00e4 tai vaihtoehtoisesti lokimerkint\u00e4\u00e4. Hallintolain mukaan asiakirjassa on mainittava l\u00e4hett\u00e4j\u00e4n nimi sek\u00e4 tarvittavat yhteystiedot asian hoitamiseksi. Allekirjoituksen yhteyteen tulee merkit\u00e4 my\u00f6s virka-asema, mik\u00e4li erityiset syyt eiv\u00e4t edellyt\u00e4 sen pois j\u00e4tt\u00e4mist\u00e4. (Hallintolaki) Jyv\u00e4skyl\u00e4n ammattikorkeakoulun johtamisj\u00e4rjestelm\u00e4ss\u00e4 m\u00e4\u00e4ritell\u00e4\u00e4n virallinen nimenkirjoitusoikeus. Siin\u00e4 [&hellip;]<\/p>\n","protected":false},"author":94,"featured_media":0,"parent":0,"menu_order":600,"comment_status":"closed","ping_status":"closed","template":"","meta":{"_acf_changed":false,"_relevanssi_hide_post":"","_relevanssi_hide_content":"","_relevanssi_pin_for_all":"","_relevanssi_pin_keywords":"","_relevanssi_unpin_keywords":"","_relevanssi_related_keywords":"","_relevanssi_related_include_ids":"","_relevanssi_related_exclude_ids":"","_relevanssi_related_no_append":"","_relevanssi_related_not_related":"","_relevanssi_related_posts":"","_relevanssi_noindex_reason":"","footnotes":""},"categories":[],"tags":[491,453,15,493,479],"class_list":["post-198","page","type-page","status-publish","hentry","tag-allekirjoittaminen-fi","tag-allekirjoitus-fi","tag-asiakirjahallinto","tag-hyvaksyminen-fi","tag-toimeksianto-fi"],"acf":[],"yoast_head":"<!-- This site is optimized with the Yoast SEO plugin v27.3 - https:\/\/yoast.com\/product\/yoast-seo-wordpress\/ -->\n<title>5 Allekirjoitus, hyv\u00e4ksyminen - Asianhallinta<\/title>\n<meta name=\"robots\" content=\"index, follow, max-snippet:-1, max-image-preview:large, max-video-preview:-1\" \/>\n<link rel=\"canonical\" href=\"https:\/\/help.jamk.fi\/asianhallinta\/fi\/6-allekirjoittaminen-hyvaksyminen-saapunut-toimeksianto\/\" \/>\n<meta property=\"og:locale\" content=\"fi_FI\" \/>\n<meta property=\"og:type\" content=\"article\" \/>\n<meta property=\"og:title\" content=\"5 Allekirjoitus, hyv\u00e4ksyminen - Asianhallinta\" \/>\n<meta property=\"og:description\" content=\"Paperiasiakirjan aitouden takeena on yleisesti pidetty kyn\u00e4ll\u00e4 tehty\u00e4 allekirjoitusta, ja s\u00e4hk\u00f6isen asiakirjan aitouden takeena s\u00e4hk\u00f6isest\u00e4 allekirjoittamisesta muodostuvaa sinetti\u00e4 tai vaihtoehtoisesti lokimerkint\u00e4\u00e4. Hallintolain mukaan asiakirjassa on mainittava l\u00e4hett\u00e4j\u00e4n nimi sek\u00e4 tarvittavat yhteystiedot asian hoitamiseksi. Allekirjoituksen yhteyteen tulee merkit\u00e4 my\u00f6s virka-asema, mik\u00e4li erityiset syyt eiv\u00e4t edellyt\u00e4 sen pois j\u00e4tt\u00e4mist\u00e4. (Hallintolaki) Jyv\u00e4skyl\u00e4n ammattikorkeakoulun johtamisj\u00e4rjestelm\u00e4ss\u00e4 m\u00e4\u00e4ritell\u00e4\u00e4n virallinen nimenkirjoitusoikeus. Siin\u00e4 [&hellip;]\" \/>\n<meta property=\"og:url\" content=\"https:\/\/help.jamk.fi\/asianhallinta\/fi\/6-allekirjoittaminen-hyvaksyminen-saapunut-toimeksianto\/\" \/>\n<meta property=\"og:site_name\" content=\"Asianhallinta\" \/>\n<meta property=\"article:modified_time\" content=\"2024-01-05T09:08:02+00:00\" \/>\n<meta name=\"twitter:card\" content=\"summary_large_image\" \/>\n<meta name=\"twitter:label1\" content=\"Arvioitu lukuaika\" \/>\n\t<meta name=\"twitter:data1\" content=\"1 minuutti\" \/>\n<script type=\"application\/ld+json\" class=\"yoast-schema-graph\">{\"@context\":\"https:\\\/\\\/schema.org\",\"@graph\":[{\"@type\":\"WebPage\",\"@id\":\"https:\\\/\\\/help.jamk.fi\\\/asianhallinta\\\/fi\\\/6-allekirjoittaminen-hyvaksyminen-saapunut-toimeksianto\\\/\",\"url\":\"https:\\\/\\\/help.jamk.fi\\\/asianhallinta\\\/fi\\\/6-allekirjoittaminen-hyvaksyminen-saapunut-toimeksianto\\\/\",\"name\":\"5 Allekirjoitus, hyv\u00e4ksyminen - Asianhallinta\",\"isPartOf\":{\"@id\":\"https:\\\/\\\/help.jamk.fi\\\/asianhallinta\\\/#website\"},\"datePublished\":\"2012-12-13T09:04:53+00:00\",\"dateModified\":\"2024-01-05T09:08:02+00:00\",\"breadcrumb\":{\"@id\":\"https:\\\/\\\/help.jamk.fi\\\/asianhallinta\\\/fi\\\/6-allekirjoittaminen-hyvaksyminen-saapunut-toimeksianto\\\/#breadcrumb\"},\"inLanguage\":\"fi\",\"potentialAction\":[{\"@type\":\"ReadAction\",\"target\":[\"https:\\\/\\\/help.jamk.fi\\\/asianhallinta\\\/fi\\\/6-allekirjoittaminen-hyvaksyminen-saapunut-toimeksianto\\\/\"]}]},{\"@type\":\"BreadcrumbList\",\"@id\":\"https:\\\/\\\/help.jamk.fi\\\/asianhallinta\\\/fi\\\/6-allekirjoittaminen-hyvaksyminen-saapunut-toimeksianto\\\/#breadcrumb\",\"itemListElement\":[{\"@type\":\"ListItem\",\"position\":1,\"name\":\"Etusivu\",\"item\":\"https:\\\/\\\/help.jamk.fi\\\/asianhallinta\\\/\"},{\"@type\":\"ListItem\",\"position\":2,\"name\":\"5 Allekirjoitus, hyv\u00e4ksyminen\"}]},{\"@type\":\"WebSite\",\"@id\":\"https:\\\/\\\/help.jamk.fi\\\/asianhallinta\\\/#website\",\"url\":\"https:\\\/\\\/help.jamk.fi\\\/asianhallinta\\\/\",\"name\":\"Asianhallinta\",\"description\":\"\",\"potentialAction\":[{\"@type\":\"SearchAction\",\"target\":{\"@type\":\"EntryPoint\",\"urlTemplate\":\"https:\\\/\\\/help.jamk.fi\\\/asianhallinta\\\/?s={search_term_string}\"},\"query-input\":{\"@type\":\"PropertyValueSpecification\",\"valueRequired\":true,\"valueName\":\"search_term_string\"}}],\"inLanguage\":\"fi\"}]}<\/script>\n<!-- \/ Yoast SEO plugin. -->","yoast_head_json":{"title":"5 Allekirjoitus, hyv\u00e4ksyminen - Asianhallinta","robots":{"index":"index","follow":"follow","max-snippet":"max-snippet:-1","max-image-preview":"max-image-preview:large","max-video-preview":"max-video-preview:-1"},"canonical":"https:\/\/help.jamk.fi\/asianhallinta\/fi\/6-allekirjoittaminen-hyvaksyminen-saapunut-toimeksianto\/","og_locale":"fi_FI","og_type":"article","og_title":"5 Allekirjoitus, hyv\u00e4ksyminen - Asianhallinta","og_description":"Paperiasiakirjan aitouden takeena on yleisesti pidetty kyn\u00e4ll\u00e4 tehty\u00e4 allekirjoitusta, ja s\u00e4hk\u00f6isen asiakirjan aitouden takeena s\u00e4hk\u00f6isest\u00e4 allekirjoittamisesta muodostuvaa sinetti\u00e4 tai vaihtoehtoisesti lokimerkint\u00e4\u00e4. Hallintolain mukaan asiakirjassa on mainittava l\u00e4hett\u00e4j\u00e4n nimi sek\u00e4 tarvittavat yhteystiedot asian hoitamiseksi. Allekirjoituksen yhteyteen tulee merkit\u00e4 my\u00f6s virka-asema, mik\u00e4li erityiset syyt eiv\u00e4t edellyt\u00e4 sen pois j\u00e4tt\u00e4mist\u00e4. (Hallintolaki) Jyv\u00e4skyl\u00e4n ammattikorkeakoulun johtamisj\u00e4rjestelm\u00e4ss\u00e4 m\u00e4\u00e4ritell\u00e4\u00e4n virallinen nimenkirjoitusoikeus. Siin\u00e4 [&hellip;]","og_url":"https:\/\/help.jamk.fi\/asianhallinta\/fi\/6-allekirjoittaminen-hyvaksyminen-saapunut-toimeksianto\/","og_site_name":"Asianhallinta","article_modified_time":"2024-01-05T09:08:02+00:00","twitter_card":"summary_large_image","twitter_misc":{"Arvioitu lukuaika":"1 minuutti"},"schema":{"@context":"https:\/\/schema.org","@graph":[{"@type":"WebPage","@id":"https:\/\/help.jamk.fi\/asianhallinta\/fi\/6-allekirjoittaminen-hyvaksyminen-saapunut-toimeksianto\/","url":"https:\/\/help.jamk.fi\/asianhallinta\/fi\/6-allekirjoittaminen-hyvaksyminen-saapunut-toimeksianto\/","name":"5 Allekirjoitus, hyv\u00e4ksyminen - Asianhallinta","isPartOf":{"@id":"https:\/\/help.jamk.fi\/asianhallinta\/#website"},"datePublished":"2012-12-13T09:04:53+00:00","dateModified":"2024-01-05T09:08:02+00:00","breadcrumb":{"@id":"https:\/\/help.jamk.fi\/asianhallinta\/fi\/6-allekirjoittaminen-hyvaksyminen-saapunut-toimeksianto\/#breadcrumb"},"inLanguage":"fi","potentialAction":[{"@type":"ReadAction","target":["https:\/\/help.jamk.fi\/asianhallinta\/fi\/6-allekirjoittaminen-hyvaksyminen-saapunut-toimeksianto\/"]}]},{"@type":"BreadcrumbList","@id":"https:\/\/help.jamk.fi\/asianhallinta\/fi\/6-allekirjoittaminen-hyvaksyminen-saapunut-toimeksianto\/#breadcrumb","itemListElement":[{"@type":"ListItem","position":1,"name":"Etusivu","item":"https:\/\/help.jamk.fi\/asianhallinta\/"},{"@type":"ListItem","position":2,"name":"5 Allekirjoitus, hyv\u00e4ksyminen"}]},{"@type":"WebSite","@id":"https:\/\/help.jamk.fi\/asianhallinta\/#website","url":"https:\/\/help.jamk.fi\/asianhallinta\/","name":"Asianhallinta","description":"","potentialAction":[{"@type":"SearchAction","target":{"@type":"EntryPoint","urlTemplate":"https:\/\/help.jamk.fi\/asianhallinta\/?s={search_term_string}"},"query-input":{"@type":"PropertyValueSpecification","valueRequired":true,"valueName":"search_term_string"}}],"inLanguage":"fi"}]}},"_links":{"self":[{"href":"https:\/\/help.jamk.fi\/asianhallinta\/wp-json\/wp\/v2\/pages\/198","targetHints":{"allow":["GET"]}}],"collection":[{"href":"https:\/\/help.jamk.fi\/asianhallinta\/wp-json\/wp\/v2\/pages"}],"about":[{"href":"https:\/\/help.jamk.fi\/asianhallinta\/wp-json\/wp\/v2\/types\/page"}],"author":[{"embeddable":true,"href":"https:\/\/help.jamk.fi\/asianhallinta\/wp-json\/wp\/v2\/users\/94"}],"replies":[{"embeddable":true,"href":"https:\/\/help.jamk.fi\/asianhallinta\/wp-json\/wp\/v2\/comments?post=198"}],"version-history":[{"count":7,"href":"https:\/\/help.jamk.fi\/asianhallinta\/wp-json\/wp\/v2\/pages\/198\/revisions"}],"predecessor-version":[{"id":1799,"href":"https:\/\/help.jamk.fi\/asianhallinta\/wp-json\/wp\/v2\/pages\/198\/revisions\/1799"}],"wp:attachment":[{"href":"https:\/\/help.jamk.fi\/asianhallinta\/wp-json\/wp\/v2\/media?parent=198"}],"wp:term":[{"taxonomy":"category","embeddable":true,"href":"https:\/\/help.jamk.fi\/asianhallinta\/wp-json\/wp\/v2\/categories?post=198"},{"taxonomy":"post_tag","embeddable":true,"href":"https:\/\/help.jamk.fi\/asianhallinta\/wp-json\/wp\/v2\/tags?post=198"}],"curies":[{"name":"wp","href":"https:\/\/api.w.org\/{rel}","templated":true}]}}