{"id":261,"date":"2012-12-13T11:15:47","date_gmt":"2012-12-13T09:15:47","guid":{"rendered":"https:\/\/help.jamk.fi\/asiakirjahallinto\/esimerkkisivu\/8-haku\/"},"modified":"2024-10-22T14:16:23","modified_gmt":"2024-10-22T11:16:23","slug":"8-haku","status":"publish","type":"page","link":"https:\/\/help.jamk.fi\/asianhallinta\/fi\/8-haku\/","title":{"rendered":"8 Haku"},"content":{"rendered":"\n<p>Twebin oma hakutoiminto: oranssilla alueella asian haku, vihre\u00e4ll\u00e4 alueella asiakirjan haku.<\/p>\n\n\n\n<figure class=\"wp-block-image alignnone\"><img decoding=\"async\" src=\"https:\/\/help.jamk.fi\/asiakirjahallinto\/wp-content\/uploads\/sites\/53\/2023\/07\/valikko-21.jpg\" alt=\"\" class=\"wp-image-277\"\/><figcaption class=\"wp-element-caption\"><strong>Asiakirjan haku -osio ja sen eri alatoiminnot<\/strong><\/figcaption><\/figure>\n\n\n\n<ol class=\"wp-block-list\">\n<li>Vakiohaku on perushaku, jossa haun voi kohdistaa asian\/asiakirjan metatietoihin tai asian\/asiakirjan sis\u00e4lt\u00f6\u00f6n.<\/li>\n\n\n\n<li>Laaja haku kohdistuu laajemmin asian\/asiakirjan metatietoihin.<\/li>\n\n\n\n<li>Lis\u00e4tietohaun kautta p\u00e4\u00e4set selaamaan esimerkiksi vanhan sopimuksenhallinnan asiakirjoja (vain asiakirjan haku -toiminnon puolella).<\/li>\n\n\n\n<li>Tallennetut haut voivat olla henkil\u00f6kohtaisia, yksikk\u00f6\u00e4 tai koko organisaatiota koskettavia.<\/li>\n\n\n\n<li>Hakujen n\u00e4kyvyytt\u00e4 voidaan rajata k\u00e4ytt\u00f6oikeuksin ja hakuja yll\u00e4pidet\u00e4\u00e4n v\u00e4lilehdell\u00e4 5 Hakujen yll\u00e4pito.<\/li>\n<\/ol>\n\n\n\n<p><\/p>\n\n\n\n<p>Huom! Uusia tallennettuja automaattihakuja tehdess\u00e4 tulee muistaa, ett\u00e4 kaikkien haulle m\u00e4\u00e4ritettyjen hakuehtojen tulee t\u00e4ytty\u00e4 yksitt\u00e4isen asiakirjan osalta, jotta asiakirja suodattuu hakun\u00e4kym\u00e4\u00e4n. Jos haluat ehdollisia hakuja, k\u00e4yt\u00e4 hakukriteerej\u00e4 m\u00e4\u00e4ritt\u00e4ess\u00e4si TAI-ehtoa.<\/p>\n\n\n\n<p>Voit k\u00e4ytt\u00e4\u00e4 asian- ja asiakirjahallinnon valmishakuja suoraan Twebiss\u00e4 molempien hakutoimintojen Tallennetut haut -v\u00e4lilehden kautta.<\/p>\n","protected":false},"excerpt":{"rendered":"<p>Twebin oma hakutoiminto: oranssilla alueella asian haku, vihre\u00e4ll\u00e4 alueella asiakirjan haku. Huom! Uusia tallennettuja automaattihakuja tehdess\u00e4 tulee muistaa, ett\u00e4 kaikkien haulle m\u00e4\u00e4ritettyjen hakuehtojen tulee t\u00e4ytty\u00e4 yksitt\u00e4isen asiakirjan osalta, jotta asiakirja suodattuu hakun\u00e4kym\u00e4\u00e4n. Jos haluat ehdollisia hakuja, k\u00e4yt\u00e4 hakukriteerej\u00e4 m\u00e4\u00e4ritt\u00e4ess\u00e4si TAI-ehtoa. Voit k\u00e4ytt\u00e4\u00e4 asian- ja asiakirjahallinnon valmishakuja suoraan Twebiss\u00e4 molempien hakutoimintojen Tallennetut haut -v\u00e4lilehden kautta.<\/p>\n","protected":false},"author":94,"featured_media":0,"parent":0,"menu_order":900,"comment_status":"open","ping_status":"closed","template":"","meta":{"_acf_changed":false,"_relevanssi_hide_post":"","_relevanssi_hide_content":"","_relevanssi_pin_for_all":"","_relevanssi_pin_keywords":"","_relevanssi_unpin_keywords":"","_relevanssi_related_keywords":"","_relevanssi_related_include_ids":"","_relevanssi_related_exclude_ids":"","_relevanssi_related_no_append":"","_relevanssi_related_not_related":"","_relevanssi_related_posts":"","_relevanssi_noindex_reason":"","footnotes":""},"categories":[],"tags":[81,513,515,39],"class_list":["post-261","page","type-page","status-publish","hentry","tag-asiakirjahallinta","tag-asiakirjat-fi","tag-haku-fi","tag-tweb"],"acf":[],"yoast_head":"<!-- This site is optimized with the Yoast SEO plugin v27.3 - https:\/\/yoast.com\/product\/yoast-seo-wordpress\/ -->\n<title>8 Haku - Asianhallinta<\/title>\n<meta name=\"robots\" content=\"index, follow, max-snippet:-1, max-image-preview:large, max-video-preview:-1\" \/>\n<link rel=\"canonical\" href=\"https:\/\/help.jamk.fi\/asianhallinta\/fi\/8-haku\/\" \/>\n<meta property=\"og:locale\" content=\"fi_FI\" \/>\n<meta property=\"og:type\" content=\"article\" \/>\n<meta property=\"og:title\" content=\"8 Haku - Asianhallinta\" \/>\n<meta property=\"og:description\" content=\"Twebin oma hakutoiminto: oranssilla alueella asian haku, vihre\u00e4ll\u00e4 alueella asiakirjan haku. Huom! Uusia tallennettuja automaattihakuja tehdess\u00e4 tulee muistaa, ett\u00e4 kaikkien haulle m\u00e4\u00e4ritettyjen hakuehtojen tulee t\u00e4ytty\u00e4 yksitt\u00e4isen asiakirjan osalta, jotta asiakirja suodattuu hakun\u00e4kym\u00e4\u00e4n. Jos haluat ehdollisia hakuja, k\u00e4yt\u00e4 hakukriteerej\u00e4 m\u00e4\u00e4ritt\u00e4ess\u00e4si TAI-ehtoa. Voit k\u00e4ytt\u00e4\u00e4 asian- ja asiakirjahallinnon valmishakuja suoraan Twebiss\u00e4 molempien hakutoimintojen Tallennetut haut -v\u00e4lilehden kautta.\" \/>\n<meta property=\"og:url\" content=\"https:\/\/help.jamk.fi\/asianhallinta\/fi\/8-haku\/\" \/>\n<meta property=\"og:site_name\" content=\"Asianhallinta\" \/>\n<meta property=\"article:modified_time\" content=\"2024-10-22T11:16:23+00:00\" \/>\n<meta property=\"og:image\" content=\"https:\/\/help.jamk.fi\/asiakirjahallinto\/wp-content\/uploads\/sites\/53\/2023\/07\/valikko-21.jpg\" \/>\n<meta name=\"twitter:card\" content=\"summary_large_image\" \/>\n<meta name=\"twitter:label1\" content=\"Arvioitu lukuaika\" \/>\n\t<meta name=\"twitter:data1\" content=\"1 minuutti\" \/>\n<script type=\"application\/ld+json\" class=\"yoast-schema-graph\">{\"@context\":\"https:\\\/\\\/schema.org\",\"@graph\":[{\"@type\":\"WebPage\",\"@id\":\"https:\\\/\\\/help.jamk.fi\\\/asianhallinta\\\/fi\\\/8-haku\\\/\",\"url\":\"https:\\\/\\\/help.jamk.fi\\\/asianhallinta\\\/fi\\\/8-haku\\\/\",\"name\":\"8 Haku - Asianhallinta\",\"isPartOf\":{\"@id\":\"https:\\\/\\\/help.jamk.fi\\\/asianhallinta\\\/#website\"},\"primaryImageOfPage\":{\"@id\":\"https:\\\/\\\/help.jamk.fi\\\/asianhallinta\\\/fi\\\/8-haku\\\/#primaryimage\"},\"image\":{\"@id\":\"https:\\\/\\\/help.jamk.fi\\\/asianhallinta\\\/fi\\\/8-haku\\\/#primaryimage\"},\"thumbnailUrl\":\"https:\\\/\\\/help.jamk.fi\\\/asiakirjahallinto\\\/wp-content\\\/uploads\\\/sites\\\/53\\\/2023\\\/07\\\/valikko-21.jpg\",\"datePublished\":\"2012-12-13T09:15:47+00:00\",\"dateModified\":\"2024-10-22T11:16:23+00:00\",\"breadcrumb\":{\"@id\":\"https:\\\/\\\/help.jamk.fi\\\/asianhallinta\\\/fi\\\/8-haku\\\/#breadcrumb\"},\"inLanguage\":\"fi\",\"potentialAction\":[{\"@type\":\"ReadAction\",\"target\":[\"https:\\\/\\\/help.jamk.fi\\\/asianhallinta\\\/fi\\\/8-haku\\\/\"]}]},{\"@type\":\"ImageObject\",\"inLanguage\":\"fi\",\"@id\":\"https:\\\/\\\/help.jamk.fi\\\/asianhallinta\\\/fi\\\/8-haku\\\/#primaryimage\",\"url\":\"https:\\\/\\\/help.jamk.fi\\\/asiakirjahallinto\\\/wp-content\\\/uploads\\\/sites\\\/53\\\/2023\\\/07\\\/valikko-21.jpg\",\"contentUrl\":\"https:\\\/\\\/help.jamk.fi\\\/asiakirjahallinto\\\/wp-content\\\/uploads\\\/sites\\\/53\\\/2023\\\/07\\\/valikko-21.jpg\"},{\"@type\":\"BreadcrumbList\",\"@id\":\"https:\\\/\\\/help.jamk.fi\\\/asianhallinta\\\/fi\\\/8-haku\\\/#breadcrumb\",\"itemListElement\":[{\"@type\":\"ListItem\",\"position\":1,\"name\":\"Etusivu\",\"item\":\"https:\\\/\\\/help.jamk.fi\\\/asianhallinta\\\/\"},{\"@type\":\"ListItem\",\"position\":2,\"name\":\"8 Haku\"}]},{\"@type\":\"WebSite\",\"@id\":\"https:\\\/\\\/help.jamk.fi\\\/asianhallinta\\\/#website\",\"url\":\"https:\\\/\\\/help.jamk.fi\\\/asianhallinta\\\/\",\"name\":\"Asianhallinta\",\"description\":\"\",\"potentialAction\":[{\"@type\":\"SearchAction\",\"target\":{\"@type\":\"EntryPoint\",\"urlTemplate\":\"https:\\\/\\\/help.jamk.fi\\\/asianhallinta\\\/?s={search_term_string}\"},\"query-input\":{\"@type\":\"PropertyValueSpecification\",\"valueRequired\":true,\"valueName\":\"search_term_string\"}}],\"inLanguage\":\"fi\"}]}<\/script>\n<!-- \/ Yoast SEO plugin. -->","yoast_head_json":{"title":"8 Haku - Asianhallinta","robots":{"index":"index","follow":"follow","max-snippet":"max-snippet:-1","max-image-preview":"max-image-preview:large","max-video-preview":"max-video-preview:-1"},"canonical":"https:\/\/help.jamk.fi\/asianhallinta\/fi\/8-haku\/","og_locale":"fi_FI","og_type":"article","og_title":"8 Haku - Asianhallinta","og_description":"Twebin oma hakutoiminto: oranssilla alueella asian haku, vihre\u00e4ll\u00e4 alueella asiakirjan haku. Huom! Uusia tallennettuja automaattihakuja tehdess\u00e4 tulee muistaa, ett\u00e4 kaikkien haulle m\u00e4\u00e4ritettyjen hakuehtojen tulee t\u00e4ytty\u00e4 yksitt\u00e4isen asiakirjan osalta, jotta asiakirja suodattuu hakun\u00e4kym\u00e4\u00e4n. Jos haluat ehdollisia hakuja, k\u00e4yt\u00e4 hakukriteerej\u00e4 m\u00e4\u00e4ritt\u00e4ess\u00e4si TAI-ehtoa. Voit k\u00e4ytt\u00e4\u00e4 asian- ja asiakirjahallinnon valmishakuja suoraan Twebiss\u00e4 molempien hakutoimintojen Tallennetut haut -v\u00e4lilehden kautta.","og_url":"https:\/\/help.jamk.fi\/asianhallinta\/fi\/8-haku\/","og_site_name":"Asianhallinta","article_modified_time":"2024-10-22T11:16:23+00:00","og_image":[{"url":"https:\/\/help.jamk.fi\/asiakirjahallinto\/wp-content\/uploads\/sites\/53\/2023\/07\/valikko-21.jpg","type":"","width":"","height":""}],"twitter_card":"summary_large_image","twitter_misc":{"Arvioitu lukuaika":"1 minuutti"},"schema":{"@context":"https:\/\/schema.org","@graph":[{"@type":"WebPage","@id":"https:\/\/help.jamk.fi\/asianhallinta\/fi\/8-haku\/","url":"https:\/\/help.jamk.fi\/asianhallinta\/fi\/8-haku\/","name":"8 Haku - Asianhallinta","isPartOf":{"@id":"https:\/\/help.jamk.fi\/asianhallinta\/#website"},"primaryImageOfPage":{"@id":"https:\/\/help.jamk.fi\/asianhallinta\/fi\/8-haku\/#primaryimage"},"image":{"@id":"https:\/\/help.jamk.fi\/asianhallinta\/fi\/8-haku\/#primaryimage"},"thumbnailUrl":"https:\/\/help.jamk.fi\/asiakirjahallinto\/wp-content\/uploads\/sites\/53\/2023\/07\/valikko-21.jpg","datePublished":"2012-12-13T09:15:47+00:00","dateModified":"2024-10-22T11:16:23+00:00","breadcrumb":{"@id":"https:\/\/help.jamk.fi\/asianhallinta\/fi\/8-haku\/#breadcrumb"},"inLanguage":"fi","potentialAction":[{"@type":"ReadAction","target":["https:\/\/help.jamk.fi\/asianhallinta\/fi\/8-haku\/"]}]},{"@type":"ImageObject","inLanguage":"fi","@id":"https:\/\/help.jamk.fi\/asianhallinta\/fi\/8-haku\/#primaryimage","url":"https:\/\/help.jamk.fi\/asiakirjahallinto\/wp-content\/uploads\/sites\/53\/2023\/07\/valikko-21.jpg","contentUrl":"https:\/\/help.jamk.fi\/asiakirjahallinto\/wp-content\/uploads\/sites\/53\/2023\/07\/valikko-21.jpg"},{"@type":"BreadcrumbList","@id":"https:\/\/help.jamk.fi\/asianhallinta\/fi\/8-haku\/#breadcrumb","itemListElement":[{"@type":"ListItem","position":1,"name":"Etusivu","item":"https:\/\/help.jamk.fi\/asianhallinta\/"},{"@type":"ListItem","position":2,"name":"8 Haku"}]},{"@type":"WebSite","@id":"https:\/\/help.jamk.fi\/asianhallinta\/#website","url":"https:\/\/help.jamk.fi\/asianhallinta\/","name":"Asianhallinta","description":"","potentialAction":[{"@type":"SearchAction","target":{"@type":"EntryPoint","urlTemplate":"https:\/\/help.jamk.fi\/asianhallinta\/?s={search_term_string}"},"query-input":{"@type":"PropertyValueSpecification","valueRequired":true,"valueName":"search_term_string"}}],"inLanguage":"fi"}]}},"_links":{"self":[{"href":"https:\/\/help.jamk.fi\/asianhallinta\/wp-json\/wp\/v2\/pages\/261","targetHints":{"allow":["GET"]}}],"collection":[{"href":"https:\/\/help.jamk.fi\/asianhallinta\/wp-json\/wp\/v2\/pages"}],"about":[{"href":"https:\/\/help.jamk.fi\/asianhallinta\/wp-json\/wp\/v2\/types\/page"}],"author":[{"embeddable":true,"href":"https:\/\/help.jamk.fi\/asianhallinta\/wp-json\/wp\/v2\/users\/94"}],"replies":[{"embeddable":true,"href":"https:\/\/help.jamk.fi\/asianhallinta\/wp-json\/wp\/v2\/comments?post=261"}],"version-history":[{"count":6,"href":"https:\/\/help.jamk.fi\/asianhallinta\/wp-json\/wp\/v2\/pages\/261\/revisions"}],"predecessor-version":[{"id":1930,"href":"https:\/\/help.jamk.fi\/asianhallinta\/wp-json\/wp\/v2\/pages\/261\/revisions\/1930"}],"wp:attachment":[{"href":"https:\/\/help.jamk.fi\/asianhallinta\/wp-json\/wp\/v2\/media?parent=261"}],"wp:term":[{"taxonomy":"category","embeddable":true,"href":"https:\/\/help.jamk.fi\/asianhallinta\/wp-json\/wp\/v2\/categories?post=261"},{"taxonomy":"post_tag","embeddable":true,"href":"https:\/\/help.jamk.fi\/asianhallinta\/wp-json\/wp\/v2\/tags?post=261"}],"curies":[{"name":"wp","href":"https:\/\/api.w.org\/{rel}","templated":true}]}}