{"id":276,"date":"2014-09-16T10:18:40","date_gmt":"2014-09-16T07:18:40","guid":{"rendered":"https:\/\/help.jamk.fi\/asiakirjahallinto\/esimerkkisivu\/8-haku\/lisatietohaku-sopimuksenhallinta\/"},"modified":"2024-10-22T13:15:08","modified_gmt":"2024-10-22T10:15:08","slug":"lisatietohaku-sopimuksenhallinta","status":"publish","type":"page","link":"https:\/\/help.jamk.fi\/asianhallinta\/fi\/8-haku\/lisatietohaku-sopimuksenhallinta\/","title":{"rendered":"Lis\u00e4tietohaku &#8211; sopimuksenhallinta"},"content":{"rendered":"\n<p class=\"has-text-align-left\">Lis\u00e4tietohaun kautta p\u00e4\u00e4set selaamaan Jamkin vanhan sopimuksenhallinnan asiakirjoja (Sopimustenhallinta siirretty Twebist\u00e4 Cloudiaan 2024 alkaen). Lis\u00e4tietohaku toimii vain, jos etsitt\u00e4v\u00e4n sopimuksen <em>Lis\u00e4tiedot<\/em> \u2013v\u00e4lilehden tiedot on t\u00e4ytetty sopimuksen Twebiin tallentamisen yhteydess\u00e4.<\/p>\n\n\n\n<p class=\"has-text-align-left\">Valitse pudotusvalikosta (metaluokka) <em>Sopimus <\/em>ja paina <em>Valitse-<\/em>painiketta. N\u00e4kym\u00e4 avautuu hakulomakkeeseen, jonka haut kohdistuvat sopimus- asiakirjatyypin <em>Lis\u00e4tiedot<\/em>-v\u00e4lilehdell\u00e4 oleviin metatietokenttiin.<\/p>\n\n\n\n<figure class=\"wp-block-image size-full\"><img loading=\"lazy\" decoding=\"async\" width=\"1009\" height=\"153\" src=\"https:\/\/help.jamk.fi\/asianhallinta\/wp-content\/uploads\/sites\/53\/2023\/07\/Lisatietohaku.png\" alt=\"\" class=\"wp-image-985\" srcset=\"https:\/\/help.jamk.fi\/asianhallinta\/wp-content\/uploads\/sites\/53\/2023\/07\/Lisatietohaku.png 1009w, https:\/\/help.jamk.fi\/asianhallinta\/wp-content\/uploads\/sites\/53\/2023\/07\/Lisatietohaku-300x45.png 300w, https:\/\/help.jamk.fi\/asianhallinta\/wp-content\/uploads\/sites\/53\/2023\/07\/Lisatietohaku-768x116.png 768w\" sizes=\"auto, (max-width: 1009px) 100vw, 1009px\" \/><figcaption class=\"wp-element-caption\"><strong>Lis\u00e4tietohaku<\/strong><\/figcaption><\/figure>\n","protected":false},"excerpt":{"rendered":"<p>Lis\u00e4tietohaun kautta p\u00e4\u00e4set selaamaan Jamkin vanhan sopimuksenhallinnan asiakirjoja (Sopimustenhallinta siirretty Twebist\u00e4 Cloudiaan 2024 alkaen). Lis\u00e4tietohaku toimii vain, jos etsitt\u00e4v\u00e4n sopimuksen Lis\u00e4tiedot \u2013v\u00e4lilehden tiedot on t\u00e4ytetty sopimuksen Twebiin tallentamisen yhteydess\u00e4. Valitse pudotusvalikosta (metaluokka) Sopimus ja paina Valitse-painiketta. N\u00e4kym\u00e4 avautuu hakulomakkeeseen, jonka haut kohdistuvat sopimus- asiakirjatyypin Lis\u00e4tiedot-v\u00e4lilehdell\u00e4 oleviin metatietokenttiin.<\/p>\n","protected":false},"author":94,"featured_media":0,"parent":261,"menu_order":950,"comment_status":"closed","ping_status":"closed","template":"","meta":{"_acf_changed":false,"_relevanssi_hide_post":"","_relevanssi_hide_content":"","_relevanssi_pin_for_all":"","_relevanssi_pin_keywords":"","_relevanssi_unpin_keywords":"","_relevanssi_related_keywords":"","_relevanssi_related_include_ids":"","_relevanssi_related_exclude_ids":"","_relevanssi_related_no_append":"","_relevanssi_related_not_related":"","_relevanssi_related_posts":"","_relevanssi_noindex_reason":"","footnotes":""},"categories":[],"tags":[515,665,667,509],"class_list":["post-276","page","type-page","status-publish","hentry","tag-haku-fi","tag-lisatiedot-fi","tag-sopimuksenhallinta-fi","tag-sopimus-fi"],"acf":[],"yoast_head":"<!-- This site is optimized with the Yoast SEO plugin v27.3 - https:\/\/yoast.com\/product\/yoast-seo-wordpress\/ -->\n<title>Lis\u00e4tietohaku - sopimuksenhallinta - Asianhallinta<\/title>\n<meta name=\"robots\" content=\"index, follow, max-snippet:-1, max-image-preview:large, max-video-preview:-1\" \/>\n<link rel=\"canonical\" href=\"https:\/\/help.jamk.fi\/asianhallinta\/fi\/8-haku\/lisatietohaku-sopimuksenhallinta\/\" \/>\n<meta property=\"og:locale\" content=\"fi_FI\" \/>\n<meta property=\"og:type\" content=\"article\" \/>\n<meta property=\"og:title\" content=\"Lis\u00e4tietohaku - sopimuksenhallinta - Asianhallinta\" \/>\n<meta property=\"og:description\" content=\"Lis\u00e4tietohaun kautta p\u00e4\u00e4set selaamaan Jamkin vanhan sopimuksenhallinnan asiakirjoja (Sopimustenhallinta siirretty Twebist\u00e4 Cloudiaan 2024 alkaen). Lis\u00e4tietohaku toimii vain, jos etsitt\u00e4v\u00e4n sopimuksen Lis\u00e4tiedot \u2013v\u00e4lilehden tiedot on t\u00e4ytetty sopimuksen Twebiin tallentamisen yhteydess\u00e4. Valitse pudotusvalikosta (metaluokka) Sopimus ja paina Valitse-painiketta. N\u00e4kym\u00e4 avautuu hakulomakkeeseen, jonka haut kohdistuvat sopimus- asiakirjatyypin Lis\u00e4tiedot-v\u00e4lilehdell\u00e4 oleviin metatietokenttiin.\" \/>\n<meta property=\"og:url\" content=\"https:\/\/help.jamk.fi\/asianhallinta\/fi\/8-haku\/lisatietohaku-sopimuksenhallinta\/\" \/>\n<meta property=\"og:site_name\" content=\"Asianhallinta\" \/>\n<meta property=\"article:modified_time\" content=\"2024-10-22T10:15:08+00:00\" \/>\n<meta property=\"og:image\" content=\"https:\/\/help.jamk.fi\/asianhallinta\/wp-content\/uploads\/sites\/53\/2023\/07\/Lisatietohaku.png\" \/>\n<meta name=\"twitter:card\" content=\"summary_large_image\" \/>\n<meta name=\"twitter:label1\" content=\"Arvioitu lukuaika\" \/>\n\t<meta name=\"twitter:data1\" content=\"1 minuutti\" \/>\n<script type=\"application\/ld+json\" class=\"yoast-schema-graph\">{\"@context\":\"https:\\\/\\\/schema.org\",\"@graph\":[{\"@type\":\"WebPage\",\"@id\":\"https:\\\/\\\/help.jamk.fi\\\/asianhallinta\\\/fi\\\/8-haku\\\/lisatietohaku-sopimuksenhallinta\\\/\",\"url\":\"https:\\\/\\\/help.jamk.fi\\\/asianhallinta\\\/fi\\\/8-haku\\\/lisatietohaku-sopimuksenhallinta\\\/\",\"name\":\"Lis\u00e4tietohaku - sopimuksenhallinta - Asianhallinta\",\"isPartOf\":{\"@id\":\"https:\\\/\\\/help.jamk.fi\\\/asianhallinta\\\/#website\"},\"primaryImageOfPage\":{\"@id\":\"https:\\\/\\\/help.jamk.fi\\\/asianhallinta\\\/fi\\\/8-haku\\\/lisatietohaku-sopimuksenhallinta\\\/#primaryimage\"},\"image\":{\"@id\":\"https:\\\/\\\/help.jamk.fi\\\/asianhallinta\\\/fi\\\/8-haku\\\/lisatietohaku-sopimuksenhallinta\\\/#primaryimage\"},\"thumbnailUrl\":\"https:\\\/\\\/help.jamk.fi\\\/asianhallinta\\\/wp-content\\\/uploads\\\/sites\\\/53\\\/2023\\\/07\\\/Lisatietohaku.png\",\"datePublished\":\"2014-09-16T07:18:40+00:00\",\"dateModified\":\"2024-10-22T10:15:08+00:00\",\"breadcrumb\":{\"@id\":\"https:\\\/\\\/help.jamk.fi\\\/asianhallinta\\\/fi\\\/8-haku\\\/lisatietohaku-sopimuksenhallinta\\\/#breadcrumb\"},\"inLanguage\":\"fi\",\"potentialAction\":[{\"@type\":\"ReadAction\",\"target\":[\"https:\\\/\\\/help.jamk.fi\\\/asianhallinta\\\/fi\\\/8-haku\\\/lisatietohaku-sopimuksenhallinta\\\/\"]}]},{\"@type\":\"ImageObject\",\"inLanguage\":\"fi\",\"@id\":\"https:\\\/\\\/help.jamk.fi\\\/asianhallinta\\\/fi\\\/8-haku\\\/lisatietohaku-sopimuksenhallinta\\\/#primaryimage\",\"url\":\"https:\\\/\\\/help.jamk.fi\\\/asianhallinta\\\/wp-content\\\/uploads\\\/sites\\\/53\\\/2023\\\/07\\\/Lisatietohaku.png\",\"contentUrl\":\"https:\\\/\\\/help.jamk.fi\\\/asianhallinta\\\/wp-content\\\/uploads\\\/sites\\\/53\\\/2023\\\/07\\\/Lisatietohaku.png\",\"width\":1009,\"height\":153,\"caption\":\"Lis\u00e4tietohaku\"},{\"@type\":\"BreadcrumbList\",\"@id\":\"https:\\\/\\\/help.jamk.fi\\\/asianhallinta\\\/fi\\\/8-haku\\\/lisatietohaku-sopimuksenhallinta\\\/#breadcrumb\",\"itemListElement\":[{\"@type\":\"ListItem\",\"position\":1,\"name\":\"Etusivu\",\"item\":\"https:\\\/\\\/help.jamk.fi\\\/asianhallinta\\\/\"},{\"@type\":\"ListItem\",\"position\":2,\"name\":\"8 Haku\",\"item\":\"https:\\\/\\\/help.jamk.fi\\\/asianhallinta\\\/fi\\\/8-haku\\\/\"},{\"@type\":\"ListItem\",\"position\":3,\"name\":\"Lis\u00e4tietohaku &#8211; sopimuksenhallinta\"}]},{\"@type\":\"WebSite\",\"@id\":\"https:\\\/\\\/help.jamk.fi\\\/asianhallinta\\\/#website\",\"url\":\"https:\\\/\\\/help.jamk.fi\\\/asianhallinta\\\/\",\"name\":\"Asianhallinta\",\"description\":\"\",\"potentialAction\":[{\"@type\":\"SearchAction\",\"target\":{\"@type\":\"EntryPoint\",\"urlTemplate\":\"https:\\\/\\\/help.jamk.fi\\\/asianhallinta\\\/?s={search_term_string}\"},\"query-input\":{\"@type\":\"PropertyValueSpecification\",\"valueRequired\":true,\"valueName\":\"search_term_string\"}}],\"inLanguage\":\"fi\"}]}<\/script>\n<!-- \/ Yoast SEO plugin. -->","yoast_head_json":{"title":"Lis\u00e4tietohaku - sopimuksenhallinta - Asianhallinta","robots":{"index":"index","follow":"follow","max-snippet":"max-snippet:-1","max-image-preview":"max-image-preview:large","max-video-preview":"max-video-preview:-1"},"canonical":"https:\/\/help.jamk.fi\/asianhallinta\/fi\/8-haku\/lisatietohaku-sopimuksenhallinta\/","og_locale":"fi_FI","og_type":"article","og_title":"Lis\u00e4tietohaku - sopimuksenhallinta - Asianhallinta","og_description":"Lis\u00e4tietohaun kautta p\u00e4\u00e4set selaamaan Jamkin vanhan sopimuksenhallinnan asiakirjoja (Sopimustenhallinta siirretty Twebist\u00e4 Cloudiaan 2024 alkaen). Lis\u00e4tietohaku toimii vain, jos etsitt\u00e4v\u00e4n sopimuksen Lis\u00e4tiedot \u2013v\u00e4lilehden tiedot on t\u00e4ytetty sopimuksen Twebiin tallentamisen yhteydess\u00e4. Valitse pudotusvalikosta (metaluokka) Sopimus ja paina Valitse-painiketta. N\u00e4kym\u00e4 avautuu hakulomakkeeseen, jonka haut kohdistuvat sopimus- asiakirjatyypin Lis\u00e4tiedot-v\u00e4lilehdell\u00e4 oleviin metatietokenttiin.","og_url":"https:\/\/help.jamk.fi\/asianhallinta\/fi\/8-haku\/lisatietohaku-sopimuksenhallinta\/","og_site_name":"Asianhallinta","article_modified_time":"2024-10-22T10:15:08+00:00","og_image":[{"url":"https:\/\/help.jamk.fi\/asianhallinta\/wp-content\/uploads\/sites\/53\/2023\/07\/Lisatietohaku.png","type":"","width":"","height":""}],"twitter_card":"summary_large_image","twitter_misc":{"Arvioitu lukuaika":"1 minuutti"},"schema":{"@context":"https:\/\/schema.org","@graph":[{"@type":"WebPage","@id":"https:\/\/help.jamk.fi\/asianhallinta\/fi\/8-haku\/lisatietohaku-sopimuksenhallinta\/","url":"https:\/\/help.jamk.fi\/asianhallinta\/fi\/8-haku\/lisatietohaku-sopimuksenhallinta\/","name":"Lis\u00e4tietohaku - sopimuksenhallinta - Asianhallinta","isPartOf":{"@id":"https:\/\/help.jamk.fi\/asianhallinta\/#website"},"primaryImageOfPage":{"@id":"https:\/\/help.jamk.fi\/asianhallinta\/fi\/8-haku\/lisatietohaku-sopimuksenhallinta\/#primaryimage"},"image":{"@id":"https:\/\/help.jamk.fi\/asianhallinta\/fi\/8-haku\/lisatietohaku-sopimuksenhallinta\/#primaryimage"},"thumbnailUrl":"https:\/\/help.jamk.fi\/asianhallinta\/wp-content\/uploads\/sites\/53\/2023\/07\/Lisatietohaku.png","datePublished":"2014-09-16T07:18:40+00:00","dateModified":"2024-10-22T10:15:08+00:00","breadcrumb":{"@id":"https:\/\/help.jamk.fi\/asianhallinta\/fi\/8-haku\/lisatietohaku-sopimuksenhallinta\/#breadcrumb"},"inLanguage":"fi","potentialAction":[{"@type":"ReadAction","target":["https:\/\/help.jamk.fi\/asianhallinta\/fi\/8-haku\/lisatietohaku-sopimuksenhallinta\/"]}]},{"@type":"ImageObject","inLanguage":"fi","@id":"https:\/\/help.jamk.fi\/asianhallinta\/fi\/8-haku\/lisatietohaku-sopimuksenhallinta\/#primaryimage","url":"https:\/\/help.jamk.fi\/asianhallinta\/wp-content\/uploads\/sites\/53\/2023\/07\/Lisatietohaku.png","contentUrl":"https:\/\/help.jamk.fi\/asianhallinta\/wp-content\/uploads\/sites\/53\/2023\/07\/Lisatietohaku.png","width":1009,"height":153,"caption":"Lis\u00e4tietohaku"},{"@type":"BreadcrumbList","@id":"https:\/\/help.jamk.fi\/asianhallinta\/fi\/8-haku\/lisatietohaku-sopimuksenhallinta\/#breadcrumb","itemListElement":[{"@type":"ListItem","position":1,"name":"Etusivu","item":"https:\/\/help.jamk.fi\/asianhallinta\/"},{"@type":"ListItem","position":2,"name":"8 Haku","item":"https:\/\/help.jamk.fi\/asianhallinta\/fi\/8-haku\/"},{"@type":"ListItem","position":3,"name":"Lis\u00e4tietohaku &#8211; sopimuksenhallinta"}]},{"@type":"WebSite","@id":"https:\/\/help.jamk.fi\/asianhallinta\/#website","url":"https:\/\/help.jamk.fi\/asianhallinta\/","name":"Asianhallinta","description":"","potentialAction":[{"@type":"SearchAction","target":{"@type":"EntryPoint","urlTemplate":"https:\/\/help.jamk.fi\/asianhallinta\/?s={search_term_string}"},"query-input":{"@type":"PropertyValueSpecification","valueRequired":true,"valueName":"search_term_string"}}],"inLanguage":"fi"}]}},"_links":{"self":[{"href":"https:\/\/help.jamk.fi\/asianhallinta\/wp-json\/wp\/v2\/pages\/276","targetHints":{"allow":["GET"]}}],"collection":[{"href":"https:\/\/help.jamk.fi\/asianhallinta\/wp-json\/wp\/v2\/pages"}],"about":[{"href":"https:\/\/help.jamk.fi\/asianhallinta\/wp-json\/wp\/v2\/types\/page"}],"author":[{"embeddable":true,"href":"https:\/\/help.jamk.fi\/asianhallinta\/wp-json\/wp\/v2\/users\/94"}],"replies":[{"embeddable":true,"href":"https:\/\/help.jamk.fi\/asianhallinta\/wp-json\/wp\/v2\/comments?post=276"}],"version-history":[{"count":6,"href":"https:\/\/help.jamk.fi\/asianhallinta\/wp-json\/wp\/v2\/pages\/276\/revisions"}],"predecessor-version":[{"id":1921,"href":"https:\/\/help.jamk.fi\/asianhallinta\/wp-json\/wp\/v2\/pages\/276\/revisions\/1921"}],"up":[{"embeddable":true,"href":"https:\/\/help.jamk.fi\/asianhallinta\/wp-json\/wp\/v2\/pages\/261"}],"wp:attachment":[{"href":"https:\/\/help.jamk.fi\/asianhallinta\/wp-json\/wp\/v2\/media?parent=276"}],"wp:term":[{"taxonomy":"category","embeddable":true,"href":"https:\/\/help.jamk.fi\/asianhallinta\/wp-json\/wp\/v2\/categories?post=276"},{"taxonomy":"post_tag","embeddable":true,"href":"https:\/\/help.jamk.fi\/asianhallinta\/wp-json\/wp\/v2\/tags?post=276"}],"curies":[{"name":"wp","href":"https:\/\/api.w.org\/{rel}","templated":true}]}}