{"id":605,"date":"2014-09-16T10:48:47","date_gmt":"2014-09-16T07:48:47","guid":{"rendered":"https:\/\/help.jamk.fi\/asiakirjahallinto\/esimerkkisivu\/10-raportit\/"},"modified":"2026-03-04T15:22:10","modified_gmt":"2026-03-04T13:22:10","slug":"10-raportit","status":"publish","type":"page","link":"https:\/\/help.jamk.fi\/asianhallinta\/fi\/10-raportit\/","title":{"rendered":"9 Raportit"},"content":{"rendered":"<div>\n<p>Twebist\u00e4 voit tulostaa asiaan tai asiakirjaan liittyvi\u00e4 raportteja hakujen kautta.\u00a0 Asiaan liittyv\u00e4t raportit ovat asiaotteita, joihin tulostuu kaikki asialle liittyv\u00e4t toimenpiteet metatietoineen. Asiakirjaan liittyv\u00e4t raportit ovat luetteloita tietyn hakum\u00e4\u00e4reen t\u00e4ytt\u00e4vist\u00e4 asiakirjoista. Sopimuksenhallinnan raportit kohdistuvat niihin tietoihin, jotka on m\u00e4\u00e4ritetty ko. asiakirjatyypin <em>Lis\u00e4tiedot<\/em>-v\u00e4lilehdell\u00e4.<\/p>\n<p>Raportointi-ominaisuuden l\u00f6yd\u00e4t asiakirjojen\/asioiden hakun\u00e4kym\u00e4n alalaidasta. Pudotusvalikosta voit m\u00e4\u00e4ritt\u00e4\u00e4, millaisen raportin haluat. Raportoinnin voi tulostaa teksti-, taulukko- tai PDF- muotoon.<\/p>\n<p><a href=\"https:\/\/help.jamk.fi\/asiakirjahallinto\/wp-content\/uploads\/sites\/53\/2023\/07\/Raportointi.png\"><img loading=\"lazy\" decoding=\"async\" class=\"alignleft size-full wp-image-721\" src=\"https:\/\/help.jamk.fi\/asiakirjahallinto\/wp-content\/uploads\/sites\/53\/2023\/07\/Raportointi.png\" alt=\"Raportointi\" width=\"762\" height=\"40\" \/><\/a><\/p>\n<\/div>\n\n\n<p><\/p>\n","protected":false},"excerpt":{"rendered":"<p>Twebist\u00e4 voit tulostaa asiaan tai asiakirjaan liittyvi\u00e4 raportteja hakujen kautta.\u00a0 Asiaan liittyv\u00e4t raportit ovat asiaotteita, joihin tulostuu kaikki asialle liittyv\u00e4t toimenpiteet metatietoineen. Asiakirjaan liittyv\u00e4t raportit ovat luetteloita tietyn hakum\u00e4\u00e4reen t\u00e4ytt\u00e4vist\u00e4 asiakirjoista. Sopimuksenhallinnan raportit kohdistuvat niihin tietoihin, jotka on m\u00e4\u00e4ritetty ko. asiakirjatyypin Lis\u00e4tiedot-v\u00e4lilehdell\u00e4. Raportointi-ominaisuuden l\u00f6yd\u00e4t asiakirjojen\/asioiden hakun\u00e4kym\u00e4n alalaidasta. Pudotusvalikosta voit m\u00e4\u00e4ritt\u00e4\u00e4, millaisen raportin haluat. Raportoinnin voi [&hellip;]<\/p>\n","protected":false},"author":94,"featured_media":0,"parent":0,"menu_order":1000,"comment_status":"closed","ping_status":"closed","template":"","meta":{"_acf_changed":false,"_relevanssi_hide_post":"","_relevanssi_hide_content":"","_relevanssi_pin_for_all":"","_relevanssi_pin_keywords":"","_relevanssi_unpin_keywords":"","_relevanssi_related_keywords":"","_relevanssi_related_include_ids":"","_relevanssi_related_exclude_ids":"","_relevanssi_related_no_append":"","_relevanssi_related_not_related":"","_relevanssi_related_posts":"","_relevanssi_noindex_reason":"","footnotes":""},"categories":[],"tags":[81,445,517,519,39],"class_list":["post-605","page","type-page","status-publish","hentry","tag-asiakirjahallinta","tag-dokumentinhallinta-fi","tag-raportointi-fi","tag-raportti-fi","tag-tweb"],"acf":[],"yoast_head":"<!-- This site is optimized with the Yoast SEO plugin v27.3 - https:\/\/yoast.com\/product\/yoast-seo-wordpress\/ -->\n<title>9 Raportit - Asianhallinta<\/title>\n<meta name=\"robots\" content=\"index, follow, max-snippet:-1, max-image-preview:large, max-video-preview:-1\" \/>\n<link rel=\"canonical\" href=\"https:\/\/help.jamk.fi\/asianhallinta\/fi\/10-raportit\/\" \/>\n<meta property=\"og:locale\" content=\"fi_FI\" \/>\n<meta property=\"og:type\" content=\"article\" \/>\n<meta property=\"og:title\" content=\"9 Raportit - Asianhallinta\" \/>\n<meta property=\"og:description\" content=\"Twebist\u00e4 voit tulostaa asiaan tai asiakirjaan liittyvi\u00e4 raportteja hakujen kautta.\u00a0 Asiaan liittyv\u00e4t raportit ovat asiaotteita, joihin tulostuu kaikki asialle liittyv\u00e4t toimenpiteet metatietoineen. Asiakirjaan liittyv\u00e4t raportit ovat luetteloita tietyn hakum\u00e4\u00e4reen t\u00e4ytt\u00e4vist\u00e4 asiakirjoista. Sopimuksenhallinnan raportit kohdistuvat niihin tietoihin, jotka on m\u00e4\u00e4ritetty ko. asiakirjatyypin Lis\u00e4tiedot-v\u00e4lilehdell\u00e4. Raportointi-ominaisuuden l\u00f6yd\u00e4t asiakirjojen\/asioiden hakun\u00e4kym\u00e4n alalaidasta. Pudotusvalikosta voit m\u00e4\u00e4ritt\u00e4\u00e4, millaisen raportin haluat. Raportoinnin voi [&hellip;]\" \/>\n<meta property=\"og:url\" content=\"https:\/\/help.jamk.fi\/asianhallinta\/fi\/10-raportit\/\" \/>\n<meta property=\"og:site_name\" content=\"Asianhallinta\" \/>\n<meta property=\"article:modified_time\" content=\"2026-03-04T13:22:10+00:00\" \/>\n<meta name=\"twitter:card\" content=\"summary_large_image\" \/>\n<meta name=\"twitter:label1\" content=\"Arvioitu lukuaika\" \/>\n\t<meta name=\"twitter:data1\" content=\"1 minuutti\" \/>\n<script type=\"application\/ld+json\" class=\"yoast-schema-graph\">{\"@context\":\"https:\\\/\\\/schema.org\",\"@graph\":[{\"@type\":\"WebPage\",\"@id\":\"https:\\\/\\\/help.jamk.fi\\\/asianhallinta\\\/fi\\\/10-raportit\\\/\",\"url\":\"https:\\\/\\\/help.jamk.fi\\\/asianhallinta\\\/fi\\\/10-raportit\\\/\",\"name\":\"9 Raportit - Asianhallinta\",\"isPartOf\":{\"@id\":\"https:\\\/\\\/help.jamk.fi\\\/asianhallinta\\\/#website\"},\"primaryImageOfPage\":{\"@id\":\"https:\\\/\\\/help.jamk.fi\\\/asianhallinta\\\/fi\\\/10-raportit\\\/#primaryimage\"},\"image\":{\"@id\":\"https:\\\/\\\/help.jamk.fi\\\/asianhallinta\\\/fi\\\/10-raportit\\\/#primaryimage\"},\"thumbnailUrl\":\"https:\\\/\\\/help.jamk.fi\\\/asiakirjahallinto\\\/wp-content\\\/uploads\\\/sites\\\/53\\\/2023\\\/07\\\/Raportointi.png\",\"datePublished\":\"2014-09-16T07:48:47+00:00\",\"dateModified\":\"2026-03-04T13:22:10+00:00\",\"breadcrumb\":{\"@id\":\"https:\\\/\\\/help.jamk.fi\\\/asianhallinta\\\/fi\\\/10-raportit\\\/#breadcrumb\"},\"inLanguage\":\"fi\",\"potentialAction\":[{\"@type\":\"ReadAction\",\"target\":[\"https:\\\/\\\/help.jamk.fi\\\/asianhallinta\\\/fi\\\/10-raportit\\\/\"]}]},{\"@type\":\"ImageObject\",\"inLanguage\":\"fi\",\"@id\":\"https:\\\/\\\/help.jamk.fi\\\/asianhallinta\\\/fi\\\/10-raportit\\\/#primaryimage\",\"url\":\"https:\\\/\\\/help.jamk.fi\\\/asiakirjahallinto\\\/wp-content\\\/uploads\\\/sites\\\/53\\\/2023\\\/07\\\/Raportointi.png\",\"contentUrl\":\"https:\\\/\\\/help.jamk.fi\\\/asiakirjahallinto\\\/wp-content\\\/uploads\\\/sites\\\/53\\\/2023\\\/07\\\/Raportointi.png\"},{\"@type\":\"BreadcrumbList\",\"@id\":\"https:\\\/\\\/help.jamk.fi\\\/asianhallinta\\\/fi\\\/10-raportit\\\/#breadcrumb\",\"itemListElement\":[{\"@type\":\"ListItem\",\"position\":1,\"name\":\"Etusivu\",\"item\":\"https:\\\/\\\/help.jamk.fi\\\/asianhallinta\\\/\"},{\"@type\":\"ListItem\",\"position\":2,\"name\":\"9 Raportit\"}]},{\"@type\":\"WebSite\",\"@id\":\"https:\\\/\\\/help.jamk.fi\\\/asianhallinta\\\/#website\",\"url\":\"https:\\\/\\\/help.jamk.fi\\\/asianhallinta\\\/\",\"name\":\"Asianhallinta\",\"description\":\"\",\"potentialAction\":[{\"@type\":\"SearchAction\",\"target\":{\"@type\":\"EntryPoint\",\"urlTemplate\":\"https:\\\/\\\/help.jamk.fi\\\/asianhallinta\\\/?s={search_term_string}\"},\"query-input\":{\"@type\":\"PropertyValueSpecification\",\"valueRequired\":true,\"valueName\":\"search_term_string\"}}],\"inLanguage\":\"fi\"}]}<\/script>\n<!-- \/ Yoast SEO plugin. -->","yoast_head_json":{"title":"9 Raportit - Asianhallinta","robots":{"index":"index","follow":"follow","max-snippet":"max-snippet:-1","max-image-preview":"max-image-preview:large","max-video-preview":"max-video-preview:-1"},"canonical":"https:\/\/help.jamk.fi\/asianhallinta\/fi\/10-raportit\/","og_locale":"fi_FI","og_type":"article","og_title":"9 Raportit - Asianhallinta","og_description":"Twebist\u00e4 voit tulostaa asiaan tai asiakirjaan liittyvi\u00e4 raportteja hakujen kautta.\u00a0 Asiaan liittyv\u00e4t raportit ovat asiaotteita, joihin tulostuu kaikki asialle liittyv\u00e4t toimenpiteet metatietoineen. Asiakirjaan liittyv\u00e4t raportit ovat luetteloita tietyn hakum\u00e4\u00e4reen t\u00e4ytt\u00e4vist\u00e4 asiakirjoista. Sopimuksenhallinnan raportit kohdistuvat niihin tietoihin, jotka on m\u00e4\u00e4ritetty ko. asiakirjatyypin Lis\u00e4tiedot-v\u00e4lilehdell\u00e4. Raportointi-ominaisuuden l\u00f6yd\u00e4t asiakirjojen\/asioiden hakun\u00e4kym\u00e4n alalaidasta. Pudotusvalikosta voit m\u00e4\u00e4ritt\u00e4\u00e4, millaisen raportin haluat. Raportoinnin voi [&hellip;]","og_url":"https:\/\/help.jamk.fi\/asianhallinta\/fi\/10-raportit\/","og_site_name":"Asianhallinta","article_modified_time":"2026-03-04T13:22:10+00:00","twitter_card":"summary_large_image","twitter_misc":{"Arvioitu lukuaika":"1 minuutti"},"schema":{"@context":"https:\/\/schema.org","@graph":[{"@type":"WebPage","@id":"https:\/\/help.jamk.fi\/asianhallinta\/fi\/10-raportit\/","url":"https:\/\/help.jamk.fi\/asianhallinta\/fi\/10-raportit\/","name":"9 Raportit - Asianhallinta","isPartOf":{"@id":"https:\/\/help.jamk.fi\/asianhallinta\/#website"},"primaryImageOfPage":{"@id":"https:\/\/help.jamk.fi\/asianhallinta\/fi\/10-raportit\/#primaryimage"},"image":{"@id":"https:\/\/help.jamk.fi\/asianhallinta\/fi\/10-raportit\/#primaryimage"},"thumbnailUrl":"https:\/\/help.jamk.fi\/asiakirjahallinto\/wp-content\/uploads\/sites\/53\/2023\/07\/Raportointi.png","datePublished":"2014-09-16T07:48:47+00:00","dateModified":"2026-03-04T13:22:10+00:00","breadcrumb":{"@id":"https:\/\/help.jamk.fi\/asianhallinta\/fi\/10-raportit\/#breadcrumb"},"inLanguage":"fi","potentialAction":[{"@type":"ReadAction","target":["https:\/\/help.jamk.fi\/asianhallinta\/fi\/10-raportit\/"]}]},{"@type":"ImageObject","inLanguage":"fi","@id":"https:\/\/help.jamk.fi\/asianhallinta\/fi\/10-raportit\/#primaryimage","url":"https:\/\/help.jamk.fi\/asiakirjahallinto\/wp-content\/uploads\/sites\/53\/2023\/07\/Raportointi.png","contentUrl":"https:\/\/help.jamk.fi\/asiakirjahallinto\/wp-content\/uploads\/sites\/53\/2023\/07\/Raportointi.png"},{"@type":"BreadcrumbList","@id":"https:\/\/help.jamk.fi\/asianhallinta\/fi\/10-raportit\/#breadcrumb","itemListElement":[{"@type":"ListItem","position":1,"name":"Etusivu","item":"https:\/\/help.jamk.fi\/asianhallinta\/"},{"@type":"ListItem","position":2,"name":"9 Raportit"}]},{"@type":"WebSite","@id":"https:\/\/help.jamk.fi\/asianhallinta\/#website","url":"https:\/\/help.jamk.fi\/asianhallinta\/","name":"Asianhallinta","description":"","potentialAction":[{"@type":"SearchAction","target":{"@type":"EntryPoint","urlTemplate":"https:\/\/help.jamk.fi\/asianhallinta\/?s={search_term_string}"},"query-input":{"@type":"PropertyValueSpecification","valueRequired":true,"valueName":"search_term_string"}}],"inLanguage":"fi"}]}},"_links":{"self":[{"href":"https:\/\/help.jamk.fi\/asianhallinta\/wp-json\/wp\/v2\/pages\/605","targetHints":{"allow":["GET"]}}],"collection":[{"href":"https:\/\/help.jamk.fi\/asianhallinta\/wp-json\/wp\/v2\/pages"}],"about":[{"href":"https:\/\/help.jamk.fi\/asianhallinta\/wp-json\/wp\/v2\/types\/page"}],"author":[{"embeddable":true,"href":"https:\/\/help.jamk.fi\/asianhallinta\/wp-json\/wp\/v2\/users\/94"}],"replies":[{"embeddable":true,"href":"https:\/\/help.jamk.fi\/asianhallinta\/wp-json\/wp\/v2\/comments?post=605"}],"version-history":[{"count":4,"href":"https:\/\/help.jamk.fi\/asianhallinta\/wp-json\/wp\/v2\/pages\/605\/revisions"}],"predecessor-version":[{"id":1963,"href":"https:\/\/help.jamk.fi\/asianhallinta\/wp-json\/wp\/v2\/pages\/605\/revisions\/1963"}],"wp:attachment":[{"href":"https:\/\/help.jamk.fi\/asianhallinta\/wp-json\/wp\/v2\/media?parent=605"}],"wp:term":[{"taxonomy":"category","embeddable":true,"href":"https:\/\/help.jamk.fi\/asianhallinta\/wp-json\/wp\/v2\/categories?post=605"},{"taxonomy":"post_tag","embeddable":true,"href":"https:\/\/help.jamk.fi\/asianhallinta\/wp-json\/wp\/v2\/tags?post=605"}],"curies":[{"name":"wp","href":"https:\/\/api.w.org\/{rel}","templated":true}]}}