{"id":641,"date":"2015-11-24T09:44:29","date_gmt":"2015-11-24T07:44:29","guid":{"rendered":"https:\/\/help.jamk.fi\/asiakirjahallinto\/esimerkkisivu\/4-liitteet\/salassa-pidettavat-liitteet\/"},"modified":"2024-10-22T14:08:19","modified_gmt":"2024-10-22T11:08:19","slug":"salassa-pidettavat-liitteet","status":"publish","type":"page","link":"https:\/\/help.jamk.fi\/asianhallinta\/fi\/4-liitteet\/salassa-pidettavat-liitteet\/","title":{"rendered":"Salassa pidett\u00e4v\u00e4t liitteet"},"content":{"rendered":"<p>Varsinainen p\u00e4\u00e4asiakirja voi olla julkinen, mutta siihen liittyv\u00e4 liite voi olla salassa pidett\u00e4v\u00e4. On my\u00f6s\u00a0 suositeltavaa, ett\u00e4 kokouksessa k\u00e4sitelt\u00e4v\u00e4 asia kirjataan erilliselle, salassa pidett\u00e4v\u00e4lle liitteelle sen sijaan, ett\u00e4 koko muistio\/p\u00f6yt\u00e4kirja merkitt\u00e4isiin salassa pidett\u00e4v\u00e4ksi.<\/p>\n<p>Salassa pidett\u00e4v\u00e4t liitteet voidaan liitt\u00e4\u00e4 asiakirjalle muiden liitteiden tapaan.<\/p>\n<p><b>Julkisen p\u00e4\u00e4asiakirjan k\u00e4ytt\u00f6oikeudet eiv\u00e4t en\u00e4\u00e4 periydy\u00a0salassapidett\u00e4v\u00e4lle liiteasiakirjalle <i>Kaikki<\/i>-ryhm\u00e4n osalta (katselija-oikeudet). <\/b><\/p>\n","protected":false},"excerpt":{"rendered":"<p>Varsinainen p\u00e4\u00e4asiakirja voi olla julkinen, mutta siihen liittyv\u00e4 liite voi olla salassa pidett\u00e4v\u00e4. On my\u00f6s\u00a0 suositeltavaa, ett\u00e4 kokouksessa k\u00e4sitelt\u00e4v\u00e4 asia kirjataan erilliselle, salassa pidett\u00e4v\u00e4lle liitteelle sen sijaan, ett\u00e4 koko muistio\/p\u00f6yt\u00e4kirja merkitt\u00e4isiin salassa pidett\u00e4v\u00e4ksi. Salassa pidett\u00e4v\u00e4t liitteet voidaan liitt\u00e4\u00e4 asiakirjalle muiden liitteiden tapaan. Julkisen p\u00e4\u00e4asiakirjan k\u00e4ytt\u00f6oikeudet eiv\u00e4t en\u00e4\u00e4 periydy\u00a0salassapidett\u00e4v\u00e4lle liiteasiakirjalle Kaikki-ryhm\u00e4n osalta (katselija-oikeudet).<\/p>\n","protected":false},"author":94,"featured_media":0,"parent":128,"menu_order":413,"comment_status":"closed","ping_status":"closed","template":"","meta":{"_acf_changed":false,"_relevanssi_hide_post":"","_relevanssi_hide_content":"","_relevanssi_pin_for_all":"","_relevanssi_pin_keywords":"","_relevanssi_unpin_keywords":"","_relevanssi_related_keywords":"","_relevanssi_related_include_ids":"","_relevanssi_related_exclude_ids":"","_relevanssi_related_no_append":"","_relevanssi_related_not_related":"","_relevanssi_related_posts":"","_relevanssi_noindex_reason":"","footnotes":""},"categories":[],"tags":[75,661,471,39],"class_list":["post-641","page","type-page","status-publish","hentry","tag-asiakirja","tag-liite-fi","tag-salassa-pidettava-fi","tag-tweb"],"acf":[],"yoast_head":"<!-- This site is optimized with the Yoast SEO plugin v27.4 - https:\/\/yoast.com\/product\/yoast-seo-wordpress\/ -->\n<title>Salassa pidett\u00e4v\u00e4t liitteet - Asianhallinta<\/title>\n<meta name=\"robots\" content=\"index, follow, max-snippet:-1, max-image-preview:large, max-video-preview:-1\" \/>\n<link rel=\"canonical\" href=\"https:\/\/help.jamk.fi\/asianhallinta\/fi\/4-liitteet\/salassa-pidettavat-liitteet\/\" \/>\n<meta property=\"og:locale\" content=\"fi_FI\" \/>\n<meta property=\"og:type\" content=\"article\" \/>\n<meta property=\"og:title\" content=\"Salassa pidett\u00e4v\u00e4t liitteet - Asianhallinta\" \/>\n<meta property=\"og:description\" content=\"Varsinainen p\u00e4\u00e4asiakirja voi olla julkinen, mutta siihen liittyv\u00e4 liite voi olla salassa pidett\u00e4v\u00e4. On my\u00f6s\u00a0 suositeltavaa, ett\u00e4 kokouksessa k\u00e4sitelt\u00e4v\u00e4 asia kirjataan erilliselle, salassa pidett\u00e4v\u00e4lle liitteelle sen sijaan, ett\u00e4 koko muistio\/p\u00f6yt\u00e4kirja merkitt\u00e4isiin salassa pidett\u00e4v\u00e4ksi. Salassa pidett\u00e4v\u00e4t liitteet voidaan liitt\u00e4\u00e4 asiakirjalle muiden liitteiden tapaan. Julkisen p\u00e4\u00e4asiakirjan k\u00e4ytt\u00f6oikeudet eiv\u00e4t en\u00e4\u00e4 periydy\u00a0salassapidett\u00e4v\u00e4lle liiteasiakirjalle Kaikki-ryhm\u00e4n osalta (katselija-oikeudet).\" \/>\n<meta property=\"og:url\" content=\"https:\/\/help.jamk.fi\/asianhallinta\/fi\/4-liitteet\/salassa-pidettavat-liitteet\/\" \/>\n<meta property=\"og:site_name\" content=\"Asianhallinta\" \/>\n<meta property=\"article:modified_time\" content=\"2024-10-22T11:08:19+00:00\" \/>\n<meta name=\"twitter:card\" content=\"summary_large_image\" \/>\n<meta name=\"twitter:label1\" content=\"Arvioitu lukuaika\" \/>\n\t<meta name=\"twitter:data1\" content=\"1 minuutti\" \/>\n<script type=\"application\/ld+json\" class=\"yoast-schema-graph\">{\"@context\":\"https:\\\/\\\/schema.org\",\"@graph\":[{\"@type\":\"WebPage\",\"@id\":\"https:\\\/\\\/help.jamk.fi\\\/asianhallinta\\\/fi\\\/4-liitteet\\\/salassa-pidettavat-liitteet\\\/\",\"url\":\"https:\\\/\\\/help.jamk.fi\\\/asianhallinta\\\/fi\\\/4-liitteet\\\/salassa-pidettavat-liitteet\\\/\",\"name\":\"Salassa pidett\u00e4v\u00e4t liitteet - Asianhallinta\",\"isPartOf\":{\"@id\":\"https:\\\/\\\/help.jamk.fi\\\/asianhallinta\\\/#website\"},\"datePublished\":\"2015-11-24T07:44:29+00:00\",\"dateModified\":\"2024-10-22T11:08:19+00:00\",\"breadcrumb\":{\"@id\":\"https:\\\/\\\/help.jamk.fi\\\/asianhallinta\\\/fi\\\/4-liitteet\\\/salassa-pidettavat-liitteet\\\/#breadcrumb\"},\"inLanguage\":\"fi\",\"potentialAction\":[{\"@type\":\"ReadAction\",\"target\":[\"https:\\\/\\\/help.jamk.fi\\\/asianhallinta\\\/fi\\\/4-liitteet\\\/salassa-pidettavat-liitteet\\\/\"]}]},{\"@type\":\"BreadcrumbList\",\"@id\":\"https:\\\/\\\/help.jamk.fi\\\/asianhallinta\\\/fi\\\/4-liitteet\\\/salassa-pidettavat-liitteet\\\/#breadcrumb\",\"itemListElement\":[{\"@type\":\"ListItem\",\"position\":1,\"name\":\"Etusivu\",\"item\":\"https:\\\/\\\/help.jamk.fi\\\/asianhallinta\\\/\"},{\"@type\":\"ListItem\",\"position\":2,\"name\":\"4 Liitteet\",\"item\":\"https:\\\/\\\/help.jamk.fi\\\/asianhallinta\\\/fi\\\/4-liitteet\\\/\"},{\"@type\":\"ListItem\",\"position\":3,\"name\":\"Salassa pidett\u00e4v\u00e4t liitteet\"}]},{\"@type\":\"WebSite\",\"@id\":\"https:\\\/\\\/help.jamk.fi\\\/asianhallinta\\\/#website\",\"url\":\"https:\\\/\\\/help.jamk.fi\\\/asianhallinta\\\/\",\"name\":\"Asianhallinta\",\"description\":\"\",\"potentialAction\":[{\"@type\":\"SearchAction\",\"target\":{\"@type\":\"EntryPoint\",\"urlTemplate\":\"https:\\\/\\\/help.jamk.fi\\\/asianhallinta\\\/?s={search_term_string}\"},\"query-input\":{\"@type\":\"PropertyValueSpecification\",\"valueRequired\":true,\"valueName\":\"search_term_string\"}}],\"inLanguage\":\"fi\"}]}<\/script>\n<!-- \/ Yoast SEO plugin. -->","yoast_head_json":{"title":"Salassa pidett\u00e4v\u00e4t liitteet - Asianhallinta","robots":{"index":"index","follow":"follow","max-snippet":"max-snippet:-1","max-image-preview":"max-image-preview:large","max-video-preview":"max-video-preview:-1"},"canonical":"https:\/\/help.jamk.fi\/asianhallinta\/fi\/4-liitteet\/salassa-pidettavat-liitteet\/","og_locale":"fi_FI","og_type":"article","og_title":"Salassa pidett\u00e4v\u00e4t liitteet - Asianhallinta","og_description":"Varsinainen p\u00e4\u00e4asiakirja voi olla julkinen, mutta siihen liittyv\u00e4 liite voi olla salassa pidett\u00e4v\u00e4. On my\u00f6s\u00a0 suositeltavaa, ett\u00e4 kokouksessa k\u00e4sitelt\u00e4v\u00e4 asia kirjataan erilliselle, salassa pidett\u00e4v\u00e4lle liitteelle sen sijaan, ett\u00e4 koko muistio\/p\u00f6yt\u00e4kirja merkitt\u00e4isiin salassa pidett\u00e4v\u00e4ksi. Salassa pidett\u00e4v\u00e4t liitteet voidaan liitt\u00e4\u00e4 asiakirjalle muiden liitteiden tapaan. Julkisen p\u00e4\u00e4asiakirjan k\u00e4ytt\u00f6oikeudet eiv\u00e4t en\u00e4\u00e4 periydy\u00a0salassapidett\u00e4v\u00e4lle liiteasiakirjalle Kaikki-ryhm\u00e4n osalta (katselija-oikeudet).","og_url":"https:\/\/help.jamk.fi\/asianhallinta\/fi\/4-liitteet\/salassa-pidettavat-liitteet\/","og_site_name":"Asianhallinta","article_modified_time":"2024-10-22T11:08:19+00:00","twitter_card":"summary_large_image","twitter_misc":{"Arvioitu lukuaika":"1 minuutti"},"schema":{"@context":"https:\/\/schema.org","@graph":[{"@type":"WebPage","@id":"https:\/\/help.jamk.fi\/asianhallinta\/fi\/4-liitteet\/salassa-pidettavat-liitteet\/","url":"https:\/\/help.jamk.fi\/asianhallinta\/fi\/4-liitteet\/salassa-pidettavat-liitteet\/","name":"Salassa pidett\u00e4v\u00e4t liitteet - Asianhallinta","isPartOf":{"@id":"https:\/\/help.jamk.fi\/asianhallinta\/#website"},"datePublished":"2015-11-24T07:44:29+00:00","dateModified":"2024-10-22T11:08:19+00:00","breadcrumb":{"@id":"https:\/\/help.jamk.fi\/asianhallinta\/fi\/4-liitteet\/salassa-pidettavat-liitteet\/#breadcrumb"},"inLanguage":"fi","potentialAction":[{"@type":"ReadAction","target":["https:\/\/help.jamk.fi\/asianhallinta\/fi\/4-liitteet\/salassa-pidettavat-liitteet\/"]}]},{"@type":"BreadcrumbList","@id":"https:\/\/help.jamk.fi\/asianhallinta\/fi\/4-liitteet\/salassa-pidettavat-liitteet\/#breadcrumb","itemListElement":[{"@type":"ListItem","position":1,"name":"Etusivu","item":"https:\/\/help.jamk.fi\/asianhallinta\/"},{"@type":"ListItem","position":2,"name":"4 Liitteet","item":"https:\/\/help.jamk.fi\/asianhallinta\/fi\/4-liitteet\/"},{"@type":"ListItem","position":3,"name":"Salassa pidett\u00e4v\u00e4t liitteet"}]},{"@type":"WebSite","@id":"https:\/\/help.jamk.fi\/asianhallinta\/#website","url":"https:\/\/help.jamk.fi\/asianhallinta\/","name":"Asianhallinta","description":"","potentialAction":[{"@type":"SearchAction","target":{"@type":"EntryPoint","urlTemplate":"https:\/\/help.jamk.fi\/asianhallinta\/?s={search_term_string}"},"query-input":{"@type":"PropertyValueSpecification","valueRequired":true,"valueName":"search_term_string"}}],"inLanguage":"fi"}]}},"_links":{"self":[{"href":"https:\/\/help.jamk.fi\/asianhallinta\/wp-json\/wp\/v2\/pages\/641","targetHints":{"allow":["GET"]}}],"collection":[{"href":"https:\/\/help.jamk.fi\/asianhallinta\/wp-json\/wp\/v2\/pages"}],"about":[{"href":"https:\/\/help.jamk.fi\/asianhallinta\/wp-json\/wp\/v2\/types\/page"}],"author":[{"embeddable":true,"href":"https:\/\/help.jamk.fi\/asianhallinta\/wp-json\/wp\/v2\/users\/94"}],"replies":[{"embeddable":true,"href":"https:\/\/help.jamk.fi\/asianhallinta\/wp-json\/wp\/v2\/comments?post=641"}],"version-history":[{"count":3,"href":"https:\/\/help.jamk.fi\/asianhallinta\/wp-json\/wp\/v2\/pages\/641\/revisions"}],"predecessor-version":[{"id":1927,"href":"https:\/\/help.jamk.fi\/asianhallinta\/wp-json\/wp\/v2\/pages\/641\/revisions\/1927"}],"up":[{"embeddable":true,"href":"https:\/\/help.jamk.fi\/asianhallinta\/wp-json\/wp\/v2\/pages\/128"}],"wp:attachment":[{"href":"https:\/\/help.jamk.fi\/asianhallinta\/wp-json\/wp\/v2\/media?parent=641"}],"wp:term":[{"taxonomy":"category","embeddable":true,"href":"https:\/\/help.jamk.fi\/asianhallinta\/wp-json\/wp\/v2\/categories?post=641"},{"taxonomy":"post_tag","embeddable":true,"href":"https:\/\/help.jamk.fi\/asianhallinta\/wp-json\/wp\/v2\/tags?post=641"}],"curies":[{"name":"wp","href":"https:\/\/api.w.org\/{rel}","templated":true}]}}