{"id":661,"date":"2016-03-31T09:56:06","date_gmt":"2016-03-31T06:56:06","guid":{"rendered":"https:\/\/help.jamk.fi\/asiakirjahallinto\/esimerkkisivu\/11-asianhallinta\/asiakirjan-liittaminen-asialle-tyoasemalta\/"},"modified":"2024-01-23T15:05:26","modified_gmt":"2024-01-23T13:05:26","slug":"asiakirjan-liittaminen-asialle-tyoasemalta","status":"publish","type":"page","link":"https:\/\/help.jamk.fi\/asianhallinta\/fi\/11-asianhallinta\/asiakirjan-liittaminen-asialle-tyoasemalta\/","title":{"rendered":"Ty\u00f6asemalla olevan asiakirjan liitt\u00e4minen asialle"},"content":{"rendered":"\n<p>Asian<em>&nbsp;Asiakirjat&nbsp;<\/em>-v\u00e4lilehdelt\u00e4 l\u00f6yd\u00e4t kaikki asiaan liittyv\u00e4t asiakirjat. T\u00e4\u00e4ll\u00e4 sivulla voit tuoda omalta ty\u00f6asemaltasi tai ulkoiselta tallennusv\u00e4lineelt\u00e4 asiakirjan asialle ja Twebiin.<\/p>\n\n\n\n<p>Jokaiselle asialle liitett\u00e4v\u00e4lle asiakirjalle on laadittava oma asiakirjakortti, my\u00f6s toiseen asiakirjaan&nbsp;laadittaville liitteille. Asialle ja asiakirjakortille tuotavan tiedosto on oltava tallennettuna ty\u00f6asemalle. Tiedostomuodoksi k\u00e4yv\u00e4t kaikki yleisemmin k\u00e4yt\u00f6ss\u00e4 olevat formaatit. \u200b<strong>Huom!&nbsp;<\/strong>Mik\u00e4li laadit asiakirjoja ty\u00f6asemallasi, muistathan k\u00e4ytt\u00e4\u00e4 Jamkin ajantasaisia asiakirjamalleja.<\/p>\n\n\n\n<h2 class=\"wp-block-heading\">Asiakirjan liitt\u00e4minen asialle<\/h2>\n\n\n\n<p>Siirry asian <em>Asiakirjat<\/em>-v\u00e4lilehdelle ja paina <em>Luo&nbsp;asiakirja <\/em>-painiketta.<\/p>\n\n\n<div class=\"wp-block-image\">\n<figure class=\"aligncenter size-large\"><img loading=\"lazy\" decoding=\"async\" width=\"1024\" height=\"323\" src=\"https:\/\/help.jamk.fi\/asianhallinta\/wp-content\/uploads\/sites\/53\/2023\/07\/Asiakirjat_valilehti_luo-1024x323.jpg\" alt=\"\" class=\"wp-image-1172\" srcset=\"https:\/\/help.jamk.fi\/asianhallinta\/wp-content\/uploads\/sites\/53\/2023\/07\/Asiakirjat_valilehti_luo-1024x323.jpg 1024w, https:\/\/help.jamk.fi\/asianhallinta\/wp-content\/uploads\/sites\/53\/2023\/07\/Asiakirjat_valilehti_luo-300x95.jpg 300w, https:\/\/help.jamk.fi\/asianhallinta\/wp-content\/uploads\/sites\/53\/2023\/07\/Asiakirjat_valilehti_luo-768x242.jpg 768w, https:\/\/help.jamk.fi\/asianhallinta\/wp-content\/uploads\/sites\/53\/2023\/07\/Asiakirjat_valilehti_luo.jpg 1224w\" sizes=\"auto, (max-width: 1024px) 100vw, 1024px\" \/><figcaption class=\"wp-element-caption\"><strong>Asian Asiakirjat-v\u00e4lilehti<\/strong><\/figcaption><\/figure>\n<\/div>\n\n\n<p>N\u00e4kym\u00e4 siirtyy <em>vihre\u00e4lle<\/em> asiakirjakortille.<\/p>\n\n\n<div class=\"wp-block-image\">\n<figure class=\"aligncenter size-large\"><img loading=\"lazy\" decoding=\"async\" width=\"1024\" height=\"590\" src=\"https:\/\/help.jamk.fi\/asianhallinta\/wp-content\/uploads\/sites\/53\/2023\/07\/Luo_asiakirja-1024x590.jpg\" alt=\"\" class=\"wp-image-1175\" srcset=\"https:\/\/help.jamk.fi\/asianhallinta\/wp-content\/uploads\/sites\/53\/2023\/07\/Luo_asiakirja-1024x590.jpg 1024w, https:\/\/help.jamk.fi\/asianhallinta\/wp-content\/uploads\/sites\/53\/2023\/07\/Luo_asiakirja-300x173.jpg 300w, https:\/\/help.jamk.fi\/asianhallinta\/wp-content\/uploads\/sites\/53\/2023\/07\/Luo_asiakirja-768x442.jpg 768w, https:\/\/help.jamk.fi\/asianhallinta\/wp-content\/uploads\/sites\/53\/2023\/07\/Luo_asiakirja.jpg 1122w\" sizes=\"auto, (max-width: 1024px) 100vw, 1024px\" \/><figcaption class=\"wp-element-caption\"><strong>Asiakirjakortti<\/strong><\/figcaption><\/figure>\n<\/div>\n\n\n<h3 class=\"wp-block-heading\">Asiakirjan nime\u00e4minen<\/h3>\n\n\n\n<p>Asiakirja nimet\u00e4\u00e4n yksinkertaisesti ja selke\u00e4sti. Esimerkiksi projekteissa nime\u00e4minen tapahtuu niin, ett\u00e4 nimen loppuosassa toistuu projektin nimi ja numero sek\u00e4 (JAMK\/Yksikk\u00f6)- tieto.<\/p>\n\n\n\n<p>Katso lis\u00e4\u00e4&nbsp;<a href=\"https:\/\/help.jamk.fi\/asianhallinta\/fi\/2-asiakirjan-laatiminen-ja-muokkaaminen\/asiakirjan-nimike\/\">Jamkin asiakirjan nime\u00e4misk\u00e4yt\u00e4nteist\u00e4 t\u00e4\u00e4lt\u00e4<\/a>.<\/p>\n\n\n\n<h3 class=\"wp-block-heading\">Asiakirjatyyppi<\/h3>\n\n\n\n<p>Jotta asiakirja saisi tarvittavat ohjaustiedot, tulee se liitt\u00e4\u00e4 tiedonohjausominaisuuteen eli TOS-puuhun. T\u00e4m\u00e4 tapahtuu valitsemalla asiakirjakortille asiakirjatyyppi. N\u00e4in asiakirja saa automaattisesti esimerkiksi julkisuusluokan, s\u00e4ilytysajan sek\u00e4 ennalta m\u00e4\u00e4ritettyj\u00e4 k\u00e4ytt\u00f6oikeusryhmi\u00e4.<\/p>\n\n\n\n<p>Asiakirjatyyppi valitaan <em>Tyyppi<\/em>-pudotusvalikosta.<\/p>\n\n\n\n<p>Paina <i>Tallenna ja jatka <\/i>-painikkeesta.<\/p>\n\n\n\n<h3 class=\"wp-block-heading\">Tiedoston hakeminen<\/h3>\n\n\n\n<p>Hae asiakirjakortille tuotava tiedosto ty\u00f6asemaltasi (pudotusvalikossa\u00a0<em>Hae tiedosto levylt\u00e4<\/em>) ja paina\u00a0<em>Luo tiedosto\u00a0<\/em>-painiketta.<\/p>\n\n\n<div class=\"wp-block-image\">\n<figure class=\"aligncenter size-full\"><img loading=\"lazy\" decoding=\"async\" width=\"957\" height=\"711\" src=\"https:\/\/help.jamk.fi\/asianhallinta\/wp-content\/uploads\/sites\/53\/2023\/07\/Asiakirjat_valilehti_tuo.jpg\" alt=\"\" class=\"wp-image-1178\" srcset=\"https:\/\/help.jamk.fi\/asianhallinta\/wp-content\/uploads\/sites\/53\/2023\/07\/Asiakirjat_valilehti_tuo.jpg 957w, https:\/\/help.jamk.fi\/asianhallinta\/wp-content\/uploads\/sites\/53\/2023\/07\/Asiakirjat_valilehti_tuo-300x223.jpg 300w, https:\/\/help.jamk.fi\/asianhallinta\/wp-content\/uploads\/sites\/53\/2023\/07\/Asiakirjat_valilehti_tuo-768x571.jpg 768w\" sizes=\"auto, (max-width: 957px) 100vw, 957px\" \/><figcaption class=\"wp-element-caption\"><strong>Asiakirjakorttin\u00e4kym\u00e4 ja Luo tiedosto-valikko<\/strong><\/figcaption><\/figure>\n<\/div>\n\n\n<p>Hae tiedosto ty\u00f6asemaltasi.<\/p>\n\n\n<div class=\"wp-block-image\">\n<figure class=\"aligncenter size-full\"><img loading=\"lazy\" decoding=\"async\" width=\"998\" height=\"538\" src=\"https:\/\/help.jamk.fi\/asianhallinta\/wp-content\/uploads\/sites\/53\/2023\/07\/Asiakirjat_valilehti_tuo_tiedosto.jpg\" alt=\"\" class=\"wp-image-1181\" srcset=\"https:\/\/help.jamk.fi\/asianhallinta\/wp-content\/uploads\/sites\/53\/2023\/07\/Asiakirjat_valilehti_tuo_tiedosto.jpg 998w, https:\/\/help.jamk.fi\/asianhallinta\/wp-content\/uploads\/sites\/53\/2023\/07\/Asiakirjat_valilehti_tuo_tiedosto-300x162.jpg 300w, https:\/\/help.jamk.fi\/asianhallinta\/wp-content\/uploads\/sites\/53\/2023\/07\/Asiakirjat_valilehti_tuo_tiedosto-768x414.jpg 768w\" sizes=\"auto, (max-width: 998px) 100vw, 998px\" \/><figcaption class=\"wp-element-caption\"><strong>Tiedoston hakeminen ty\u00f6asemalta<\/strong><\/figcaption><\/figure>\n<\/div>\n\n\n<p>N\u00e4kym\u00e4 palaa takaisin asiakirjakortille ja se n\u00e4ytt\u00e4\u00e4 nyt t\u00e4lt\u00e4. Siirry takaisin asialle <i>Palaa asialle<\/i>-painikkeen kautta.<\/p>\n\n\n<div class=\"wp-block-image\">\n<figure class=\"aligncenter size-full\"><img loading=\"lazy\" decoding=\"async\" width=\"903\" height=\"564\" src=\"https:\/\/help.jamk.fi\/asianhallinta\/wp-content\/uploads\/sites\/53\/2023\/07\/Asiakirjat_asiakirjakortti.jpg\" alt=\"\" class=\"wp-image-1184\" srcset=\"https:\/\/help.jamk.fi\/asianhallinta\/wp-content\/uploads\/sites\/53\/2023\/07\/Asiakirjat_asiakirjakortti.jpg 903w, https:\/\/help.jamk.fi\/asianhallinta\/wp-content\/uploads\/sites\/53\/2023\/07\/Asiakirjat_asiakirjakortti-300x187.jpg 300w, https:\/\/help.jamk.fi\/asianhallinta\/wp-content\/uploads\/sites\/53\/2023\/07\/Asiakirjat_asiakirjakortti-768x480.jpg 768w\" sizes=\"auto, (max-width: 903px) 100vw, 903px\" \/><figcaption class=\"wp-element-caption\"><strong>Asiakirjakortti-n\u00e4kym\u00e4<\/strong><\/figcaption><\/figure>\n<\/div>\n\n<div id=\"link-lifts-block_ece9a04df776d335196e426b8091c5f6\" class=\"link-lifts block-link-lifts\">\n  <div class=\"row\">\n            <div class=\"col-12 col-lg-4 block-link-lifts__column\">\n          <div class=\"block-link-lifts__item lilac\">\n            <h3 class=\"block-link-lifts__item--heading\">Video-ohjeet<\/h3>\n                          <ul class=\"block-link-lifts__item--link-list\">\n                                                                        <li>\n                                              <a class=\"link-list lock\" href=\"https:\/\/panopto.jamk.fi\/Panopto\/Pages\/Viewer.aspx?id=479a8f81-7a5b-4610-bf05-ab79008fc167\" target=\"_self\" >Asiakirjatyypin valitseminen (Panopto, vaatii kirjautumisen)<i  ><svg aria-hidden=\"true\" viewBox=\"0 0 24 24\" fill=\"none\" xmlns=\"http:\/\/www.w3.org\/2000\/svg\"><g clip-path=\"url(#clip0_1574_4368)\"><circle cx=\"12\" cy=\"12\" r=\"12\" fill=\"#0D004C\"\/><g clip-path=\"url(#clip1_1574_4368)\" fill=\"#fff\"><path d=\"M15.637 11.107v-2.68c0-1.967-1.632-3.57-3.637-3.57S8.363 6.46 8.363 8.43v2.68c-.752 0-1.363.6-1.363 1.338v5.357c0 .739.613 1.339 1.363 1.339h7.272c.752 0 1.363-.6 1.363-1.34v-5.356c0-.738-.61-1.339-1.363-1.339l.002-.001zM9.272 8.429c0-1.477 1.224-2.68 2.728-2.68 1.504 0 2.728 1.201 2.728 2.68v2.68H9.272v-2.68zm6.818 9.375a.451.451 0 01-.455.446H8.363a.45.45 0 01-.454-.446v-5.357a.45.45 0 01.454-.446h7.272c.251 0 .455.2.455.446v5.357z\"\/><path d=\"M12 13.34c-.503 0-.91.4-.91.892 0 .33.185.615.455.77v1.017a.45.45 0 00.455.446.45.45 0 00.454-.446v-1.017a.887.887 0 00.454-.77.902.902 0 00-.908-.892z\"\/><\/g><\/g><defs><clipPath id=\"clip0_1574_4368\"><path fill=\"#fff\" d=\"M0 0h24v24H0z\"\/><\/clipPath><clipPath id=\"clip1_1574_4368\"><path fill=\"#fff\" transform=\"translate(7 4.857)\" d=\"M0 0h10v14.286H0z\"\/><\/clipPath><\/defs><\/svg><\/i><\/a>\n                                          <\/li>\n                                                <\/ul>\n            \n          <\/div>\n        <\/div>\n      <\/div>\n<\/div>","protected":false},"excerpt":{"rendered":"<p>Asian&nbsp;Asiakirjat&nbsp;-v\u00e4lilehdelt\u00e4 l\u00f6yd\u00e4t kaikki asiaan liittyv\u00e4t asiakirjat. T\u00e4\u00e4ll\u00e4 sivulla voit tuoda omalta ty\u00f6asemaltasi tai ulkoiselta tallennusv\u00e4lineelt\u00e4 asiakirjan asialle ja Twebiin. Jokaiselle asialle liitett\u00e4v\u00e4lle asiakirjalle on laadittava oma asiakirjakortti, my\u00f6s toiseen asiakirjaan&nbsp;laadittaville liitteille. Asialle ja asiakirjakortille tuotavan tiedosto on oltava tallennettuna ty\u00f6asemalle. Tiedostomuodoksi k\u00e4yv\u00e4t kaikki yleisemmin k\u00e4yt\u00f6ss\u00e4 olevat formaatit. \u200bHuom!&nbsp;Mik\u00e4li laadit asiakirjoja ty\u00f6asemallasi, muistathan k\u00e4ytt\u00e4\u00e4 Jamkin ajantasaisia [&hellip;]<\/p>\n","protected":false},"author":94,"featured_media":0,"parent":463,"menu_order":230,"comment_status":"closed","ping_status":"closed","template":"","meta":{"_acf_changed":false,"_relevanssi_hide_post":"","_relevanssi_hide_content":"","_relevanssi_pin_for_all":"","_relevanssi_pin_keywords":"","_relevanssi_unpin_keywords":"","_relevanssi_related_keywords":"","_relevanssi_related_include_ids":"","_relevanssi_related_exclude_ids":"","_relevanssi_related_no_append":"","_relevanssi_related_not_related":"","_relevanssi_related_posts":"27,12,24,36,9,30","_relevanssi_noindex_reason":"","footnotes":""},"categories":[],"tags":[443,557,559,39],"class_list":["post-661","page","type-page","status-publish","hentry","tag-asia-fi","tag-asiakirjan-lisaaminen-asialle-fi","tag-tiedosto-fi","tag-tweb"],"acf":[],"yoast_head":"<!-- This site is optimized with the Yoast SEO plugin v27.3 - https:\/\/yoast.com\/product\/yoast-seo-wordpress\/ -->\n<title>Ty\u00f6asemalla olevan asiakirjan liitt\u00e4minen asialle - Asianhallinta<\/title>\n<meta name=\"robots\" content=\"index, follow, max-snippet:-1, max-image-preview:large, max-video-preview:-1\" \/>\n<link rel=\"canonical\" href=\"https:\/\/help.jamk.fi\/asianhallinta\/fi\/11-asianhallinta\/asiakirjan-liittaminen-asialle-tyoasemalta\/\" \/>\n<meta property=\"og:locale\" content=\"fi_FI\" \/>\n<meta property=\"og:type\" content=\"article\" \/>\n<meta property=\"og:title\" content=\"Ty\u00f6asemalla olevan asiakirjan liitt\u00e4minen asialle - Asianhallinta\" \/>\n<meta property=\"og:description\" content=\"Asian&nbsp;Asiakirjat&nbsp;-v\u00e4lilehdelt\u00e4 l\u00f6yd\u00e4t kaikki asiaan liittyv\u00e4t asiakirjat. T\u00e4\u00e4ll\u00e4 sivulla voit tuoda omalta ty\u00f6asemaltasi tai ulkoiselta tallennusv\u00e4lineelt\u00e4 asiakirjan asialle ja Twebiin. Jokaiselle asialle liitett\u00e4v\u00e4lle asiakirjalle on laadittava oma asiakirjakortti, my\u00f6s toiseen asiakirjaan&nbsp;laadittaville liitteille. Asialle ja asiakirjakortille tuotavan tiedosto on oltava tallennettuna ty\u00f6asemalle. Tiedostomuodoksi k\u00e4yv\u00e4t kaikki yleisemmin k\u00e4yt\u00f6ss\u00e4 olevat formaatit. \u200bHuom!&nbsp;Mik\u00e4li laadit asiakirjoja ty\u00f6asemallasi, muistathan k\u00e4ytt\u00e4\u00e4 Jamkin ajantasaisia [&hellip;]\" \/>\n<meta property=\"og:url\" content=\"https:\/\/help.jamk.fi\/asianhallinta\/fi\/11-asianhallinta\/asiakirjan-liittaminen-asialle-tyoasemalta\/\" \/>\n<meta property=\"og:site_name\" content=\"Asianhallinta\" \/>\n<meta property=\"article:modified_time\" content=\"2024-01-23T13:05:26+00:00\" \/>\n<meta property=\"og:image\" content=\"https:\/\/help.jamk.fi\/asianhallinta\/wp-content\/uploads\/sites\/53\/2023\/07\/Asiakirjat_valilehti_luo-1024x323.jpg\" \/>\n<meta name=\"twitter:card\" content=\"summary_large_image\" \/>\n<meta name=\"twitter:label1\" content=\"Arvioitu lukuaika\" \/>\n\t<meta name=\"twitter:data1\" content=\"3 minuuttia\" \/>\n<script type=\"application\/ld+json\" class=\"yoast-schema-graph\">{\"@context\":\"https:\\\/\\\/schema.org\",\"@graph\":[{\"@type\":\"WebPage\",\"@id\":\"https:\\\/\\\/help.jamk.fi\\\/asianhallinta\\\/fi\\\/11-asianhallinta\\\/asiakirjan-liittaminen-asialle-tyoasemalta\\\/\",\"url\":\"https:\\\/\\\/help.jamk.fi\\\/asianhallinta\\\/fi\\\/11-asianhallinta\\\/asiakirjan-liittaminen-asialle-tyoasemalta\\\/\",\"name\":\"Ty\u00f6asemalla olevan asiakirjan liitt\u00e4minen asialle - Asianhallinta\",\"isPartOf\":{\"@id\":\"https:\\\/\\\/help.jamk.fi\\\/asianhallinta\\\/#website\"},\"primaryImageOfPage\":{\"@id\":\"https:\\\/\\\/help.jamk.fi\\\/asianhallinta\\\/fi\\\/11-asianhallinta\\\/asiakirjan-liittaminen-asialle-tyoasemalta\\\/#primaryimage\"},\"image\":{\"@id\":\"https:\\\/\\\/help.jamk.fi\\\/asianhallinta\\\/fi\\\/11-asianhallinta\\\/asiakirjan-liittaminen-asialle-tyoasemalta\\\/#primaryimage\"},\"thumbnailUrl\":\"https:\\\/\\\/help.jamk.fi\\\/asianhallinta\\\/wp-content\\\/uploads\\\/sites\\\/53\\\/2023\\\/07\\\/Asiakirjat_valilehti_luo-1024x323.jpg\",\"datePublished\":\"2016-03-31T06:56:06+00:00\",\"dateModified\":\"2024-01-23T13:05:26+00:00\",\"breadcrumb\":{\"@id\":\"https:\\\/\\\/help.jamk.fi\\\/asianhallinta\\\/fi\\\/11-asianhallinta\\\/asiakirjan-liittaminen-asialle-tyoasemalta\\\/#breadcrumb\"},\"inLanguage\":\"fi\",\"potentialAction\":[{\"@type\":\"ReadAction\",\"target\":[\"https:\\\/\\\/help.jamk.fi\\\/asianhallinta\\\/fi\\\/11-asianhallinta\\\/asiakirjan-liittaminen-asialle-tyoasemalta\\\/\"]}]},{\"@type\":\"ImageObject\",\"inLanguage\":\"fi\",\"@id\":\"https:\\\/\\\/help.jamk.fi\\\/asianhallinta\\\/fi\\\/11-asianhallinta\\\/asiakirjan-liittaminen-asialle-tyoasemalta\\\/#primaryimage\",\"url\":\"https:\\\/\\\/help.jamk.fi\\\/asianhallinta\\\/wp-content\\\/uploads\\\/sites\\\/53\\\/2023\\\/07\\\/Asiakirjat_valilehti_luo.jpg\",\"contentUrl\":\"https:\\\/\\\/help.jamk.fi\\\/asianhallinta\\\/wp-content\\\/uploads\\\/sites\\\/53\\\/2023\\\/07\\\/Asiakirjat_valilehti_luo.jpg\",\"width\":1224,\"height\":386,\"caption\":\"Asian Asiakirjat-v\u00e4lilehti\"},{\"@type\":\"BreadcrumbList\",\"@id\":\"https:\\\/\\\/help.jamk.fi\\\/asianhallinta\\\/fi\\\/11-asianhallinta\\\/asiakirjan-liittaminen-asialle-tyoasemalta\\\/#breadcrumb\",\"itemListElement\":[{\"@type\":\"ListItem\",\"position\":1,\"name\":\"Etusivu\",\"item\":\"https:\\\/\\\/help.jamk.fi\\\/asianhallinta\\\/\"},{\"@type\":\"ListItem\",\"position\":2,\"name\":\"2 Asianhallinta\",\"item\":\"https:\\\/\\\/help.jamk.fi\\\/asianhallinta\\\/fi\\\/11-asianhallinta\\\/\"},{\"@type\":\"ListItem\",\"position\":3,\"name\":\"Ty\u00f6asemalla olevan asiakirjan liitt\u00e4minen asialle\"}]},{\"@type\":\"WebSite\",\"@id\":\"https:\\\/\\\/help.jamk.fi\\\/asianhallinta\\\/#website\",\"url\":\"https:\\\/\\\/help.jamk.fi\\\/asianhallinta\\\/\",\"name\":\"Asianhallinta\",\"description\":\"\",\"potentialAction\":[{\"@type\":\"SearchAction\",\"target\":{\"@type\":\"EntryPoint\",\"urlTemplate\":\"https:\\\/\\\/help.jamk.fi\\\/asianhallinta\\\/?s={search_term_string}\"},\"query-input\":{\"@type\":\"PropertyValueSpecification\",\"valueRequired\":true,\"valueName\":\"search_term_string\"}}],\"inLanguage\":\"fi\"}]}<\/script>\n<!-- \/ Yoast SEO plugin. -->","yoast_head_json":{"title":"Ty\u00f6asemalla olevan asiakirjan liitt\u00e4minen asialle - Asianhallinta","robots":{"index":"index","follow":"follow","max-snippet":"max-snippet:-1","max-image-preview":"max-image-preview:large","max-video-preview":"max-video-preview:-1"},"canonical":"https:\/\/help.jamk.fi\/asianhallinta\/fi\/11-asianhallinta\/asiakirjan-liittaminen-asialle-tyoasemalta\/","og_locale":"fi_FI","og_type":"article","og_title":"Ty\u00f6asemalla olevan asiakirjan liitt\u00e4minen asialle - Asianhallinta","og_description":"Asian&nbsp;Asiakirjat&nbsp;-v\u00e4lilehdelt\u00e4 l\u00f6yd\u00e4t kaikki asiaan liittyv\u00e4t asiakirjat. T\u00e4\u00e4ll\u00e4 sivulla voit tuoda omalta ty\u00f6asemaltasi tai ulkoiselta tallennusv\u00e4lineelt\u00e4 asiakirjan asialle ja Twebiin. Jokaiselle asialle liitett\u00e4v\u00e4lle asiakirjalle on laadittava oma asiakirjakortti, my\u00f6s toiseen asiakirjaan&nbsp;laadittaville liitteille. Asialle ja asiakirjakortille tuotavan tiedosto on oltava tallennettuna ty\u00f6asemalle. Tiedostomuodoksi k\u00e4yv\u00e4t kaikki yleisemmin k\u00e4yt\u00f6ss\u00e4 olevat formaatit. \u200bHuom!&nbsp;Mik\u00e4li laadit asiakirjoja ty\u00f6asemallasi, muistathan k\u00e4ytt\u00e4\u00e4 Jamkin ajantasaisia [&hellip;]","og_url":"https:\/\/help.jamk.fi\/asianhallinta\/fi\/11-asianhallinta\/asiakirjan-liittaminen-asialle-tyoasemalta\/","og_site_name":"Asianhallinta","article_modified_time":"2024-01-23T13:05:26+00:00","og_image":[{"url":"https:\/\/help.jamk.fi\/asianhallinta\/wp-content\/uploads\/sites\/53\/2023\/07\/Asiakirjat_valilehti_luo-1024x323.jpg","type":"","width":"","height":""}],"twitter_card":"summary_large_image","twitter_misc":{"Arvioitu lukuaika":"3 minuuttia"},"schema":{"@context":"https:\/\/schema.org","@graph":[{"@type":"WebPage","@id":"https:\/\/help.jamk.fi\/asianhallinta\/fi\/11-asianhallinta\/asiakirjan-liittaminen-asialle-tyoasemalta\/","url":"https:\/\/help.jamk.fi\/asianhallinta\/fi\/11-asianhallinta\/asiakirjan-liittaminen-asialle-tyoasemalta\/","name":"Ty\u00f6asemalla olevan asiakirjan liitt\u00e4minen asialle - Asianhallinta","isPartOf":{"@id":"https:\/\/help.jamk.fi\/asianhallinta\/#website"},"primaryImageOfPage":{"@id":"https:\/\/help.jamk.fi\/asianhallinta\/fi\/11-asianhallinta\/asiakirjan-liittaminen-asialle-tyoasemalta\/#primaryimage"},"image":{"@id":"https:\/\/help.jamk.fi\/asianhallinta\/fi\/11-asianhallinta\/asiakirjan-liittaminen-asialle-tyoasemalta\/#primaryimage"},"thumbnailUrl":"https:\/\/help.jamk.fi\/asianhallinta\/wp-content\/uploads\/sites\/53\/2023\/07\/Asiakirjat_valilehti_luo-1024x323.jpg","datePublished":"2016-03-31T06:56:06+00:00","dateModified":"2024-01-23T13:05:26+00:00","breadcrumb":{"@id":"https:\/\/help.jamk.fi\/asianhallinta\/fi\/11-asianhallinta\/asiakirjan-liittaminen-asialle-tyoasemalta\/#breadcrumb"},"inLanguage":"fi","potentialAction":[{"@type":"ReadAction","target":["https:\/\/help.jamk.fi\/asianhallinta\/fi\/11-asianhallinta\/asiakirjan-liittaminen-asialle-tyoasemalta\/"]}]},{"@type":"ImageObject","inLanguage":"fi","@id":"https:\/\/help.jamk.fi\/asianhallinta\/fi\/11-asianhallinta\/asiakirjan-liittaminen-asialle-tyoasemalta\/#primaryimage","url":"https:\/\/help.jamk.fi\/asianhallinta\/wp-content\/uploads\/sites\/53\/2023\/07\/Asiakirjat_valilehti_luo.jpg","contentUrl":"https:\/\/help.jamk.fi\/asianhallinta\/wp-content\/uploads\/sites\/53\/2023\/07\/Asiakirjat_valilehti_luo.jpg","width":1224,"height":386,"caption":"Asian Asiakirjat-v\u00e4lilehti"},{"@type":"BreadcrumbList","@id":"https:\/\/help.jamk.fi\/asianhallinta\/fi\/11-asianhallinta\/asiakirjan-liittaminen-asialle-tyoasemalta\/#breadcrumb","itemListElement":[{"@type":"ListItem","position":1,"name":"Etusivu","item":"https:\/\/help.jamk.fi\/asianhallinta\/"},{"@type":"ListItem","position":2,"name":"2 Asianhallinta","item":"https:\/\/help.jamk.fi\/asianhallinta\/fi\/11-asianhallinta\/"},{"@type":"ListItem","position":3,"name":"Ty\u00f6asemalla olevan asiakirjan liitt\u00e4minen asialle"}]},{"@type":"WebSite","@id":"https:\/\/help.jamk.fi\/asianhallinta\/#website","url":"https:\/\/help.jamk.fi\/asianhallinta\/","name":"Asianhallinta","description":"","potentialAction":[{"@type":"SearchAction","target":{"@type":"EntryPoint","urlTemplate":"https:\/\/help.jamk.fi\/asianhallinta\/?s={search_term_string}"},"query-input":{"@type":"PropertyValueSpecification","valueRequired":true,"valueName":"search_term_string"}}],"inLanguage":"fi"}]}},"_links":{"self":[{"href":"https:\/\/help.jamk.fi\/asianhallinta\/wp-json\/wp\/v2\/pages\/661","targetHints":{"allow":["GET"]}}],"collection":[{"href":"https:\/\/help.jamk.fi\/asianhallinta\/wp-json\/wp\/v2\/pages"}],"about":[{"href":"https:\/\/help.jamk.fi\/asianhallinta\/wp-json\/wp\/v2\/types\/page"}],"author":[{"embeddable":true,"href":"https:\/\/help.jamk.fi\/asianhallinta\/wp-json\/wp\/v2\/users\/94"}],"replies":[{"embeddable":true,"href":"https:\/\/help.jamk.fi\/asianhallinta\/wp-json\/wp\/v2\/comments?post=661"}],"version-history":[{"count":8,"href":"https:\/\/help.jamk.fi\/asianhallinta\/wp-json\/wp\/v2\/pages\/661\/revisions"}],"predecessor-version":[{"id":1865,"href":"https:\/\/help.jamk.fi\/asianhallinta\/wp-json\/wp\/v2\/pages\/661\/revisions\/1865"}],"up":[{"embeddable":true,"href":"https:\/\/help.jamk.fi\/asianhallinta\/wp-json\/wp\/v2\/pages\/463"}],"wp:attachment":[{"href":"https:\/\/help.jamk.fi\/asianhallinta\/wp-json\/wp\/v2\/media?parent=661"}],"wp:term":[{"taxonomy":"category","embeddable":true,"href":"https:\/\/help.jamk.fi\/asianhallinta\/wp-json\/wp\/v2\/categories?post=661"},{"taxonomy":"post_tag","embeddable":true,"href":"https:\/\/help.jamk.fi\/asianhallinta\/wp-json\/wp\/v2\/tags?post=661"}],"curies":[{"name":"wp","href":"https:\/\/api.w.org\/{rel}","templated":true}]}}