{"id":103,"date":"2019-08-29T06:05:43","date_gmt":"2019-08-29T03:05:43","guid":{"rendered":"https:\/\/help.jamk.fi\/digikeskus\/kuinka\/kuinka-valmistautua-videokuvauksiin\/"},"modified":"2024-01-19T15:03:04","modified_gmt":"2024-01-19T13:03:04","slug":"kuinka-valmistautua-videokuvauksiin","status":"publish","type":"page","link":"https:\/\/help.jamk.fi\/digikeskus\/fi\/kuinka\/kuinka-valmistautua-videokuvauksiin\/","title":{"rendered":"Kuinka valmistautua videokuvauksiin"},"content":{"rendered":"\n<p>Videoiden tuottamisessa tuskaisin ja eniten luovuutta vaativa osuus on ennen kuvauksia, kun pit\u00e4isi ideoida ja suunnitella varsinaisen sis\u00e4lt\u00f6, videon kertoma tarina tai opetus. Tarkoituksenmukainen k\u00e4sikirjoitus auttaa hahmottamaan mit\u00e4 ollaan tekem\u00e4ss\u00e4 ja helpottaa my\u00f6skin ty\u00f6skentely\u00e4 mahdollisten muiden tuotantoon osallistuvien tahojen (kuvaaja, leikkaaja) kanssa.<\/p>\n\n\n\n<ul class=\"wp-block-list\">\n<li>Jos toteutat kuvauksen studiossa tilausty\u00f6n\u00e4, k\u00e4sikirjoitus kannattaa toimittaa kuvaajalle kuvaustilauksen yhteydess\u00e4 etuk\u00e4teen, niin h\u00e4n ehtii tutustua siihen ja valmistautua kuvaukseen.<\/li>\n\n\n\n<li>Jos haluat k\u00e4ytt\u00e4\u00e4 teleprompteria, mainitse siit\u00e4 tilauksen yhteydess\u00e4 ja toimita k\u00e4sikirjoituksen yhteydess\u00e4 my\u00f6s tarkat vuorosanat.<\/li>\n\n\n\n<li>Jos toteutat kuvauksen itsen\u00e4isesti esim. jossakin tuberoomeista, k\u00e4sikirjoitus kannattaa tehd\u00e4 silti, koska se toimi silloin sinulle itsellesi suunnitelmana ja ohjeena.<\/li>\n<\/ul>\n\n\n\n<p>Yksinkertaisen k\u00e4sikirjoituksen voi pukea vaikka taulukon muotoon Wordilla tai vastaavalla kirjoitusty\u00f6kalulla. Siihen riitt\u00e4\u00e4 kaksi saraketta, joista toisessa on puhutut vuorosanat, ja toisessa m\u00e4\u00e4ritell\u00e4\u00e4n mit\u00e4 n\u00e4kyy (diat, kamerat, kuvakulmat, rajaukset). T\u00e4ss\u00e4 linkki <a href=\"https:\/\/jamkstudent-my.sharepoint.com\/:w:\/g\/personal\/jari_jarvinen_jamk_fi\/EUVMV4fmjCJJtdydwnGiFlABjF57xsSDphj3Aqyjlzt8rA?e=0W4iDH\" target=\"_blank\" rel=\"noopener noreferrer\">mallipohjaan<\/a>.<\/p>\n\n\n\n<h2 class=\"wp-block-heading\">Vaatetus<\/h2>\n\n\n\n<p>My\u00f6s esiintyj\u00e4n vaatetusta on syyt\u00e4 mietti\u00e4 ymp\u00e4rist\u00f6\u00f6n sopivaksi. Jos k\u00e4yt\u00e4t vihre\u00e4\u00e4 taustakangasta, \u00e4l\u00e4 pukeudu vihre\u00e4\u00e4n ellet halua olla n\u00e4kym\u00e4t\u00f6n. Jos esiinnyt mustassa tuberoomissa lightboardin takana, v\u00e4lt\u00e4 vaaleita vaatteita ja vaatteita joissa on teksti\u00e4. Valkoinen liitu erottuu huonosti vaalean hahmon edess\u00e4 ja tekstit n\u00e4kyv\u00e4t nurinp\u00e4in, koska kuva peilataan tallennuksessa horisontaalisesti. Jos k\u00e4yt\u00e4t Zoomin virtual backgroundia webinaaritiloissa, sininen paita sulautuu siniseen taustaan ja muutut vaatetuksen kohdalla n\u00e4kym\u00e4tt\u00f6m\u00e4ksi.<\/p>\n\n\n\n<h2 class=\"wp-block-heading\">T\u00e4ss\u00e4 viel\u00e4 kiteytettyn\u00e4 tyypillisen tuotantoprosessin vaiheet:<\/h2>\n\n\n\n<p>Yksinkertaisenkin videon tekeminen kannattaa aina ajatella prosessiksi. Olipa tuotettavan materiaalin pituus pari minuuttia tai tunnin p\u00e4tk\u00e4, niin seuraava prosessi kannattaa aina k\u00e4yd\u00e4 l\u00e4pi:<\/p>\n\n\n\n<ol class=\"wp-block-list\">\n<li><strong>Ideointi ja k\u00e4sikirjoitus<\/strong>. T\u00e4ss\u00e4 vaiheessa mietit\u00e4\u00e4n mit\u00e4 videon avulla on tarkoitus oppia, mik\u00e4 on kohderyhm\u00e4n\u00e4 ja niin edelleen. Tapoja toteuttaa idea voi olla lukuisia. Valitun tavan perusteella tehd\u00e4\u00e4n k\u00e4sikirjoitus, v\u00e4hint\u00e4\u00e4n kevyt kuvak\u00e4sikirjoitus. Jos kyseess\u00e4 on screencasting (kuvaruutunauhoitus), (kuva)k\u00e4sikirjoituksessa k\u00e4visi ilmi esimerkiksi otokset, joissa tallennus tehd\u00e4\u00e4n.Toisin sanoen kohdat, joissa tallennus laitetaan pauselle ja vedet\u00e4\u00e4n henke\u00e4 sek\u00e4 valmistaudutaan seuraavaan otokseen ja sen sis\u00e4lt\u00f6\u00f6n.<\/li>\n\n\n\n<li><strong>Kuvaus<\/strong>. Suoritetaan kuvaukset edell\u00e4 tehdyn suunnitelman mukaan.<\/li>\n\n\n\n<li><strong>Editointi<\/strong>. Esimerkiksi poistetaan pieleen menneet p\u00e4tk\u00e4t, lis\u00e4t\u00e4\u00e4n alku- ja lopputekstit, yhdistell\u00e4\u00e4n eri otokset jos niit\u00e4 on ollut useampia.<\/li>\n\n\n\n<li><strong>Julkaisu ja jakelu<\/strong>. Ladataan materiaali sovitulla alustalla ja huolehditaan, ett\u00e4 kohdeyleis\u00f6 l\u00f6yt\u00e4\u00e4 sen.<\/li>\n<\/ol>\n","protected":false},"excerpt":{"rendered":"<p>Videoiden tuottamisessa tuskaisin ja eniten luovuutta vaativa osuus on ennen kuvauksia, kun pit\u00e4isi ideoida ja suunnitella varsinaisen sis\u00e4lt\u00f6, videon kertoma tarina tai opetus. Tarkoituksenmukainen k\u00e4sikirjoitus auttaa hahmottamaan mit\u00e4 ollaan tekem\u00e4ss\u00e4 ja helpottaa my\u00f6skin ty\u00f6skentely\u00e4 mahdollisten muiden tuotantoon osallistuvien tahojen (kuvaaja, leikkaaja) kanssa. Yksinkertaisen k\u00e4sikirjoituksen voi pukea vaikka taulukon muotoon Wordilla tai vastaavalla kirjoitusty\u00f6kalulla. Siihen riitt\u00e4\u00e4 [&hellip;]<\/p>\n","protected":false},"author":74,"featured_media":0,"parent":100,"menu_order":1,"comment_status":"closed","ping_status":"closed","template":"","meta":{"_acf_changed":false,"_relevanssi_hide_post":"","_relevanssi_hide_content":"","_relevanssi_pin_for_all":"","_relevanssi_pin_keywords":"","_relevanssi_unpin_keywords":"","_relevanssi_related_keywords":"","_relevanssi_related_include_ids":"","_relevanssi_related_exclude_ids":"","_relevanssi_related_no_append":"","_relevanssi_related_not_related":"","_relevanssi_related_posts":"","_relevanssi_noindex_reason":"","footnotes":""},"categories":[],"tags":[],"class_list":["post-103","page","type-page","status-publish","hentry"],"acf":[],"yoast_head":"<!-- This site is optimized with the Yoast SEO plugin v27.5 - https:\/\/yoast.com\/product\/yoast-seo-wordpress\/ -->\n<title>Kuinka valmistautua videokuvauksiin - Digikeskus<\/title>\n<meta name=\"robots\" content=\"index, follow, max-snippet:-1, max-image-preview:large, max-video-preview:-1\" \/>\n<link rel=\"canonical\" href=\"https:\/\/help.jamk.fi\/digikeskus\/fi\/kuinka\/kuinka-valmistautua-videokuvauksiin\/\" \/>\n<meta property=\"og:locale\" content=\"fi_FI\" \/>\n<meta property=\"og:type\" content=\"article\" \/>\n<meta property=\"og:title\" content=\"Kuinka valmistautua videokuvauksiin - Digikeskus\" \/>\n<meta property=\"og:description\" content=\"Videoiden tuottamisessa tuskaisin ja eniten luovuutta vaativa osuus on ennen kuvauksia, kun pit\u00e4isi ideoida ja suunnitella varsinaisen sis\u00e4lt\u00f6, videon kertoma tarina tai opetus. Tarkoituksenmukainen k\u00e4sikirjoitus auttaa hahmottamaan mit\u00e4 ollaan tekem\u00e4ss\u00e4 ja helpottaa my\u00f6skin ty\u00f6skentely\u00e4 mahdollisten muiden tuotantoon osallistuvien tahojen (kuvaaja, leikkaaja) kanssa. Yksinkertaisen k\u00e4sikirjoituksen voi pukea vaikka taulukon muotoon Wordilla tai vastaavalla kirjoitusty\u00f6kalulla. Siihen riitt\u00e4\u00e4 [&hellip;]\" \/>\n<meta property=\"og:url\" content=\"https:\/\/help.jamk.fi\/digikeskus\/fi\/kuinka\/kuinka-valmistautua-videokuvauksiin\/\" \/>\n<meta property=\"og:site_name\" content=\"Digikeskus\" \/>\n<meta property=\"article:modified_time\" content=\"2024-01-19T13:03:04+00:00\" \/>\n<meta name=\"twitter:card\" content=\"summary_large_image\" \/>\n<meta name=\"twitter:label1\" content=\"Arvioitu lukuaika\" \/>\n\t<meta name=\"twitter:data1\" content=\"3 minuuttia\" \/>\n<script type=\"application\/ld+json\" class=\"yoast-schema-graph\">{\"@context\":\"https:\\\/\\\/schema.org\",\"@graph\":[{\"@type\":\"WebPage\",\"@id\":\"https:\\\/\\\/help.jamk.fi\\\/digikeskus\\\/fi\\\/kuinka\\\/kuinka-valmistautua-videokuvauksiin\\\/\",\"url\":\"https:\\\/\\\/help.jamk.fi\\\/digikeskus\\\/fi\\\/kuinka\\\/kuinka-valmistautua-videokuvauksiin\\\/\",\"name\":\"Kuinka valmistautua videokuvauksiin - Digikeskus\",\"isPartOf\":{\"@id\":\"https:\\\/\\\/help.jamk.fi\\\/digikeskus\\\/#website\"},\"datePublished\":\"2019-08-29T03:05:43+00:00\",\"dateModified\":\"2024-01-19T13:03:04+00:00\",\"breadcrumb\":{\"@id\":\"https:\\\/\\\/help.jamk.fi\\\/digikeskus\\\/fi\\\/kuinka\\\/kuinka-valmistautua-videokuvauksiin\\\/#breadcrumb\"},\"inLanguage\":\"fi\",\"potentialAction\":[{\"@type\":\"ReadAction\",\"target\":[\"https:\\\/\\\/help.jamk.fi\\\/digikeskus\\\/fi\\\/kuinka\\\/kuinka-valmistautua-videokuvauksiin\\\/\"]}]},{\"@type\":\"BreadcrumbList\",\"@id\":\"https:\\\/\\\/help.jamk.fi\\\/digikeskus\\\/fi\\\/kuinka\\\/kuinka-valmistautua-videokuvauksiin\\\/#breadcrumb\",\"itemListElement\":[{\"@type\":\"ListItem\",\"position\":1,\"name\":\"Etusivu\",\"item\":\"https:\\\/\\\/help.jamk.fi\\\/digikeskus\\\/fi\\\/\"},{\"@type\":\"ListItem\",\"position\":2,\"name\":\"Kuinka\",\"item\":\"https:\\\/\\\/help.jamk.fi\\\/digikeskus\\\/fi\\\/kuinka\\\/\"},{\"@type\":\"ListItem\",\"position\":3,\"name\":\"Kuinka valmistautua videokuvauksiin\"}]},{\"@type\":\"WebSite\",\"@id\":\"https:\\\/\\\/help.jamk.fi\\\/digikeskus\\\/#website\",\"url\":\"https:\\\/\\\/help.jamk.fi\\\/digikeskus\\\/\",\"name\":\"Digikeskus\",\"description\":\"\",\"potentialAction\":[{\"@type\":\"SearchAction\",\"target\":{\"@type\":\"EntryPoint\",\"urlTemplate\":\"https:\\\/\\\/help.jamk.fi\\\/digikeskus\\\/?s={search_term_string}\"},\"query-input\":{\"@type\":\"PropertyValueSpecification\",\"valueRequired\":true,\"valueName\":\"search_term_string\"}}],\"inLanguage\":\"fi\"}]}<\/script>\n<!-- \/ Yoast SEO plugin. -->","yoast_head_json":{"title":"Kuinka valmistautua videokuvauksiin - Digikeskus","robots":{"index":"index","follow":"follow","max-snippet":"max-snippet:-1","max-image-preview":"max-image-preview:large","max-video-preview":"max-video-preview:-1"},"canonical":"https:\/\/help.jamk.fi\/digikeskus\/fi\/kuinka\/kuinka-valmistautua-videokuvauksiin\/","og_locale":"fi_FI","og_type":"article","og_title":"Kuinka valmistautua videokuvauksiin - Digikeskus","og_description":"Videoiden tuottamisessa tuskaisin ja eniten luovuutta vaativa osuus on ennen kuvauksia, kun pit\u00e4isi ideoida ja suunnitella varsinaisen sis\u00e4lt\u00f6, videon kertoma tarina tai opetus. Tarkoituksenmukainen k\u00e4sikirjoitus auttaa hahmottamaan mit\u00e4 ollaan tekem\u00e4ss\u00e4 ja helpottaa my\u00f6skin ty\u00f6skentely\u00e4 mahdollisten muiden tuotantoon osallistuvien tahojen (kuvaaja, leikkaaja) kanssa. Yksinkertaisen k\u00e4sikirjoituksen voi pukea vaikka taulukon muotoon Wordilla tai vastaavalla kirjoitusty\u00f6kalulla. Siihen riitt\u00e4\u00e4 [&hellip;]","og_url":"https:\/\/help.jamk.fi\/digikeskus\/fi\/kuinka\/kuinka-valmistautua-videokuvauksiin\/","og_site_name":"Digikeskus","article_modified_time":"2024-01-19T13:03:04+00:00","twitter_card":"summary_large_image","twitter_misc":{"Arvioitu lukuaika":"3 minuuttia"},"schema":{"@context":"https:\/\/schema.org","@graph":[{"@type":"WebPage","@id":"https:\/\/help.jamk.fi\/digikeskus\/fi\/kuinka\/kuinka-valmistautua-videokuvauksiin\/","url":"https:\/\/help.jamk.fi\/digikeskus\/fi\/kuinka\/kuinka-valmistautua-videokuvauksiin\/","name":"Kuinka valmistautua videokuvauksiin - Digikeskus","isPartOf":{"@id":"https:\/\/help.jamk.fi\/digikeskus\/#website"},"datePublished":"2019-08-29T03:05:43+00:00","dateModified":"2024-01-19T13:03:04+00:00","breadcrumb":{"@id":"https:\/\/help.jamk.fi\/digikeskus\/fi\/kuinka\/kuinka-valmistautua-videokuvauksiin\/#breadcrumb"},"inLanguage":"fi","potentialAction":[{"@type":"ReadAction","target":["https:\/\/help.jamk.fi\/digikeskus\/fi\/kuinka\/kuinka-valmistautua-videokuvauksiin\/"]}]},{"@type":"BreadcrumbList","@id":"https:\/\/help.jamk.fi\/digikeskus\/fi\/kuinka\/kuinka-valmistautua-videokuvauksiin\/#breadcrumb","itemListElement":[{"@type":"ListItem","position":1,"name":"Etusivu","item":"https:\/\/help.jamk.fi\/digikeskus\/fi\/"},{"@type":"ListItem","position":2,"name":"Kuinka","item":"https:\/\/help.jamk.fi\/digikeskus\/fi\/kuinka\/"},{"@type":"ListItem","position":3,"name":"Kuinka valmistautua videokuvauksiin"}]},{"@type":"WebSite","@id":"https:\/\/help.jamk.fi\/digikeskus\/#website","url":"https:\/\/help.jamk.fi\/digikeskus\/","name":"Digikeskus","description":"","potentialAction":[{"@type":"SearchAction","target":{"@type":"EntryPoint","urlTemplate":"https:\/\/help.jamk.fi\/digikeskus\/?s={search_term_string}"},"query-input":{"@type":"PropertyValueSpecification","valueRequired":true,"valueName":"search_term_string"}}],"inLanguage":"fi"}]}},"_links":{"self":[{"href":"https:\/\/help.jamk.fi\/digikeskus\/wp-json\/wp\/v2\/pages\/103","targetHints":{"allow":["GET"]}}],"collection":[{"href":"https:\/\/help.jamk.fi\/digikeskus\/wp-json\/wp\/v2\/pages"}],"about":[{"href":"https:\/\/help.jamk.fi\/digikeskus\/wp-json\/wp\/v2\/types\/page"}],"author":[{"embeddable":true,"href":"https:\/\/help.jamk.fi\/digikeskus\/wp-json\/wp\/v2\/users\/74"}],"replies":[{"embeddable":true,"href":"https:\/\/help.jamk.fi\/digikeskus\/wp-json\/wp\/v2\/comments?post=103"}],"version-history":[{"count":3,"href":"https:\/\/help.jamk.fi\/digikeskus\/wp-json\/wp\/v2\/pages\/103\/revisions"}],"predecessor-version":[{"id":687,"href":"https:\/\/help.jamk.fi\/digikeskus\/wp-json\/wp\/v2\/pages\/103\/revisions\/687"}],"up":[{"embeddable":true,"href":"https:\/\/help.jamk.fi\/digikeskus\/wp-json\/wp\/v2\/pages\/100"}],"wp:attachment":[{"href":"https:\/\/help.jamk.fi\/digikeskus\/wp-json\/wp\/v2\/media?parent=103"}],"wp:term":[{"taxonomy":"category","embeddable":true,"href":"https:\/\/help.jamk.fi\/digikeskus\/wp-json\/wp\/v2\/categories?post=103"},{"taxonomy":"post_tag","embeddable":true,"href":"https:\/\/help.jamk.fi\/digikeskus\/wp-json\/wp\/v2\/tags?post=103"}],"curies":[{"name":"wp","href":"https:\/\/api.w.org\/{rel}","templated":true}]}}