{"id":136,"date":"2022-12-08T08:06:38","date_gmt":"2022-12-08T06:06:38","guid":{"rendered":"https:\/\/help.jamk.fi\/digikeskus\/podcast\/podcast-reppu\/"},"modified":"2025-03-26T12:32:00","modified_gmt":"2025-03-26T10:32:00","slug":"podcast-reppu","status":"publish","type":"page","link":"https:\/\/help.jamk.fi\/digikeskus\/fi\/podcast\/podcast-reppu\/","title":{"rendered":"Podcast-reppu"},"content":{"rendered":"\n<p>Podcast-reppu pit\u00e4\u00e4 sis\u00e4ll\u00e4\u00e4n podcast-mikserin\/tallentimen, kolme mikrofonia jalustoineen ja kaapeleineen, sek\u00e4 kolmet kuulokkeet. Mikseriss\u00e4 on liit\u00e4nn\u00e4t nelj\u00e4lle mikrofonille, mutta nelj\u00e4tt\u00e4 kanavaa voi k\u00e4ytt\u00e4\u00e4 my\u00f6s usb-laitteilla, jolloin siihen voi liitt\u00e4\u00e4 tietokoneen tai mobiililaitteen ja sit\u00e4 my\u00f6ten esim. Zoomin tai Teamsin yhdeksi keskustelun osapuoleksi. My\u00f6s puhelinsoitot onnistuvat sit\u00e4 kautta. Mikseri\u00e4 voi k\u00e4ytt\u00e4\u00e4 my\u00f6s videotallennuksen tai striimauksen \u00e4\u00e4nil\u00e4hteen\u00e4 usb-kaapelin kautta. Laitteeseen on saatavilla lis\u00e4laitteena bluetooth-moduuli, mutta sit\u00e4 ei meill\u00e4 viel\u00e4 ole varustuksessa, ehk\u00e4p\u00e4 tulevaisuudessa? Jokainen \u00e4\u00e4niraita tallentuu erilliseksi tiedostoksi muistikortille.<\/p>\n\n\n\n<p>Toistaiseksi podcast-reppua voi kysell\u00e4 lainaksi digikeskuksen henkil\u00f6kunnalta, ehk\u00e4p\u00e4 tulevaisuudessa se l\u00f6ytyy jostakin lainausj\u00e4rjestelm\u00e4st\u00e4.<\/p>\n\n\n\n<p>Podcast-reppu sis\u00e4lt\u00e4\u00e4 seuraavat laitteet:<\/p>\n\n\n\n<ul class=\"wp-block-list\">\n<li>1 kpl reppu<\/li>\n\n\n\n<li>1 kpl Zoom PodTrack P4-mikseri\/tallennin<\/li>\n\n\n\n<li>3 kpl Zoom ZDM-1 mikrofoneja<\/li>\n\n\n\n<li>3 kpl p\u00f6yt\u00e4jalustoja<\/li>\n\n\n\n<li>3 kpl Zoom ZHP-1 kuulokkeita<\/li>\n\n\n\n<li>3 XLR-kaapelia<\/li>\n\n\n\n<li>1 usb-kaapeli<\/li>\n<\/ul>\n\n\n\n<figure class=\"wp-block-image size-full is-resized\"><img decoding=\"async\" src=\"https:\/\/help.jamk.fi\/digikeskus\/wp-content\/uploads\/sites\/91\/2023\/09\/podcast-reppu.jpg\" alt=\"\" class=\"wp-image-189\"\/><\/figure>\n","protected":false},"excerpt":{"rendered":"<p>Podcast-reppu pit\u00e4\u00e4 sis\u00e4ll\u00e4\u00e4n podcast-mikserin\/tallentimen, kolme mikrofonia jalustoineen ja kaapeleineen, sek\u00e4 kolmet kuulokkeet. Mikseriss\u00e4 on liit\u00e4nn\u00e4t nelj\u00e4lle mikrofonille, mutta nelj\u00e4tt\u00e4 kanavaa voi k\u00e4ytt\u00e4\u00e4 my\u00f6s usb-laitteilla, jolloin siihen voi liitt\u00e4\u00e4 tietokoneen tai mobiililaitteen ja sit\u00e4 my\u00f6ten esim. Zoomin tai Teamsin yhdeksi keskustelun osapuoleksi. My\u00f6s puhelinsoitot onnistuvat sit\u00e4 kautta. Mikseri\u00e4 voi k\u00e4ytt\u00e4\u00e4 my\u00f6s videotallennuksen tai striimauksen \u00e4\u00e4nil\u00e4hteen\u00e4 usb-kaapelin [&hellip;]<\/p>\n","protected":false},"author":74,"featured_media":0,"parent":133,"menu_order":0,"comment_status":"closed","ping_status":"closed","template":"","meta":{"_acf_changed":false,"_relevanssi_hide_post":"","_relevanssi_hide_content":"","_relevanssi_pin_for_all":"","_relevanssi_pin_keywords":"","_relevanssi_unpin_keywords":"","_relevanssi_related_keywords":"","_relevanssi_related_include_ids":"","_relevanssi_related_exclude_ids":"","_relevanssi_related_no_append":"","_relevanssi_related_not_related":"","_relevanssi_related_posts":"","_relevanssi_noindex_reason":"","footnotes":""},"categories":[],"tags":[],"class_list":["post-136","page","type-page","status-publish","hentry"],"acf":[],"yoast_head":"<!-- This site is optimized with the Yoast SEO plugin v27.3 - https:\/\/yoast.com\/product\/yoast-seo-wordpress\/ -->\n<title>Podcast-reppu - Digikeskus<\/title>\n<meta name=\"robots\" content=\"index, follow, max-snippet:-1, max-image-preview:large, max-video-preview:-1\" \/>\n<link rel=\"canonical\" href=\"https:\/\/help.jamk.fi\/digikeskus\/fi\/podcast\/podcast-reppu\/\" \/>\n<meta property=\"og:locale\" content=\"fi_FI\" \/>\n<meta property=\"og:type\" content=\"article\" \/>\n<meta property=\"og:title\" content=\"Podcast-reppu - Digikeskus\" \/>\n<meta property=\"og:description\" content=\"Podcast-reppu pit\u00e4\u00e4 sis\u00e4ll\u00e4\u00e4n podcast-mikserin\/tallentimen, kolme mikrofonia jalustoineen ja kaapeleineen, sek\u00e4 kolmet kuulokkeet. Mikseriss\u00e4 on liit\u00e4nn\u00e4t nelj\u00e4lle mikrofonille, mutta nelj\u00e4tt\u00e4 kanavaa voi k\u00e4ytt\u00e4\u00e4 my\u00f6s usb-laitteilla, jolloin siihen voi liitt\u00e4\u00e4 tietokoneen tai mobiililaitteen ja sit\u00e4 my\u00f6ten esim. Zoomin tai Teamsin yhdeksi keskustelun osapuoleksi. My\u00f6s puhelinsoitot onnistuvat sit\u00e4 kautta. Mikseri\u00e4 voi k\u00e4ytt\u00e4\u00e4 my\u00f6s videotallennuksen tai striimauksen \u00e4\u00e4nil\u00e4hteen\u00e4 usb-kaapelin [&hellip;]\" \/>\n<meta property=\"og:url\" content=\"https:\/\/help.jamk.fi\/digikeskus\/fi\/podcast\/podcast-reppu\/\" \/>\n<meta property=\"og:site_name\" content=\"Digikeskus\" \/>\n<meta property=\"article:modified_time\" content=\"2025-03-26T10:32:00+00:00\" \/>\n<meta name=\"twitter:card\" content=\"summary_large_image\" \/>\n<meta name=\"twitter:label1\" content=\"Arvioitu lukuaika\" \/>\n\t<meta name=\"twitter:data1\" content=\"1 minuutti\" \/>\n<script type=\"application\/ld+json\" class=\"yoast-schema-graph\">{\"@context\":\"https:\\\/\\\/schema.org\",\"@graph\":[{\"@type\":\"WebPage\",\"@id\":\"https:\\\/\\\/help.jamk.fi\\\/digikeskus\\\/fi\\\/podcast\\\/podcast-reppu\\\/\",\"url\":\"https:\\\/\\\/help.jamk.fi\\\/digikeskus\\\/fi\\\/podcast\\\/podcast-reppu\\\/\",\"name\":\"Podcast-reppu - Digikeskus\",\"isPartOf\":{\"@id\":\"https:\\\/\\\/help.jamk.fi\\\/digikeskus\\\/#website\"},\"primaryImageOfPage\":{\"@id\":\"https:\\\/\\\/help.jamk.fi\\\/digikeskus\\\/fi\\\/podcast\\\/podcast-reppu\\\/#primaryimage\"},\"image\":{\"@id\":\"https:\\\/\\\/help.jamk.fi\\\/digikeskus\\\/fi\\\/podcast\\\/podcast-reppu\\\/#primaryimage\"},\"thumbnailUrl\":\"https:\\\/\\\/help.jamk.fi\\\/digikeskus\\\/wp-content\\\/uploads\\\/sites\\\/91\\\/2023\\\/09\\\/podcast-reppu.jpg\",\"datePublished\":\"2022-12-08T06:06:38+00:00\",\"dateModified\":\"2025-03-26T10:32:00+00:00\",\"breadcrumb\":{\"@id\":\"https:\\\/\\\/help.jamk.fi\\\/digikeskus\\\/fi\\\/podcast\\\/podcast-reppu\\\/#breadcrumb\"},\"inLanguage\":\"fi\",\"potentialAction\":[{\"@type\":\"ReadAction\",\"target\":[\"https:\\\/\\\/help.jamk.fi\\\/digikeskus\\\/fi\\\/podcast\\\/podcast-reppu\\\/\"]}]},{\"@type\":\"ImageObject\",\"inLanguage\":\"fi\",\"@id\":\"https:\\\/\\\/help.jamk.fi\\\/digikeskus\\\/fi\\\/podcast\\\/podcast-reppu\\\/#primaryimage\",\"url\":\"\",\"contentUrl\":\"\"},{\"@type\":\"BreadcrumbList\",\"@id\":\"https:\\\/\\\/help.jamk.fi\\\/digikeskus\\\/fi\\\/podcast\\\/podcast-reppu\\\/#breadcrumb\",\"itemListElement\":[{\"@type\":\"ListItem\",\"position\":1,\"name\":\"Etusivu\",\"item\":\"https:\\\/\\\/help.jamk.fi\\\/digikeskus\\\/fi\\\/\"},{\"@type\":\"ListItem\",\"position\":2,\"name\":\"Podcast\",\"item\":\"https:\\\/\\\/help.jamk.fi\\\/digikeskus\\\/fi\\\/podcast\\\/\"},{\"@type\":\"ListItem\",\"position\":3,\"name\":\"Podcast-reppu\"}]},{\"@type\":\"WebSite\",\"@id\":\"https:\\\/\\\/help.jamk.fi\\\/digikeskus\\\/#website\",\"url\":\"https:\\\/\\\/help.jamk.fi\\\/digikeskus\\\/\",\"name\":\"Digikeskus\",\"description\":\"\",\"potentialAction\":[{\"@type\":\"SearchAction\",\"target\":{\"@type\":\"EntryPoint\",\"urlTemplate\":\"https:\\\/\\\/help.jamk.fi\\\/digikeskus\\\/?s={search_term_string}\"},\"query-input\":{\"@type\":\"PropertyValueSpecification\",\"valueRequired\":true,\"valueName\":\"search_term_string\"}}],\"inLanguage\":\"fi\"}]}<\/script>\n<!-- \/ Yoast SEO plugin. -->","yoast_head_json":{"title":"Podcast-reppu - Digikeskus","robots":{"index":"index","follow":"follow","max-snippet":"max-snippet:-1","max-image-preview":"max-image-preview:large","max-video-preview":"max-video-preview:-1"},"canonical":"https:\/\/help.jamk.fi\/digikeskus\/fi\/podcast\/podcast-reppu\/","og_locale":"fi_FI","og_type":"article","og_title":"Podcast-reppu - Digikeskus","og_description":"Podcast-reppu pit\u00e4\u00e4 sis\u00e4ll\u00e4\u00e4n podcast-mikserin\/tallentimen, kolme mikrofonia jalustoineen ja kaapeleineen, sek\u00e4 kolmet kuulokkeet. Mikseriss\u00e4 on liit\u00e4nn\u00e4t nelj\u00e4lle mikrofonille, mutta nelj\u00e4tt\u00e4 kanavaa voi k\u00e4ytt\u00e4\u00e4 my\u00f6s usb-laitteilla, jolloin siihen voi liitt\u00e4\u00e4 tietokoneen tai mobiililaitteen ja sit\u00e4 my\u00f6ten esim. Zoomin tai Teamsin yhdeksi keskustelun osapuoleksi. My\u00f6s puhelinsoitot onnistuvat sit\u00e4 kautta. Mikseri\u00e4 voi k\u00e4ytt\u00e4\u00e4 my\u00f6s videotallennuksen tai striimauksen \u00e4\u00e4nil\u00e4hteen\u00e4 usb-kaapelin [&hellip;]","og_url":"https:\/\/help.jamk.fi\/digikeskus\/fi\/podcast\/podcast-reppu\/","og_site_name":"Digikeskus","article_modified_time":"2025-03-26T10:32:00+00:00","twitter_card":"summary_large_image","twitter_misc":{"Arvioitu lukuaika":"1 minuutti"},"schema":{"@context":"https:\/\/schema.org","@graph":[{"@type":"WebPage","@id":"https:\/\/help.jamk.fi\/digikeskus\/fi\/podcast\/podcast-reppu\/","url":"https:\/\/help.jamk.fi\/digikeskus\/fi\/podcast\/podcast-reppu\/","name":"Podcast-reppu - Digikeskus","isPartOf":{"@id":"https:\/\/help.jamk.fi\/digikeskus\/#website"},"primaryImageOfPage":{"@id":"https:\/\/help.jamk.fi\/digikeskus\/fi\/podcast\/podcast-reppu\/#primaryimage"},"image":{"@id":"https:\/\/help.jamk.fi\/digikeskus\/fi\/podcast\/podcast-reppu\/#primaryimage"},"thumbnailUrl":"https:\/\/help.jamk.fi\/digikeskus\/wp-content\/uploads\/sites\/91\/2023\/09\/podcast-reppu.jpg","datePublished":"2022-12-08T06:06:38+00:00","dateModified":"2025-03-26T10:32:00+00:00","breadcrumb":{"@id":"https:\/\/help.jamk.fi\/digikeskus\/fi\/podcast\/podcast-reppu\/#breadcrumb"},"inLanguage":"fi","potentialAction":[{"@type":"ReadAction","target":["https:\/\/help.jamk.fi\/digikeskus\/fi\/podcast\/podcast-reppu\/"]}]},{"@type":"ImageObject","inLanguage":"fi","@id":"https:\/\/help.jamk.fi\/digikeskus\/fi\/podcast\/podcast-reppu\/#primaryimage","url":"","contentUrl":""},{"@type":"BreadcrumbList","@id":"https:\/\/help.jamk.fi\/digikeskus\/fi\/podcast\/podcast-reppu\/#breadcrumb","itemListElement":[{"@type":"ListItem","position":1,"name":"Etusivu","item":"https:\/\/help.jamk.fi\/digikeskus\/fi\/"},{"@type":"ListItem","position":2,"name":"Podcast","item":"https:\/\/help.jamk.fi\/digikeskus\/fi\/podcast\/"},{"@type":"ListItem","position":3,"name":"Podcast-reppu"}]},{"@type":"WebSite","@id":"https:\/\/help.jamk.fi\/digikeskus\/#website","url":"https:\/\/help.jamk.fi\/digikeskus\/","name":"Digikeskus","description":"","potentialAction":[{"@type":"SearchAction","target":{"@type":"EntryPoint","urlTemplate":"https:\/\/help.jamk.fi\/digikeskus\/?s={search_term_string}"},"query-input":{"@type":"PropertyValueSpecification","valueRequired":true,"valueName":"search_term_string"}}],"inLanguage":"fi"}]}},"_links":{"self":[{"href":"https:\/\/help.jamk.fi\/digikeskus\/wp-json\/wp\/v2\/pages\/136","targetHints":{"allow":["GET"]}}],"collection":[{"href":"https:\/\/help.jamk.fi\/digikeskus\/wp-json\/wp\/v2\/pages"}],"about":[{"href":"https:\/\/help.jamk.fi\/digikeskus\/wp-json\/wp\/v2\/types\/page"}],"author":[{"embeddable":true,"href":"https:\/\/help.jamk.fi\/digikeskus\/wp-json\/wp\/v2\/users\/74"}],"replies":[{"embeddable":true,"href":"https:\/\/help.jamk.fi\/digikeskus\/wp-json\/wp\/v2\/comments?post=136"}],"version-history":[{"count":7,"href":"https:\/\/help.jamk.fi\/digikeskus\/wp-json\/wp\/v2\/pages\/136\/revisions"}],"predecessor-version":[{"id":700,"href":"https:\/\/help.jamk.fi\/digikeskus\/wp-json\/wp\/v2\/pages\/136\/revisions\/700"}],"up":[{"embeddable":true,"href":"https:\/\/help.jamk.fi\/digikeskus\/wp-json\/wp\/v2\/pages\/133"}],"wp:attachment":[{"href":"https:\/\/help.jamk.fi\/digikeskus\/wp-json\/wp\/v2\/media?parent=136"}],"wp:term":[{"taxonomy":"category","embeddable":true,"href":"https:\/\/help.jamk.fi\/digikeskus\/wp-json\/wp\/v2\/categories?post=136"},{"taxonomy":"post_tag","embeddable":true,"href":"https:\/\/help.jamk.fi\/digikeskus\/wp-json\/wp\/v2\/tags?post=136"}],"curies":[{"name":"wp","href":"https:\/\/api.w.org\/{rel}","templated":true}]}}