{"id":73,"date":"2019-04-18T07:12:30","date_gmt":"2019-04-18T04:12:30","guid":{"rendered":"https:\/\/help.jamk.fi\/digikeskus\/pop-up\/"},"modified":"2024-01-19T14:38:53","modified_gmt":"2024-01-19T12:38:53","slug":"pop-up","status":"publish","type":"page","link":"https:\/\/help.jamk.fi\/digikeskus\/fi\/pop-up\/","title":{"rendered":"Pop-Up"},"content":{"rendered":"<p>Digikeskuksen tiloissa on per\u00e4k\u00e4yt\u00e4v\u00e4ll\u00e4 kaksi pop-up valokuvauspistett\u00e4. Toisessa voi ottaa muotokuvia, ja toisessa voi kuvata esineit\u00e4. Kuvauspisteisiin voi tulla omaan tahtiin ilman varausta. Muotokuvauspisteess\u00e4 on rullalla kolme erilaista taustaa: valkoinen, musta ja harmaa. K\u00e4yt\u00e4 ikkunasta tulevaa luonnonvaloa, omaa salamaa tai kysy digikeskuksesta valoja lainaksi.<\/p>\n<p><img loading=\"lazy\" decoding=\"async\" class=\"alignnone wp-image-104 size-large\" src=\"https:\/\/help.jamk.fi\/digikeskus\/wp-content\/uploads\/sites\/91\/2023\/09\/popup-1.jpg\" alt=\"\" width=\"640\" height=\"512\" \/><\/p>\n<p>Tuotekuvauspisteess\u00e4 on kookas valkoinen kuvausp\u00f6yt\u00e4. Siin\u00e4 vaihtoehtoina my\u00f6skin luonnonvalo, oma salama tai keskuksen valot.<\/p>\n<p><img loading=\"lazy\" decoding=\"async\" class=\"alignnone wp-image-94 size-large\" src=\"https:\/\/help.jamk.fi\/digikeskus\/wp-content\/uploads\/sites\/91\/2023\/09\/kuvauspoyta3.jpg\" alt=\"\" width=\"640\" height=\"512\" \/><\/p>\n<p>Pop-up pisteiss\u00e4 voidaan ottaa tilauksesta muotokuvat Jamkin henkil\u00f6korttiin tai muuhun vastaavaan k\u00e4ytt\u00f6\u00f6n. Varaa silloin aikaa Mari Varosen kalenterista.<\/p>\n","protected":false},"excerpt":{"rendered":"<p>Digikeskuksen tiloissa on per\u00e4k\u00e4yt\u00e4v\u00e4ll\u00e4 kaksi pop-up valokuvauspistett\u00e4. Toisessa voi ottaa muotokuvia, ja toisessa voi kuvata esineit\u00e4. Kuvauspisteisiin voi tulla omaan tahtiin ilman varausta. Muotokuvauspisteess\u00e4 on rullalla kolme erilaista taustaa: valkoinen, musta ja harmaa. K\u00e4yt\u00e4 ikkunasta tulevaa luonnonvaloa, omaa salamaa tai kysy digikeskuksesta valoja lainaksi. Tuotekuvauspisteess\u00e4 on kookas valkoinen kuvausp\u00f6yt\u00e4. Siin\u00e4 vaihtoehtoina my\u00f6skin luonnonvalo, oma salama [&hellip;]<\/p>\n","protected":false},"author":74,"featured_media":0,"parent":0,"menu_order":5,"comment_status":"closed","ping_status":"closed","template":"","meta":{"_acf_changed":false,"_relevanssi_hide_post":"","_relevanssi_hide_content":"","_relevanssi_pin_for_all":"","_relevanssi_pin_keywords":"","_relevanssi_unpin_keywords":"","_relevanssi_related_keywords":"","_relevanssi_related_include_ids":"","_relevanssi_related_exclude_ids":"","_relevanssi_related_no_append":"","_relevanssi_related_not_related":"","_relevanssi_related_posts":"","_relevanssi_noindex_reason":"","footnotes":""},"categories":[],"tags":[],"class_list":["post-73","page","type-page","status-publish","hentry"],"acf":[],"yoast_head":"<!-- This site is optimized with the Yoast SEO plugin v27.5 - https:\/\/yoast.com\/product\/yoast-seo-wordpress\/ -->\n<title>Pop-Up - Digikeskus<\/title>\n<meta name=\"robots\" content=\"index, follow, max-snippet:-1, max-image-preview:large, max-video-preview:-1\" \/>\n<link rel=\"canonical\" href=\"https:\/\/help.jamk.fi\/digikeskus\/fi\/pop-up\/\" \/>\n<meta property=\"og:locale\" content=\"fi_FI\" \/>\n<meta property=\"og:type\" content=\"article\" \/>\n<meta property=\"og:title\" content=\"Pop-Up - Digikeskus\" \/>\n<meta property=\"og:description\" content=\"Digikeskuksen tiloissa on per\u00e4k\u00e4yt\u00e4v\u00e4ll\u00e4 kaksi pop-up valokuvauspistett\u00e4. Toisessa voi ottaa muotokuvia, ja toisessa voi kuvata esineit\u00e4. Kuvauspisteisiin voi tulla omaan tahtiin ilman varausta. Muotokuvauspisteess\u00e4 on rullalla kolme erilaista taustaa: valkoinen, musta ja harmaa. K\u00e4yt\u00e4 ikkunasta tulevaa luonnonvaloa, omaa salamaa tai kysy digikeskuksesta valoja lainaksi. Tuotekuvauspisteess\u00e4 on kookas valkoinen kuvausp\u00f6yt\u00e4. Siin\u00e4 vaihtoehtoina my\u00f6skin luonnonvalo, oma salama [&hellip;]\" \/>\n<meta property=\"og:url\" content=\"https:\/\/help.jamk.fi\/digikeskus\/fi\/pop-up\/\" \/>\n<meta property=\"og:site_name\" content=\"Digikeskus\" \/>\n<meta property=\"article:modified_time\" content=\"2024-01-19T12:38:53+00:00\" \/>\n<meta property=\"og:image\" content=\"https:\/\/help.jamk.fi\/digikeskus\/wp-content\/uploads\/sites\/91\/2023\/09\/popup-1.jpg\" \/>\n<meta name=\"twitter:card\" content=\"summary_large_image\" \/>\n<meta name=\"twitter:label1\" content=\"Arvioitu lukuaika\" \/>\n\t<meta name=\"twitter:data1\" content=\"1 minuutti\" \/>\n<script type=\"application\/ld+json\" class=\"yoast-schema-graph\">{\"@context\":\"https:\\\/\\\/schema.org\",\"@graph\":[{\"@type\":\"WebPage\",\"@id\":\"https:\\\/\\\/help.jamk.fi\\\/digikeskus\\\/fi\\\/pop-up\\\/\",\"url\":\"https:\\\/\\\/help.jamk.fi\\\/digikeskus\\\/fi\\\/pop-up\\\/\",\"name\":\"Pop-Up - Digikeskus\",\"isPartOf\":{\"@id\":\"https:\\\/\\\/help.jamk.fi\\\/digikeskus\\\/#website\"},\"primaryImageOfPage\":{\"@id\":\"https:\\\/\\\/help.jamk.fi\\\/digikeskus\\\/fi\\\/pop-up\\\/#primaryimage\"},\"image\":{\"@id\":\"https:\\\/\\\/help.jamk.fi\\\/digikeskus\\\/fi\\\/pop-up\\\/#primaryimage\"},\"thumbnailUrl\":\"https:\\\/\\\/help.jamk.fi\\\/digikeskus\\\/wp-content\\\/uploads\\\/sites\\\/91\\\/2023\\\/09\\\/popup-1.jpg\",\"datePublished\":\"2019-04-18T04:12:30+00:00\",\"dateModified\":\"2024-01-19T12:38:53+00:00\",\"breadcrumb\":{\"@id\":\"https:\\\/\\\/help.jamk.fi\\\/digikeskus\\\/fi\\\/pop-up\\\/#breadcrumb\"},\"inLanguage\":\"fi\",\"potentialAction\":[{\"@type\":\"ReadAction\",\"target\":[\"https:\\\/\\\/help.jamk.fi\\\/digikeskus\\\/fi\\\/pop-up\\\/\"]}]},{\"@type\":\"ImageObject\",\"inLanguage\":\"fi\",\"@id\":\"https:\\\/\\\/help.jamk.fi\\\/digikeskus\\\/fi\\\/pop-up\\\/#primaryimage\",\"url\":\"\",\"contentUrl\":\"\"},{\"@type\":\"BreadcrumbList\",\"@id\":\"https:\\\/\\\/help.jamk.fi\\\/digikeskus\\\/fi\\\/pop-up\\\/#breadcrumb\",\"itemListElement\":[{\"@type\":\"ListItem\",\"position\":1,\"name\":\"Etusivu\",\"item\":\"https:\\\/\\\/help.jamk.fi\\\/digikeskus\\\/fi\\\/\"},{\"@type\":\"ListItem\",\"position\":2,\"name\":\"Pop-Up\"}]},{\"@type\":\"WebSite\",\"@id\":\"https:\\\/\\\/help.jamk.fi\\\/digikeskus\\\/#website\",\"url\":\"https:\\\/\\\/help.jamk.fi\\\/digikeskus\\\/\",\"name\":\"Digikeskus\",\"description\":\"\",\"potentialAction\":[{\"@type\":\"SearchAction\",\"target\":{\"@type\":\"EntryPoint\",\"urlTemplate\":\"https:\\\/\\\/help.jamk.fi\\\/digikeskus\\\/?s={search_term_string}\"},\"query-input\":{\"@type\":\"PropertyValueSpecification\",\"valueRequired\":true,\"valueName\":\"search_term_string\"}}],\"inLanguage\":\"fi\"}]}<\/script>\n<!-- \/ Yoast SEO plugin. -->","yoast_head_json":{"title":"Pop-Up - Digikeskus","robots":{"index":"index","follow":"follow","max-snippet":"max-snippet:-1","max-image-preview":"max-image-preview:large","max-video-preview":"max-video-preview:-1"},"canonical":"https:\/\/help.jamk.fi\/digikeskus\/fi\/pop-up\/","og_locale":"fi_FI","og_type":"article","og_title":"Pop-Up - Digikeskus","og_description":"Digikeskuksen tiloissa on per\u00e4k\u00e4yt\u00e4v\u00e4ll\u00e4 kaksi pop-up valokuvauspistett\u00e4. Toisessa voi ottaa muotokuvia, ja toisessa voi kuvata esineit\u00e4. Kuvauspisteisiin voi tulla omaan tahtiin ilman varausta. Muotokuvauspisteess\u00e4 on rullalla kolme erilaista taustaa: valkoinen, musta ja harmaa. K\u00e4yt\u00e4 ikkunasta tulevaa luonnonvaloa, omaa salamaa tai kysy digikeskuksesta valoja lainaksi. Tuotekuvauspisteess\u00e4 on kookas valkoinen kuvausp\u00f6yt\u00e4. Siin\u00e4 vaihtoehtoina my\u00f6skin luonnonvalo, oma salama [&hellip;]","og_url":"https:\/\/help.jamk.fi\/digikeskus\/fi\/pop-up\/","og_site_name":"Digikeskus","article_modified_time":"2024-01-19T12:38:53+00:00","og_image":[{"url":"https:\/\/help.jamk.fi\/digikeskus\/wp-content\/uploads\/sites\/91\/2023\/09\/popup-1.jpg","type":"","width":"","height":""}],"twitter_card":"summary_large_image","twitter_misc":{"Arvioitu lukuaika":"1 minuutti"},"schema":{"@context":"https:\/\/schema.org","@graph":[{"@type":"WebPage","@id":"https:\/\/help.jamk.fi\/digikeskus\/fi\/pop-up\/","url":"https:\/\/help.jamk.fi\/digikeskus\/fi\/pop-up\/","name":"Pop-Up - Digikeskus","isPartOf":{"@id":"https:\/\/help.jamk.fi\/digikeskus\/#website"},"primaryImageOfPage":{"@id":"https:\/\/help.jamk.fi\/digikeskus\/fi\/pop-up\/#primaryimage"},"image":{"@id":"https:\/\/help.jamk.fi\/digikeskus\/fi\/pop-up\/#primaryimage"},"thumbnailUrl":"https:\/\/help.jamk.fi\/digikeskus\/wp-content\/uploads\/sites\/91\/2023\/09\/popup-1.jpg","datePublished":"2019-04-18T04:12:30+00:00","dateModified":"2024-01-19T12:38:53+00:00","breadcrumb":{"@id":"https:\/\/help.jamk.fi\/digikeskus\/fi\/pop-up\/#breadcrumb"},"inLanguage":"fi","potentialAction":[{"@type":"ReadAction","target":["https:\/\/help.jamk.fi\/digikeskus\/fi\/pop-up\/"]}]},{"@type":"ImageObject","inLanguage":"fi","@id":"https:\/\/help.jamk.fi\/digikeskus\/fi\/pop-up\/#primaryimage","url":"","contentUrl":""},{"@type":"BreadcrumbList","@id":"https:\/\/help.jamk.fi\/digikeskus\/fi\/pop-up\/#breadcrumb","itemListElement":[{"@type":"ListItem","position":1,"name":"Etusivu","item":"https:\/\/help.jamk.fi\/digikeskus\/fi\/"},{"@type":"ListItem","position":2,"name":"Pop-Up"}]},{"@type":"WebSite","@id":"https:\/\/help.jamk.fi\/digikeskus\/#website","url":"https:\/\/help.jamk.fi\/digikeskus\/","name":"Digikeskus","description":"","potentialAction":[{"@type":"SearchAction","target":{"@type":"EntryPoint","urlTemplate":"https:\/\/help.jamk.fi\/digikeskus\/?s={search_term_string}"},"query-input":{"@type":"PropertyValueSpecification","valueRequired":true,"valueName":"search_term_string"}}],"inLanguage":"fi"}]}},"_links":{"self":[{"href":"https:\/\/help.jamk.fi\/digikeskus\/wp-json\/wp\/v2\/pages\/73","targetHints":{"allow":["GET"]}}],"collection":[{"href":"https:\/\/help.jamk.fi\/digikeskus\/wp-json\/wp\/v2\/pages"}],"about":[{"href":"https:\/\/help.jamk.fi\/digikeskus\/wp-json\/wp\/v2\/types\/page"}],"author":[{"embeddable":true,"href":"https:\/\/help.jamk.fi\/digikeskus\/wp-json\/wp\/v2\/users\/74"}],"replies":[{"embeddable":true,"href":"https:\/\/help.jamk.fi\/digikeskus\/wp-json\/wp\/v2\/comments?post=73"}],"version-history":[{"count":6,"href":"https:\/\/help.jamk.fi\/digikeskus\/wp-json\/wp\/v2\/pages\/73\/revisions"}],"predecessor-version":[{"id":682,"href":"https:\/\/help.jamk.fi\/digikeskus\/wp-json\/wp\/v2\/pages\/73\/revisions\/682"}],"wp:attachment":[{"href":"https:\/\/help.jamk.fi\/digikeskus\/wp-json\/wp\/v2\/media?parent=73"}],"wp:term":[{"taxonomy":"category","embeddable":true,"href":"https:\/\/help.jamk.fi\/digikeskus\/wp-json\/wp\/v2\/categories?post=73"},{"taxonomy":"post_tag","embeddable":true,"href":"https:\/\/help.jamk.fi\/digikeskus\/wp-json\/wp\/v2\/tags?post=73"}],"curies":[{"name":"wp","href":"https:\/\/api.w.org\/{rel}","templated":true}]}}