{"id":618,"date":"2020-09-23T05:31:56","date_gmt":"2020-09-23T02:31:56","guid":{"rendered":"https:\/\/help.jamk.fi\/exam\/saavutettavuusseloste\/"},"modified":"2025-01-08T09:51:06","modified_gmt":"2025-01-08T07:51:06","slug":"saavutettavuusseloste","status":"publish","type":"page","link":"https:\/\/help.jamk.fi\/exam\/fi\/saavutettavuusseloste\/","title":{"rendered":"EXAM saavutettavuusseloste"},"content":{"rendered":"\n<h2 class=\"wp-block-heading\">Jyv\u00e4skyl\u00e4n ammattikorkeakoulun EXAM-j\u00e4rjestelm\u00e4n saavutettavuus<\/h2>\n\n\n\n<p>T\u00e4ss\u00e4 saavutettavuusselosteessa kerrotaan, miten EXAM-j\u00e4rjestelm\u00e4ss\u00e4 noudatetaan lakia digitaalisten palvelujen tarjoamisesta, mit\u00e4 puutteita palvelun saavutettavuudessa on ja miten voit antaa meille palautetta saavutettavuusongelmista.&nbsp;<\/p>\n\n\n\n<p>T\u00e4st\u00e4 palvelusta vastaa&nbsp;Jyv\u00e4skyl\u00e4n ammattikorkeakoulu. Haluamme, ett\u00e4 mahdollisimman moni k\u00e4ytt\u00e4j\u00e4 pystyy k\u00e4ytt\u00e4m\u00e4\u00e4n digitaalisia palvelujamme. Otamme saavutettavuuden huomioon digitaalisten palvelujemme kehityksess\u00e4.&nbsp;<\/p>\n\n\n\n<h2 class=\"wp-block-heading\" id=\"EXAM6.2.xSaavutettavuusselostepohjajak\u00e4yt\u00e4nn\u00f6t-Mitensaavutettaviasivutovat?\">Miten saavutettavia sivut ovat?<\/h2>\n\n\n\n<p>T\u00e4m\u00e4 j\u00e4rjestelm\u00e4 t\u00e4ytt\u00e4\u00e4 osin lain vaatimat A- ja AA-tason saavutettavuuskriteerit (WCAG-kriteerist\u00f6 2.1). Palvelussa on havaittu joitakin saavutettavuuspuutteita, jotka on kuvattu tarkemmin alempana.&nbsp;<\/p>\n\n\n\n<h2 class=\"wp-block-heading\" id=\"EXAM6.2.xSaavutettavuusselostepohjajak\u00e4yt\u00e4nn\u00f6t-Huomasitkopuutteitasaavutettavuudessa?\">Huomasitko puutteita saavutettavuudessa?&nbsp;<\/h2>\n\n\n\n<p>Pyrimme jatkuvasti parantamaan j\u00e4rjestelm\u00e4n saavutettavuutta. Jos l\u00f6yd\u00e4t ongelmia, joita ei ole kuvattu t\u00e4ll\u00e4 sivulla, ilmoita niist\u00e4 meille ja&nbsp;teemme parhaamme puutteiden korjaamiseksi. Vastaamme 14 p\u00e4iv\u00e4n kuluessa.<\/p>\n\n\n\n<p>Voit ottaa yhteytt\u00e4&nbsp;s\u00e4hk\u00f6postitse osoitteella saavutettavuus(at)jamk.fi.<\/p>\n\n\n\n<h2 class=\"wp-block-heading\" id=\"EXAM6.2.xSaavutettavuusselostepohjajak\u00e4yt\u00e4nn\u00f6t-Saavutettavuudenvalvonta\">Saavutettavuuden valvonta<\/h2>\n\n\n\n<p>Liikenne- ja viestint\u00e4virasto Traficom valvoo saavutettavuusvaatimusten toteutumista. Jos et ole tyytyv\u00e4inen saamaasi vastaukseen tai et saa vastausta lainkaan kahden viikon aikana, voit antaa palautteen Liikenne- ja viestint\u00e4virastoon. Liikenne- ja viestint\u00e4viraston sivulla kerrotaan tarkasti, miten valituksen voi tehd\u00e4 ja miten asia k\u00e4sitell\u00e4\u00e4n.&nbsp;<\/p>\n\n\n\n<p>Liikenne- ja viestint\u00e4virasto Traficom<br>Digitaalisen esteett\u00f6myyden ja saavutettavuuden valvontayksikk\u00f6<br><a href=\"http:\/\/www.saavutettavuusvaatimukset.fi\/\" rel=\"noreferrer noopener\" target=\"_blank\">www.saavutettavuusvaatimukset.fi<\/a><br><a href=\"mailto:saavutettavuus@traficom.fi\" rel=\"noreferrer noopener\" target=\"_blank\">saavutettavuus@traficom.fi<\/a><br>puhelinnumero vaihde 029 534 5000<\/p>\n\n\n\n<h2 class=\"wp-block-heading\" id=\"EXAM6.2.xSaavutettavuusselostepohjajak\u00e4yt\u00e4nn\u00f6t-Tarkemmattiedotteknisest\u00e4saavutettavuudesta\">Tarkemmat tiedot teknisest\u00e4 saavutettavuudesta<\/h2>\n\n\n\n<p>J\u00e4rjestelm\u00e4 ei ole viel\u00e4 kaikilta osin saavutettava.<\/p>\n\n\n\n<h3 class=\"wp-block-heading\" id=\"EXAM6.2.xSaavutettavuusselostepohjajak\u00e4yt\u00e4nn\u00f6t-Sis\u00e4ll\u00f6ttaitoiminnot,jotkaeiv\u00e4tviel\u00e4olesaavutettavia\">Sis\u00e4ll\u00f6t tai toiminnot, jotka eiv\u00e4t viel\u00e4 ole saavutettavia<\/h3>\n\n\n\n<h4 class=\"wp-block-heading\"><strong>Tiedossa olevat Opiskelija-n\u00e4kym\u00e4n saavutettavuusongelmat<\/strong><\/h4>\n\n\n\n<h5 class=\"wp-block-heading\" id=\"EXAM6.3.xSaavutettavuusselostepohjajak\u00e4yt\u00e4nn\u00f6t-Kalenteri\">Kalenteri<\/h5>\n\n\n\n<ul class=\"wp-block-list\">\n<li>Joissakin painikkeissa on k\u00e4ytetty semanttisesti v\u00e4\u00e4r\u00e4\u00e4 roolia, ja joiltakin toiminnallisuuksilta puuttuu kokonaan rooli. Ruudunlukija ei lue aina kaikkea sis\u00e4lt\u00f6\u00e4 oikein. (WCAG 4.1.2)<\/li>\n\n\n\n<li>Kaikista kalenterissa tapahtuvista n\u00e4kyvist\u00e4 muutoksista ei ilmoiteta ruudunlukijalle. (WCAG 4.1.3)<\/li>\n\n\n\n<li>Kalenterin k\u00e4ytt\u00e4minen on vaikeaa joidenkin puhelimien ruudunlukijoilla. Ruudunlukija ei aina lue kaikkea tarpeellista sis\u00e4lt\u00f6\u00e4 mutta lukee ylim\u00e4\u00e4r\u00e4ist\u00e4 h\u00e4lysis\u00e4lt\u00f6\u00e4. Lis\u00e4ksi ruudunlukijan kohdistin jumittuu usein mobiilin\u00e4kym\u00e4ss\u00e4. (WCAG 1.3.1)<\/li>\n<\/ul>\n\n\n\n<h5 class=\"wp-block-heading\" id=\"EXAM6.3.xSaavutettavuusselostepohjajak\u00e4yt\u00e4nn\u00f6t-Sivunvaihtuminenjasis\u00e4ll\u00f6nmuutokset\">Sivun vaihtuminen ja sis\u00e4ll\u00f6n muutokset<\/h5>\n\n\n\n<ul class=\"wp-block-list\">\n<li>Navigaation linkeist\u00e4 ruudunlukijan k\u00e4ytt\u00e4j\u00e4 ei saa tietoa sis\u00e4ll\u00f6n muutoksista. (WCAG 4.1.3)<\/li>\n<\/ul>\n\n\n\n<h4 class=\"wp-block-heading\" id=\"EXAM6.3.xSaavutettavuusselostepohjajak\u00e4yt\u00e4nn\u00f6t-TiedossaolevatOpettaja-jaAdmin-n\u00e4kymiensaavutettavuusongelmat\">Tiedossa olevat Opettaja- ja Admin-n\u00e4kymien saavutettavuusongelmat<\/h4>\n\n\n\n<h5 class=\"wp-block-heading\" id=\"EXAM6.3.xSaavutettavuusselostepohjajak\u00e4yt\u00e4nn\u00f6t-Yleisetsaavutettavuusongelmat\">Yleiset saavutettavuusongelmat<\/h5>\n\n\n\n<ul class=\"wp-block-list\">\n<li>Palvelun sivuotsikot eiv\u00e4t ole uniikkeja. (WCAG 2.4.2)<\/li>\n\n\n\n<li>Sivuston erikielisten osien kielt\u00e4 ei ole merkitty. (WCAG 3.1.2) &#8211; osittain korjattu<\/li>\n\n\n\n<li>Kaikki sis\u00e4ll\u00f6t eiv\u00e4t mukaudu kunnolla pienille n\u00e4yt\u00f6ille. (WCAG 1.4.10)&nbsp;&#8211; osittain korjattu<\/li>\n\n\n\n<li>Palvelun HTML-koodi ei ole kaikilta osin spesifikaation mukaista. (WCAG 4.1.1)&nbsp;&nbsp;&#8211; osittain korjattu<\/li>\n<\/ul>\n\n\n\n<h5 class=\"wp-block-heading\" id=\"EXAM6.3.xSaavutettavuusselostepohjajak\u00e4yt\u00e4nn\u00f6t-Otsikotjatekstisis\u00e4lt\u00f6\">Otsikot ja tekstisis\u00e4lt\u00f6<\/h5>\n\n\n\n<ul class=\"wp-block-list\">\n<li>Palvelussa on joitain tekstej\u00e4, jotka eiv\u00e4t rivity oikein ruudunlukijalla. (WCAG 1.3.1)&nbsp;&nbsp;&#8211; osittain korjattu<\/li>\n<\/ul>\n\n\n\n<h5 class=\"wp-block-heading\" id=\"EXAM6.3.xSaavutettavuusselostepohjajak\u00e4yt\u00e4nn\u00f6t-Linkit,painikkeetjalomakkeet\">Linkit, painikkeet ja lomakkeet<\/h5>\n\n\n\n<ul class=\"wp-block-list\">\n<li>Verkkopalvelussa tietojen v\u00e4lisi\u00e4 suhteita on paikoin vaikea hahmottaa ruudunlukijalla. Lomakekontrolleihin ei ole aina ohjelmallisesti yhdistetty niit\u00e4 kuvaavia nimilappuja. Lis\u00e4ksi tenttikysymysten valintaruutuja ja radioryhmi\u00e4 ei ole ryhmitelty oikein. Radioryhmiss\u00e4 ruudunlukijan kohdistus ei my\u00f6sk\u00e4\u00e4n rajaudu oikein, jolloin radioryhm\u00e4n rajoja on vaikea hahmottaa. (WCAG 1.3.1 ja 2.4.3)&nbsp;&#8211; osittain korjattu<\/li>\n\n\n\n<li>Joissakin k\u00e4ytt\u00f6liittym\u00e4komponenteissa on sarkaimella liikuttaessa ylim\u00e4\u00e4r\u00e4isi\u00e4 pys\u00e4hdyksi\u00e4. Lis\u00e4ksi palvelussa on ep\u00e4informatiivisia nuolikuvakkeita, joita ei ole piilotettu ruudunlukijalta. Joskus my\u00f6s ruudunlukija lukee yhdell\u00e4 askeleella liikaa informaatiota. Ruudunlukijan k\u00e4ytt\u00e4j\u00e4lle annetaan opastusta n\u00e4pp\u00e4inkomento-ohjeeseen p\u00e4\u00e4semiseksi, mutta samaa opastusta ei anneta n\u00e4kev\u00e4lle, joka voisi siit\u00e4 kuitenkin hy\u00f6ty\u00e4. (WCAG 1.3.1)&nbsp;&#8211; osittain korjattu<\/li>\n\n\n\n<li>Joiltakin toiminnallisilta elementeilt\u00e4 puuttuu oikea rooli tai elementtimerkint\u00e4. Lis\u00e4ksi toiminnallisuuksien tilaa (esimerkiksi onko haitari avattu tai suljettu, onko valikkokohde valittu, tai jos jokin toiminnallisuus ei ole k\u00e4yt\u00f6ss\u00e4) ei aina ilmaista ruudunlukijan v\u00e4lityksell\u00e4. Joiltakin toiminnallisuuksilta puuttuu saavutettava nimi, tai se on ep\u00e4kuvaava tai englanninkielinen. T\u00e4llaisten elementtien toimintaa on vaikea ymm\u00e4rt\u00e4\u00e4 ruudunlukijalla. (WCAG 4.1.2)&nbsp;&#8211; osittain korjattu<\/li>\n\n\n\n<li>Joihinkin toiminnallisiin elementteihin ei p\u00e4\u00e4se lainkaan pelk\u00e4ll\u00e4 n\u00e4pp\u00e4imist\u00f6ll\u00e4. N\u00e4ist\u00e4 keskeisimpi\u00e4 ovat tentiss\u00e4 liitteen lis\u00e4\u00e4minen, tentin tekstieditorissa tekstin muotoilutoiminnot sek\u00e4 tentin arvioinnin n\u00e4ytt\u00e4mistoiminnot. (WCAG 2.1.1)<\/li>\n<\/ul>\n\n\n\n<h5 class=\"wp-block-heading\" id=\"EXAM6.3.xSaavutettavuusselostepohjajak\u00e4yt\u00e4nn\u00f6t-Kalenteri.1\">Kalenteri<\/h5>\n\n\n\n<ul class=\"wp-block-list\">\n<li>Joissakin painikkeissa on k\u00e4ytetty semanttisesti v\u00e4\u00e4r\u00e4\u00e4 roolia, ja joiltakin toiminnallisuuksilta puuttuu kokonaan rooli. Ruudunlukija ei lue aina kaikkea sis\u00e4lt\u00f6\u00e4 oikein. (WCAG 4.1.2)<\/li>\n\n\n\n<li>Kaikista kalenterissa tapahtuvista n\u00e4kyvist\u00e4 muutoksista ei ilmoiteta ruudunlukijalle. (WCAG 4.1.3)<\/li>\n\n\n\n<li>Kalenterin k\u00e4ytt\u00e4minen on vaikeaa joidenkin puhelimien ruudunlukijoilla. Ruudunlukija ei aina lue kaikkea tarpeellista sis\u00e4lt\u00f6\u00e4 mutta lukee ylim\u00e4\u00e4r\u00e4ist\u00e4 h\u00e4lysis\u00e4lt\u00f6\u00e4. Lis\u00e4ksi ruudunlukijan kohdistin jumittuu usein mobiilin\u00e4kym\u00e4ss\u00e4. (WCAG 1.3.1)<\/li>\n<\/ul>\n\n\n\n<h5 class=\"wp-block-heading\" id=\"EXAM6.3.xSaavutettavuusselostepohjajak\u00e4yt\u00e4nn\u00f6t-Ei-tekstuaalinensis\u00e4lt\u00f6\">Ei-tekstuaalinen sis\u00e4lt\u00f6<\/h5>\n\n\n\n<ul class=\"wp-block-list\">\n<li>Verkkopalvelussa on kuvakkeita, joiden alt-teksti tai saavutettava nimi on ep\u00e4kuvaava ja\/tai englanninkielinen. Joiltakin kuvakkeilta puuttuu kokonaan alt-teksti. Palvelussa on my\u00f6s koristeellisia kuvakkeita, joita ei ole piilotettu ruudunlukijoilta. (WCAG 1.1.1)<\/li>\n<\/ul>\n\n\n\n<h5 class=\"wp-block-heading\" id=\"EXAM6.3.xSaavutettavuusselostepohjajak\u00e4yt\u00e4nn\u00f6t-Modaalidialogit\">Modaalidialogit<\/h5>\n\n\n\n<ul class=\"wp-block-list\">\n<li>Kohdistinta ei aina ohjata suoraan avautuneeseen modaaliin, ja joissakin tapauksissa kohdistin ohjataan ep\u00e4loogiseen kohtaan modaalissa. Kun modaali suljetaan, kohdistus ei aina pysy elementiss\u00e4, josta modaali avattiin. (WCAG 2.4.3)<\/li>\n\n\n\n<li>Joiltakin modaalien otsikoilta puuttuvat ohjelmalliset otsikkomerkinn\u00e4t. (WCAG 1.3.1)<\/li>\n<\/ul>\n\n\n\n<h5 class=\"wp-block-heading\" id=\"EXAM6.3.xSaavutettavuusselostepohjajak\u00e4yt\u00e4nn\u00f6t-Sivunvaihtuminenjasis\u00e4ll\u00f6nmuutokset.1\">Sivun vaihtuminen ja sis\u00e4ll\u00f6n muutokset<\/h5>\n\n\n\n<ul class=\"wp-block-list\">\n<li>Navigaation linkeist\u00e4 ruudunlukijan k\u00e4ytt\u00e4j\u00e4 ei saa tietoa sis\u00e4ll\u00f6n muutoksista. (WCAG 4.1.3)<\/li>\n\n\n\n<li>Tenttien haussa ruudunlukijalle ei tule ilmoitusta hakutuloksista. My\u00f6sk\u00e4\u00e4n tentin aihealuetta vaihdettaessa sis\u00e4ll\u00f6n muutoksesta ei tule ilmoitusta. (WCAG 4.1.3)<\/li>\n\n\n\n<li>Kohdistinta ei ole hallittu sivustolla, mink\u00e4 vuoksi erityisesti mobiililaitteiden-ruudunlukijoiden kohdistin k\u00e4ytt\u00e4ytyy paikoin ep\u00e4loogisesti siirtym\u00e4tilanteissa. Lis\u00e4ksi tentin sarkainj\u00e4rjestys on ep\u00e4johdonmukainen eik\u00e4 vastaa visuaalista lukemisj\u00e4rjestyst\u00e4. (WCAG 2.4.3)<\/li>\n<\/ul>\n\n\n\n<p>T\u00e4ss\u00e4 listatut puutteet pyrit\u00e4\u00e4n korjaamaan&nbsp;vuoden 2026 loppuun menness\u00e4.<\/p>\n\n\n\n<h2 class=\"wp-block-heading\" id=\"EXAM6.2.xSaavutettavuusselostepohjajak\u00e4yt\u00e4nn\u00f6t-Mitenolemmetestanneetsaavutettavuutta?\">Miten olemme testanneet saavutettavuutta?<\/h2>\n\n\n\n<p>T\u00e4m\u00e4n saavutettavuusselosteen huomiot perustuvat kolmannen osapuolen tekem\u00e4\u00e4n arviointiin siit\u00e4, t\u00e4ytt\u00e4\u00e4k\u00f6 verkkopalvelu laissa m\u00e4\u00e4ritellyt vaatimukset.&nbsp;<\/p>\n\n\n\n<p>T\u00e4m\u00e4 seloste on laadittu 19.5.2023.<\/p>\n\n\n\n<p>Selostetta on p\u00e4ivitetty viimeksi 8.1.2025.<\/p>\n\n\n\n<p><a href=\"https:\/\/www.finlex.fi\/fi\/laki\/alkup\/2019\/20190306\" rel=\"noreferrer noopener\" target=\"_blank\">Laki digitaalisten palvelujen tarjoamisesta (306\/2019)<\/a><\/p>\n\n\n\n<p><a href=\"https:\/\/www.saavutettavuusvaatimukset.fi\/\" rel=\"noreferrer noopener\" target=\"_blank\">Saavutettavuusvaatimukset-verkkosivusto<\/a><\/p>\n","protected":false},"excerpt":{"rendered":"<p>Jyv\u00e4skyl\u00e4n ammattikorkeakoulun EXAM-j\u00e4rjestelm\u00e4n saavutettavuus T\u00e4ss\u00e4 saavutettavuusselosteessa kerrotaan, miten EXAM-j\u00e4rjestelm\u00e4ss\u00e4 noudatetaan lakia digitaalisten palvelujen tarjoamisesta, mit\u00e4 puutteita palvelun saavutettavuudessa on ja miten voit antaa meille palautetta saavutettavuusongelmista.&nbsp; T\u00e4st\u00e4 palvelusta vastaa&nbsp;Jyv\u00e4skyl\u00e4n ammattikorkeakoulu. Haluamme, ett\u00e4 mahdollisimman moni k\u00e4ytt\u00e4j\u00e4 pystyy k\u00e4ytt\u00e4m\u00e4\u00e4n digitaalisia palvelujamme. Otamme saavutettavuuden huomioon digitaalisten palvelujemme kehityksess\u00e4.&nbsp; Miten saavutettavia sivut ovat? T\u00e4m\u00e4 j\u00e4rjestelm\u00e4 t\u00e4ytt\u00e4\u00e4 osin lain vaatimat [&hellip;]<\/p>\n","protected":false},"author":82,"featured_media":0,"parent":0,"menu_order":6,"comment_status":"closed","ping_status":"closed","template":"","meta":{"_acf_changed":false,"_relevanssi_hide_post":"","_relevanssi_hide_content":"","_relevanssi_pin_for_all":"","_relevanssi_pin_keywords":"","_relevanssi_unpin_keywords":"","_relevanssi_related_keywords":"","_relevanssi_related_include_ids":"","_relevanssi_related_exclude_ids":"","_relevanssi_related_no_append":"","_relevanssi_related_not_related":"","_relevanssi_related_posts":"","_relevanssi_noindex_reason":"","footnotes":""},"categories":[],"tags":[],"class_list":["post-618","page","type-page","status-publish","hentry"],"acf":[],"yoast_head":"<!-- This site is optimized with the Yoast SEO plugin v27.3 - https:\/\/yoast.com\/product\/yoast-seo-wordpress\/ -->\n<title>EXAM saavutettavuusseloste - Exam<\/title>\n<meta name=\"robots\" content=\"index, follow, max-snippet:-1, max-image-preview:large, max-video-preview:-1\" \/>\n<link rel=\"canonical\" href=\"https:\/\/help.jamk.fi\/exam\/fi\/saavutettavuusseloste\/\" \/>\n<meta property=\"og:locale\" content=\"fi_FI\" \/>\n<meta property=\"og:type\" content=\"article\" \/>\n<meta property=\"og:title\" content=\"EXAM saavutettavuusseloste - Exam\" \/>\n<meta property=\"og:description\" content=\"Jyv\u00e4skyl\u00e4n ammattikorkeakoulun EXAM-j\u00e4rjestelm\u00e4n saavutettavuus T\u00e4ss\u00e4 saavutettavuusselosteessa kerrotaan, miten EXAM-j\u00e4rjestelm\u00e4ss\u00e4 noudatetaan lakia digitaalisten palvelujen tarjoamisesta, mit\u00e4 puutteita palvelun saavutettavuudessa on ja miten voit antaa meille palautetta saavutettavuusongelmista.&nbsp; T\u00e4st\u00e4 palvelusta vastaa&nbsp;Jyv\u00e4skyl\u00e4n ammattikorkeakoulu. Haluamme, ett\u00e4 mahdollisimman moni k\u00e4ytt\u00e4j\u00e4 pystyy k\u00e4ytt\u00e4m\u00e4\u00e4n digitaalisia palvelujamme. Otamme saavutettavuuden huomioon digitaalisten palvelujemme kehityksess\u00e4.&nbsp; Miten saavutettavia sivut ovat? T\u00e4m\u00e4 j\u00e4rjestelm\u00e4 t\u00e4ytt\u00e4\u00e4 osin lain vaatimat [&hellip;]\" \/>\n<meta property=\"og:url\" content=\"https:\/\/help.jamk.fi\/exam\/fi\/saavutettavuusseloste\/\" \/>\n<meta property=\"og:site_name\" content=\"Exam\" \/>\n<meta property=\"article:modified_time\" content=\"2025-01-08T07:51:06+00:00\" \/>\n<meta name=\"twitter:card\" content=\"summary_large_image\" \/>\n<meta name=\"twitter:label1\" content=\"Arvioitu lukuaika\" \/>\n\t<meta name=\"twitter:data1\" content=\"5 minuuttia\" \/>\n<script type=\"application\/ld+json\" class=\"yoast-schema-graph\">{\"@context\":\"https:\\\/\\\/schema.org\",\"@graph\":[{\"@type\":\"WebPage\",\"@id\":\"https:\\\/\\\/help.jamk.fi\\\/exam\\\/fi\\\/saavutettavuusseloste\\\/\",\"url\":\"https:\\\/\\\/help.jamk.fi\\\/exam\\\/fi\\\/saavutettavuusseloste\\\/\",\"name\":\"EXAM saavutettavuusseloste - Exam\",\"isPartOf\":{\"@id\":\"https:\\\/\\\/help.jamk.fi\\\/exam\\\/#website\"},\"datePublished\":\"2020-09-23T02:31:56+00:00\",\"dateModified\":\"2025-01-08T07:51:06+00:00\",\"breadcrumb\":{\"@id\":\"https:\\\/\\\/help.jamk.fi\\\/exam\\\/fi\\\/saavutettavuusseloste\\\/#breadcrumb\"},\"inLanguage\":\"fi\",\"potentialAction\":[{\"@type\":\"ReadAction\",\"target\":[\"https:\\\/\\\/help.jamk.fi\\\/exam\\\/fi\\\/saavutettavuusseloste\\\/\"]}]},{\"@type\":\"BreadcrumbList\",\"@id\":\"https:\\\/\\\/help.jamk.fi\\\/exam\\\/fi\\\/saavutettavuusseloste\\\/#breadcrumb\",\"itemListElement\":[{\"@type\":\"ListItem\",\"position\":1,\"name\":\"Etusivu\",\"item\":\"https:\\\/\\\/help.jamk.fi\\\/exam\\\/fi\\\/\"},{\"@type\":\"ListItem\",\"position\":2,\"name\":\"EXAM saavutettavuusseloste\"}]},{\"@type\":\"WebSite\",\"@id\":\"https:\\\/\\\/help.jamk.fi\\\/exam\\\/#website\",\"url\":\"https:\\\/\\\/help.jamk.fi\\\/exam\\\/\",\"name\":\"Exam\",\"description\":\"\",\"potentialAction\":[{\"@type\":\"SearchAction\",\"target\":{\"@type\":\"EntryPoint\",\"urlTemplate\":\"https:\\\/\\\/help.jamk.fi\\\/exam\\\/?s={search_term_string}\"},\"query-input\":{\"@type\":\"PropertyValueSpecification\",\"valueRequired\":true,\"valueName\":\"search_term_string\"}}],\"inLanguage\":\"fi\"}]}<\/script>\n<!-- \/ Yoast SEO plugin. -->","yoast_head_json":{"title":"EXAM saavutettavuusseloste - Exam","robots":{"index":"index","follow":"follow","max-snippet":"max-snippet:-1","max-image-preview":"max-image-preview:large","max-video-preview":"max-video-preview:-1"},"canonical":"https:\/\/help.jamk.fi\/exam\/fi\/saavutettavuusseloste\/","og_locale":"fi_FI","og_type":"article","og_title":"EXAM saavutettavuusseloste - Exam","og_description":"Jyv\u00e4skyl\u00e4n ammattikorkeakoulun EXAM-j\u00e4rjestelm\u00e4n saavutettavuus T\u00e4ss\u00e4 saavutettavuusselosteessa kerrotaan, miten EXAM-j\u00e4rjestelm\u00e4ss\u00e4 noudatetaan lakia digitaalisten palvelujen tarjoamisesta, mit\u00e4 puutteita palvelun saavutettavuudessa on ja miten voit antaa meille palautetta saavutettavuusongelmista.&nbsp; T\u00e4st\u00e4 palvelusta vastaa&nbsp;Jyv\u00e4skyl\u00e4n ammattikorkeakoulu. Haluamme, ett\u00e4 mahdollisimman moni k\u00e4ytt\u00e4j\u00e4 pystyy k\u00e4ytt\u00e4m\u00e4\u00e4n digitaalisia palvelujamme. Otamme saavutettavuuden huomioon digitaalisten palvelujemme kehityksess\u00e4.&nbsp; Miten saavutettavia sivut ovat? T\u00e4m\u00e4 j\u00e4rjestelm\u00e4 t\u00e4ytt\u00e4\u00e4 osin lain vaatimat [&hellip;]","og_url":"https:\/\/help.jamk.fi\/exam\/fi\/saavutettavuusseloste\/","og_site_name":"Exam","article_modified_time":"2025-01-08T07:51:06+00:00","twitter_card":"summary_large_image","twitter_misc":{"Arvioitu lukuaika":"5 minuuttia"},"schema":{"@context":"https:\/\/schema.org","@graph":[{"@type":"WebPage","@id":"https:\/\/help.jamk.fi\/exam\/fi\/saavutettavuusseloste\/","url":"https:\/\/help.jamk.fi\/exam\/fi\/saavutettavuusseloste\/","name":"EXAM saavutettavuusseloste - Exam","isPartOf":{"@id":"https:\/\/help.jamk.fi\/exam\/#website"},"datePublished":"2020-09-23T02:31:56+00:00","dateModified":"2025-01-08T07:51:06+00:00","breadcrumb":{"@id":"https:\/\/help.jamk.fi\/exam\/fi\/saavutettavuusseloste\/#breadcrumb"},"inLanguage":"fi","potentialAction":[{"@type":"ReadAction","target":["https:\/\/help.jamk.fi\/exam\/fi\/saavutettavuusseloste\/"]}]},{"@type":"BreadcrumbList","@id":"https:\/\/help.jamk.fi\/exam\/fi\/saavutettavuusseloste\/#breadcrumb","itemListElement":[{"@type":"ListItem","position":1,"name":"Etusivu","item":"https:\/\/help.jamk.fi\/exam\/fi\/"},{"@type":"ListItem","position":2,"name":"EXAM saavutettavuusseloste"}]},{"@type":"WebSite","@id":"https:\/\/help.jamk.fi\/exam\/#website","url":"https:\/\/help.jamk.fi\/exam\/","name":"Exam","description":"","potentialAction":[{"@type":"SearchAction","target":{"@type":"EntryPoint","urlTemplate":"https:\/\/help.jamk.fi\/exam\/?s={search_term_string}"},"query-input":{"@type":"PropertyValueSpecification","valueRequired":true,"valueName":"search_term_string"}}],"inLanguage":"fi"}]}},"_links":{"self":[{"href":"https:\/\/help.jamk.fi\/exam\/wp-json\/wp\/v2\/pages\/618","targetHints":{"allow":["GET"]}}],"collection":[{"href":"https:\/\/help.jamk.fi\/exam\/wp-json\/wp\/v2\/pages"}],"about":[{"href":"https:\/\/help.jamk.fi\/exam\/wp-json\/wp\/v2\/types\/page"}],"author":[{"embeddable":true,"href":"https:\/\/help.jamk.fi\/exam\/wp-json\/wp\/v2\/users\/82"}],"replies":[{"embeddable":true,"href":"https:\/\/help.jamk.fi\/exam\/wp-json\/wp\/v2\/comments?post=618"}],"version-history":[{"count":18,"href":"https:\/\/help.jamk.fi\/exam\/wp-json\/wp\/v2\/pages\/618\/revisions"}],"predecessor-version":[{"id":2465,"href":"https:\/\/help.jamk.fi\/exam\/wp-json\/wp\/v2\/pages\/618\/revisions\/2465"}],"wp:attachment":[{"href":"https:\/\/help.jamk.fi\/exam\/wp-json\/wp\/v2\/media?parent=618"}],"wp:term":[{"taxonomy":"category","embeddable":true,"href":"https:\/\/help.jamk.fi\/exam\/wp-json\/wp\/v2\/categories?post=618"},{"taxonomy":"post_tag","embeddable":true,"href":"https:\/\/help.jamk.fi\/exam\/wp-json\/wp\/v2\/tags?post=618"}],"curies":[{"name":"wp","href":"https:\/\/api.w.org\/{rel}","templated":true}]}}