{"id":8,"date":"2016-04-25T09:41:43","date_gmt":"2016-04-25T06:41:43","guid":{"rendered":"https:\/\/help.jamk.fi\/exam\/esimerkkisivu\/"},"modified":"2025-11-28T14:33:14","modified_gmt":"2025-11-28T12:33:14","slug":"esimerkkisivu","status":"publish","type":"page","link":"https:\/\/help.jamk.fi\/exam\/fi\/","title":{"rendered":"Jamkissa voit tentti\u00e4 joustavasti!"},"content":{"rendered":"\n<div id=\"text-column-block_f789c8df14e7d43c31004ef167b57a86\" class=\"text-column block-text-column\">\n  <div class=\"block-text-column__wrapper\">\n                  <div class=\"row block-text-column__column-section\">\n          <div class=\"col-12 col-md-5 block-text-column__column-section--column\">\n            <div class=\"block-text-column__column-section--title-wrap\">\n                              <h2 class=\"\">EXAM lyhyesti<\/h2>\n                          <\/div>\n          <\/div>\n          <div class=\"col-12 col-md-7 block-text-column__column-section--column\">\n                          <div class=\"block-text-column__column-section--text_area\">\n                <p><span class=\"TextRun SCXP201881189 BCX9\" lang=\"FI-FI\" xml:lang=\"FI-FI\" data-contrast=\"none\"><span class=\"NormalTextRun SCXP201881189 BCX9\">EXAM mahdollistaa opiskelijoille joustavan tenttimistavan, joka tarkoittaa, ett\u00e4 opiskelija voi suorittaa n\u00e4yt\u00f6n itselleen sopivana ajankohtana valitsemassaan Examstudiossa tai omakonetenttin\u00e4.<span class=\"EOP SCXP201881189 BCX9\">\u200b<\/span> <\/span><\/span>EXAM-tentti tarkoittaa tietokoneella suoritettavaa n\u00e4ytt\u00f6\u00e4 (esim. tentti, kypsyysn\u00e4yte, viikkoteht\u00e4v\u00e4). Examstudioissa suoritetut tentit ovat videovalvottuja.<\/p>\n<p><a class=\"button-primary-arrow-wysiwyg\" href=\"https:\/\/exam.jamk.fi\">Kirjaudu EXAMiin<\/a><\/p>\n              <\/div>\n                      <\/div>\n        <\/div>\n              <div class=\"row block-text-column__column-section\">\n          <div class=\"col-12 col-md-5 block-text-column__column-section--column\">\n            <div class=\"block-text-column__column-section--title-wrap\">\n                              <h2 class=\"\">Examstudiot<\/h2>\n                          <\/div>\n          <\/div>\n          <div class=\"col-12 col-md-7 block-text-column__column-section--column\">\n                          <div class=\"block-text-column__column-section--text_area\">\n                <p><!-- wp:paragraph --><\/p>\n<p>Jamkissa on kolme tenttistudiota eli Examstudiota:<\/p>\n<ol>\n<li>P\u00e4\u00e4kampus: B-siipi, tila BP16<\/li>\n<li>P\u00e4\u00e4kampus: kirjasto, GP06<\/li>\n<li>Lutakko: Dynamo, tila D207 (2. krs)<\/li>\n<\/ol>\n<p>Examstudiot ovat avoinna kampusten aukioloaikoina. <a href=\"https:\/\/help.jamk.fi\/exam\/fi\/examstudio\/\">Lis\u00e4tietoa Examstudioista<\/a>.<\/p>\n<p><!-- \/wp:list-item --><\/p>\n<p><!-- \/wp:list --><\/p>\n              <\/div>\n                      <\/div>\n        <\/div>\n              <div class=\"row block-text-column__column-section\">\n          <div class=\"col-12 col-md-5 block-text-column__column-section--column\">\n            <div class=\"block-text-column__column-section--title-wrap\">\n                              <h2 class=\"\">Examstudion k\u00e4ytt\u00f6s\u00e4\u00e4nn\u00f6t<\/h2>\n                          <\/div>\n          <\/div>\n          <div class=\"col-12 col-md-7 block-text-column__column-section--column\">\n                          <div class=\"block-text-column__column-section--text_area\">\n                <p><!-- wp:list {\"ordered\":true} --><\/p>\n<ol>\n<li style=\"list-style-type: none;\">\n<ol><!-- wp:list-item --><\/p>\n<li>Omien tavaroiden tuominen on kielletty. Mukana et saa tuoda esim. p\u00e4\u00e4llystakkia, juomapulloa, ev\u00e4it\u00e4, reppuja, penaaleja, \u00e4lykelloja ja k\u00e4nnyk\u00f6it\u00e4 (ei my\u00f6sk\u00e4\u00e4n taskussa).<\/li>\n<li>J\u00e4t\u00e4 <strong>kaikki<\/strong> omat tavarasi ja ulkovaatteesi Examstudion oven vieress\u00e4 olevaan lukolliseen lokeroon. Tarkista tenttikoneesi numero ja k\u00e4yt\u00e4 saman numeron lokeroa tavaroidesi s\u00e4ilytt\u00e4miseen.<\/li>\n<li>Henkil\u00f6llisyys on pystytt\u00e4v\u00e4 todistamaan henkil\u00f6llisyystodistuksella tai opiskelijakortilla sit\u00e4 kysytt\u00e4ess\u00e4.<\/li>\n<li>Examstudion ovet aukeavat aina viitt\u00e4 vaille puoli ja sulkeutuvat 10 yli puoli studion aukioloaikoina. Muina aikoina Examstudioon et voi menn\u00e4 sis\u00e4\u00e4n. Jos poistut Examstudiosta kesken tentin, et saa en\u00e4\u00e4 palata takaisin samaan tenttiin.<\/li>\n<li>Teknisiss\u00e4 ongelmatilanteissa (esim. tietokone ei k\u00e4ynnisty, n\u00e4ytt\u00f6 on pime\u00e4) seuraa Examstudiosta l\u00f6ytyvi\u00e4 ohjeita.<\/li>\n<\/ol>\n<\/li>\n<\/ol>\n<p><!-- \/wp:list-item --><\/p>\n<p><!-- \/wp:list --> <!-- wp:paragraph --><\/p>\n<p>HUOM. Yhdenkin k\u00e4ytt\u00f6s\u00e4\u00e4nn\u00f6n\u00a0rikkominen tai noudattamatta j\u00e4tt\u00e4minen\u00a0saattaa johtaa tenttisuorituksen hylk\u00e4\u00e4miseen.<span id=\"e1207\" class=\"yj-message-list-item--body-message yj-message\" dir=\"ltr\" lang=\"fi\"><\/span><\/p>\n<p><!-- \/wp:paragraph --> <!-- wp:paragraph --><\/p>\n<p>Jos sinulla on tarve suorittaa toisen korkeakoulun tentti Jamkin Examstudiossa, tai vastavuoroisesti Jamkin tentti toisen korkeakoulun EXAM-tenttitilassa, kyseess\u00e4 on tenttivierailu. Tenttivierailusta on erilliset ohjeet opettajan ja opiskelijan ohjeissa.<\/p>\n<p><strong>Onnea tenttiin!<\/strong><\/p>\n<p><!-- \/wp:paragraph --><\/p>\n              <\/div>\n                      <\/div>\n        <\/div>\n            <\/div>\n<\/div>","protected":false},"excerpt":{"rendered":"","protected":false},"author":82,"featured_media":0,"parent":0,"menu_order":0,"comment_status":"closed","ping_status":"closed","template":"templates\/template-full-width.php","meta":{"_acf_changed":false,"_relevanssi_hide_post":"","_relevanssi_hide_content":"","_relevanssi_pin_for_all":"","_relevanssi_pin_keywords":"exam, tentti, tenttiminen, ","_relevanssi_unpin_keywords":"","_relevanssi_related_keywords":"","_relevanssi_related_include_ids":"","_relevanssi_related_exclude_ids":"","_relevanssi_related_no_append":"","_relevanssi_related_not_related":"","_relevanssi_related_posts":"","_relevanssi_noindex_reason":"","footnotes":""},"categories":[],"tags":[],"class_list":["post-8","page","type-page","status-publish","hentry"],"acf":[],"yoast_head":"<!-- This site is optimized with the Yoast SEO plugin v27.4 - https:\/\/yoast.com\/product\/yoast-seo-wordpress\/ -->\n<title>Jamkissa voit tentti\u00e4 joustavasti! - Exam<\/title>\n<meta name=\"robots\" content=\"index, follow, max-snippet:-1, max-image-preview:large, max-video-preview:-1\" \/>\n<link rel=\"canonical\" href=\"https:\/\/help.jamk.fi\/exam\/fi\/\" \/>\n<meta property=\"og:locale\" content=\"fi_FI\" \/>\n<meta property=\"og:type\" content=\"article\" \/>\n<meta property=\"og:title\" content=\"Jamkissa voit tentti\u00e4 joustavasti! - Exam\" \/>\n<meta property=\"og:url\" content=\"https:\/\/help.jamk.fi\/exam\/fi\/\" \/>\n<meta property=\"og:site_name\" content=\"Exam\" \/>\n<meta property=\"article:modified_time\" content=\"2025-11-28T12:33:14+00:00\" \/>\n<meta name=\"twitter:card\" content=\"summary_large_image\" \/>\n<script type=\"application\/ld+json\" class=\"yoast-schema-graph\">{\"@context\":\"https:\\\/\\\/schema.org\",\"@graph\":[{\"@type\":\"WebPage\",\"@id\":\"https:\\\/\\\/help.jamk.fi\\\/exam\\\/fi\\\/\",\"url\":\"https:\\\/\\\/help.jamk.fi\\\/exam\\\/fi\\\/\",\"name\":\"Jamkissa voit tentti\u00e4 joustavasti! - Exam\",\"isPartOf\":{\"@id\":\"https:\\\/\\\/help.jamk.fi\\\/exam\\\/#website\"},\"datePublished\":\"2016-04-25T06:41:43+00:00\",\"dateModified\":\"2025-11-28T12:33:14+00:00\",\"breadcrumb\":{\"@id\":\"https:\\\/\\\/help.jamk.fi\\\/exam\\\/fi\\\/#breadcrumb\"},\"inLanguage\":\"fi\",\"potentialAction\":[{\"@type\":\"ReadAction\",\"target\":[\"https:\\\/\\\/help.jamk.fi\\\/exam\\\/fi\\\/\"]}]},{\"@type\":\"BreadcrumbList\",\"@id\":\"https:\\\/\\\/help.jamk.fi\\\/exam\\\/fi\\\/#breadcrumb\",\"itemListElement\":[{\"@type\":\"ListItem\",\"position\":1,\"name\":\"Etusivu\",\"item\":\"https:\\\/\\\/help.jamk.fi\\\/exam\\\/fi\\\/\"},{\"@type\":\"ListItem\",\"position\":2,\"name\":\"Jamkissa voit tentti\u00e4 joustavasti!\"}]},{\"@type\":\"WebSite\",\"@id\":\"https:\\\/\\\/help.jamk.fi\\\/exam\\\/#website\",\"url\":\"https:\\\/\\\/help.jamk.fi\\\/exam\\\/\",\"name\":\"Exam\",\"description\":\"\",\"potentialAction\":[{\"@type\":\"SearchAction\",\"target\":{\"@type\":\"EntryPoint\",\"urlTemplate\":\"https:\\\/\\\/help.jamk.fi\\\/exam\\\/?s={search_term_string}\"},\"query-input\":{\"@type\":\"PropertyValueSpecification\",\"valueRequired\":true,\"valueName\":\"search_term_string\"}}],\"inLanguage\":\"fi\"}]}<\/script>\n<!-- \/ Yoast SEO plugin. -->","yoast_head_json":{"title":"Jamkissa voit tentti\u00e4 joustavasti! - Exam","robots":{"index":"index","follow":"follow","max-snippet":"max-snippet:-1","max-image-preview":"max-image-preview:large","max-video-preview":"max-video-preview:-1"},"canonical":"https:\/\/help.jamk.fi\/exam\/fi\/","og_locale":"fi_FI","og_type":"article","og_title":"Jamkissa voit tentti\u00e4 joustavasti! - Exam","og_url":"https:\/\/help.jamk.fi\/exam\/fi\/","og_site_name":"Exam","article_modified_time":"2025-11-28T12:33:14+00:00","twitter_card":"summary_large_image","schema":{"@context":"https:\/\/schema.org","@graph":[{"@type":"WebPage","@id":"https:\/\/help.jamk.fi\/exam\/fi\/","url":"https:\/\/help.jamk.fi\/exam\/fi\/","name":"Jamkissa voit tentti\u00e4 joustavasti! - Exam","isPartOf":{"@id":"https:\/\/help.jamk.fi\/exam\/#website"},"datePublished":"2016-04-25T06:41:43+00:00","dateModified":"2025-11-28T12:33:14+00:00","breadcrumb":{"@id":"https:\/\/help.jamk.fi\/exam\/fi\/#breadcrumb"},"inLanguage":"fi","potentialAction":[{"@type":"ReadAction","target":["https:\/\/help.jamk.fi\/exam\/fi\/"]}]},{"@type":"BreadcrumbList","@id":"https:\/\/help.jamk.fi\/exam\/fi\/#breadcrumb","itemListElement":[{"@type":"ListItem","position":1,"name":"Etusivu","item":"https:\/\/help.jamk.fi\/exam\/fi\/"},{"@type":"ListItem","position":2,"name":"Jamkissa voit tentti\u00e4 joustavasti!"}]},{"@type":"WebSite","@id":"https:\/\/help.jamk.fi\/exam\/#website","url":"https:\/\/help.jamk.fi\/exam\/","name":"Exam","description":"","potentialAction":[{"@type":"SearchAction","target":{"@type":"EntryPoint","urlTemplate":"https:\/\/help.jamk.fi\/exam\/?s={search_term_string}"},"query-input":{"@type":"PropertyValueSpecification","valueRequired":true,"valueName":"search_term_string"}}],"inLanguage":"fi"}]}},"_links":{"self":[{"href":"https:\/\/help.jamk.fi\/exam\/wp-json\/wp\/v2\/pages\/8","targetHints":{"allow":["GET"]}}],"collection":[{"href":"https:\/\/help.jamk.fi\/exam\/wp-json\/wp\/v2\/pages"}],"about":[{"href":"https:\/\/help.jamk.fi\/exam\/wp-json\/wp\/v2\/types\/page"}],"author":[{"embeddable":true,"href":"https:\/\/help.jamk.fi\/exam\/wp-json\/wp\/v2\/users\/82"}],"replies":[{"embeddable":true,"href":"https:\/\/help.jamk.fi\/exam\/wp-json\/wp\/v2\/comments?post=8"}],"version-history":[{"count":83,"href":"https:\/\/help.jamk.fi\/exam\/wp-json\/wp\/v2\/pages\/8\/revisions"}],"predecessor-version":[{"id":2526,"href":"https:\/\/help.jamk.fi\/exam\/wp-json\/wp\/v2\/pages\/8\/revisions\/2526"}],"wp:attachment":[{"href":"https:\/\/help.jamk.fi\/exam\/wp-json\/wp\/v2\/media?parent=8"}],"wp:term":[{"taxonomy":"category","embeddable":true,"href":"https:\/\/help.jamk.fi\/exam\/wp-json\/wp\/v2\/categories?post=8"},{"taxonomy":"post_tag","embeddable":true,"href":"https:\/\/help.jamk.fi\/exam\/wp-json\/wp\/v2\/tags?post=8"}],"curies":[{"name":"wp","href":"https:\/\/api.w.org\/{rel}","templated":true}]}}