{"id":2,"date":"2025-06-03T07:37:28","date_gmt":"2025-06-03T07:37:28","guid":{"rendered":"https:\/\/help.jamk.fi\/jos-tradenomikoulutus\/?page_id=2"},"modified":"2025-07-17T06:50:44","modified_gmt":"2025-07-17T06:50:44","slug":"tervetuloa","status":"publish","type":"page","link":"https:\/\/help.jamk.fi\/jos-tradenomikoulutus\/","title":{"rendered":"Tervetuloa!"},"content":{"rendered":"\n<p><\/p>\n\n\n\n<h2 class=\"wp-block-heading\">Hyv\u00e4 opiskelijamme, tervetuloa aloittamaan opinnot!&nbsp;<\/h2>\n\n\n\n<p>Olet aloittamassa uutta tutkintoa, jossa kolme korkeakoulua on suunnitellut yhdess\u00e4 suurimman osan opintojaksoista. Tutkinto on hyvin poikkeuksellinen Suomessa ja toivomme, ett\u00e4 onnistuimme ja saat opinnoista parhaan mahdollisen hy\u00f6dyn.&nbsp;<\/p>\n\n\n\n<p>Olet aloittamassa opintosi liiketalouden verkkototeutuksessa Jamk-Oamk-Savonia (AMK) eli tuttavallisemmin JOS-tradenomikoulutuksessa. Kyseess\u00e4 on Jamkin, Oamkin ja Savonian yhdess\u00e4 toteuttama liiketalouden ammattikorkeakoulututkinto. Tutkintonimike on\u202f<strong>Tradenomi (AMK)<\/strong>, ja koulutuksen laajuus on\u202f<strong>210 opintopistett\u00e4<\/strong>. Opiskelijaryhm\u00e4n tunnus on <strong>HTY25SIYA<\/strong>\u00a0tai\u00a0<strong>HTY25SIYB<\/strong>. Ryhm\u00e4jaot tehd\u00e4\u00e4n elokuussa, kun opiskelijavalinnat ovat valmiit.<strong> <\/strong>Tavoitteena on se, ett\u00e4 saat todistuksen viimeist\u00e4\u00e4n <strong>31.12.2028<\/strong>, jolloin 3,5 vuoden ohjeellinen opintoaika tulee t\u00e4yteen.\u00a0<\/p>\n\n\n\n<p>Tutustu alla olevista linkeist\u00e4 JOS-tradenomikoulutuksen t\u00e4rkeisiin asioihin.&nbsp;<\/p>\n\n\n\n<p><strong>Opiskelun ja oppimisen iloa sinulle opiskelijamme!<\/strong><\/p>\n\n\n\n<p><\/p>\n\n\n<div id=\"link-lifts-block_0250ec81fcda917967ea02be1930d724\" class=\"link-lifts block-link-lifts\">\n  <div class=\"row\">\n            <div class=\"col-12 col-lg-4 block-link-lifts__column\">\n          <div class=\"block-link-lifts__item pink\">\n            <h3 class=\"block-link-lifts__item--heading\">Ohjeita opiskelijalle<\/h3>\n                          <ul class=\"block-link-lifts__item--link-list\">\n                                                                        <li>\n                                              <a class=\"link-list\" href=\"https:\/\/help.jamk.fi\/jos-tradenomikoulutus\/jos-tradenomikoulutuksessa-opiskelu\/\" target=\"_self\">JOS-tradenomikoulutuksessa opiskelu<\/a>\n                                          <\/li>\n                                                                                          <li>\n                                              <a class=\"link-list\" href=\"https:\/\/help.jamk.fi\/jos-tradenomikoulutus\/starttipaiva\/\" target=\"_self\">Starttip\u00e4iv\u00e4 1.9.2025<\/a>\n                                          <\/li>\n                                                                                          <li>\n                                              <a class=\"link-list external\" href=\"https:\/\/www.jamk.fi\/fi\/opiskelijalle\/uusi-opiskelija\/uusi-tutkinto-opiskelija\" target=\"_blank\" aria-label=\"Avautuu uuteen v\u00e4lilehteen\" >Uusi tutkinto-opiskelija -sivu<i  ><svg aria-hidden=\"true\" viewBox=\"0 0 12 12\" fill=\"none\" xmlns=\"http:\/\/www.w3.org\/2000\/svg\"><path d=\"M9.23 11.17H.77V1.83h4.615V1H0v11h10V6.189h-.77v4.98z\" fill=\"#fff\"\/><path d=\"M7.002 0v.833h3.576L4 7.411 4.589 8l6.578-6.578v3.576H12V0H7.002z\" fill=\"#fff\"\/><\/svg><\/i><\/a>\n                                          <\/li>\n                                                <\/ul>\n            \n          <\/div>\n        <\/div>\n            <div class=\"col-12 col-lg-4 block-link-lifts__column\">\n          <div class=\"block-link-lifts__item pink\">\n            <h3 class=\"block-link-lifts__item--heading\">Digiasiat<\/h3>\n                          <ul class=\"block-link-lifts__item--link-list\">\n                                                                        <li>\n                                              <a class=\"link-list\" href=\"https:\/\/help.jamk.fi\/jos-tradenomikoulutus\/kayttajatunnus-ja-salasana\/\" target=\"_self\">K\u00e4ytt\u00e4j\u00e4tunnus, salasana ja kaksivaiheinen kirjautuminen<\/a>\n                                          <\/li>\n                                                                                          <li>\n                                              <a class=\"link-list\" href=\"https:\/\/help.jamk.fi\/jos-tradenomikoulutus\/digicampus-moodle\/\" target=\"_self\">DigiCampus Moodle<\/a>\n                                          <\/li>\n                                                <\/ul>\n            \n          <\/div>\n        <\/div>\n      <\/div>\n<\/div>","protected":false},"excerpt":{"rendered":"<p>Hyv\u00e4 opiskelijamme, tervetuloa aloittamaan opinnot!&nbsp; Olet aloittamassa uutta tutkintoa, jossa kolme korkeakoulua on suunnitellut yhdess\u00e4 suurimman osan opintojaksoista. Tutkinto on hyvin poikkeuksellinen Suomessa ja toivomme, ett\u00e4 onnistuimme ja saat opinnoista parhaan mahdollisen hy\u00f6dyn.&nbsp; Olet aloittamassa opintosi liiketalouden verkkototeutuksessa Jamk-Oamk-Savonia (AMK) eli tuttavallisemmin JOS-tradenomikoulutuksessa. Kyseess\u00e4 on Jamkin, Oamkin ja Savonian yhdess\u00e4 toteuttama liiketalouden ammattikorkeakoulututkinto. Tutkintonimike on\u202fTradenomi [&hellip;]<\/p>\n","protected":false},"author":66,"featured_media":0,"parent":0,"menu_order":0,"comment_status":"closed","ping_status":"open","template":"templates\/template-full-width.php","meta":{"_acf_changed":false,"_relevanssi_hide_post":"","_relevanssi_hide_content":"","_relevanssi_pin_for_all":"","_relevanssi_pin_keywords":"JOS-koulutus, jamk, oamk, savonia, tradenomi, tradenomikoulutus, jos","_relevanssi_unpin_keywords":"","_relevanssi_related_keywords":"","_relevanssi_related_include_ids":"","_relevanssi_related_exclude_ids":"","_relevanssi_related_no_append":"","_relevanssi_related_not_related":"","_relevanssi_related_posts":"1","_relevanssi_noindex_reason":"","footnotes":""},"categories":[],"tags":[6,14,12,10,8],"class_list":["post-2","page","type-page","status-publish","hentry","tag-jos","tag-oamk","tag-oulu","tag-savonia","tag-tradenomi"],"acf":[],"yoast_head":"<!-- This site is optimized with the Yoast SEO plugin v27.3 - https:\/\/yoast.com\/product\/yoast-seo-wordpress\/ -->\n<title>Tervetuloa! - JOS-tradenomikoulutus<\/title>\n<meta name=\"robots\" content=\"index, follow, max-snippet:-1, max-image-preview:large, max-video-preview:-1\" \/>\n<link rel=\"canonical\" href=\"https:\/\/help.jamk.fi\/jos-tradenomikoulutus\/\" \/>\n<meta property=\"og:locale\" content=\"fi_FI\" \/>\n<meta property=\"og:type\" content=\"article\" \/>\n<meta property=\"og:title\" content=\"Tervetuloa! - JOS-tradenomikoulutus\" \/>\n<meta property=\"og:description\" content=\"Hyv\u00e4 opiskelijamme, tervetuloa aloittamaan opinnot!&nbsp; Olet aloittamassa uutta tutkintoa, jossa kolme korkeakoulua on suunnitellut yhdess\u00e4 suurimman osan opintojaksoista. Tutkinto on hyvin poikkeuksellinen Suomessa ja toivomme, ett\u00e4 onnistuimme ja saat opinnoista parhaan mahdollisen hy\u00f6dyn.&nbsp; Olet aloittamassa opintosi liiketalouden verkkototeutuksessa Jamk-Oamk-Savonia (AMK) eli tuttavallisemmin JOS-tradenomikoulutuksessa. Kyseess\u00e4 on Jamkin, Oamkin ja Savonian yhdess\u00e4 toteuttama liiketalouden ammattikorkeakoulututkinto. Tutkintonimike on\u202fTradenomi [&hellip;]\" \/>\n<meta property=\"og:url\" content=\"https:\/\/help.jamk.fi\/jos-tradenomikoulutus\/\" \/>\n<meta property=\"og:site_name\" content=\"JOS-tradenomikoulutus\" \/>\n<meta property=\"article:modified_time\" content=\"2025-07-17T06:50:44+00:00\" \/>\n<meta name=\"twitter:card\" content=\"summary_large_image\" \/>\n<meta name=\"twitter:label1\" content=\"Arvioitu lukuaika\" \/>\n\t<meta name=\"twitter:data1\" content=\"1 minuutti\" \/>\n<script type=\"application\/ld+json\" class=\"yoast-schema-graph\">{\"@context\":\"https:\\\/\\\/schema.org\",\"@graph\":[{\"@type\":\"WebPage\",\"@id\":\"https:\\\/\\\/help.jamk.fi\\\/jos-tradenomikoulutus\\\/\",\"url\":\"https:\\\/\\\/help.jamk.fi\\\/jos-tradenomikoulutus\\\/\",\"name\":\"Tervetuloa! - JOS-tradenomikoulutus\",\"isPartOf\":{\"@id\":\"https:\\\/\\\/help.jamk.fi\\\/jos-tradenomikoulutus\\\/#website\"},\"datePublished\":\"2025-06-03T07:37:28+00:00\",\"dateModified\":\"2025-07-17T06:50:44+00:00\",\"breadcrumb\":{\"@id\":\"https:\\\/\\\/help.jamk.fi\\\/jos-tradenomikoulutus\\\/#breadcrumb\"},\"inLanguage\":\"fi\",\"potentialAction\":[{\"@type\":\"ReadAction\",\"target\":[\"https:\\\/\\\/help.jamk.fi\\\/jos-tradenomikoulutus\\\/\"]}]},{\"@type\":\"BreadcrumbList\",\"@id\":\"https:\\\/\\\/help.jamk.fi\\\/jos-tradenomikoulutus\\\/#breadcrumb\",\"itemListElement\":[{\"@type\":\"ListItem\",\"position\":1,\"name\":\"Home\",\"item\":\"https:\\\/\\\/help.jamk.fi\\\/jos-tradenomikoulutus\\\/\"},{\"@type\":\"ListItem\",\"position\":2,\"name\":\"Tervetuloa!\"}]},{\"@type\":\"WebSite\",\"@id\":\"https:\\\/\\\/help.jamk.fi\\\/jos-tradenomikoulutus\\\/#website\",\"url\":\"https:\\\/\\\/help.jamk.fi\\\/jos-tradenomikoulutus\\\/\",\"name\":\"JOS-tradenomikoulutus\",\"description\":\"\",\"potentialAction\":[{\"@type\":\"SearchAction\",\"target\":{\"@type\":\"EntryPoint\",\"urlTemplate\":\"https:\\\/\\\/help.jamk.fi\\\/jos-tradenomikoulutus\\\/?s={search_term_string}\"},\"query-input\":{\"@type\":\"PropertyValueSpecification\",\"valueRequired\":true,\"valueName\":\"search_term_string\"}}],\"inLanguage\":\"fi\"}]}<\/script>\n<!-- \/ Yoast SEO plugin. -->","yoast_head_json":{"title":"Tervetuloa! - JOS-tradenomikoulutus","robots":{"index":"index","follow":"follow","max-snippet":"max-snippet:-1","max-image-preview":"max-image-preview:large","max-video-preview":"max-video-preview:-1"},"canonical":"https:\/\/help.jamk.fi\/jos-tradenomikoulutus\/","og_locale":"fi_FI","og_type":"article","og_title":"Tervetuloa! - JOS-tradenomikoulutus","og_description":"Hyv\u00e4 opiskelijamme, tervetuloa aloittamaan opinnot!&nbsp; Olet aloittamassa uutta tutkintoa, jossa kolme korkeakoulua on suunnitellut yhdess\u00e4 suurimman osan opintojaksoista. Tutkinto on hyvin poikkeuksellinen Suomessa ja toivomme, ett\u00e4 onnistuimme ja saat opinnoista parhaan mahdollisen hy\u00f6dyn.&nbsp; Olet aloittamassa opintosi liiketalouden verkkototeutuksessa Jamk-Oamk-Savonia (AMK) eli tuttavallisemmin JOS-tradenomikoulutuksessa. Kyseess\u00e4 on Jamkin, Oamkin ja Savonian yhdess\u00e4 toteuttama liiketalouden ammattikorkeakoulututkinto. Tutkintonimike on\u202fTradenomi [&hellip;]","og_url":"https:\/\/help.jamk.fi\/jos-tradenomikoulutus\/","og_site_name":"JOS-tradenomikoulutus","article_modified_time":"2025-07-17T06:50:44+00:00","twitter_card":"summary_large_image","twitter_misc":{"Arvioitu lukuaika":"1 minuutti"},"schema":{"@context":"https:\/\/schema.org","@graph":[{"@type":"WebPage","@id":"https:\/\/help.jamk.fi\/jos-tradenomikoulutus\/","url":"https:\/\/help.jamk.fi\/jos-tradenomikoulutus\/","name":"Tervetuloa! - JOS-tradenomikoulutus","isPartOf":{"@id":"https:\/\/help.jamk.fi\/jos-tradenomikoulutus\/#website"},"datePublished":"2025-06-03T07:37:28+00:00","dateModified":"2025-07-17T06:50:44+00:00","breadcrumb":{"@id":"https:\/\/help.jamk.fi\/jos-tradenomikoulutus\/#breadcrumb"},"inLanguage":"fi","potentialAction":[{"@type":"ReadAction","target":["https:\/\/help.jamk.fi\/jos-tradenomikoulutus\/"]}]},{"@type":"BreadcrumbList","@id":"https:\/\/help.jamk.fi\/jos-tradenomikoulutus\/#breadcrumb","itemListElement":[{"@type":"ListItem","position":1,"name":"Home","item":"https:\/\/help.jamk.fi\/jos-tradenomikoulutus\/"},{"@type":"ListItem","position":2,"name":"Tervetuloa!"}]},{"@type":"WebSite","@id":"https:\/\/help.jamk.fi\/jos-tradenomikoulutus\/#website","url":"https:\/\/help.jamk.fi\/jos-tradenomikoulutus\/","name":"JOS-tradenomikoulutus","description":"","potentialAction":[{"@type":"SearchAction","target":{"@type":"EntryPoint","urlTemplate":"https:\/\/help.jamk.fi\/jos-tradenomikoulutus\/?s={search_term_string}"},"query-input":{"@type":"PropertyValueSpecification","valueRequired":true,"valueName":"search_term_string"}}],"inLanguage":"fi"}]}},"_links":{"self":[{"href":"https:\/\/help.jamk.fi\/jos-tradenomikoulutus\/wp-json\/wp\/v2\/pages\/2","targetHints":{"allow":["GET"]}}],"collection":[{"href":"https:\/\/help.jamk.fi\/jos-tradenomikoulutus\/wp-json\/wp\/v2\/pages"}],"about":[{"href":"https:\/\/help.jamk.fi\/jos-tradenomikoulutus\/wp-json\/wp\/v2\/types\/page"}],"author":[{"embeddable":true,"href":"https:\/\/help.jamk.fi\/jos-tradenomikoulutus\/wp-json\/wp\/v2\/users\/66"}],"replies":[{"embeddable":true,"href":"https:\/\/help.jamk.fi\/jos-tradenomikoulutus\/wp-json\/wp\/v2\/comments?post=2"}],"version-history":[{"count":28,"href":"https:\/\/help.jamk.fi\/jos-tradenomikoulutus\/wp-json\/wp\/v2\/pages\/2\/revisions"}],"predecessor-version":[{"id":279,"href":"https:\/\/help.jamk.fi\/jos-tradenomikoulutus\/wp-json\/wp\/v2\/pages\/2\/revisions\/279"}],"wp:attachment":[{"href":"https:\/\/help.jamk.fi\/jos-tradenomikoulutus\/wp-json\/wp\/v2\/media?parent=2"}],"wp:term":[{"taxonomy":"category","embeddable":true,"href":"https:\/\/help.jamk.fi\/jos-tradenomikoulutus\/wp-json\/wp\/v2\/categories?post=2"},{"taxonomy":"post_tag","embeddable":true,"href":"https:\/\/help.jamk.fi\/jos-tradenomikoulutus\/wp-json\/wp\/v2\/tags?post=2"}],"curies":[{"name":"wp","href":"https:\/\/api.w.org\/{rel}","templated":true}]}}