{"id":238,"date":"2025-06-16T05:02:54","date_gmt":"2025-06-16T05:02:54","guid":{"rendered":"https:\/\/help.jamk.fi\/jos-tradenomikoulutus\/?page_id=238"},"modified":"2025-06-17T12:02:00","modified_gmt":"2025-06-17T12:02:00","slug":"kayttajatunnus-ja-salasana","status":"publish","type":"page","link":"https:\/\/help.jamk.fi\/jos-tradenomikoulutus\/kayttajatunnus-ja-salasana\/","title":{"rendered":"K\u00e4ytt\u00e4j\u00e4tunnus, salasana ja kaksivaiheinen kirjautuminen"},"content":{"rendered":"\n<p>Kun olet ottanut opiskelupaikan vastaan ja ilmoittautunut l\u00e4sn\u00e4olevaksi, saat s\u00e4hk\u00f6postiisi viestin, jossa kerrotaan, ett\u00e4 Jamkin k\u00e4ytt\u00e4j\u00e4tunnus on haettavissa.<\/p>\n\n\n\n<ol class=\"wp-block-list\">\n<li><a href=\"https:\/\/help.jamk.fi\/kirjautuminen\/fi\/opas-uudelle-verkonkayttajalle\/\" target=\"_blank\" rel=\"noreferrer noopener\">Uuden verkonk\u00e4ytt\u00e4j\u00e4n oppaasta<\/a> l\u00f6yd\u00e4t ohjeet tunnistautumiseen sek\u00e4 k\u00e4ytt\u00e4j\u00e4tunnuksen ja salasanan hankkimiseen.\n<ul class=\"wp-block-list\">\n<li>Huomioithan, ett\u00e4 k\u00e4ytt\u00e4j\u00e4tunnus ja s\u00e4hk\u00f6postiosoite eiv\u00e4t ole sama asia mutta s\u00e4hk\u00f6postiosoitetta k\u00e4ytet\u00e4\u00e4n useimpiin jamkin tietoj\u00e4rjestelmiin kirjauduttaessa.<\/li>\n\n\n\n<li>Opiskelijas\u00e4hk\u00f6postiosoitteesi on muotoa k\u00e4ytt\u00e4j\u00e4tunnus@student.jamk.fi<\/li>\n<\/ul>\n<\/li>\n\n\n\n<li>Jamkissa on k\u00e4yt\u00f6ss\u00e4 kaksivaiheinen kirjautuminen. K\u00e4yt\u00e4nn\u00f6ss\u00e4 kirjaudut s\u00e4hk\u00f6postiosoitteellasi ja salasanallasi ja vahvistat kirjautumisen mobiililaitteen sovelluksella. Voit tutustua tarkempiin ohjeisiin kaksivaiheiseen kirjautumiseen liittyen <a href=\"https:\/\/help.jamk.fi\/kirjautuminen\/fi\/kaksivaiheisen-tunnistautumisen-kayttoonotto\/\" target=\"_blank\" rel=\"noreferrer noopener\">Vahvan tunnistautumisen k\u00e4ytt\u00f6\u00f6notto -sivulta<\/a>. <\/li>\n\n\n\n<li>Kirjaudu opiskelijas\u00e4hk\u00f6postiosoitteellasi ja salasanallasi ja vahvista kirjautumisesi kaksivaiheista kirjautumista k\u00e4ytt\u00e4en <a href=\"https:\/\/jamkstudent.sharepoint.com\/sites\/Uusi-opiskelija-Elmo\/\" target=\"_blank\" rel=\"noreferrer noopener\">Elmo-intraan Uuden opiskelijan sivulle<\/a>.<\/li>\n\n\n\n<li>Yksityiskohtaiset ohjeet juuri JOS-tradenomikoulutukseen liittyen l\u00f6yd\u00e4t <a href=\"https:\/\/jamkstudent.sharepoint.com\/sites\/Uusi-opiskelija-Elmo\/SitePages\/syksy\/liiketalous-syksy.aspx#liiketalous%2c-verkkototeutus-jamk-oamk-savonia-%28amk%29\" target=\"_blank\" rel=\"noreferrer noopener\">Uusien opiskelijoiden opintojen aloitus -sivulta<\/a>.<\/li>\n<\/ol>\n\n\n\n<p><\/p>\n\n\n\n<h2 class=\"wp-block-heading\">Tarvitsen apua<\/h2>\n\n\n\n<p>Jos sinulla on haasteita k\u00e4ytt\u00e4j\u00e4tunnukseen ja salasanaan tai kaksivaiheiseen kirjautumiseen liittyen klikkaa<strong> J\u00e4t\u00e4 palvelupyynt\u00f6 <\/strong>t\u00e4m\u00e4n sivun yl\u00e4laidassa. Voit j\u00e4tt\u00e4\u00e4 palvelupyynn\u00f6n ilman kirjautumista tai Jamkin tunnuksilla kirjautuneena. Valitse palvelupyynn\u00f6n kategoriaksi<strong> Services \/ Tietoj\u00e4rjestelm\u00e4t ja palvelut &gt; K\u00e4ytt\u00e4j\u00e4tunnus\/salasanaongelma<\/strong>. Kerro olevasi JOS-tradenomikoulutuksen opiskelija ja kerro yksityiskohtaisesti, millainen ongelma sinulla on.<\/p>\n","protected":false},"excerpt":{"rendered":"<p>Kun olet ottanut opiskelupaikan vastaan ja ilmoittautunut l\u00e4sn\u00e4olevaksi, saat s\u00e4hk\u00f6postiisi viestin, jossa kerrotaan, ett\u00e4 Jamkin k\u00e4ytt\u00e4j\u00e4tunnus on haettavissa. Tarvitsen apua Jos sinulla on haasteita k\u00e4ytt\u00e4j\u00e4tunnukseen ja salasanaan tai kaksivaiheiseen kirjautumiseen liittyen klikkaa J\u00e4t\u00e4 palvelupyynt\u00f6 t\u00e4m\u00e4n sivun yl\u00e4laidassa. Voit j\u00e4tt\u00e4\u00e4 palvelupyynn\u00f6n ilman kirjautumista tai Jamkin tunnuksilla kirjautuneena. Valitse palvelupyynn\u00f6n kategoriaksi Services \/ Tietoj\u00e4rjestelm\u00e4t ja palvelut &gt; [&hellip;]<\/p>\n","protected":false},"author":72,"featured_media":0,"parent":0,"menu_order":1,"comment_status":"closed","ping_status":"closed","template":"","meta":{"_acf_changed":false,"_relevanssi_hide_post":"","_relevanssi_hide_content":"","_relevanssi_pin_for_all":"","_relevanssi_pin_keywords":"","_relevanssi_unpin_keywords":"","_relevanssi_related_keywords":"","_relevanssi_related_include_ids":"","_relevanssi_related_exclude_ids":"","_relevanssi_related_no_append":"","_relevanssi_related_not_related":"","_relevanssi_related_posts":"1","_relevanssi_noindex_reason":"","footnotes":""},"categories":[],"tags":[],"class_list":["post-238","page","type-page","status-publish","hentry"],"acf":[],"yoast_head":"<!-- This site is optimized with the Yoast SEO plugin v27.4 - https:\/\/yoast.com\/product\/yoast-seo-wordpress\/ -->\n<title>K\u00e4ytt\u00e4j\u00e4tunnus, salasana ja kaksivaiheinen kirjautuminen - JOS-tradenomikoulutus<\/title>\n<meta name=\"robots\" content=\"index, follow, max-snippet:-1, max-image-preview:large, max-video-preview:-1\" \/>\n<link rel=\"canonical\" href=\"https:\/\/help.jamk.fi\/jos-tradenomikoulutus\/kayttajatunnus-ja-salasana\/\" \/>\n<meta property=\"og:locale\" content=\"fi_FI\" \/>\n<meta property=\"og:type\" content=\"article\" \/>\n<meta property=\"og:title\" content=\"K\u00e4ytt\u00e4j\u00e4tunnus, salasana ja kaksivaiheinen kirjautuminen - JOS-tradenomikoulutus\" \/>\n<meta property=\"og:description\" content=\"Kun olet ottanut opiskelupaikan vastaan ja ilmoittautunut l\u00e4sn\u00e4olevaksi, saat s\u00e4hk\u00f6postiisi viestin, jossa kerrotaan, ett\u00e4 Jamkin k\u00e4ytt\u00e4j\u00e4tunnus on haettavissa. Tarvitsen apua Jos sinulla on haasteita k\u00e4ytt\u00e4j\u00e4tunnukseen ja salasanaan tai kaksivaiheiseen kirjautumiseen liittyen klikkaa J\u00e4t\u00e4 palvelupyynt\u00f6 t\u00e4m\u00e4n sivun yl\u00e4laidassa. Voit j\u00e4tt\u00e4\u00e4 palvelupyynn\u00f6n ilman kirjautumista tai Jamkin tunnuksilla kirjautuneena. Valitse palvelupyynn\u00f6n kategoriaksi Services \/ Tietoj\u00e4rjestelm\u00e4t ja palvelut &gt; [&hellip;]\" \/>\n<meta property=\"og:url\" content=\"https:\/\/help.jamk.fi\/jos-tradenomikoulutus\/kayttajatunnus-ja-salasana\/\" \/>\n<meta property=\"og:site_name\" content=\"JOS-tradenomikoulutus\" \/>\n<meta property=\"article:modified_time\" content=\"2025-06-17T12:02:00+00:00\" \/>\n<meta name=\"twitter:card\" content=\"summary_large_image\" \/>\n<meta name=\"twitter:label1\" content=\"Arvioitu lukuaika\" \/>\n\t<meta name=\"twitter:data1\" content=\"1 minuutti\" \/>\n<script type=\"application\/ld+json\" class=\"yoast-schema-graph\">{\"@context\":\"https:\\\/\\\/schema.org\",\"@graph\":[{\"@type\":\"WebPage\",\"@id\":\"https:\\\/\\\/help.jamk.fi\\\/jos-tradenomikoulutus\\\/kayttajatunnus-ja-salasana\\\/\",\"url\":\"https:\\\/\\\/help.jamk.fi\\\/jos-tradenomikoulutus\\\/kayttajatunnus-ja-salasana\\\/\",\"name\":\"K\u00e4ytt\u00e4j\u00e4tunnus, salasana ja kaksivaiheinen kirjautuminen - JOS-tradenomikoulutus\",\"isPartOf\":{\"@id\":\"https:\\\/\\\/help.jamk.fi\\\/jos-tradenomikoulutus\\\/#website\"},\"datePublished\":\"2025-06-16T05:02:54+00:00\",\"dateModified\":\"2025-06-17T12:02:00+00:00\",\"breadcrumb\":{\"@id\":\"https:\\\/\\\/help.jamk.fi\\\/jos-tradenomikoulutus\\\/kayttajatunnus-ja-salasana\\\/#breadcrumb\"},\"inLanguage\":\"fi\",\"potentialAction\":[{\"@type\":\"ReadAction\",\"target\":[\"https:\\\/\\\/help.jamk.fi\\\/jos-tradenomikoulutus\\\/kayttajatunnus-ja-salasana\\\/\"]}]},{\"@type\":\"BreadcrumbList\",\"@id\":\"https:\\\/\\\/help.jamk.fi\\\/jos-tradenomikoulutus\\\/kayttajatunnus-ja-salasana\\\/#breadcrumb\",\"itemListElement\":[{\"@type\":\"ListItem\",\"position\":1,\"name\":\"Home\",\"item\":\"https:\\\/\\\/help.jamk.fi\\\/jos-tradenomikoulutus\\\/\"},{\"@type\":\"ListItem\",\"position\":2,\"name\":\"K\u00e4ytt\u00e4j\u00e4tunnus, salasana ja kaksivaiheinen kirjautuminen\"}]},{\"@type\":\"WebSite\",\"@id\":\"https:\\\/\\\/help.jamk.fi\\\/jos-tradenomikoulutus\\\/#website\",\"url\":\"https:\\\/\\\/help.jamk.fi\\\/jos-tradenomikoulutus\\\/\",\"name\":\"JOS-tradenomikoulutus\",\"description\":\"\",\"potentialAction\":[{\"@type\":\"SearchAction\",\"target\":{\"@type\":\"EntryPoint\",\"urlTemplate\":\"https:\\\/\\\/help.jamk.fi\\\/jos-tradenomikoulutus\\\/?s={search_term_string}\"},\"query-input\":{\"@type\":\"PropertyValueSpecification\",\"valueRequired\":true,\"valueName\":\"search_term_string\"}}],\"inLanguage\":\"fi\"}]}<\/script>\n<!-- \/ Yoast SEO plugin. -->","yoast_head_json":{"title":"K\u00e4ytt\u00e4j\u00e4tunnus, salasana ja kaksivaiheinen kirjautuminen - JOS-tradenomikoulutus","robots":{"index":"index","follow":"follow","max-snippet":"max-snippet:-1","max-image-preview":"max-image-preview:large","max-video-preview":"max-video-preview:-1"},"canonical":"https:\/\/help.jamk.fi\/jos-tradenomikoulutus\/kayttajatunnus-ja-salasana\/","og_locale":"fi_FI","og_type":"article","og_title":"K\u00e4ytt\u00e4j\u00e4tunnus, salasana ja kaksivaiheinen kirjautuminen - JOS-tradenomikoulutus","og_description":"Kun olet ottanut opiskelupaikan vastaan ja ilmoittautunut l\u00e4sn\u00e4olevaksi, saat s\u00e4hk\u00f6postiisi viestin, jossa kerrotaan, ett\u00e4 Jamkin k\u00e4ytt\u00e4j\u00e4tunnus on haettavissa. Tarvitsen apua Jos sinulla on haasteita k\u00e4ytt\u00e4j\u00e4tunnukseen ja salasanaan tai kaksivaiheiseen kirjautumiseen liittyen klikkaa J\u00e4t\u00e4 palvelupyynt\u00f6 t\u00e4m\u00e4n sivun yl\u00e4laidassa. Voit j\u00e4tt\u00e4\u00e4 palvelupyynn\u00f6n ilman kirjautumista tai Jamkin tunnuksilla kirjautuneena. Valitse palvelupyynn\u00f6n kategoriaksi Services \/ Tietoj\u00e4rjestelm\u00e4t ja palvelut &gt; [&hellip;]","og_url":"https:\/\/help.jamk.fi\/jos-tradenomikoulutus\/kayttajatunnus-ja-salasana\/","og_site_name":"JOS-tradenomikoulutus","article_modified_time":"2025-06-17T12:02:00+00:00","twitter_card":"summary_large_image","twitter_misc":{"Arvioitu lukuaika":"1 minuutti"},"schema":{"@context":"https:\/\/schema.org","@graph":[{"@type":"WebPage","@id":"https:\/\/help.jamk.fi\/jos-tradenomikoulutus\/kayttajatunnus-ja-salasana\/","url":"https:\/\/help.jamk.fi\/jos-tradenomikoulutus\/kayttajatunnus-ja-salasana\/","name":"K\u00e4ytt\u00e4j\u00e4tunnus, salasana ja kaksivaiheinen kirjautuminen - JOS-tradenomikoulutus","isPartOf":{"@id":"https:\/\/help.jamk.fi\/jos-tradenomikoulutus\/#website"},"datePublished":"2025-06-16T05:02:54+00:00","dateModified":"2025-06-17T12:02:00+00:00","breadcrumb":{"@id":"https:\/\/help.jamk.fi\/jos-tradenomikoulutus\/kayttajatunnus-ja-salasana\/#breadcrumb"},"inLanguage":"fi","potentialAction":[{"@type":"ReadAction","target":["https:\/\/help.jamk.fi\/jos-tradenomikoulutus\/kayttajatunnus-ja-salasana\/"]}]},{"@type":"BreadcrumbList","@id":"https:\/\/help.jamk.fi\/jos-tradenomikoulutus\/kayttajatunnus-ja-salasana\/#breadcrumb","itemListElement":[{"@type":"ListItem","position":1,"name":"Home","item":"https:\/\/help.jamk.fi\/jos-tradenomikoulutus\/"},{"@type":"ListItem","position":2,"name":"K\u00e4ytt\u00e4j\u00e4tunnus, salasana ja kaksivaiheinen kirjautuminen"}]},{"@type":"WebSite","@id":"https:\/\/help.jamk.fi\/jos-tradenomikoulutus\/#website","url":"https:\/\/help.jamk.fi\/jos-tradenomikoulutus\/","name":"JOS-tradenomikoulutus","description":"","potentialAction":[{"@type":"SearchAction","target":{"@type":"EntryPoint","urlTemplate":"https:\/\/help.jamk.fi\/jos-tradenomikoulutus\/?s={search_term_string}"},"query-input":{"@type":"PropertyValueSpecification","valueRequired":true,"valueName":"search_term_string"}}],"inLanguage":"fi"}]}},"_links":{"self":[{"href":"https:\/\/help.jamk.fi\/jos-tradenomikoulutus\/wp-json\/wp\/v2\/pages\/238","targetHints":{"allow":["GET"]}}],"collection":[{"href":"https:\/\/help.jamk.fi\/jos-tradenomikoulutus\/wp-json\/wp\/v2\/pages"}],"about":[{"href":"https:\/\/help.jamk.fi\/jos-tradenomikoulutus\/wp-json\/wp\/v2\/types\/page"}],"author":[{"embeddable":true,"href":"https:\/\/help.jamk.fi\/jos-tradenomikoulutus\/wp-json\/wp\/v2\/users\/72"}],"replies":[{"embeddable":true,"href":"https:\/\/help.jamk.fi\/jos-tradenomikoulutus\/wp-json\/wp\/v2\/comments?post=238"}],"version-history":[{"count":10,"href":"https:\/\/help.jamk.fi\/jos-tradenomikoulutus\/wp-json\/wp\/v2\/pages\/238\/revisions"}],"predecessor-version":[{"id":270,"href":"https:\/\/help.jamk.fi\/jos-tradenomikoulutus\/wp-json\/wp\/v2\/pages\/238\/revisions\/270"}],"wp:attachment":[{"href":"https:\/\/help.jamk.fi\/jos-tradenomikoulutus\/wp-json\/wp\/v2\/media?parent=238"}],"wp:term":[{"taxonomy":"category","embeddable":true,"href":"https:\/\/help.jamk.fi\/jos-tradenomikoulutus\/wp-json\/wp\/v2\/categories?post=238"},{"taxonomy":"post_tag","embeddable":true,"href":"https:\/\/help.jamk.fi\/jos-tradenomikoulutus\/wp-json\/wp\/v2\/tags?post=238"}],"curies":[{"name":"wp","href":"https:\/\/api.w.org\/{rel}","templated":true}]}}