{"id":1350,"date":"2011-02-02T12:23:29","date_gmt":"2011-02-02T10:23:29","guid":{"rendered":"https:\/\/help.jamk.fi\/kirjautuminen\/vierailijatunnus\/"},"modified":"2024-09-19T08:52:03","modified_gmt":"2024-09-19T05:52:03","slug":"vierailijatunnus","status":"publish","type":"page","link":"https:\/\/help.jamk.fi\/kirjautuminen\/fi\/kayttajatunnus\/vierailijatunnus\/","title":{"rendered":"Lyhytaikainen vierailijatunnus"},"content":{"rendered":"\n<p>Luennoitsijoita ja&nbsp;vierailijoita kutsuttaessa varmistetaan&nbsp;k\u00e4ytt\u00e4j\u00e4tunnusten oikeaoppinen k\u00e4ytt\u00f6 ja&nbsp;p\u00e4\u00e4sy tiloihin.<\/p>\n\n\n\n<h2 class=\"wp-block-heading\">K\u00e4ytt\u00e4j\u00e4tunnus vierailijalle<\/h2>\n\n\n\n<p>Lyhytaikaista tarvetta varten luovutettava k\u00e4ytt\u00e4j\u00e4tunnus on ns. kertak\u00e4ytt\u00f6tunnus, joka on voimassa 1-5 p\u00e4iv\u00e4\u00e4. Sill\u00e4 voi mm. kirjautua Jamkin ty\u00f6asemille, k\u00e4ytt\u00e4\u00e4 langatonta vierailijaverkkoa (Jamk-Guest), tallentaa kotihakemistoon ja tulostaa pienen m\u00e4\u00e4r\u00e4n dokumentteja. <strong>M365 (Office) ja Adobe -lisenssit eiv\u00e4t ole k\u00e4ytett\u00e4viss\u00e4 vierailijatunnuksella.<\/strong><\/p>\n\n\n\n<p>Kertak\u00e4ytt\u00f6tunnus luovutetaan vierailijalle ennen tilaisuuden alkua, t\u00e4h\u00e4n on hyv\u00e4 varata hetki aikaa. Tunnus luovutetaan p\u00e4\u00e4s\u00e4\u00e4nt\u00f6isesti henkil\u00f6llisyyspapereita&nbsp;ja allekirjoitusta vastaan ja se on voimassa yleens\u00e4 kuluvan p\u00e4iv\u00e4n. Tunnuksen k\u00e4ytt\u00e4j\u00e4\u00e4 sitovat <a href=\"https:\/\/help.jamk.fi\/kirjautuminen\/fi\/kayttosaannot\/\">verkon k\u00e4ytt\u00f6s\u00e4\u00e4nn\u00f6t<\/a>.<\/p>\n\n\n\n<p>Vierailijak\u00e4ytt\u00e4j\u00e4tunnusten&nbsp;luovutuspaikat ovat ensisijaisesti&nbsp;seuraavat:<\/p>\n\n\n\n<ul class=\"wp-block-list\">\n<li><strong>Aulapalvelu&nbsp;<\/strong> \n<ul class=\"wp-block-list\">\n<li>P\u00e4\u00e4kampus puh. 040 775 9058 <\/li>\n\n\n\n<li>Lutakon kampus puh. \u00a0040 721 7245 ja 040 751 3569<\/li>\n\n\n\n<li>Luonnonvarainstituutti puh. 040 768 6250.)<\/li>\n<\/ul>\n<\/li>\n\n\n\n<li><strong>ICT-Helpdesk<\/strong> (puh. 040 5142 911)\n<ul class=\"wp-block-list\">\n<li>P\u00e4\u00e4kampus D-aula D118<\/li>\n\n\n\n<li>Dynamo D120<\/li>\n\n\n\n<li>Biotalousinstituutti TU17L138<\/li>\n<\/ul>\n<\/li>\n<\/ul>\n","protected":false},"excerpt":{"rendered":"<p>Luennoitsijoita ja&nbsp;vierailijoita kutsuttaessa varmistetaan&nbsp;k\u00e4ytt\u00e4j\u00e4tunnusten oikeaoppinen k\u00e4ytt\u00f6 ja&nbsp;p\u00e4\u00e4sy tiloihin. K\u00e4ytt\u00e4j\u00e4tunnus vierailijalle Lyhytaikaista tarvetta varten luovutettava k\u00e4ytt\u00e4j\u00e4tunnus on ns. kertak\u00e4ytt\u00f6tunnus, joka on voimassa 1-5 p\u00e4iv\u00e4\u00e4. Sill\u00e4 voi mm. kirjautua Jamkin ty\u00f6asemille, k\u00e4ytt\u00e4\u00e4 langatonta vierailijaverkkoa (Jamk-Guest), tallentaa kotihakemistoon ja tulostaa pienen m\u00e4\u00e4r\u00e4n dokumentteja. M365 (Office) ja Adobe -lisenssit eiv\u00e4t ole k\u00e4ytett\u00e4viss\u00e4 vierailijatunnuksella. Kertak\u00e4ytt\u00f6tunnus luovutetaan vierailijalle ennen tilaisuuden alkua, [&hellip;]<\/p>\n","protected":false},"author":66,"featured_media":0,"parent":1344,"menu_order":2,"comment_status":"closed","ping_status":"closed","template":"","meta":{"_acf_changed":false,"_relevanssi_hide_post":"","_relevanssi_hide_content":"","_relevanssi_pin_for_all":"","_relevanssi_pin_keywords":"","_relevanssi_unpin_keywords":"","_relevanssi_related_keywords":"","_relevanssi_related_include_ids":"","_relevanssi_related_exclude_ids":"","_relevanssi_related_no_append":"","_relevanssi_related_not_related":"","_relevanssi_related_posts":"","_relevanssi_noindex_reason":"","footnotes":""},"categories":[10],"tags":[36,38],"class_list":["post-1350","page","type-page","status-publish","hentry","category-henkilosto","tag-tietoturva","tag-vierailijatunnus"],"acf":[],"yoast_head":"<!-- This site is optimized with the Yoast SEO plugin v27.4 - https:\/\/yoast.com\/product\/yoast-seo-wordpress\/ -->\n<title>Lyhytaikainen vierailijatunnus - Kirjautuminen<\/title>\n<meta name=\"robots\" content=\"index, follow, max-snippet:-1, max-image-preview:large, max-video-preview:-1\" \/>\n<link rel=\"canonical\" href=\"https:\/\/help.jamk.fi\/kirjautuminen\/fi\/kayttajatunnus\/vierailijatunnus\/\" \/>\n<meta property=\"og:locale\" content=\"fi_FI\" \/>\n<meta property=\"og:type\" content=\"article\" \/>\n<meta property=\"og:title\" content=\"Lyhytaikainen vierailijatunnus - Kirjautuminen\" \/>\n<meta property=\"og:description\" content=\"Luennoitsijoita ja&nbsp;vierailijoita kutsuttaessa varmistetaan&nbsp;k\u00e4ytt\u00e4j\u00e4tunnusten oikeaoppinen k\u00e4ytt\u00f6 ja&nbsp;p\u00e4\u00e4sy tiloihin. K\u00e4ytt\u00e4j\u00e4tunnus vierailijalle Lyhytaikaista tarvetta varten luovutettava k\u00e4ytt\u00e4j\u00e4tunnus on ns. kertak\u00e4ytt\u00f6tunnus, joka on voimassa 1-5 p\u00e4iv\u00e4\u00e4. Sill\u00e4 voi mm. kirjautua Jamkin ty\u00f6asemille, k\u00e4ytt\u00e4\u00e4 langatonta vierailijaverkkoa (Jamk-Guest), tallentaa kotihakemistoon ja tulostaa pienen m\u00e4\u00e4r\u00e4n dokumentteja. M365 (Office) ja Adobe -lisenssit eiv\u00e4t ole k\u00e4ytett\u00e4viss\u00e4 vierailijatunnuksella. Kertak\u00e4ytt\u00f6tunnus luovutetaan vierailijalle ennen tilaisuuden alkua, [&hellip;]\" \/>\n<meta property=\"og:url\" content=\"https:\/\/help.jamk.fi\/kirjautuminen\/fi\/kayttajatunnus\/vierailijatunnus\/\" \/>\n<meta property=\"og:site_name\" content=\"Kirjautuminen\" \/>\n<meta property=\"article:modified_time\" content=\"2024-09-19T05:52:03+00:00\" \/>\n<meta name=\"twitter:card\" content=\"summary_large_image\" \/>\n<meta name=\"twitter:label1\" content=\"Arvioitu lukuaika\" \/>\n\t<meta name=\"twitter:data1\" content=\"1 minuutti\" \/>\n<script type=\"application\/ld+json\" class=\"yoast-schema-graph\">{\"@context\":\"https:\\\/\\\/schema.org\",\"@graph\":[{\"@type\":\"WebPage\",\"@id\":\"https:\\\/\\\/help.jamk.fi\\\/kirjautuminen\\\/fi\\\/kayttajatunnus\\\/vierailijatunnus\\\/\",\"url\":\"https:\\\/\\\/help.jamk.fi\\\/kirjautuminen\\\/fi\\\/kayttajatunnus\\\/vierailijatunnus\\\/\",\"name\":\"Lyhytaikainen vierailijatunnus - Kirjautuminen\",\"isPartOf\":{\"@id\":\"https:\\\/\\\/help.jamk.fi\\\/kirjautuminen\\\/#website\"},\"datePublished\":\"2011-02-02T10:23:29+00:00\",\"dateModified\":\"2024-09-19T05:52:03+00:00\",\"breadcrumb\":{\"@id\":\"https:\\\/\\\/help.jamk.fi\\\/kirjautuminen\\\/fi\\\/kayttajatunnus\\\/vierailijatunnus\\\/#breadcrumb\"},\"inLanguage\":\"fi\",\"potentialAction\":[{\"@type\":\"ReadAction\",\"target\":[\"https:\\\/\\\/help.jamk.fi\\\/kirjautuminen\\\/fi\\\/kayttajatunnus\\\/vierailijatunnus\\\/\"]}]},{\"@type\":\"BreadcrumbList\",\"@id\":\"https:\\\/\\\/help.jamk.fi\\\/kirjautuminen\\\/fi\\\/kayttajatunnus\\\/vierailijatunnus\\\/#breadcrumb\",\"itemListElement\":[{\"@type\":\"ListItem\",\"position\":1,\"name\":\"Home\",\"item\":\"https:\\\/\\\/help.jamk.fi\\\/kirjautuminen\\\/fi\\\/\"},{\"@type\":\"ListItem\",\"position\":2,\"name\":\"K\u00e4ytt\u00e4j\u00e4tunnukset ja salasanat\",\"item\":\"https:\\\/\\\/help.jamk.fi\\\/kirjautuminen\\\/fi\\\/kayttajatunnus\\\/\"},{\"@type\":\"ListItem\",\"position\":3,\"name\":\"Lyhytaikainen vierailijatunnus\"}]},{\"@type\":\"WebSite\",\"@id\":\"https:\\\/\\\/help.jamk.fi\\\/kirjautuminen\\\/#website\",\"url\":\"https:\\\/\\\/help.jamk.fi\\\/kirjautuminen\\\/\",\"name\":\"Kirjautuminen\",\"description\":\"\",\"potentialAction\":[{\"@type\":\"SearchAction\",\"target\":{\"@type\":\"EntryPoint\",\"urlTemplate\":\"https:\\\/\\\/help.jamk.fi\\\/kirjautuminen\\\/?s={search_term_string}\"},\"query-input\":{\"@type\":\"PropertyValueSpecification\",\"valueRequired\":true,\"valueName\":\"search_term_string\"}}],\"inLanguage\":\"fi\"}]}<\/script>\n<!-- \/ Yoast SEO plugin. -->","yoast_head_json":{"title":"Lyhytaikainen vierailijatunnus - Kirjautuminen","robots":{"index":"index","follow":"follow","max-snippet":"max-snippet:-1","max-image-preview":"max-image-preview:large","max-video-preview":"max-video-preview:-1"},"canonical":"https:\/\/help.jamk.fi\/kirjautuminen\/fi\/kayttajatunnus\/vierailijatunnus\/","og_locale":"fi_FI","og_type":"article","og_title":"Lyhytaikainen vierailijatunnus - Kirjautuminen","og_description":"Luennoitsijoita ja&nbsp;vierailijoita kutsuttaessa varmistetaan&nbsp;k\u00e4ytt\u00e4j\u00e4tunnusten oikeaoppinen k\u00e4ytt\u00f6 ja&nbsp;p\u00e4\u00e4sy tiloihin. K\u00e4ytt\u00e4j\u00e4tunnus vierailijalle Lyhytaikaista tarvetta varten luovutettava k\u00e4ytt\u00e4j\u00e4tunnus on ns. kertak\u00e4ytt\u00f6tunnus, joka on voimassa 1-5 p\u00e4iv\u00e4\u00e4. Sill\u00e4 voi mm. kirjautua Jamkin ty\u00f6asemille, k\u00e4ytt\u00e4\u00e4 langatonta vierailijaverkkoa (Jamk-Guest), tallentaa kotihakemistoon ja tulostaa pienen m\u00e4\u00e4r\u00e4n dokumentteja. M365 (Office) ja Adobe -lisenssit eiv\u00e4t ole k\u00e4ytett\u00e4viss\u00e4 vierailijatunnuksella. Kertak\u00e4ytt\u00f6tunnus luovutetaan vierailijalle ennen tilaisuuden alkua, [&hellip;]","og_url":"https:\/\/help.jamk.fi\/kirjautuminen\/fi\/kayttajatunnus\/vierailijatunnus\/","og_site_name":"Kirjautuminen","article_modified_time":"2024-09-19T05:52:03+00:00","twitter_card":"summary_large_image","twitter_misc":{"Arvioitu lukuaika":"1 minuutti"},"schema":{"@context":"https:\/\/schema.org","@graph":[{"@type":"WebPage","@id":"https:\/\/help.jamk.fi\/kirjautuminen\/fi\/kayttajatunnus\/vierailijatunnus\/","url":"https:\/\/help.jamk.fi\/kirjautuminen\/fi\/kayttajatunnus\/vierailijatunnus\/","name":"Lyhytaikainen vierailijatunnus - Kirjautuminen","isPartOf":{"@id":"https:\/\/help.jamk.fi\/kirjautuminen\/#website"},"datePublished":"2011-02-02T10:23:29+00:00","dateModified":"2024-09-19T05:52:03+00:00","breadcrumb":{"@id":"https:\/\/help.jamk.fi\/kirjautuminen\/fi\/kayttajatunnus\/vierailijatunnus\/#breadcrumb"},"inLanguage":"fi","potentialAction":[{"@type":"ReadAction","target":["https:\/\/help.jamk.fi\/kirjautuminen\/fi\/kayttajatunnus\/vierailijatunnus\/"]}]},{"@type":"BreadcrumbList","@id":"https:\/\/help.jamk.fi\/kirjautuminen\/fi\/kayttajatunnus\/vierailijatunnus\/#breadcrumb","itemListElement":[{"@type":"ListItem","position":1,"name":"Home","item":"https:\/\/help.jamk.fi\/kirjautuminen\/fi\/"},{"@type":"ListItem","position":2,"name":"K\u00e4ytt\u00e4j\u00e4tunnukset ja salasanat","item":"https:\/\/help.jamk.fi\/kirjautuminen\/fi\/kayttajatunnus\/"},{"@type":"ListItem","position":3,"name":"Lyhytaikainen vierailijatunnus"}]},{"@type":"WebSite","@id":"https:\/\/help.jamk.fi\/kirjautuminen\/#website","url":"https:\/\/help.jamk.fi\/kirjautuminen\/","name":"Kirjautuminen","description":"","potentialAction":[{"@type":"SearchAction","target":{"@type":"EntryPoint","urlTemplate":"https:\/\/help.jamk.fi\/kirjautuminen\/?s={search_term_string}"},"query-input":{"@type":"PropertyValueSpecification","valueRequired":true,"valueName":"search_term_string"}}],"inLanguage":"fi"}]}},"_links":{"self":[{"href":"https:\/\/help.jamk.fi\/kirjautuminen\/wp-json\/wp\/v2\/pages\/1350","targetHints":{"allow":["GET"]}}],"collection":[{"href":"https:\/\/help.jamk.fi\/kirjautuminen\/wp-json\/wp\/v2\/pages"}],"about":[{"href":"https:\/\/help.jamk.fi\/kirjautuminen\/wp-json\/wp\/v2\/types\/page"}],"author":[{"embeddable":true,"href":"https:\/\/help.jamk.fi\/kirjautuminen\/wp-json\/wp\/v2\/users\/66"}],"replies":[{"embeddable":true,"href":"https:\/\/help.jamk.fi\/kirjautuminen\/wp-json\/wp\/v2\/comments?post=1350"}],"version-history":[{"count":16,"href":"https:\/\/help.jamk.fi\/kirjautuminen\/wp-json\/wp\/v2\/pages\/1350\/revisions"}],"predecessor-version":[{"id":2106,"href":"https:\/\/help.jamk.fi\/kirjautuminen\/wp-json\/wp\/v2\/pages\/1350\/revisions\/2106"}],"up":[{"embeddable":true,"href":"https:\/\/help.jamk.fi\/kirjautuminen\/wp-json\/wp\/v2\/pages\/1344"}],"wp:attachment":[{"href":"https:\/\/help.jamk.fi\/kirjautuminen\/wp-json\/wp\/v2\/media?parent=1350"}],"wp:term":[{"taxonomy":"category","embeddable":true,"href":"https:\/\/help.jamk.fi\/kirjautuminen\/wp-json\/wp\/v2\/categories?post=1350"},{"taxonomy":"post_tag","embeddable":true,"href":"https:\/\/help.jamk.fi\/kirjautuminen\/wp-json\/wp\/v2\/tags?post=1350"}],"curies":[{"name":"wp","href":"https:\/\/api.w.org\/{rel}","templated":true}]}}