{"id":2363,"date":"2026-02-13T15:21:13","date_gmt":"2026-02-13T13:21:13","guid":{"rendered":"https:\/\/help.jamk.fi\/kirjautuminen\/?page_id=2363"},"modified":"2026-02-13T15:24:52","modified_gmt":"2026-02-13T13:24:52","slug":"selaimen-valimuistin-ongelmat","status":"publish","type":"page","link":"https:\/\/help.jamk.fi\/kirjautuminen\/fi\/selaimen-valimuistin-ongelmat\/","title":{"rendered":"Selaimen v\u00e4limuistin ongelmat"},"content":{"rendered":"\n<p>Jamkin palveluihin kirjautumisessa k\u00e4ytet\u00e4\u00e4n globaalia Microsoft kirjautumisportaalia. Useilla k\u00e4ytt\u00e4jill\u00e4 on kuitenkin k\u00e4yt\u00f6ss\u00e4\u00e4n Jamkin Microsoft -tilin lis\u00e4ksi muita Microsoft-tilej\u00e4, kuten henkil\u00f6kohtainen, ty\u00f6paikan tai toisen oppilaitoksen tili. Jos samalla laitteella k\u00e4ytet\u00e4\u00e4n yht\u00e4 aikaa useita eri Microsoft-tilej\u00e4, on mahdollista, ett\u00e4 avoimet istunnot ja tallennetut tilitiedot aiheuttavat selaimen v\u00e4limuistissa ristiriitoja, jolloin kirjautuminen voi p\u00e4\u00e4ty\u00e4 virheeseen.<\/p>\n\n\n\n<p>N\u00e4it\u00e4 ongelmia on mahdollista kiert\u00e4\u00e4 k\u00e4ytt\u00e4m\u00e4ll\u00e4 selaimen yksityist\u00e4 ikkunaa, jolla pystyy kiert\u00e4m\u00e4\u00e4n selaimen v\u00e4limuistin ongelmat. T\u00e4m\u00e4 ominaisuus l\u00f6ytyy yleens\u00e4 selaimen oikean yl\u00e4kulman valikosta. Toiminnallisuuden nimi hieman vaihtelee selaimesta riippuen:<\/p>\n\n\n\n<ul class=\"wp-block-list\">\n<li><strong>Microsoft Edge:<\/strong> Uusi InPrivate ikkuna<\/li>\n\n\n\n<li><strong>Google Chrome: <\/strong>Uusi Incognito ikkuna<\/li>\n\n\n\n<li><strong>Mozilla Firefox: <\/strong>Uusi yksityinen ikkuna<\/li>\n\n\n\n<li><strong>Safari: <\/strong>Uusi yksityinen ikkuna (L\u00f6ytyy Arkisto -valikosta)<\/li>\n<\/ul>\n\n\n\n<p>Mik\u00e4li yksityinen ikkuna ei korjaa ongelmaa, tai haluat p\u00e4\u00e4st\u00e4 ongelmasta lopullisesti eroon, on selaimen v\u00e4limuistin tyhjennys yleinen tapa korjata n\u00e4m\u00e4 ongelmat. Alla ohjeet selaimen v\u00e4limuistin tyhjent\u00e4miseen selainkohtaisesti.<\/p>\n\n\n\n<div id=\"accordion-block_0cacdec13fee6467b882b0f0ba66157e\" class=\"accordion block-accordion\">\n  <div class=\"block-accordion__element-header\">\n          <h2>Selaimen v\u00e4limuistin tyhjennys<\/h2>\n      <\/div>\n  <div class=\"block-accordion__accordions\">\n                  <div class=\"accordion-item\">\n          <h2 class=\"h6 accordion-title\">\n            <button id=\"accordion-header-1\" class=\"accordion-header\" aria-expanded=\"false\" aria-controls=\"accordion-panel-1\">\n              Microsoft Edge              <div class='plus-icon' itemprop='logo'><svg aria-hidden=\"true\" viewBox=\"0 0 16 16\" fill=\"none\" xmlns=\"http:\/\/www.w3.org\/2000\/svg\"><path d=\"M8.92 7.1V.06H7.2V7.1H.12v1.72H7.2v7.12h1.72V8.82H16V7.1H8.92z\" fill=\"#0D004C\"\/><\/svg><\/div>              <div class='minus-icon' itemprop='logo'><svg aria-hidden=\"true\" viewBox=\"0 0 14 2\" fill=\"none\" xmlns=\"http:\/\/www.w3.org\/2000\/svg\"><path d=\"M14 1.88H.88V.12H14v1.76z\" fill=\"#fff\"\/><\/svg><\/div>            <\/button>\n          <\/h2>\n          <div class=\"accordion-section-wrapper\">\n            <section id=\"accordion-panel-1\" class=\"accordion-panel\" aria-labelledby=\"accordion-header-1\">\n              <p>Avaa Edgen p\u00e4\u00e4valikko oikean yl\u00e4kulman kolmen pisteen kautta ja valitse sielt\u00e4 &#8221;Poista selausdata&#8221;<\/p>\n<figure id=\"attachment_2364\" aria-describedby=\"caption-attachment-2364\" style=\"width: 241px\" class=\"wp-caption alignnone\"><img loading=\"lazy\" decoding=\"async\" class=\"wp-image-2364 size-medium\" src=\"https:\/\/help.jamk.fi\/kirjautuminen\/wp-content\/uploads\/sites\/138\/2026\/02\/FI_edge1-241x300.jpg\" alt=\"Kuva, jossa Edgen p\u00e4\u00e4navigaatio, josta l\u00f6ytyy toiminto Poista selaustiedot\" width=\"241\" height=\"300\" srcset=\"https:\/\/help.jamk.fi\/kirjautuminen\/wp-content\/uploads\/sites\/138\/2026\/02\/FI_edge1-241x300.jpg 241w, https:\/\/help.jamk.fi\/kirjautuminen\/wp-content\/uploads\/sites\/138\/2026\/02\/FI_edge1.jpg 589w\" sizes=\"auto, (max-width: 241px) 100vw, 241px\" \/><figcaption id=\"caption-attachment-2364\" class=\"wp-caption-text\">Edgen p\u00e4\u00e4navigaatio<\/figcaption><\/figure>\n<p>Muista tarvittaessa muuttaa tyhjennett\u00e4v\u00e4 aikav\u00e4li. Suositus on tyhjent\u00e4\u00e4 koko historia. Mik\u00e4li selaimeen on tallennettuna t\u00e4rkeit\u00e4 kirjautumis- ja lomaketietoja, n\u00e4it\u00e4 ei ole v\u00e4ltt\u00e4m\u00e4tt\u00e4 pakko tyhjent\u00e4\u00e4. Lopuksi valinta &#8221;Tyhjenn\u00e4 nyt&#8221;<\/p>\n<figure id=\"attachment_2365\" aria-describedby=\"caption-attachment-2365\" style=\"width: 243px\" class=\"wp-caption alignnone\"><img loading=\"lazy\" decoding=\"async\" class=\"wp-image-2365 size-medium\" src=\"https:\/\/help.jamk.fi\/kirjautuminen\/wp-content\/uploads\/sites\/138\/2026\/02\/FI_edge2-243x300.jpg\" alt=\"Kuva, jossa selaustietojen poistamisen tarkemmat asetukset. Ylimp\u00e4n\u00e4 tulee valita aikav\u00e4li, jonka ajalta selaustiedot poistetaan. Alempana on valinnat, mit\u00e4 halutaan poistaa.\" width=\"243\" height=\"300\" srcset=\"https:\/\/help.jamk.fi\/kirjautuminen\/wp-content\/uploads\/sites\/138\/2026\/02\/FI_edge2-243x300.jpg 243w, https:\/\/help.jamk.fi\/kirjautuminen\/wp-content\/uploads\/sites\/138\/2026\/02\/FI_edge2.jpg 415w\" sizes=\"auto, (max-width: 243px) 100vw, 243px\" \/><figcaption id=\"caption-attachment-2365\" class=\"wp-caption-text\">Selaustietojen poistamisen asetukset<\/figcaption><\/figure>\n            <\/section>\n          <\/div>\n        <\/div>\n              <div class=\"accordion-item\">\n          <h2 class=\"h6 accordion-title\">\n            <button id=\"accordion-header-2\" class=\"accordion-header\" aria-expanded=\"false\" aria-controls=\"accordion-panel-2\">\n              Google Chrome              <div class='plus-icon' itemprop='logo'><svg aria-hidden=\"true\" viewBox=\"0 0 16 16\" fill=\"none\" xmlns=\"http:\/\/www.w3.org\/2000\/svg\"><path d=\"M8.92 7.1V.06H7.2V7.1H.12v1.72H7.2v7.12h1.72V8.82H16V7.1H8.92z\" fill=\"#0D004C\"\/><\/svg><\/div>              <div class='minus-icon' itemprop='logo'><svg aria-hidden=\"true\" viewBox=\"0 0 14 2\" fill=\"none\" xmlns=\"http:\/\/www.w3.org\/2000\/svg\"><path d=\"M14 1.88H.88V.12H14v1.76z\" fill=\"#fff\"\/><\/svg><\/div>            <\/button>\n          <\/h2>\n          <div class=\"accordion-section-wrapper\">\n            <section id=\"accordion-panel-2\" class=\"accordion-panel\" aria-labelledby=\"accordion-header-2\">\n              <figure id=\"attachment_2370\" aria-describedby=\"caption-attachment-2370\" style=\"width: 529px\" class=\"wp-caption alignnone\"><img loading=\"lazy\" decoding=\"async\" class=\"wp-image-2370 size-full\" src=\"https:\/\/help.jamk.fi\/kirjautuminen\/wp-content\/uploads\/sites\/138\/2026\/02\/FI_chrome1.jpg\" alt=\"Kuvassa Chrome selaimen p\u00e4\u00e4valikko. joka avattuna selaimen oikeasta yl\u00e4kulmasta. Poista selausdata -valinta p\u00e4\u00e4valikosta korostettuna\" width=\"529\" height=\"809\" srcset=\"https:\/\/help.jamk.fi\/kirjautuminen\/wp-content\/uploads\/sites\/138\/2026\/02\/FI_chrome1.jpg 529w, https:\/\/help.jamk.fi\/kirjautuminen\/wp-content\/uploads\/sites\/138\/2026\/02\/FI_chrome1-196x300.jpg 196w\" sizes=\"auto, (max-width: 529px) 100vw, 529px\" \/><figcaption id=\"caption-attachment-2370\" class=\"wp-caption-text\">Chromen p\u00e4\u00e4valikko<\/figcaption><\/figure>\n<figure id=\"attachment_2371\" aria-describedby=\"caption-attachment-2371\" style=\"width: 784px\" class=\"wp-caption alignnone\"><img loading=\"lazy\" decoding=\"async\" class=\"wp-image-2371 size-full\" src=\"https:\/\/help.jamk.fi\/kirjautuminen\/wp-content\/uploads\/sites\/138\/2026\/02\/FI_chrome2.jpg\" alt=\"Kuvassa tarkemmat asetukset Chromen selausdatan poistamiseksi. Aikav\u00e4li tulee valita &quot;Lis\u00e4\u00e4&quot; valikon kautta ja suositus on tyhjent\u00e4\u00e4 Kaikki -aikav\u00e4lin selausdata. Alempana lis\u00e4\u00e4 valintoja, jossa m\u00e4\u00e4ritet\u00e4\u00e4n mit\u00e4 tietoja poistetaan\" width=\"784\" height=\"877\" srcset=\"https:\/\/help.jamk.fi\/kirjautuminen\/wp-content\/uploads\/sites\/138\/2026\/02\/FI_chrome2.jpg 784w, https:\/\/help.jamk.fi\/kirjautuminen\/wp-content\/uploads\/sites\/138\/2026\/02\/FI_chrome2-268x300.jpg 268w, https:\/\/help.jamk.fi\/kirjautuminen\/wp-content\/uploads\/sites\/138\/2026\/02\/FI_chrome2-768x859.jpg 768w\" sizes=\"auto, (max-width: 784px) 100vw, 784px\" \/><figcaption id=\"caption-attachment-2371\" class=\"wp-caption-text\">Chromen selausdatan poistamisen asetukset<\/figcaption><\/figure>\n<p>Avaa Chromen p\u00e4\u00e4valikko oikean yl\u00e4kulman kolmen pisteen kautta ja valitse sielt\u00e4 &#8221;Poista selausdata&#8221;<\/p>\n<p>Muista tarvittaessa muuttaa tyhjennett\u00e4v\u00e4 aikav\u00e4li. Suositus on tyhjent\u00e4\u00e4 koko historia. Mik\u00e4li selaimeen on tallennettuna t\u00e4rkeit\u00e4 kirjautumis- ja lomaketietoja, n\u00e4it\u00e4 ei ole v\u00e4ltt\u00e4m\u00e4tt\u00e4 pakko tyhjent\u00e4\u00e4. T\u00e4m\u00e4n j\u00e4lkeen valinta &#8221;Poista t\u00e4lt\u00e4 laitteelta&#8221;<\/p>\n            <\/section>\n          <\/div>\n        <\/div>\n              <div class=\"accordion-item\">\n          <h2 class=\"h6 accordion-title\">\n            <button id=\"accordion-header-3\" class=\"accordion-header\" aria-expanded=\"false\" aria-controls=\"accordion-panel-3\">\n              Mozilla Firefox              <div class='plus-icon' itemprop='logo'><svg aria-hidden=\"true\" viewBox=\"0 0 16 16\" fill=\"none\" xmlns=\"http:\/\/www.w3.org\/2000\/svg\"><path d=\"M8.92 7.1V.06H7.2V7.1H.12v1.72H7.2v7.12h1.72V8.82H16V7.1H8.92z\" fill=\"#0D004C\"\/><\/svg><\/div>              <div class='minus-icon' itemprop='logo'><svg aria-hidden=\"true\" viewBox=\"0 0 14 2\" fill=\"none\" xmlns=\"http:\/\/www.w3.org\/2000\/svg\"><path d=\"M14 1.88H.88V.12H14v1.76z\" fill=\"#fff\"\/><\/svg><\/div>            <\/button>\n          <\/h2>\n          <div class=\"accordion-section-wrapper\">\n            <section id=\"accordion-panel-3\" class=\"accordion-panel\" aria-labelledby=\"accordion-header-3\">\n              <figure id=\"attachment_2374\" aria-describedby=\"caption-attachment-2374\" style=\"width: 955px\" class=\"wp-caption alignnone\"><img loading=\"lazy\" decoding=\"async\" class=\"wp-image-2374 size-full\" src=\"https:\/\/help.jamk.fi\/kirjautuminen\/wp-content\/uploads\/sites\/138\/2026\/02\/FI_firefox1.jpg\" alt=\"Kuvassa Firefox selaimen p\u00e4\u00e4valikko avattuna oikeastra yl\u00e4kulmasta. Korostettuna valikosta valinta Historia ja sen alavalikosta kohta Poista viimeaikaisia historiatietoja\" width=\"955\" height=\"854\" srcset=\"https:\/\/help.jamk.fi\/kirjautuminen\/wp-content\/uploads\/sites\/138\/2026\/02\/FI_firefox1.jpg 955w, https:\/\/help.jamk.fi\/kirjautuminen\/wp-content\/uploads\/sites\/138\/2026\/02\/FI_firefox1-300x268.jpg 300w, https:\/\/help.jamk.fi\/kirjautuminen\/wp-content\/uploads\/sites\/138\/2026\/02\/FI_firefox1-768x687.jpg 768w\" sizes=\"auto, (max-width: 955px) 100vw, 955px\" \/><figcaption id=\"caption-attachment-2374\" class=\"wp-caption-text\">Firefox p\u00e4\u00e4valikko<\/figcaption><\/figure>\n<figure id=\"attachment_2375\" aria-describedby=\"caption-attachment-2375\" style=\"width: 631px\" class=\"wp-caption alignnone\"><img loading=\"lazy\" decoding=\"async\" class=\"wp-image-2375 size-full\" src=\"https:\/\/help.jamk.fi\/kirjautuminen\/wp-content\/uploads\/sites\/138\/2026\/02\/FI_firefox2.jpg\" alt=\"Kuvassa Firefox selaimen selausdatan poistamisen tarkemmat asetukset. Ylimp\u00e4n\u00e4 on alasvetovalikko, josta voi m\u00e4\u00e4ritt\u00e4\u00e4 aikajakson, milt\u00e4 v\u00e4lilt\u00e4 selausdata tyhjennet\u00e4\u00e4n. Alempana valintoja, joissa m\u00e4\u00e4ritet\u00e4\u00e4n mit\u00e4 tietoja poistetaan\" width=\"631\" height=\"884\" srcset=\"https:\/\/help.jamk.fi\/kirjautuminen\/wp-content\/uploads\/sites\/138\/2026\/02\/FI_firefox2.jpg 631w, https:\/\/help.jamk.fi\/kirjautuminen\/wp-content\/uploads\/sites\/138\/2026\/02\/FI_firefox2-214x300.jpg 214w\" sizes=\"auto, (max-width: 631px) 100vw, 631px\" \/><figcaption id=\"caption-attachment-2375\" class=\"wp-caption-text\">Firefox selaustietojen poistamisen asetukset<\/figcaption><\/figure>\n<p>Avaa Firefoxin p\u00e4\u00e4valikko oikean yl\u00e4kulman kolmen viivan kautta ja valitse sielt\u00e4 &#8221;Sivuhistoria&#8221; ja seuraavaksi &#8221;Poista viimeaikaisia historiatietoja&#8221;<\/p>\n<p>Muista tarvittaessa muuttaa tyhjennett\u00e4v\u00e4 aikav\u00e4li. Suositus on tyhjent\u00e4\u00e4 koko historia. Mik\u00e4li selaimeen on tallennettuna t\u00e4rkeit\u00e4 kirjautumis- ja lomaketietoja, n\u00e4it\u00e4 ei ole v\u00e4ltt\u00e4m\u00e4tt\u00e4 pakko tyhjent\u00e4\u00e4. T\u00e4m\u00e4n j\u00e4lkeen valinta &#8221;Poista&#8221;<\/p>\n            <\/section>\n          <\/div>\n        <\/div>\n              <div class=\"accordion-item\">\n          <h2 class=\"h6 accordion-title\">\n            <button id=\"accordion-header-4\" class=\"accordion-header\" aria-expanded=\"false\" aria-controls=\"accordion-panel-4\">\n              Safari              <div class='plus-icon' itemprop='logo'><svg aria-hidden=\"true\" viewBox=\"0 0 16 16\" fill=\"none\" xmlns=\"http:\/\/www.w3.org\/2000\/svg\"><path d=\"M8.92 7.1V.06H7.2V7.1H.12v1.72H7.2v7.12h1.72V8.82H16V7.1H8.92z\" fill=\"#0D004C\"\/><\/svg><\/div>              <div class='minus-icon' itemprop='logo'><svg aria-hidden=\"true\" viewBox=\"0 0 14 2\" fill=\"none\" xmlns=\"http:\/\/www.w3.org\/2000\/svg\"><path d=\"M14 1.88H.88V.12H14v1.76z\" fill=\"#fff\"\/><\/svg><\/div>            <\/button>\n          <\/h2>\n          <div class=\"accordion-section-wrapper\">\n            <section id=\"accordion-panel-4\" class=\"accordion-panel\" aria-labelledby=\"accordion-header-4\">\n              <figure id=\"attachment_2381\" aria-describedby=\"caption-attachment-2381\" style=\"width: 1422px\" class=\"wp-caption alignnone\"><img loading=\"lazy\" decoding=\"async\" class=\"wp-image-2381 size-full\" src=\"https:\/\/help.jamk.fi\/kirjautuminen\/wp-content\/uploads\/sites\/138\/2026\/02\/FI_Safari1.png\" alt=\"Kuvassa avattuna Safari selaimen Historia valikko ja sielt\u00e4 korostettuna alimmainen valinta Tyhjenn\u00e4 historia\" width=\"1422\" height=\"914\" srcset=\"https:\/\/help.jamk.fi\/kirjautuminen\/wp-content\/uploads\/sites\/138\/2026\/02\/FI_Safari1.png 1422w, https:\/\/help.jamk.fi\/kirjautuminen\/wp-content\/uploads\/sites\/138\/2026\/02\/FI_Safari1-300x193.png 300w, https:\/\/help.jamk.fi\/kirjautuminen\/wp-content\/uploads\/sites\/138\/2026\/02\/FI_Safari1-1024x658.png 1024w, https:\/\/help.jamk.fi\/kirjautuminen\/wp-content\/uploads\/sites\/138\/2026\/02\/FI_Safari1-768x494.png 768w\" sizes=\"auto, (max-width: 1422px) 100vw, 1422px\" \/><figcaption id=\"caption-attachment-2381\" class=\"wp-caption-text\">Safari selausdatan poistaminen<\/figcaption><\/figure>\n<figure id=\"attachment_2377\" aria-describedby=\"caption-attachment-2377\" style=\"width: 866px\" class=\"wp-caption alignnone\"><img loading=\"lazy\" decoding=\"async\" class=\"wp-image-2377 size-full\" src=\"https:\/\/help.jamk.fi\/kirjautuminen\/wp-content\/uploads\/sites\/138\/2026\/02\/FI_Safari2.png\" alt=\"Kuvassa Safari selaimen historian tyhjent\u00e4miseen liittyv\u00e4 ilmoitus, jossa tulee valita ajanjakso, milt\u00e4 ajalta historia tyhjennet\u00e4\u00e4n. Alempana painike Kumoa ja Tyhjenn\u00e4 historia, joista voi peruuttaa toiminnan tai vahvistaa tyhjennyksen valitulta ajanjaksolta\" width=\"866\" height=\"334\" srcset=\"https:\/\/help.jamk.fi\/kirjautuminen\/wp-content\/uploads\/sites\/138\/2026\/02\/FI_Safari2.png 866w, https:\/\/help.jamk.fi\/kirjautuminen\/wp-content\/uploads\/sites\/138\/2026\/02\/FI_Safari2-300x116.png 300w, https:\/\/help.jamk.fi\/kirjautuminen\/wp-content\/uploads\/sites\/138\/2026\/02\/FI_Safari2-768x296.png 768w\" sizes=\"auto, (max-width: 866px) 100vw, 866px\" \/><figcaption id=\"caption-attachment-2377\" class=\"wp-caption-text\">Safari &#8211; selausdatan tyhjennys<\/figcaption><\/figure>\n<p>Avaa Safarin yl\u00e4laidasta valikko &#8221;Historia&#8221; ja valitse &#8221;Tyhjenn\u00e4 historia&#8221;<\/p>\n<p>Muista tarvittaessa muuttaa tyhjennett\u00e4v\u00e4 aikav\u00e4li. Suositus on tyhjent\u00e4\u00e4 koko historia. Mik\u00e4li selaimeen on tallennettuna t\u00e4rkeit\u00e4 kirjautumis- ja lomaketietoja, n\u00e4it\u00e4 ei ole v\u00e4ltt\u00e4m\u00e4tt\u00e4 pakko tyhjent\u00e4\u00e4. T\u00e4m\u00e4n j\u00e4lkeen valinta &#8221;Tyhjenn\u00e4 historia&#8221;<\/p>\n            <\/section>\n          <\/div>\n        <\/div>\n            <\/div>\n<\/div>\n\n\n<p><\/p>\n","protected":false},"excerpt":{"rendered":"<p>Jamkin palveluihin kirjautumisessa k\u00e4ytet\u00e4\u00e4n globaalia Microsoft kirjautumisportaalia. Useilla k\u00e4ytt\u00e4jill\u00e4 on kuitenkin k\u00e4yt\u00f6ss\u00e4\u00e4n Jamkin Microsoft -tilin lis\u00e4ksi muita Microsoft-tilej\u00e4, kuten henkil\u00f6kohtainen, ty\u00f6paikan tai toisen oppilaitoksen tili. Jos samalla laitteella k\u00e4ytet\u00e4\u00e4n yht\u00e4 aikaa useita eri Microsoft-tilej\u00e4, on mahdollista, ett\u00e4 avoimet istunnot ja tallennetut tilitiedot aiheuttavat selaimen v\u00e4limuistissa ristiriitoja, jolloin kirjautuminen voi p\u00e4\u00e4ty\u00e4 virheeseen. N\u00e4it\u00e4 ongelmia on mahdollista [&hellip;]<\/p>\n","protected":false},"author":66,"featured_media":0,"parent":0,"menu_order":8,"comment_status":"closed","ping_status":"closed","template":"","meta":{"_acf_changed":false,"_relevanssi_hide_post":"","_relevanssi_hide_content":"","_relevanssi_pin_for_all":"","_relevanssi_pin_keywords":"kirjautuminen, virhe, ep\u00e4onnistuu, historia","_relevanssi_unpin_keywords":"","_relevanssi_related_keywords":"","_relevanssi_related_include_ids":"","_relevanssi_related_exclude_ids":"","_relevanssi_related_no_append":"","_relevanssi_related_not_related":"","_relevanssi_related_posts":"","_relevanssi_noindex_reason":"","footnotes":""},"categories":[],"tags":[],"class_list":["post-2363","page","type-page","status-publish","hentry"],"acf":[],"yoast_head":"<!-- This site is optimized with the Yoast SEO plugin v27.3 - https:\/\/yoast.com\/product\/yoast-seo-wordpress\/ -->\n<title>Selaimen v\u00e4limuistin ongelmat - Kirjautuminen<\/title>\n<meta name=\"robots\" content=\"index, follow, max-snippet:-1, max-image-preview:large, max-video-preview:-1\" \/>\n<link rel=\"canonical\" href=\"https:\/\/help.jamk.fi\/kirjautuminen\/fi\/selaimen-valimuistin-ongelmat\/\" \/>\n<meta property=\"og:locale\" content=\"fi_FI\" \/>\n<meta property=\"og:type\" content=\"article\" \/>\n<meta property=\"og:title\" content=\"Selaimen v\u00e4limuistin ongelmat - Kirjautuminen\" \/>\n<meta property=\"og:description\" content=\"Jamkin palveluihin kirjautumisessa k\u00e4ytet\u00e4\u00e4n globaalia Microsoft kirjautumisportaalia. Useilla k\u00e4ytt\u00e4jill\u00e4 on kuitenkin k\u00e4yt\u00f6ss\u00e4\u00e4n Jamkin Microsoft -tilin lis\u00e4ksi muita Microsoft-tilej\u00e4, kuten henkil\u00f6kohtainen, ty\u00f6paikan tai toisen oppilaitoksen tili. Jos samalla laitteella k\u00e4ytet\u00e4\u00e4n yht\u00e4 aikaa useita eri Microsoft-tilej\u00e4, on mahdollista, ett\u00e4 avoimet istunnot ja tallennetut tilitiedot aiheuttavat selaimen v\u00e4limuistissa ristiriitoja, jolloin kirjautuminen voi p\u00e4\u00e4ty\u00e4 virheeseen. N\u00e4it\u00e4 ongelmia on mahdollista [&hellip;]\" \/>\n<meta property=\"og:url\" content=\"https:\/\/help.jamk.fi\/kirjautuminen\/fi\/selaimen-valimuistin-ongelmat\/\" \/>\n<meta property=\"og:site_name\" content=\"Kirjautuminen\" \/>\n<meta property=\"article:modified_time\" content=\"2026-02-13T13:24:52+00:00\" \/>\n<meta name=\"twitter:card\" content=\"summary_large_image\" \/>\n<meta name=\"twitter:label1\" content=\"Arvioitu lukuaika\" \/>\n\t<meta name=\"twitter:data1\" content=\"1 minuutti\" \/>\n<script type=\"application\/ld+json\" class=\"yoast-schema-graph\">{\"@context\":\"https:\\\/\\\/schema.org\",\"@graph\":[{\"@type\":\"WebPage\",\"@id\":\"https:\\\/\\\/help.jamk.fi\\\/kirjautuminen\\\/fi\\\/selaimen-valimuistin-ongelmat\\\/\",\"url\":\"https:\\\/\\\/help.jamk.fi\\\/kirjautuminen\\\/fi\\\/selaimen-valimuistin-ongelmat\\\/\",\"name\":\"Selaimen v\u00e4limuistin ongelmat - Kirjautuminen\",\"isPartOf\":{\"@id\":\"https:\\\/\\\/help.jamk.fi\\\/kirjautuminen\\\/#website\"},\"datePublished\":\"2026-02-13T13:21:13+00:00\",\"dateModified\":\"2026-02-13T13:24:52+00:00\",\"breadcrumb\":{\"@id\":\"https:\\\/\\\/help.jamk.fi\\\/kirjautuminen\\\/fi\\\/selaimen-valimuistin-ongelmat\\\/#breadcrumb\"},\"inLanguage\":\"fi\",\"potentialAction\":[{\"@type\":\"ReadAction\",\"target\":[\"https:\\\/\\\/help.jamk.fi\\\/kirjautuminen\\\/fi\\\/selaimen-valimuistin-ongelmat\\\/\"]}]},{\"@type\":\"BreadcrumbList\",\"@id\":\"https:\\\/\\\/help.jamk.fi\\\/kirjautuminen\\\/fi\\\/selaimen-valimuistin-ongelmat\\\/#breadcrumb\",\"itemListElement\":[{\"@type\":\"ListItem\",\"position\":1,\"name\":\"Home\",\"item\":\"https:\\\/\\\/help.jamk.fi\\\/kirjautuminen\\\/fi\\\/\"},{\"@type\":\"ListItem\",\"position\":2,\"name\":\"Selaimen v\u00e4limuistin ongelmat\"}]},{\"@type\":\"WebSite\",\"@id\":\"https:\\\/\\\/help.jamk.fi\\\/kirjautuminen\\\/#website\",\"url\":\"https:\\\/\\\/help.jamk.fi\\\/kirjautuminen\\\/\",\"name\":\"Kirjautuminen\",\"description\":\"\",\"potentialAction\":[{\"@type\":\"SearchAction\",\"target\":{\"@type\":\"EntryPoint\",\"urlTemplate\":\"https:\\\/\\\/help.jamk.fi\\\/kirjautuminen\\\/?s={search_term_string}\"},\"query-input\":{\"@type\":\"PropertyValueSpecification\",\"valueRequired\":true,\"valueName\":\"search_term_string\"}}],\"inLanguage\":\"fi\"}]}<\/script>\n<!-- \/ Yoast SEO plugin. -->","yoast_head_json":{"title":"Selaimen v\u00e4limuistin ongelmat - Kirjautuminen","robots":{"index":"index","follow":"follow","max-snippet":"max-snippet:-1","max-image-preview":"max-image-preview:large","max-video-preview":"max-video-preview:-1"},"canonical":"https:\/\/help.jamk.fi\/kirjautuminen\/fi\/selaimen-valimuistin-ongelmat\/","og_locale":"fi_FI","og_type":"article","og_title":"Selaimen v\u00e4limuistin ongelmat - Kirjautuminen","og_description":"Jamkin palveluihin kirjautumisessa k\u00e4ytet\u00e4\u00e4n globaalia Microsoft kirjautumisportaalia. Useilla k\u00e4ytt\u00e4jill\u00e4 on kuitenkin k\u00e4yt\u00f6ss\u00e4\u00e4n Jamkin Microsoft -tilin lis\u00e4ksi muita Microsoft-tilej\u00e4, kuten henkil\u00f6kohtainen, ty\u00f6paikan tai toisen oppilaitoksen tili. Jos samalla laitteella k\u00e4ytet\u00e4\u00e4n yht\u00e4 aikaa useita eri Microsoft-tilej\u00e4, on mahdollista, ett\u00e4 avoimet istunnot ja tallennetut tilitiedot aiheuttavat selaimen v\u00e4limuistissa ristiriitoja, jolloin kirjautuminen voi p\u00e4\u00e4ty\u00e4 virheeseen. N\u00e4it\u00e4 ongelmia on mahdollista [&hellip;]","og_url":"https:\/\/help.jamk.fi\/kirjautuminen\/fi\/selaimen-valimuistin-ongelmat\/","og_site_name":"Kirjautuminen","article_modified_time":"2026-02-13T13:24:52+00:00","twitter_card":"summary_large_image","twitter_misc":{"Arvioitu lukuaika":"1 minuutti"},"schema":{"@context":"https:\/\/schema.org","@graph":[{"@type":"WebPage","@id":"https:\/\/help.jamk.fi\/kirjautuminen\/fi\/selaimen-valimuistin-ongelmat\/","url":"https:\/\/help.jamk.fi\/kirjautuminen\/fi\/selaimen-valimuistin-ongelmat\/","name":"Selaimen v\u00e4limuistin ongelmat - Kirjautuminen","isPartOf":{"@id":"https:\/\/help.jamk.fi\/kirjautuminen\/#website"},"datePublished":"2026-02-13T13:21:13+00:00","dateModified":"2026-02-13T13:24:52+00:00","breadcrumb":{"@id":"https:\/\/help.jamk.fi\/kirjautuminen\/fi\/selaimen-valimuistin-ongelmat\/#breadcrumb"},"inLanguage":"fi","potentialAction":[{"@type":"ReadAction","target":["https:\/\/help.jamk.fi\/kirjautuminen\/fi\/selaimen-valimuistin-ongelmat\/"]}]},{"@type":"BreadcrumbList","@id":"https:\/\/help.jamk.fi\/kirjautuminen\/fi\/selaimen-valimuistin-ongelmat\/#breadcrumb","itemListElement":[{"@type":"ListItem","position":1,"name":"Home","item":"https:\/\/help.jamk.fi\/kirjautuminen\/fi\/"},{"@type":"ListItem","position":2,"name":"Selaimen v\u00e4limuistin ongelmat"}]},{"@type":"WebSite","@id":"https:\/\/help.jamk.fi\/kirjautuminen\/#website","url":"https:\/\/help.jamk.fi\/kirjautuminen\/","name":"Kirjautuminen","description":"","potentialAction":[{"@type":"SearchAction","target":{"@type":"EntryPoint","urlTemplate":"https:\/\/help.jamk.fi\/kirjautuminen\/?s={search_term_string}"},"query-input":{"@type":"PropertyValueSpecification","valueRequired":true,"valueName":"search_term_string"}}],"inLanguage":"fi"}]}},"_links":{"self":[{"href":"https:\/\/help.jamk.fi\/kirjautuminen\/wp-json\/wp\/v2\/pages\/2363","targetHints":{"allow":["GET"]}}],"collection":[{"href":"https:\/\/help.jamk.fi\/kirjautuminen\/wp-json\/wp\/v2\/pages"}],"about":[{"href":"https:\/\/help.jamk.fi\/kirjautuminen\/wp-json\/wp\/v2\/types\/page"}],"author":[{"embeddable":true,"href":"https:\/\/help.jamk.fi\/kirjautuminen\/wp-json\/wp\/v2\/users\/66"}],"replies":[{"embeddable":true,"href":"https:\/\/help.jamk.fi\/kirjautuminen\/wp-json\/wp\/v2\/comments?post=2363"}],"version-history":[{"count":7,"href":"https:\/\/help.jamk.fi\/kirjautuminen\/wp-json\/wp\/v2\/pages\/2363\/revisions"}],"predecessor-version":[{"id":2412,"href":"https:\/\/help.jamk.fi\/kirjautuminen\/wp-json\/wp\/v2\/pages\/2363\/revisions\/2412"}],"wp:attachment":[{"href":"https:\/\/help.jamk.fi\/kirjautuminen\/wp-json\/wp\/v2\/media?parent=2363"}],"wp:term":[{"taxonomy":"category","embeddable":true,"href":"https:\/\/help.jamk.fi\/kirjautuminen\/wp-json\/wp\/v2\/categories?post=2363"},{"taxonomy":"post_tag","embeddable":true,"href":"https:\/\/help.jamk.fi\/kirjautuminen\/wp-json\/wp\/v2\/tags?post=2363"}],"curies":[{"name":"wp","href":"https:\/\/api.w.org\/{rel}","templated":true}]}}