{"id":467,"date":"2011-03-18T09:07:17","date_gmt":"2011-03-18T07:07:17","guid":{"rendered":"https:\/\/help.jamk.fi\/lyhytkurssi\/ilmoittautumisten-kasittely\/tietojen-siirto-peppiin\/"},"modified":"2024-11-04T12:18:26","modified_gmt":"2024-11-04T10:18:26","slug":"tietojen-siirto-peppiin","status":"publish","type":"page","link":"https:\/\/help.jamk.fi\/lyhytkurssi\/fi\/ilmoittautumisten-kasittely\/tietojen-siirto-peppiin\/","title":{"rendered":"Opiskelijatietojen siirto Peppiin"},"content":{"rendered":"\n<p>Opiskelijatietojen siirron yhteydess\u00e4 vied\u00e4\u00e4n Peppiin henkil\u00f6tiedot (opintojakso yms. tiedot eiv\u00e4t siirry).<\/p>\n\n\n\n<p>Huomioi ennen siirtoa:<\/p>\n\n\n\n<ul class=\"wp-block-list\">\n<li>Sinulla tulee olla k\u00e4ytt\u00f6oikeus Pepin korkeakoulun ty\u00f6p\u00f6yd\u00e4lle.<\/li>\n\n\n\n<li>Siirrett\u00e4vien opiskelijoiden ilmoittautumisten tulee olla <strong><a href=\"https:\/\/help.jamk.fi\/lyhytkurssi\/fi\/ilmoittautumisten-kasittely\/\">k\u00e4sitelty<\/a><\/strong> ja heid\u00e4t tulee olla <strong>hyv\u00e4ksytty<\/strong> kurssille<\/li>\n\n\n\n<li>Opiskelijoiden tietojen tulee olla kunnossa&nbsp; ja tarkistettu (mm. henkil\u00f6-, osoite- ja puhelinnumerotiedot) ennen siirtoa, sill\u00e4 siirron j\u00e4lkeen heille l\u00e4htee muodostumaan Pepin kautta tunnukset, s\u00e4hk\u00f6postit&nbsp; jne. Virheiden korjaaminen on siis helpointa tehd\u00e4 jo Lyhytkurssissa.<\/li>\n\n\n\n<li>Jos hetu on v\u00e4\u00e4rin, siirto Peppiin ei onnistu. Ulkomaisilla opiskelijoilla riitt\u00e4\u00e4 syntym\u00e4aika ja s\u00e4hk\u00f6posti, kaikilla suomalaisilla opiskelijoilla on oltava hetu kokonaisuudessaan ja oikeassa muodossa.<\/li>\n\n\n\n<li>Jos tuodaan (ulkomaiset opiskelijat) vain syntym\u00e4aika, Lyhytkurssi osaa muokata vain seuraavissa muodoissa sy\u00f6tetyt syntym\u00e4ajat &#8221;ITU-muotoon&#8221; (ITU-muoto: vvvv-kk-pp):\n<ul class=\"wp-block-list\">\n<li>12.4.1999<\/li>\n\n\n\n<li>12.04.1999<\/li>\n\n\n\n<li>12-04-1999<\/li>\n\n\n\n<li>12\/4\/2000<\/li>\n\n\n\n<li>120400<\/li>\n<\/ul>\n<\/li>\n\n\n\n<li><div>ITU antaa siis virheilmoituksen, jos syntym\u00e4aika on sy\u00f6tetty lomakkeelle jossain muussa muodossa. N\u00e4m\u00e4 on korjattava joko tiedostoon tai Lyhytkurssiin oikeiksi ennen siirtoa.<\/div><\/li>\n\n\n\n<li>Kaikissa lomakkeissa (esim. Summer school) ei kysyt\u00e4 \u00e4idinkielt\u00e4. T\u00e4m\u00e4 on ITU-siirrossa kuitenkin pakollinen tieto. Tieto m\u00e4\u00e4ritell\u00e4\u00e4n n\u00e4iss\u00e4 tapauksissa henkil\u00f6n Kansalaisuus-kent\u00e4st\u00e4 seuraavalla tavalla. Jos kansalaisuus on\n<ul class=\"wp-block-list\">\n<li>Suomi &gt; kieli suomi<\/li>\n\n\n\n<li>Ruotsi &gt; kieli ruotsi<\/li>\n\n\n\n<li>Ven\u00e4j\u00e4 &gt; kieli ven\u00e4j\u00e4<\/li>\n\n\n\n<li>Viro &gt; kieli viro<\/li>\n\n\n\n<li>Somali &gt; kieli somali<\/li>\n\n\n\n<li>Britannia &gt; kieli englanti<\/li>\n\n\n\n<li>jokin muu kansalaisuus &gt; kieli muu<\/li>\n<\/ul>\n<\/li>\n\n\n\n<li>Pepist\u00e4 t\u00e4ytyy l\u00f6yty\u00e4 sek\u00e4 Peppi-mallipohja ett\u00e4 toteutus, jolle opiskelijat tuodaan. Mallipohjat tilataan erikseen Helpdeskin kautta.<\/li>\n<\/ul>\n\n\n\n<h2 class=\"wp-block-heading\">Opiskelijatietojen siirto vaihe vaiheelta (ITU-palvelu)<\/h2>\n\n\n\n<ol class=\"wp-block-list\">\n<li>Tee ilmoittautumisten kiinnitykset ja hyv\u00e4ksy ilmoittautuneet kurssille.\n<ul class=\"wp-block-list\">\n<li>HUOM. kaikilla lomakkeilla ei kysyt\u00e4 kotikuntaa (esim. Summer School -lomakkeella). Tieto on kuitenkin siirrossa pakollinen. Tarkista kiinnityksen yhteydess\u00e4, ett\u00e4 henkil\u00f6tietojen Sijaintikunta-kent\u00e4ss\u00e4 on kotikuntatieto. Ulkomaisilla henkil\u00f6ill\u00e4 kent\u00e4ss\u00e4 tulee olla &#8221;A Foreign country \/ Ulkomaat&#8221;. <\/li>\n<\/ul>\n<\/li>\n\n\n\n<li>Valitse ilmoittautumisn\u00e4kym\u00e4n yl\u00e4osasta (kurssin linkki) k\u00e4sitelt\u00e4v\u00e4n\u00e4 oleva kurssi auki.<\/li>\n\n\n\n<li>Kurssitietojen yll\u00e4pitoikkunassa paina ruudun yl\u00e4reunasta <strong>Peppi-siirto<\/strong> -painiketta. Siirtotoiminnon ikkuna aukeaa. Peppi-siirto hakee listalle kaikki ko. kurssille hyv\u00e4ksytyt henkil\u00f6t.<\/li>\n\n\n\n<li>Valitse listalta siirrett\u00e4v\u00e4t opiskelijat.<\/li>\n\n\n\n<li>Klikkaa sivun alaosassa n\u00e4kyv\u00e4\u00e4 <strong>Peppiin <\/strong>-painiketta ja tallenna n\u00e4in aukeava tiedosto haluamaasi paikkaan (C:\/Temp on suositeltu kansio, koska tiedot poistetaan sielt\u00e4 automaattisesti) (kuvio 1).<br> <img loading=\"lazy\" decoding=\"async\" width=\"241\" height=\"337\" class=\" wp-image-1008\" src=\"https:\/\/help.jamk.fi\/lyhytkurssi\/wp-content\/uploads\/sites\/75\/2023\/07\/Peppi-siirto1.png\" alt=\"\"> <br>Kuvio 1. Peppiin-painike Lyhkiss\u00e4<br><\/li>\n\n\n\n<li>Tarkista, ett\u00e4 tallennettu tiedosto on oikeaa muotoa (kuvio 2).<br><br> <img loading=\"lazy\" decoding=\"async\" width=\"297\" height=\"83\" class=\"size-full wp-image-1060\" src=\"https:\/\/help.jamk.fi\/lyhytkurssi\/wp-content\/uploads\/sites\/75\/2023\/07\/Oikea-tiedostomuoto.jpg\" alt=\"\"> <br>Kuvio 2. Oikea tiedostomuoto<br><\/li>\n\n\n\n<li>Jos tiedostosta pit\u00e4\u00e4 poistaa opiskelijoita, tee se t\u00e4ss\u00e4 vaiheessa.<\/li>\n\n\n\n<li>Kirjaudu Peppiin ja mene Korkeakoulupalveluiden ty\u00f6p\u00f6yd\u00e4lle.<\/li>\n\n\n\n<li>Valitse yl\u00e4valikosta <strong>Opiskelijat<\/strong> -&gt; <strong>ITU &#8211; ilmoittautumisten tuonti <\/strong>-v\u00e4lilehti.<\/li>\n\n\n\n<li>Klikkaa <strong>Lis\u00e4\u00e4 opiskelijoita <\/strong>-painiketta.<\/li>\n\n\n\n<li>ITU avaa ikkunan, jossa m\u00e4\u00e4ritell\u00e4\u00e4n mallipohja ja toteutus sek\u00e4 tuodaan Lyhytkurssista otettu tiedosto pudotuskentt\u00e4\u00e4n (kuvio 3). <br><img loading=\"lazy\" decoding=\"async\" width=\"638\" height=\"321\" class=\"wp-image-1056 \" src=\"https:\/\/help.jamk.fi\/lyhytkurssi\/wp-content\/uploads\/sites\/75\/2023\/07\/ITU-opiskelijoiden-tuonti.jpg\" alt=\"\"> <br>Kuvio 3. ITU &#8211; opiskelijoiden tuonti -ikkuna<br><\/li>\n\n\n\n<li>Hae nyt tilaamasi mallipohja alasvetovalikosta kirjoittamalla kentt\u00e4\u00e4n mallipohjan tunnus tai nimi. Hae Peppiin luotu toteutus tai toteutukset samalla tavalla.<\/li>\n\n\n\n<li>Raahaa tiedosto pudotuskentt\u00e4\u00e4n tai klikkaa Valitse tiedostot -painiketta ja etsi tiedosto koneeltasi.<\/li>\n\n\n\n<li>Klikkaa lopuksi Tuo opiskelijat -painiketta.<\/li>\n\n\n\n<li>ITU-palvelu &#8221;p\u00e4\u00e4tt\u00e4\u00e4&#8221; luodaanko uusi opiskeluoikeus vai p\u00e4ivitet\u00e4\u00e4nk\u00f6 olemassa olevaa. T\u00e4m\u00e4n se tekee sille luotujen ns. s\u00e4\u00e4nt\u00f6jen avulla.<\/li>\n\n\n\n<li>Jos siirto onnistui, ITU n\u00e4ytt\u00e4\u00e4 Opiskelijoiden tuonti -ikkunan (kuvio 4). <img loading=\"lazy\" decoding=\"async\" width=\"611\" height=\"278\" class=\" wp-image-1057\" src=\"https:\/\/help.jamk.fi\/lyhytkurssi\/wp-content\/uploads\/sites\/75\/2023\/07\/ITU-tuodut-opiskelijat.jpg\" alt=\"\"> <br>Kuvio 4. Tuodut opiskelijat<br><\/li>\n\n\n\n<li>Klikkaa nyt N\u00e4yt\u00e4 uudet ja muutetut -painiketta. Siirto on valmis.<\/li>\n\n\n\n<li>Jos siirto ep\u00e4onnistui, ITU-palvelu ilmoittaa siit\u00e4 punaisessa ikkunassa, eik\u00e4 tee t\u00e4ll\u00f6in siirtoa (kuvio 5). Virheet johtuvat esim. tiedostossa olevista puutteista. Korjaa tiedosto tai poista mahdolliset virheelliset rivit ja tuo tiedosto sen j\u00e4lkeen uudelleen Peppiin. <img loading=\"lazy\" decoding=\"async\" width=\"541\" height=\"94\" class=\"size-full wp-image-1058\" src=\"https:\/\/help.jamk.fi\/lyhytkurssi\/wp-content\/uploads\/sites\/75\/2023\/07\/Virhe-opiskelijoiden-tuonnissa.jpg\" alt=\"\"> <br>Kuvio 5. Virhe opiskelijoiden tuonnissa<br><\/li>\n\n\n\n<li>Tarkista, ett\u00e4 <strong>kaikille t\u00e4ydennyskoulutusopiskelijoille<\/strong> on tullut mallipohjan mukana Peppiin ryhm\u00e4tiedoksi &#8221;EIVIRTA&#8221;, koska n\u00e4it\u00e4 opiskelijoita ei ole tarkoitus siirt\u00e4\u00e4 valtakunnalliseen Virta-j\u00e4rjestelm\u00e4\u00e4n (kuvio 6). Jos ei ole tullut, tee se seuraavasti.\n<ol class=\"wp-block-list\">\n<li>Valitse yl\u00e4valikosta <strong>Opiskelijat<\/strong> -&gt; <strong>Opiskelijahallinta<\/strong>.<\/li>\n\n\n\n<li>Etsi joko yksitt\u00e4inen opiskelija esim. nimell\u00e4 tai koko ryhm\u00e4n opiskelijat kerralla k\u00e4ytt\u00e4en rakenteista hakua. Katso ohjeet <a href=\"https:\/\/help.jamk.fi\/peppi-ohjeet-henkilokunnalle\/fi\/\" target=\"_blank\" rel=\"noopener noreferrer\">Peppi-ohjeista<\/a> -&gt; Opiskelijahallinto -&gt; Opiskelijahallinta -&gt; Opiskeluoikeushaku.<\/li>\n\n\n\n<li>Valitse valikosta vasemmalta&nbsp; <strong>Opiskelutiedot.<\/strong><\/li>\n\n\n\n<li>Klikkaa Ryhm\u00e4t-kent\u00e4n oikeassa reunassa olevaa <strong>Aseta ryhm\u00e4t<\/strong> -painiketta.<\/li>\n\n\n\n<li>Valitse n\u00e4in aukean ikkunan Ryhm\u00e4t-kentt\u00e4\u00e4n ryhm\u00e4ksi EIVIRTA ja klikkaa Tallenna. <img loading=\"lazy\" decoding=\"async\" width=\"521\" height=\"215\" class=\" wp-image-1019\" src=\"https:\/\/help.jamk.fi\/lyhytkurssi\/wp-content\/uploads\/sites\/75\/2023\/07\/Eivirta-ryhman-asettaminen.png\" alt=\"\"> <br>Kuvio 6. EIVIRTA -ryhm\u00e4n merkitseminen opiskelijalle <br><br><p><strong>HUOM. Muista poistaa tiedosto koneeltasi tai verkkolevylt\u00e4 tietosuojasyist\u00e4.<\/strong><\/p> <\/li>\n<\/ol>\n<\/li>\n<\/ol>\n","protected":false},"excerpt":{"rendered":"<p>Opiskelijatietojen siirron yhteydess\u00e4 vied\u00e4\u00e4n Peppiin henkil\u00f6tiedot (opintojakso yms. tiedot eiv\u00e4t siirry). Huomioi ennen siirtoa: Opiskelijatietojen siirto vaihe vaiheelta (ITU-palvelu)<\/p>\n","protected":false},"author":79,"featured_media":0,"parent":377,"menu_order":0,"comment_status":"open","ping_status":"open","template":"","meta":{"_acf_changed":false,"_relevanssi_hide_post":"","_relevanssi_hide_content":"","_relevanssi_pin_for_all":"","_relevanssi_pin_keywords":"","_relevanssi_unpin_keywords":"","_relevanssi_related_keywords":"","_relevanssi_related_include_ids":"","_relevanssi_related_exclude_ids":"","_relevanssi_related_no_append":"","_relevanssi_related_not_related":"","_relevanssi_related_posts":"","_relevanssi_noindex_reason":"","footnotes":""},"categories":[1],"tags":[],"class_list":["post-467","page","type-page","status-publish","hentry","category-yleinen"],"acf":[],"yoast_head":"<!-- This site is optimized with the Yoast SEO plugin v27.3 - https:\/\/yoast.com\/product\/yoast-seo-wordpress\/ -->\n<title>Opiskelijatietojen siirto Peppiin - Lyhytkurssi<\/title>\n<meta name=\"robots\" content=\"index, follow, max-snippet:-1, max-image-preview:large, max-video-preview:-1\" \/>\n<link rel=\"canonical\" href=\"https:\/\/help.jamk.fi\/lyhytkurssi\/fi\/ilmoittautumisten-kasittely\/tietojen-siirto-peppiin\/\" \/>\n<meta property=\"og:locale\" content=\"fi_FI\" \/>\n<meta property=\"og:type\" content=\"article\" \/>\n<meta property=\"og:title\" content=\"Opiskelijatietojen siirto Peppiin - Lyhytkurssi\" \/>\n<meta property=\"og:description\" content=\"Opiskelijatietojen siirron yhteydess\u00e4 vied\u00e4\u00e4n Peppiin henkil\u00f6tiedot (opintojakso yms. tiedot eiv\u00e4t siirry). Huomioi ennen siirtoa: Opiskelijatietojen siirto vaihe vaiheelta (ITU-palvelu)\" \/>\n<meta property=\"og:url\" content=\"https:\/\/help.jamk.fi\/lyhytkurssi\/fi\/ilmoittautumisten-kasittely\/tietojen-siirto-peppiin\/\" \/>\n<meta property=\"og:site_name\" content=\"Lyhytkurssi\" \/>\n<meta property=\"article:modified_time\" content=\"2024-11-04T10:18:26+00:00\" \/>\n<meta property=\"og:image\" content=\"https:\/\/help.jamk.fi\/lyhytkurssi\/wp-content\/uploads\/sites\/75\/2023\/07\/Peppi-siirto1.png\" \/>\n<meta name=\"twitter:card\" content=\"summary_large_image\" \/>\n<meta name=\"twitter:label1\" content=\"Arvioitu lukuaika\" \/>\n\t<meta name=\"twitter:data1\" content=\"5 minuuttia\" \/>\n<script type=\"application\/ld+json\" class=\"yoast-schema-graph\">{\"@context\":\"https:\\\/\\\/schema.org\",\"@graph\":[{\"@type\":\"WebPage\",\"@id\":\"https:\\\/\\\/help.jamk.fi\\\/lyhytkurssi\\\/fi\\\/ilmoittautumisten-kasittely\\\/tietojen-siirto-peppiin\\\/\",\"url\":\"https:\\\/\\\/help.jamk.fi\\\/lyhytkurssi\\\/fi\\\/ilmoittautumisten-kasittely\\\/tietojen-siirto-peppiin\\\/\",\"name\":\"Opiskelijatietojen siirto Peppiin - Lyhytkurssi\",\"isPartOf\":{\"@id\":\"https:\\\/\\\/help.jamk.fi\\\/lyhytkurssi\\\/#website\"},\"primaryImageOfPage\":{\"@id\":\"https:\\\/\\\/help.jamk.fi\\\/lyhytkurssi\\\/fi\\\/ilmoittautumisten-kasittely\\\/tietojen-siirto-peppiin\\\/#primaryimage\"},\"image\":{\"@id\":\"https:\\\/\\\/help.jamk.fi\\\/lyhytkurssi\\\/fi\\\/ilmoittautumisten-kasittely\\\/tietojen-siirto-peppiin\\\/#primaryimage\"},\"thumbnailUrl\":\"https:\\\/\\\/help.jamk.fi\\\/lyhytkurssi\\\/wp-content\\\/uploads\\\/sites\\\/75\\\/2023\\\/07\\\/Peppi-siirto1.png\",\"datePublished\":\"2011-03-18T07:07:17+00:00\",\"dateModified\":\"2024-11-04T10:18:26+00:00\",\"breadcrumb\":{\"@id\":\"https:\\\/\\\/help.jamk.fi\\\/lyhytkurssi\\\/fi\\\/ilmoittautumisten-kasittely\\\/tietojen-siirto-peppiin\\\/#breadcrumb\"},\"inLanguage\":\"fi\",\"potentialAction\":[{\"@type\":\"ReadAction\",\"target\":[\"https:\\\/\\\/help.jamk.fi\\\/lyhytkurssi\\\/fi\\\/ilmoittautumisten-kasittely\\\/tietojen-siirto-peppiin\\\/\"]}]},{\"@type\":\"ImageObject\",\"inLanguage\":\"fi\",\"@id\":\"https:\\\/\\\/help.jamk.fi\\\/lyhytkurssi\\\/fi\\\/ilmoittautumisten-kasittely\\\/tietojen-siirto-peppiin\\\/#primaryimage\",\"url\":\"https:\\\/\\\/help.jamk.fi\\\/lyhytkurssi\\\/wp-content\\\/uploads\\\/sites\\\/75\\\/2023\\\/07\\\/Peppi-siirto1.png\",\"contentUrl\":\"https:\\\/\\\/help.jamk.fi\\\/lyhytkurssi\\\/wp-content\\\/uploads\\\/sites\\\/75\\\/2023\\\/07\\\/Peppi-siirto1.png\"},{\"@type\":\"BreadcrumbList\",\"@id\":\"https:\\\/\\\/help.jamk.fi\\\/lyhytkurssi\\\/fi\\\/ilmoittautumisten-kasittely\\\/tietojen-siirto-peppiin\\\/#breadcrumb\",\"itemListElement\":[{\"@type\":\"ListItem\",\"position\":1,\"name\":\"Etusivu\",\"item\":\"https:\\\/\\\/help.jamk.fi\\\/lyhytkurssi\\\/fi\\\/\"},{\"@type\":\"ListItem\",\"position\":2,\"name\":\"Ilmoittautumisten k\u00e4sittely\",\"item\":\"https:\\\/\\\/help.jamk.fi\\\/lyhytkurssi\\\/fi\\\/ilmoittautumisten-kasittely\\\/\"},{\"@type\":\"ListItem\",\"position\":3,\"name\":\"Opiskelijatietojen siirto Peppiin\"}]},{\"@type\":\"WebSite\",\"@id\":\"https:\\\/\\\/help.jamk.fi\\\/lyhytkurssi\\\/#website\",\"url\":\"https:\\\/\\\/help.jamk.fi\\\/lyhytkurssi\\\/\",\"name\":\"Lyhytkurssi\",\"description\":\"\",\"potentialAction\":[{\"@type\":\"SearchAction\",\"target\":{\"@type\":\"EntryPoint\",\"urlTemplate\":\"https:\\\/\\\/help.jamk.fi\\\/lyhytkurssi\\\/?s={search_term_string}\"},\"query-input\":{\"@type\":\"PropertyValueSpecification\",\"valueRequired\":true,\"valueName\":\"search_term_string\"}}],\"inLanguage\":\"fi\"}]}<\/script>\n<!-- \/ Yoast SEO plugin. -->","yoast_head_json":{"title":"Opiskelijatietojen siirto Peppiin - Lyhytkurssi","robots":{"index":"index","follow":"follow","max-snippet":"max-snippet:-1","max-image-preview":"max-image-preview:large","max-video-preview":"max-video-preview:-1"},"canonical":"https:\/\/help.jamk.fi\/lyhytkurssi\/fi\/ilmoittautumisten-kasittely\/tietojen-siirto-peppiin\/","og_locale":"fi_FI","og_type":"article","og_title":"Opiskelijatietojen siirto Peppiin - Lyhytkurssi","og_description":"Opiskelijatietojen siirron yhteydess\u00e4 vied\u00e4\u00e4n Peppiin henkil\u00f6tiedot (opintojakso yms. tiedot eiv\u00e4t siirry). Huomioi ennen siirtoa: Opiskelijatietojen siirto vaihe vaiheelta (ITU-palvelu)","og_url":"https:\/\/help.jamk.fi\/lyhytkurssi\/fi\/ilmoittautumisten-kasittely\/tietojen-siirto-peppiin\/","og_site_name":"Lyhytkurssi","article_modified_time":"2024-11-04T10:18:26+00:00","og_image":[{"url":"https:\/\/help.jamk.fi\/lyhytkurssi\/wp-content\/uploads\/sites\/75\/2023\/07\/Peppi-siirto1.png","type":"","width":"","height":""}],"twitter_card":"summary_large_image","twitter_misc":{"Arvioitu lukuaika":"5 minuuttia"},"schema":{"@context":"https:\/\/schema.org","@graph":[{"@type":"WebPage","@id":"https:\/\/help.jamk.fi\/lyhytkurssi\/fi\/ilmoittautumisten-kasittely\/tietojen-siirto-peppiin\/","url":"https:\/\/help.jamk.fi\/lyhytkurssi\/fi\/ilmoittautumisten-kasittely\/tietojen-siirto-peppiin\/","name":"Opiskelijatietojen siirto Peppiin - Lyhytkurssi","isPartOf":{"@id":"https:\/\/help.jamk.fi\/lyhytkurssi\/#website"},"primaryImageOfPage":{"@id":"https:\/\/help.jamk.fi\/lyhytkurssi\/fi\/ilmoittautumisten-kasittely\/tietojen-siirto-peppiin\/#primaryimage"},"image":{"@id":"https:\/\/help.jamk.fi\/lyhytkurssi\/fi\/ilmoittautumisten-kasittely\/tietojen-siirto-peppiin\/#primaryimage"},"thumbnailUrl":"https:\/\/help.jamk.fi\/lyhytkurssi\/wp-content\/uploads\/sites\/75\/2023\/07\/Peppi-siirto1.png","datePublished":"2011-03-18T07:07:17+00:00","dateModified":"2024-11-04T10:18:26+00:00","breadcrumb":{"@id":"https:\/\/help.jamk.fi\/lyhytkurssi\/fi\/ilmoittautumisten-kasittely\/tietojen-siirto-peppiin\/#breadcrumb"},"inLanguage":"fi","potentialAction":[{"@type":"ReadAction","target":["https:\/\/help.jamk.fi\/lyhytkurssi\/fi\/ilmoittautumisten-kasittely\/tietojen-siirto-peppiin\/"]}]},{"@type":"ImageObject","inLanguage":"fi","@id":"https:\/\/help.jamk.fi\/lyhytkurssi\/fi\/ilmoittautumisten-kasittely\/tietojen-siirto-peppiin\/#primaryimage","url":"https:\/\/help.jamk.fi\/lyhytkurssi\/wp-content\/uploads\/sites\/75\/2023\/07\/Peppi-siirto1.png","contentUrl":"https:\/\/help.jamk.fi\/lyhytkurssi\/wp-content\/uploads\/sites\/75\/2023\/07\/Peppi-siirto1.png"},{"@type":"BreadcrumbList","@id":"https:\/\/help.jamk.fi\/lyhytkurssi\/fi\/ilmoittautumisten-kasittely\/tietojen-siirto-peppiin\/#breadcrumb","itemListElement":[{"@type":"ListItem","position":1,"name":"Etusivu","item":"https:\/\/help.jamk.fi\/lyhytkurssi\/fi\/"},{"@type":"ListItem","position":2,"name":"Ilmoittautumisten k\u00e4sittely","item":"https:\/\/help.jamk.fi\/lyhytkurssi\/fi\/ilmoittautumisten-kasittely\/"},{"@type":"ListItem","position":3,"name":"Opiskelijatietojen siirto Peppiin"}]},{"@type":"WebSite","@id":"https:\/\/help.jamk.fi\/lyhytkurssi\/#website","url":"https:\/\/help.jamk.fi\/lyhytkurssi\/","name":"Lyhytkurssi","description":"","potentialAction":[{"@type":"SearchAction","target":{"@type":"EntryPoint","urlTemplate":"https:\/\/help.jamk.fi\/lyhytkurssi\/?s={search_term_string}"},"query-input":{"@type":"PropertyValueSpecification","valueRequired":true,"valueName":"search_term_string"}}],"inLanguage":"fi"}]}},"_links":{"self":[{"href":"https:\/\/help.jamk.fi\/lyhytkurssi\/wp-json\/wp\/v2\/pages\/467","targetHints":{"allow":["GET"]}}],"collection":[{"href":"https:\/\/help.jamk.fi\/lyhytkurssi\/wp-json\/wp\/v2\/pages"}],"about":[{"href":"https:\/\/help.jamk.fi\/lyhytkurssi\/wp-json\/wp\/v2\/types\/page"}],"author":[{"embeddable":true,"href":"https:\/\/help.jamk.fi\/lyhytkurssi\/wp-json\/wp\/v2\/users\/79"}],"replies":[{"embeddable":true,"href":"https:\/\/help.jamk.fi\/lyhytkurssi\/wp-json\/wp\/v2\/comments?post=467"}],"version-history":[{"count":10,"href":"https:\/\/help.jamk.fi\/lyhytkurssi\/wp-json\/wp\/v2\/pages\/467\/revisions"}],"predecessor-version":[{"id":1892,"href":"https:\/\/help.jamk.fi\/lyhytkurssi\/wp-json\/wp\/v2\/pages\/467\/revisions\/1892"}],"up":[{"embeddable":true,"href":"https:\/\/help.jamk.fi\/lyhytkurssi\/wp-json\/wp\/v2\/pages\/377"}],"wp:attachment":[{"href":"https:\/\/help.jamk.fi\/lyhytkurssi\/wp-json\/wp\/v2\/media?parent=467"}],"wp:term":[{"taxonomy":"category","embeddable":true,"href":"https:\/\/help.jamk.fi\/lyhytkurssi\/wp-json\/wp\/v2\/categories?post=467"},{"taxonomy":"post_tag","embeddable":true,"href":"https:\/\/help.jamk.fi\/lyhytkurssi\/wp-json\/wp\/v2\/tags?post=467"}],"curies":[{"name":"wp","href":"https:\/\/api.w.org\/{rel}","templated":true}]}}