{"id":540,"date":"2011-08-18T07:57:24","date_gmt":"2011-08-18T04:57:24","guid":{"rendered":"https:\/\/help.jamk.fi\/lyhytkurssi\/viestinta\/sahkoposti-ilmoittautumisen-kasittelyn-yhteydessa\/"},"modified":"2024-11-04T13:07:09","modified_gmt":"2024-11-04T11:07:09","slug":"sahkoposti-ilmoittautumisen-kasittelyn-yhteydessa","status":"publish","type":"page","link":"https:\/\/help.jamk.fi\/lyhytkurssi\/fi\/viestinta\/sahkoposti-ilmoittautumisen-kasittelyn-yhteydessa\/","title":{"rendered":"S\u00e4hk\u00f6posti ilmoittautumisen k\u00e4sittelyn yhteydess\u00e4"},"content":{"rendered":"\n<p>Ilmoittautujalle voidaan l\u00e4hett\u00e4\u00e4 s\u00e4hk\u00f6postia heti ilmoittautumisen k\u00e4sittelyn yhteydess\u00e4:<\/p>\n\n\n\n<ul class=\"wp-block-list\">\n<li>kuittaus, kun ilmoittautuminen kuitataan saapuneeksi<\/li>\n\n\n\n<li>vahvistus hyv\u00e4ksymisest\u00e4 tai hylk\u00e4\u00e4misest\u00e4.<\/li>\n<\/ul>\n\n\n\n<p><strong>HUOM. Viestint\u00e4lokiin kirjautuvat vain sellaiset viestit, jotka on l\u00e4hetetty sen j\u00e4lkeen, kun henkil\u00f6n kiinnitt\u00e4minen on tehty.<\/strong><\/p>\n\n\n\n<p>N\u00e4iss\u00e4 viesteiss\u00e4 k\u00e4ytet\u00e4\u00e4n valmiita viestipohjia. Ilmoittautujalle voi tarvittaessa l\u00e4hett\u00e4\u00e4 my\u00f6s vapaamuotoisia viestej\u00e4.<\/p>\n\n\n\n<ol class=\"wp-block-list\">\n<li>Valitse haluamasi ilmoittautumiset (tai kaikki klikkaamalla ruutua ilmoittautujataulukon vasemmassa yl\u00e4nurkassa). Klikkaa <strong>Hyv\u00e4ksy valitut kurssille \/ Hylk\u00e4\u00e4 valitut kurssilta<\/strong> -painiketta (kuvio 1).<\/li>\n\n\n\n<li>Valitse oikea viestipohja ja kieli (kuvio 2). Klikkaa <strong>Hyv\u00e4ksy ilmoittautumiset ja siirry kutsujen l\u00e4hetykseen<\/strong> -painiketta (tai jos olet hylk\u00e4\u00e4m\u00e4ss\u00e4 henkil\u00f6it\u00e4 painike on Hylk\u00e4\u00e4 ilmoittautumiset ja siirry \u2026.). <strong>Huom. Voit vaihtaa kutsupohjan kielen rivin lopussa olevasta Kieli-valikosta.<\/strong><\/li>\n\n\n\n<li>Viestinl\u00e4hetysn\u00e4kym\u00e4ss\u00e4 tarkista, ett\u00e4 vastaanottajien tiedot ovat oikein (kuvio 3).\n<ul class=\"wp-block-list\">\n<li>Viestin voi tarvittaessa l\u00e4hett\u00e4\u00e4 my\u00f6s tiedoksi (CC) esim. koulutuksen vastuuopettajalle<\/li>\n\n\n\n<li>Tarkista, ett\u00e4 l\u00e4hett\u00e4j\u00e4n s\u00e4hk\u00f6postiosoite (oma osoitteesi) on oikein. T\u00e4m\u00e4 haetaan automaattisesti, jos olet m\u00e4\u00e4ritellyt tiedon omiin henkil\u00f6tietoihisi. Muussa tapauksessa osoite pit\u00e4\u00e4 t\u00e4ydent\u00e4\u00e4 itse<\/li>\n\n\n\n<li>Viestiin voi lis\u00e4t\u00e4 my\u00f6s liitteit\u00e4. Muista kohtuus, laajat ja tiedostokooltaan suuret materiaalit on syyt\u00e4 jakaa muuta kautta kuin s\u00e4hk\u00f6postilla!<\/li>\n\n\n\n<li>Suositeltavaa on, ett\u00e4 ett\u00e4 ilmoitusta (=edellisess\u00e4 n\u00e4yt\u00f6ss\u00e4 valittu viestipohja) ei liitet\u00e4 viestiin vaan ett\u00e4 se on <strong>tekstimuodossa saateosion j\u00e4lkeen<\/strong>.<\/li>\n\n\n\n<li>Tarkista, ett\u00e4 Liit\u00e4 kurssiohjelma mukaan viestiin <strong>ei<\/strong> ole valittuna.<\/li>\n\n\n\n<li>Viestiin voi kirjoittaa vapaamuotoisen saatteen tarpeen vaatiessa. T\u00e4m\u00e4 n\u00e4kyy viestin alussa ennen viestipohjassa valittua varsinaista teksti\u00e4.<\/li>\n<\/ul>\n<\/li>\n\n\n\n<li>Kun kaikki on valmista, paina L\u00e4het\u00e4 -painiketta. Ohjelma antaa kuittauksen onnistuneesta viestinl\u00e4hetyksest\u00e4 (kuvio 4).<\/li>\n<\/ol>\n\n\n\n<figure class=\"wp-block-image alignnone\"><img decoding=\"async\" src=\"https:\/\/help.jamk.fi\/lyhytkurssi\/wp-content\/uploads\/sites\/75\/2023\/07\/Hyvaksy-valitut-kurssille-painike.jpg\" alt=\"\" class=\"wp-image-1025\"\/><figcaption class=\"wp-element-caption\">Kuvio 1. Hyv\u00e4ksy valitut kurssille -painike<\/figcaption><\/figure>\n\n\n\n<figure class=\"wp-block-image alignnone\"><img decoding=\"async\" src=\"https:\/\/help.jamk.fi\/lyhytkurssi\/wp-content\/uploads\/sites\/75\/2023\/07\/Kurssipohjan-ja-kielen-valinta.jpg\" alt=\"\" class=\"wp-image-1026\"\/><figcaption class=\"wp-element-caption\">Kuvio 2. Kutsupohjan ja kielen valinta<\/figcaption><\/figure>\n\n\n\n<figure class=\"wp-block-image size-full\"><img loading=\"lazy\" decoding=\"async\" width=\"659\" height=\"552\" src=\"https:\/\/help.jamk.fi\/lyhytkurssi\/wp-content\/uploads\/sites\/75\/2023\/07\/lyhki-sposti3.png\" alt=\"Viestin kenttien t\u00e4ytt\u00e4minen\" class=\"wp-image-1327\" srcset=\"https:\/\/help.jamk.fi\/lyhytkurssi\/wp-content\/uploads\/sites\/75\/2023\/07\/lyhki-sposti3.png 659w, https:\/\/help.jamk.fi\/lyhytkurssi\/wp-content\/uploads\/sites\/75\/2023\/07\/lyhki-sposti3-300x251.png 300w\" sizes=\"auto, (max-width: 659px) 100vw, 659px\" \/><figcaption class=\"wp-element-caption\">Kuvio 3. Viestin kenttien t\u00e4ytt\u00e4minen<\/figcaption><\/figure>\n\n\n\n<figure class=\"wp-block-image size-full\"><img loading=\"lazy\" decoding=\"async\" width=\"409\" height=\"213\" src=\"https:\/\/help.jamk.fi\/lyhytkurssi\/wp-content\/uploads\/sites\/75\/2023\/07\/lyhki-sposti4.png\" alt=\"Kuittaus s\u00e4hk\u00f6postin l\u00e4hett\u00e4misest\u00e4\" class=\"wp-image-1318\" srcset=\"https:\/\/help.jamk.fi\/lyhytkurssi\/wp-content\/uploads\/sites\/75\/2023\/07\/lyhki-sposti4.png 409w, https:\/\/help.jamk.fi\/lyhytkurssi\/wp-content\/uploads\/sites\/75\/2023\/07\/lyhki-sposti4-300x156.png 300w\" sizes=\"auto, (max-width: 409px) 100vw, 409px\" \/><figcaption class=\"wp-element-caption\">Kuvio 4. Kuittaus s\u00e4hk\u00f6postin l\u00e4hett\u00e4misest\u00e4<\/figcaption><\/figure>\n","protected":false},"excerpt":{"rendered":"<p>Ilmoittautujalle voidaan l\u00e4hett\u00e4\u00e4 s\u00e4hk\u00f6postia heti ilmoittautumisen k\u00e4sittelyn yhteydess\u00e4: HUOM. Viestint\u00e4lokiin kirjautuvat vain sellaiset viestit, jotka on l\u00e4hetetty sen j\u00e4lkeen, kun henkil\u00f6n kiinnitt\u00e4minen on tehty. N\u00e4iss\u00e4 viesteiss\u00e4 k\u00e4ytet\u00e4\u00e4n valmiita viestipohjia. Ilmoittautujalle voi tarvittaessa l\u00e4hett\u00e4\u00e4 my\u00f6s vapaamuotoisia viestej\u00e4.<\/p>\n","protected":false},"author":79,"featured_media":0,"parent":537,"menu_order":1,"comment_status":"open","ping_status":"closed","template":"","meta":{"_acf_changed":false,"_relevanssi_hide_post":"","_relevanssi_hide_content":"","_relevanssi_pin_for_all":"","_relevanssi_pin_keywords":"","_relevanssi_unpin_keywords":"","_relevanssi_related_keywords":"","_relevanssi_related_include_ids":"","_relevanssi_related_exclude_ids":"","_relevanssi_related_no_append":"","_relevanssi_related_not_related":"","_relevanssi_related_posts":"","_relevanssi_noindex_reason":"","footnotes":""},"categories":[1],"tags":[],"class_list":["post-540","page","type-page","status-publish","hentry","category-yleinen"],"acf":[],"yoast_head":"<!-- This site is optimized with the Yoast SEO plugin v27.3 - https:\/\/yoast.com\/product\/yoast-seo-wordpress\/ -->\n<title>S\u00e4hk\u00f6posti ilmoittautumisen k\u00e4sittelyn yhteydess\u00e4 - Lyhytkurssi<\/title>\n<meta name=\"robots\" content=\"index, follow, max-snippet:-1, max-image-preview:large, max-video-preview:-1\" \/>\n<link rel=\"canonical\" href=\"https:\/\/help.jamk.fi\/lyhytkurssi\/fi\/viestinta\/sahkoposti-ilmoittautumisen-kasittelyn-yhteydessa\/\" \/>\n<meta property=\"og:locale\" content=\"fi_FI\" \/>\n<meta property=\"og:type\" content=\"article\" \/>\n<meta property=\"og:title\" content=\"S\u00e4hk\u00f6posti ilmoittautumisen k\u00e4sittelyn yhteydess\u00e4 - Lyhytkurssi\" \/>\n<meta property=\"og:description\" content=\"Ilmoittautujalle voidaan l\u00e4hett\u00e4\u00e4 s\u00e4hk\u00f6postia heti ilmoittautumisen k\u00e4sittelyn yhteydess\u00e4: HUOM. Viestint\u00e4lokiin kirjautuvat vain sellaiset viestit, jotka on l\u00e4hetetty sen j\u00e4lkeen, kun henkil\u00f6n kiinnitt\u00e4minen on tehty. N\u00e4iss\u00e4 viesteiss\u00e4 k\u00e4ytet\u00e4\u00e4n valmiita viestipohjia. Ilmoittautujalle voi tarvittaessa l\u00e4hett\u00e4\u00e4 my\u00f6s vapaamuotoisia viestej\u00e4.\" \/>\n<meta property=\"og:url\" content=\"https:\/\/help.jamk.fi\/lyhytkurssi\/fi\/viestinta\/sahkoposti-ilmoittautumisen-kasittelyn-yhteydessa\/\" \/>\n<meta property=\"og:site_name\" content=\"Lyhytkurssi\" \/>\n<meta property=\"article:modified_time\" content=\"2024-11-04T11:07:09+00:00\" \/>\n<meta property=\"og:image\" content=\"https:\/\/help.jamk.fi\/lyhytkurssi\/wp-content\/uploads\/sites\/75\/2023\/07\/Hyvaksy-valitut-kurssille-painike.jpg\" \/>\n<meta name=\"twitter:card\" content=\"summary_large_image\" \/>\n<meta name=\"twitter:label1\" content=\"Arvioitu lukuaika\" \/>\n\t<meta name=\"twitter:data1\" content=\"3 minuuttia\" \/>\n<script type=\"application\/ld+json\" class=\"yoast-schema-graph\">{\"@context\":\"https:\\\/\\\/schema.org\",\"@graph\":[{\"@type\":\"WebPage\",\"@id\":\"https:\\\/\\\/help.jamk.fi\\\/lyhytkurssi\\\/fi\\\/viestinta\\\/sahkoposti-ilmoittautumisen-kasittelyn-yhteydessa\\\/\",\"url\":\"https:\\\/\\\/help.jamk.fi\\\/lyhytkurssi\\\/fi\\\/viestinta\\\/sahkoposti-ilmoittautumisen-kasittelyn-yhteydessa\\\/\",\"name\":\"S\u00e4hk\u00f6posti ilmoittautumisen k\u00e4sittelyn yhteydess\u00e4 - Lyhytkurssi\",\"isPartOf\":{\"@id\":\"https:\\\/\\\/help.jamk.fi\\\/lyhytkurssi\\\/#website\"},\"primaryImageOfPage\":{\"@id\":\"https:\\\/\\\/help.jamk.fi\\\/lyhytkurssi\\\/fi\\\/viestinta\\\/sahkoposti-ilmoittautumisen-kasittelyn-yhteydessa\\\/#primaryimage\"},\"image\":{\"@id\":\"https:\\\/\\\/help.jamk.fi\\\/lyhytkurssi\\\/fi\\\/viestinta\\\/sahkoposti-ilmoittautumisen-kasittelyn-yhteydessa\\\/#primaryimage\"},\"thumbnailUrl\":\"https:\\\/\\\/help.jamk.fi\\\/lyhytkurssi\\\/wp-content\\\/uploads\\\/sites\\\/75\\\/2023\\\/07\\\/Hyvaksy-valitut-kurssille-painike.jpg\",\"datePublished\":\"2011-08-18T04:57:24+00:00\",\"dateModified\":\"2024-11-04T11:07:09+00:00\",\"breadcrumb\":{\"@id\":\"https:\\\/\\\/help.jamk.fi\\\/lyhytkurssi\\\/fi\\\/viestinta\\\/sahkoposti-ilmoittautumisen-kasittelyn-yhteydessa\\\/#breadcrumb\"},\"inLanguage\":\"fi\",\"potentialAction\":[{\"@type\":\"ReadAction\",\"target\":[\"https:\\\/\\\/help.jamk.fi\\\/lyhytkurssi\\\/fi\\\/viestinta\\\/sahkoposti-ilmoittautumisen-kasittelyn-yhteydessa\\\/\"]}]},{\"@type\":\"ImageObject\",\"inLanguage\":\"fi\",\"@id\":\"https:\\\/\\\/help.jamk.fi\\\/lyhytkurssi\\\/fi\\\/viestinta\\\/sahkoposti-ilmoittautumisen-kasittelyn-yhteydessa\\\/#primaryimage\",\"url\":\"https:\\\/\\\/help.jamk.fi\\\/lyhytkurssi\\\/wp-content\\\/uploads\\\/sites\\\/75\\\/2023\\\/07\\\/Hyvaksy-valitut-kurssille-painike.jpg\",\"contentUrl\":\"https:\\\/\\\/help.jamk.fi\\\/lyhytkurssi\\\/wp-content\\\/uploads\\\/sites\\\/75\\\/2023\\\/07\\\/Hyvaksy-valitut-kurssille-painike.jpg\"},{\"@type\":\"BreadcrumbList\",\"@id\":\"https:\\\/\\\/help.jamk.fi\\\/lyhytkurssi\\\/fi\\\/viestinta\\\/sahkoposti-ilmoittautumisen-kasittelyn-yhteydessa\\\/#breadcrumb\",\"itemListElement\":[{\"@type\":\"ListItem\",\"position\":1,\"name\":\"Etusivu\",\"item\":\"https:\\\/\\\/help.jamk.fi\\\/lyhytkurssi\\\/fi\\\/\"},{\"@type\":\"ListItem\",\"position\":2,\"name\":\"Viestint\u00e4\",\"item\":\"https:\\\/\\\/help.jamk.fi\\\/lyhytkurssi\\\/fi\\\/viestinta\\\/\"},{\"@type\":\"ListItem\",\"position\":3,\"name\":\"S\u00e4hk\u00f6posti ilmoittautumisen k\u00e4sittelyn yhteydess\u00e4\"}]},{\"@type\":\"WebSite\",\"@id\":\"https:\\\/\\\/help.jamk.fi\\\/lyhytkurssi\\\/#website\",\"url\":\"https:\\\/\\\/help.jamk.fi\\\/lyhytkurssi\\\/\",\"name\":\"Lyhytkurssi\",\"description\":\"\",\"potentialAction\":[{\"@type\":\"SearchAction\",\"target\":{\"@type\":\"EntryPoint\",\"urlTemplate\":\"https:\\\/\\\/help.jamk.fi\\\/lyhytkurssi\\\/?s={search_term_string}\"},\"query-input\":{\"@type\":\"PropertyValueSpecification\",\"valueRequired\":true,\"valueName\":\"search_term_string\"}}],\"inLanguage\":\"fi\"}]}<\/script>\n<!-- \/ Yoast SEO plugin. -->","yoast_head_json":{"title":"S\u00e4hk\u00f6posti ilmoittautumisen k\u00e4sittelyn yhteydess\u00e4 - Lyhytkurssi","robots":{"index":"index","follow":"follow","max-snippet":"max-snippet:-1","max-image-preview":"max-image-preview:large","max-video-preview":"max-video-preview:-1"},"canonical":"https:\/\/help.jamk.fi\/lyhytkurssi\/fi\/viestinta\/sahkoposti-ilmoittautumisen-kasittelyn-yhteydessa\/","og_locale":"fi_FI","og_type":"article","og_title":"S\u00e4hk\u00f6posti ilmoittautumisen k\u00e4sittelyn yhteydess\u00e4 - Lyhytkurssi","og_description":"Ilmoittautujalle voidaan l\u00e4hett\u00e4\u00e4 s\u00e4hk\u00f6postia heti ilmoittautumisen k\u00e4sittelyn yhteydess\u00e4: HUOM. Viestint\u00e4lokiin kirjautuvat vain sellaiset viestit, jotka on l\u00e4hetetty sen j\u00e4lkeen, kun henkil\u00f6n kiinnitt\u00e4minen on tehty. N\u00e4iss\u00e4 viesteiss\u00e4 k\u00e4ytet\u00e4\u00e4n valmiita viestipohjia. Ilmoittautujalle voi tarvittaessa l\u00e4hett\u00e4\u00e4 my\u00f6s vapaamuotoisia viestej\u00e4.","og_url":"https:\/\/help.jamk.fi\/lyhytkurssi\/fi\/viestinta\/sahkoposti-ilmoittautumisen-kasittelyn-yhteydessa\/","og_site_name":"Lyhytkurssi","article_modified_time":"2024-11-04T11:07:09+00:00","og_image":[{"url":"https:\/\/help.jamk.fi\/lyhytkurssi\/wp-content\/uploads\/sites\/75\/2023\/07\/Hyvaksy-valitut-kurssille-painike.jpg","type":"","width":"","height":""}],"twitter_card":"summary_large_image","twitter_misc":{"Arvioitu lukuaika":"3 minuuttia"},"schema":{"@context":"https:\/\/schema.org","@graph":[{"@type":"WebPage","@id":"https:\/\/help.jamk.fi\/lyhytkurssi\/fi\/viestinta\/sahkoposti-ilmoittautumisen-kasittelyn-yhteydessa\/","url":"https:\/\/help.jamk.fi\/lyhytkurssi\/fi\/viestinta\/sahkoposti-ilmoittautumisen-kasittelyn-yhteydessa\/","name":"S\u00e4hk\u00f6posti ilmoittautumisen k\u00e4sittelyn yhteydess\u00e4 - Lyhytkurssi","isPartOf":{"@id":"https:\/\/help.jamk.fi\/lyhytkurssi\/#website"},"primaryImageOfPage":{"@id":"https:\/\/help.jamk.fi\/lyhytkurssi\/fi\/viestinta\/sahkoposti-ilmoittautumisen-kasittelyn-yhteydessa\/#primaryimage"},"image":{"@id":"https:\/\/help.jamk.fi\/lyhytkurssi\/fi\/viestinta\/sahkoposti-ilmoittautumisen-kasittelyn-yhteydessa\/#primaryimage"},"thumbnailUrl":"https:\/\/help.jamk.fi\/lyhytkurssi\/wp-content\/uploads\/sites\/75\/2023\/07\/Hyvaksy-valitut-kurssille-painike.jpg","datePublished":"2011-08-18T04:57:24+00:00","dateModified":"2024-11-04T11:07:09+00:00","breadcrumb":{"@id":"https:\/\/help.jamk.fi\/lyhytkurssi\/fi\/viestinta\/sahkoposti-ilmoittautumisen-kasittelyn-yhteydessa\/#breadcrumb"},"inLanguage":"fi","potentialAction":[{"@type":"ReadAction","target":["https:\/\/help.jamk.fi\/lyhytkurssi\/fi\/viestinta\/sahkoposti-ilmoittautumisen-kasittelyn-yhteydessa\/"]}]},{"@type":"ImageObject","inLanguage":"fi","@id":"https:\/\/help.jamk.fi\/lyhytkurssi\/fi\/viestinta\/sahkoposti-ilmoittautumisen-kasittelyn-yhteydessa\/#primaryimage","url":"https:\/\/help.jamk.fi\/lyhytkurssi\/wp-content\/uploads\/sites\/75\/2023\/07\/Hyvaksy-valitut-kurssille-painike.jpg","contentUrl":"https:\/\/help.jamk.fi\/lyhytkurssi\/wp-content\/uploads\/sites\/75\/2023\/07\/Hyvaksy-valitut-kurssille-painike.jpg"},{"@type":"BreadcrumbList","@id":"https:\/\/help.jamk.fi\/lyhytkurssi\/fi\/viestinta\/sahkoposti-ilmoittautumisen-kasittelyn-yhteydessa\/#breadcrumb","itemListElement":[{"@type":"ListItem","position":1,"name":"Etusivu","item":"https:\/\/help.jamk.fi\/lyhytkurssi\/fi\/"},{"@type":"ListItem","position":2,"name":"Viestint\u00e4","item":"https:\/\/help.jamk.fi\/lyhytkurssi\/fi\/viestinta\/"},{"@type":"ListItem","position":3,"name":"S\u00e4hk\u00f6posti ilmoittautumisen k\u00e4sittelyn yhteydess\u00e4"}]},{"@type":"WebSite","@id":"https:\/\/help.jamk.fi\/lyhytkurssi\/#website","url":"https:\/\/help.jamk.fi\/lyhytkurssi\/","name":"Lyhytkurssi","description":"","potentialAction":[{"@type":"SearchAction","target":{"@type":"EntryPoint","urlTemplate":"https:\/\/help.jamk.fi\/lyhytkurssi\/?s={search_term_string}"},"query-input":{"@type":"PropertyValueSpecification","valueRequired":true,"valueName":"search_term_string"}}],"inLanguage":"fi"}]}},"_links":{"self":[{"href":"https:\/\/help.jamk.fi\/lyhytkurssi\/wp-json\/wp\/v2\/pages\/540","targetHints":{"allow":["GET"]}}],"collection":[{"href":"https:\/\/help.jamk.fi\/lyhytkurssi\/wp-json\/wp\/v2\/pages"}],"about":[{"href":"https:\/\/help.jamk.fi\/lyhytkurssi\/wp-json\/wp\/v2\/types\/page"}],"author":[{"embeddable":true,"href":"https:\/\/help.jamk.fi\/lyhytkurssi\/wp-json\/wp\/v2\/users\/79"}],"replies":[{"embeddable":true,"href":"https:\/\/help.jamk.fi\/lyhytkurssi\/wp-json\/wp\/v2\/comments?post=540"}],"version-history":[{"count":4,"href":"https:\/\/help.jamk.fi\/lyhytkurssi\/wp-json\/wp\/v2\/pages\/540\/revisions"}],"predecessor-version":[{"id":1903,"href":"https:\/\/help.jamk.fi\/lyhytkurssi\/wp-json\/wp\/v2\/pages\/540\/revisions\/1903"}],"up":[{"embeddable":true,"href":"https:\/\/help.jamk.fi\/lyhytkurssi\/wp-json\/wp\/v2\/pages\/537"}],"wp:attachment":[{"href":"https:\/\/help.jamk.fi\/lyhytkurssi\/wp-json\/wp\/v2\/media?parent=540"}],"wp:term":[{"taxonomy":"category","embeddable":true,"href":"https:\/\/help.jamk.fi\/lyhytkurssi\/wp-json\/wp\/v2\/categories?post=540"},{"taxonomy":"post_tag","embeddable":true,"href":"https:\/\/help.jamk.fi\/lyhytkurssi\/wp-json\/wp\/v2\/tags?post=540"}],"curies":[{"name":"wp","href":"https:\/\/api.w.org\/{rel}","templated":true}]}}