{"id":648,"date":"2013-02-18T07:33:18","date_gmt":"2013-02-18T05:33:18","guid":{"rendered":"https:\/\/help.jamk.fi\/lyhytkurssi\/kurssitietojen-yllapito\/tuotetietojen-luominen\/"},"modified":"2024-11-04T10:09:45","modified_gmt":"2024-11-04T08:09:45","slug":"tuotetietojen-luominen","status":"publish","type":"page","link":"https:\/\/help.jamk.fi\/lyhytkurssi\/fi\/kurssitietojen-yllapito\/tuotetietojen-luominen\/","title":{"rendered":"Tuotetietojen luominen"},"content":{"rendered":"\n<p>Jokaiselle maksulliselle kurssille luodaan tuotteet, jotka n\u00e4kyv\u00e4t lomakkeilla erillisen\u00e4 tuote-kentt\u00e4n\u00e4. T\u00e4m\u00e4 mahdollistaa sek\u00e4 verkkokaupan k\u00e4yt\u00f6n ett\u00e4 laskutuksen. Ilmoittautujat ostavat siis tuotteita, eiv\u00e4t kursseja. Tuotteiden kopiointiohje l\u00f6ytyy alempaa t\u00e4lt\u00e4 sivulta.<\/p>\n\n\n\n<p><\/p>\n\n\n\n<p class=\"is-style-default\">Tuotteet luodaan kurssitietojen yll\u00e4pidossa kohdassa Kurssin hinta\/hl\u00f6. Vaihtoehtoisesti voit luoda tuotteen kohdassa Yll\u00e4pito -> Tuotetietojen yll\u00e4pito.<\/p>\n\n\n\n<p>Aloita tuotteen luominen klikkaamalla <strong>Perusta uusi tuote<\/strong> -painiketta (kuvio 1).<\/p>\n\n\n\n<figure class=\"wp-block-image\"><img decoding=\"async\" src=\"https:\/\/help.jamk.fi\/lyhytkurssi\/wp-content\/uploads\/sites\/75\/2023\/07\/Tuotteet1.png\" alt=\"\" class=\"wp-image-494\"\/><figcaption class=\"wp-element-caption\">Kuvio 1. Perusta uusi tuote -painike<\/figcaption><\/figure>\n\n\n\n<h2 class=\"wp-block-heading\">Tuotteen tietojen lis\u00e4\u00e4minen<\/h2>\n\n\n\n<p>Tuotetietojen yll\u00e4pidossa sinun tulee t\u00e4ytt\u00e4\u00e4 v\u00e4hint\u00e4\u00e4n seuraavat kent\u00e4t (kuvio 2):<\/p>\n\n\n\n<ul class=\"wp-block-list\">\n<li><strong>tuotteen nimi*<\/strong>: t\u00e4m\u00e4 n\u00e4kyy lomakkeella ilmoittautujalle. Jos kurssi on englanninkielinen t\u00e4h\u00e4n tulee tuote englanninkielell\u00e4.<\/li>\n\n\n\n<li><strong>tunnus*<\/strong>: tuote yksil\u00f6id\u00e4\u00e4n t\u00e4ll\u00e4 koodilla, kahdella tuotteella ei voi olla samaa tunnusta! Katso ohje tuotteen tunnuksen koodaamiseksi t\u00e4m\u00e4n sivun kohdasta <strong>Tuotteen tunnuksen luominen<\/strong>.<\/li>\n<\/ul>\n\n\n\n<ul class=\"wp-block-list\">\n<li><strong>tili*<\/strong>: tarvitaan kirjanpitoon\/laskutustietoihin. <span style=\"color: #000000;\">Katso tilit alta.<\/span>\n<ul class=\"wp-block-list\">\n<li>3050&nbsp;Avoin AMK (t\u00e4m\u00e4 luodaan automaattisesti eli t\u00e4t\u00e4 ei tarvitse merkit\u00e4 tili-kentt\u00e4\u00e4n vaan sen voi j\u00e4tt\u00e4\u00e4 tyhj\u00e4ksi)<\/li>\n\n\n\n<li><span style=\"color: #000000;\">3100&nbsp;<\/span><span style=\"color: #ff0000;\"><span style=\"color: #000000;\">Koulutustuotot, lain perusteella j\u00e4rjestetty, esim. erikoistumiskoulutus <strong>(ei alv)<\/strong><\/span><\/span><\/li>\n\n\n\n<li><span style=\"color: #ff0000;\"><span style=\"color: #000000;\">3101&nbsp;Koulutustuotot, elyt <strong>alv<\/strong><\/span><\/span><\/li>\n\n\n\n<li><span style=\"color: #ff0000;\"><span style=\"color: #000000;\">3102&nbsp;Koulutustuotot, ty\u00f6voima <strong>alv<\/strong><\/span><\/span><\/li>\n\n\n\n<li><span style=\"color: #ff0000;\"><span style=\"color: #000000;\">3103&nbsp;Koulutustuotot, opetushallitus <strong>(ei alv)<\/strong><\/span><\/span><\/li>\n\n\n\n<li><span style=\"color: #ff0000;\"><span style=\"color: #000000;\">3104&nbsp;Koulutustuotot, ulkomailla tapahtuva koulutus sek\u00e4 Suomessa ulkomaisille tapahtuva koulutus <strong>alv<\/strong><\/span><\/span><\/li>\n\n\n\n<li><strong>3107<\/strong> <strong>Koulutus- ja tapahtumatuotot (ei alv)<\/strong><\/li>\n\n\n\n<li><span style=\"color: #ff0000;\"><span style=\"color: #000000;\"><strong>3110&nbsp;Koulutustuotot alv<\/strong><\/span><\/span><\/li>\n<\/ul>\n<\/li>\n<\/ul>\n\n\n\n<p>Koulutus- ja tapahtumatuottojen tili\u00e4 voi k\u00e4ytt\u00e4\u00e4 esim. harjoitusmusiikkiopiston ilmoittautumisissa tai opiskelijoiden j\u00e4rjest\u00e4miss\u00e4 tapahtumissa (Winter \/ Spring ball).<\/p>\n\n\n\n<ul class=\"wp-block-list\">\n<li><strong>kustannuspaikka*<\/strong>: tarvitaan kirjanpitoon\/laskutustietoihin<\/li>\n\n\n\n<li><strong>toiminto*<\/strong>: tarvitaan kirjanpitoon\/laskutustietoihin<\/li>\n\n\n\n<li><strong>projekti<\/strong>: projektinumero tarvitaan silloin, jos tuotteesta saatavat kustannukset tilitet\u00e4\u00e4n projektille<\/li>\n<\/ul>\n\n\n\n<ul class=\"wp-block-list\">\n<li><strong>prioriteetti*<\/strong>:\n<ul class=\"wp-block-list\">\n<li>alhainen\/valinnainen = ilmoittautuja voi valita, maksaako h\u00e4n tuotteen vai ei<\/li>\n\n\n\n<li>normaali\/esivalittu =tuote on valittuna lomakkeella, mutta ilmoittautuja voi viel\u00e4 poistaa valinnan<\/li>\n\n\n\n<li>korkea\/pakollinen = tuotteen maksaminen on pakollista<\/li>\n<\/ul>\n<\/li>\n<\/ul>\n\n\n\n<ul class=\"wp-block-list\">\n<li><strong>hinta*<\/strong>: merkit\u00e4\u00e4n muodossa 50.00. \n<ul class=\"wp-block-list\">\n<li>Alvillisten koulutusten hinnat on ilmoitettava t\u00e4ss\u00e4 alvittomina eli nettohintoina, jos maksut laskutetaan asiakkailta. Laskutusj\u00e4rjestelm\u00e4mme lis\u00e4\u00e4 hintaan alv-prosentin. Verkkomaksuvaihtoehdossa hinnat ilmoitetaan alvillisina.<\/li>\n<\/ul>\n<\/li>\n\n\n\n<li><strong>alku- ja loppup\u00e4iv\u00e4m\u00e4\u00e4r\u00e4t*<\/strong>: hinta on voimassa merkittyn\u00e4 ajanjaksona ja tuote n\u00e4kyy lomakkeella vain silloin. HUOM! Jotta saisit tuotteet n\u00e4kym\u00e4\u00e4n sek\u00e4 lomakkeella ett\u00e4 yll\u00e4pidon puolella, aseta tuotteen alkup\u00e4iv\u00e4m\u00e4\u00e4r\u00e4ksi eilinen p\u00e4iv\u00e4 ja loppup\u00e4iv\u00e4m\u00e4\u00e4r\u00e4ksi kurssin loppup\u00e4iv\u00e4m\u00e4\u00e4r\u00e4n j\u00e4lkeinen p\u00e4iv\u00e4.<\/li>\n\n\n\n<li>tarkista lis\u00e4ksi, ett\u00e4 Kurssi-kohdassa on valittuna se kurssi, johon tuotetta olet luomassa<\/li>\n\n\n\n<li>Jos olet luomassa <strong>alvillista koulutusta<\/strong>, tulee sinun lis\u00e4ksi t\u00e4ytt\u00e4\u00e4 kohta <strong>ALV%<\/strong>.<\/li>\n<\/ul>\n\n\n\n<figure class=\"wp-block-image\"><img decoding=\"async\" src=\"https:\/\/help.jamk.fi\/lyhytkurssi\/wp-content\/uploads\/sites\/75\/2023\/07\/Tuotetiedot.png\" alt=\"Tuotetiedot\" class=\"wp-image-738\"\/><figcaption class=\"wp-element-caption\">Kuvio 2. Tuotetietojen pakolliset kent\u00e4t<\/figcaption><\/figure>\n\n\n\n<p><strong><span style=\"color: #ff0000;\"><span style=\"color: #ff0000;\"><\/span><\/span><\/strong><\/p>\n\n\n\n<p>Samalle tuotteelle voidaan luoda erilaisia hintoja. T\u00e4t\u00e4 voidaan k\u00e4ytt\u00e4\u00e4 esimerkiksi sellaisissa tapauksissa, ett\u00e4 koulutuksella on jokin alennusmyyntiaika, ja sen j\u00e4lkeen sit\u00e4 myyd\u00e4\u00e4n normaalihinnalla. T\u00e4ll\u00f6in aikav\u00e4li 1-kohtaan merkit\u00e4\u00e4n yksikk\u00f6hinnaksi alennettu hinta ja ajankohta, jolloin se on voimassa. Aikav\u00e4liin 2 merkit\u00e4\u00e4n normaalihinta ja aikav\u00e4li my\u00f6s sille.<\/p>\n\n\n\n<p>Tuotekuvaus-kentt\u00e4\u00e4n voit pist\u00e4\u00e4 tarkentavaa tietoa tuotteesta. T\u00e4m\u00e4 tieto n\u00e4kyy my\u00f6s ilmoittautujalle.<\/p>\n\n\n\n<h2 class=\"wp-block-heading\">Tuotteen tunnuksen luominen<\/h2>\n\n\n\n<p>Tuotteiden koodaamisessa noudatetaan seuraavaa k\u00e4yt\u00e4nt\u00f6\u00e4, maksimimerkkim\u00e4\u00e4r\u00e4 on 10 merkki\u00e4:<\/p>\n\n\n\n<ul class=\"wp-block-list\">\n<li>ensimm\u00e4inen\/kaksi ensimm\u00e4ist\u00e4 merkki\u00e4: A=avoin amk, TE= t\u00e4ydennyskoulutus, erikoistumiskoulutukset, TA=ammatilliset t\u00e4ydennyskoulutukset, TS=t\u00e4ydennyskoulutus, seminaarit, TO=oppisopimustyyppiset t\u00e4ydennyskoulutukset, TT=kaikki loput t\u00e4ydennyskoulutukset<\/li>\n\n\n\n<li>3. kirjain: yksikk\u00f6, H=HVYI, L=LIPA, T=Teknologia, A=AOKK, Y=hallintoyksikk\u00f6 ja kirjasto<\/li>\n\n\n\n<li>4. kirjain: ala, S=sosiaali- ja terveysala, M=matkailu-, ravitsemis- ja talousala, K=kulttuuriala, H=liiketalouden ja hallinnon ala, T=luonnontieteiden ala, I=tekniikan ja liikenteen ala,&nbsp;O=opetus ja ohjaus, C=kielet ja viestint\u00e4, L=luonnonvara ja ymp\u00e4rist\u00f6ala<\/li>\n\n\n\n<li>5.-6. merkki: laajuus, esim. 10 opintopisteen koulutus = 10<\/li>\n\n\n\n<li>loput merkit: juokseva numero niin, ett\u00e4 alkuosa siit\u00e4 koostuu tuotteen luojan nimikirjaimista<\/li>\n\n\n\n<li>esim. tunnus: TEHK30AL12 = kulttuurialan erikoistumisopinnot (30 op), tuotteen tekij\u00e4 AL + juokseva numero<\/li>\n<\/ul>\n\n\n\n<h2 class=\"wp-block-heading\">Tuotteiden kopiointi<\/h2>\n\n\n\n<p>Kun haluat luoda useita samanlaisia tuotteita <strong>eri kursseille<\/strong>, voit kopioida tuotteen toisen kurssin alta seuraavasti:<\/p>\n\n\n\n<ol class=\"wp-block-list\">\n<li>Mene Kurssitietojen yll\u00e4pidossa sen kurssin tietoihin, minne haluat tuotteita luoda (kopioida).<\/li>\n\n\n\n<li>Klikkaa Perusta uusi tuote -painiketta ja sen j\u00e4lkeen viel\u00e4 Uusi haku -painiketta.<\/li>\n\n\n\n<li>Nyt voit hakea kopioitavan tuotteen esim. tunnuksen perusteella.<\/li>\n\n\n\n<li>Valitse hakutuloksesta haluamasi tuote klikkaamalla tuotteen nime\u00e4 (kuvio 3).<\/li>\n\n\n\n<li>Muuta tuotetietoihin v\u00e4hint\u00e4\u00e4n <strong>Tunnus<\/strong>&#8211; ja <strong>Kurssi<\/strong> -tiedot. Tallenna.<\/li>\n<\/ol>\n\n\n\n<figure class=\"wp-block-image\"><img decoding=\"async\" src=\"https:\/\/help.jamk.fi\/lyhytkurssi\/wp-content\/uploads\/sites\/75\/2023\/07\/Tuotetietojen-kopiointi-12.png\" alt=\"\" class=\"wp-image-535\"\/><figcaption class=\"wp-element-caption\">Kuvio 3. Tuotteen kopioiminen<\/figcaption><\/figure>\n","protected":false},"excerpt":{"rendered":"<p>Jokaiselle maksulliselle kurssille luodaan tuotteet, jotka n\u00e4kyv\u00e4t lomakkeilla erillisen\u00e4 tuote-kentt\u00e4n\u00e4. T\u00e4m\u00e4 mahdollistaa sek\u00e4 verkkokaupan k\u00e4yt\u00f6n ett\u00e4 laskutuksen. Ilmoittautujat ostavat siis tuotteita, eiv\u00e4t kursseja. Tuotteiden kopiointiohje l\u00f6ytyy alempaa t\u00e4lt\u00e4 sivulta. Tuotteet luodaan kurssitietojen yll\u00e4pidossa kohdassa Kurssin hinta\/hl\u00f6. Vaihtoehtoisesti voit luoda tuotteen kohdassa Yll\u00e4pito -> Tuotetietojen yll\u00e4pito. Aloita tuotteen luominen klikkaamalla Perusta uusi tuote -painiketta (kuvio 1). [&hellip;]<\/p>\n","protected":false},"author":79,"featured_media":0,"parent":179,"menu_order":4,"comment_status":"open","ping_status":"open","template":"","meta":{"_acf_changed":false,"_relevanssi_hide_post":"","_relevanssi_hide_content":"","_relevanssi_pin_for_all":"","_relevanssi_pin_keywords":"","_relevanssi_unpin_keywords":"","_relevanssi_related_keywords":"","_relevanssi_related_include_ids":"","_relevanssi_related_exclude_ids":"","_relevanssi_related_no_append":"","_relevanssi_related_not_related":"","_relevanssi_related_posts":"","_relevanssi_noindex_reason":"","footnotes":""},"categories":[],"tags":[],"class_list":["post-648","page","type-page","status-publish","hentry"],"acf":[],"yoast_head":"<!-- This site is optimized with the Yoast SEO plugin v27.3 - https:\/\/yoast.com\/product\/yoast-seo-wordpress\/ -->\n<title>Tuotetietojen luominen - Lyhytkurssi<\/title>\n<meta name=\"robots\" content=\"index, follow, max-snippet:-1, max-image-preview:large, max-video-preview:-1\" \/>\n<link rel=\"canonical\" href=\"https:\/\/help.jamk.fi\/lyhytkurssi\/fi\/kurssitietojen-yllapito\/tuotetietojen-luominen\/\" \/>\n<meta property=\"og:locale\" content=\"fi_FI\" \/>\n<meta property=\"og:type\" content=\"article\" \/>\n<meta property=\"og:title\" content=\"Tuotetietojen luominen - Lyhytkurssi\" \/>\n<meta property=\"og:description\" content=\"Jokaiselle maksulliselle kurssille luodaan tuotteet, jotka n\u00e4kyv\u00e4t lomakkeilla erillisen\u00e4 tuote-kentt\u00e4n\u00e4. T\u00e4m\u00e4 mahdollistaa sek\u00e4 verkkokaupan k\u00e4yt\u00f6n ett\u00e4 laskutuksen. Ilmoittautujat ostavat siis tuotteita, eiv\u00e4t kursseja. Tuotteiden kopiointiohje l\u00f6ytyy alempaa t\u00e4lt\u00e4 sivulta. Tuotteet luodaan kurssitietojen yll\u00e4pidossa kohdassa Kurssin hinta\/hl\u00f6. Vaihtoehtoisesti voit luoda tuotteen kohdassa Yll\u00e4pito -&gt; Tuotetietojen yll\u00e4pito. Aloita tuotteen luominen klikkaamalla Perusta uusi tuote -painiketta (kuvio 1). [&hellip;]\" \/>\n<meta property=\"og:url\" content=\"https:\/\/help.jamk.fi\/lyhytkurssi\/fi\/kurssitietojen-yllapito\/tuotetietojen-luominen\/\" \/>\n<meta property=\"og:site_name\" content=\"Lyhytkurssi\" \/>\n<meta property=\"article:modified_time\" content=\"2024-11-04T08:09:45+00:00\" \/>\n<meta property=\"og:image\" content=\"https:\/\/help.jamk.fi\/lyhytkurssi\/wp-content\/uploads\/sites\/75\/2023\/07\/Tuotteet1.png\" \/>\n<meta name=\"twitter:card\" content=\"summary_large_image\" \/>\n<meta name=\"twitter:label1\" content=\"Arvioitu lukuaika\" \/>\n\t<meta name=\"twitter:data1\" content=\"5 minuuttia\" \/>\n<script type=\"application\/ld+json\" class=\"yoast-schema-graph\">{\"@context\":\"https:\\\/\\\/schema.org\",\"@graph\":[{\"@type\":\"WebPage\",\"@id\":\"https:\\\/\\\/help.jamk.fi\\\/lyhytkurssi\\\/fi\\\/kurssitietojen-yllapito\\\/tuotetietojen-luominen\\\/\",\"url\":\"https:\\\/\\\/help.jamk.fi\\\/lyhytkurssi\\\/fi\\\/kurssitietojen-yllapito\\\/tuotetietojen-luominen\\\/\",\"name\":\"Tuotetietojen luominen - Lyhytkurssi\",\"isPartOf\":{\"@id\":\"https:\\\/\\\/help.jamk.fi\\\/lyhytkurssi\\\/#website\"},\"primaryImageOfPage\":{\"@id\":\"https:\\\/\\\/help.jamk.fi\\\/lyhytkurssi\\\/fi\\\/kurssitietojen-yllapito\\\/tuotetietojen-luominen\\\/#primaryimage\"},\"image\":{\"@id\":\"https:\\\/\\\/help.jamk.fi\\\/lyhytkurssi\\\/fi\\\/kurssitietojen-yllapito\\\/tuotetietojen-luominen\\\/#primaryimage\"},\"thumbnailUrl\":\"https:\\\/\\\/help.jamk.fi\\\/lyhytkurssi\\\/wp-content\\\/uploads\\\/sites\\\/75\\\/2023\\\/07\\\/Tuotteet1.png\",\"datePublished\":\"2013-02-18T05:33:18+00:00\",\"dateModified\":\"2024-11-04T08:09:45+00:00\",\"breadcrumb\":{\"@id\":\"https:\\\/\\\/help.jamk.fi\\\/lyhytkurssi\\\/fi\\\/kurssitietojen-yllapito\\\/tuotetietojen-luominen\\\/#breadcrumb\"},\"inLanguage\":\"fi\",\"potentialAction\":[{\"@type\":\"ReadAction\",\"target\":[\"https:\\\/\\\/help.jamk.fi\\\/lyhytkurssi\\\/fi\\\/kurssitietojen-yllapito\\\/tuotetietojen-luominen\\\/\"]}]},{\"@type\":\"ImageObject\",\"inLanguage\":\"fi\",\"@id\":\"https:\\\/\\\/help.jamk.fi\\\/lyhytkurssi\\\/fi\\\/kurssitietojen-yllapito\\\/tuotetietojen-luominen\\\/#primaryimage\",\"url\":\"https:\\\/\\\/help.jamk.fi\\\/lyhytkurssi\\\/wp-content\\\/uploads\\\/sites\\\/75\\\/2023\\\/07\\\/Tuotteet1.png\",\"contentUrl\":\"https:\\\/\\\/help.jamk.fi\\\/lyhytkurssi\\\/wp-content\\\/uploads\\\/sites\\\/75\\\/2023\\\/07\\\/Tuotteet1.png\"},{\"@type\":\"BreadcrumbList\",\"@id\":\"https:\\\/\\\/help.jamk.fi\\\/lyhytkurssi\\\/fi\\\/kurssitietojen-yllapito\\\/tuotetietojen-luominen\\\/#breadcrumb\",\"itemListElement\":[{\"@type\":\"ListItem\",\"position\":1,\"name\":\"Etusivu\",\"item\":\"https:\\\/\\\/help.jamk.fi\\\/lyhytkurssi\\\/fi\\\/\"},{\"@type\":\"ListItem\",\"position\":2,\"name\":\"Kurssitietojen yll\u00e4pito\",\"item\":\"https:\\\/\\\/help.jamk.fi\\\/lyhytkurssi\\\/fi\\\/kurssitietojen-yllapito\\\/\"},{\"@type\":\"ListItem\",\"position\":3,\"name\":\"Tuotetietojen luominen\"}]},{\"@type\":\"WebSite\",\"@id\":\"https:\\\/\\\/help.jamk.fi\\\/lyhytkurssi\\\/#website\",\"url\":\"https:\\\/\\\/help.jamk.fi\\\/lyhytkurssi\\\/\",\"name\":\"Lyhytkurssi\",\"description\":\"\",\"potentialAction\":[{\"@type\":\"SearchAction\",\"target\":{\"@type\":\"EntryPoint\",\"urlTemplate\":\"https:\\\/\\\/help.jamk.fi\\\/lyhytkurssi\\\/?s={search_term_string}\"},\"query-input\":{\"@type\":\"PropertyValueSpecification\",\"valueRequired\":true,\"valueName\":\"search_term_string\"}}],\"inLanguage\":\"fi\"}]}<\/script>\n<!-- \/ Yoast SEO plugin. -->","yoast_head_json":{"title":"Tuotetietojen luominen - Lyhytkurssi","robots":{"index":"index","follow":"follow","max-snippet":"max-snippet:-1","max-image-preview":"max-image-preview:large","max-video-preview":"max-video-preview:-1"},"canonical":"https:\/\/help.jamk.fi\/lyhytkurssi\/fi\/kurssitietojen-yllapito\/tuotetietojen-luominen\/","og_locale":"fi_FI","og_type":"article","og_title":"Tuotetietojen luominen - Lyhytkurssi","og_description":"Jokaiselle maksulliselle kurssille luodaan tuotteet, jotka n\u00e4kyv\u00e4t lomakkeilla erillisen\u00e4 tuote-kentt\u00e4n\u00e4. T\u00e4m\u00e4 mahdollistaa sek\u00e4 verkkokaupan k\u00e4yt\u00f6n ett\u00e4 laskutuksen. Ilmoittautujat ostavat siis tuotteita, eiv\u00e4t kursseja. Tuotteiden kopiointiohje l\u00f6ytyy alempaa t\u00e4lt\u00e4 sivulta. Tuotteet luodaan kurssitietojen yll\u00e4pidossa kohdassa Kurssin hinta\/hl\u00f6. Vaihtoehtoisesti voit luoda tuotteen kohdassa Yll\u00e4pito -> Tuotetietojen yll\u00e4pito. Aloita tuotteen luominen klikkaamalla Perusta uusi tuote -painiketta (kuvio 1). [&hellip;]","og_url":"https:\/\/help.jamk.fi\/lyhytkurssi\/fi\/kurssitietojen-yllapito\/tuotetietojen-luominen\/","og_site_name":"Lyhytkurssi","article_modified_time":"2024-11-04T08:09:45+00:00","og_image":[{"url":"https:\/\/help.jamk.fi\/lyhytkurssi\/wp-content\/uploads\/sites\/75\/2023\/07\/Tuotteet1.png","type":"","width":"","height":""}],"twitter_card":"summary_large_image","twitter_misc":{"Arvioitu lukuaika":"5 minuuttia"},"schema":{"@context":"https:\/\/schema.org","@graph":[{"@type":"WebPage","@id":"https:\/\/help.jamk.fi\/lyhytkurssi\/fi\/kurssitietojen-yllapito\/tuotetietojen-luominen\/","url":"https:\/\/help.jamk.fi\/lyhytkurssi\/fi\/kurssitietojen-yllapito\/tuotetietojen-luominen\/","name":"Tuotetietojen luominen - Lyhytkurssi","isPartOf":{"@id":"https:\/\/help.jamk.fi\/lyhytkurssi\/#website"},"primaryImageOfPage":{"@id":"https:\/\/help.jamk.fi\/lyhytkurssi\/fi\/kurssitietojen-yllapito\/tuotetietojen-luominen\/#primaryimage"},"image":{"@id":"https:\/\/help.jamk.fi\/lyhytkurssi\/fi\/kurssitietojen-yllapito\/tuotetietojen-luominen\/#primaryimage"},"thumbnailUrl":"https:\/\/help.jamk.fi\/lyhytkurssi\/wp-content\/uploads\/sites\/75\/2023\/07\/Tuotteet1.png","datePublished":"2013-02-18T05:33:18+00:00","dateModified":"2024-11-04T08:09:45+00:00","breadcrumb":{"@id":"https:\/\/help.jamk.fi\/lyhytkurssi\/fi\/kurssitietojen-yllapito\/tuotetietojen-luominen\/#breadcrumb"},"inLanguage":"fi","potentialAction":[{"@type":"ReadAction","target":["https:\/\/help.jamk.fi\/lyhytkurssi\/fi\/kurssitietojen-yllapito\/tuotetietojen-luominen\/"]}]},{"@type":"ImageObject","inLanguage":"fi","@id":"https:\/\/help.jamk.fi\/lyhytkurssi\/fi\/kurssitietojen-yllapito\/tuotetietojen-luominen\/#primaryimage","url":"https:\/\/help.jamk.fi\/lyhytkurssi\/wp-content\/uploads\/sites\/75\/2023\/07\/Tuotteet1.png","contentUrl":"https:\/\/help.jamk.fi\/lyhytkurssi\/wp-content\/uploads\/sites\/75\/2023\/07\/Tuotteet1.png"},{"@type":"BreadcrumbList","@id":"https:\/\/help.jamk.fi\/lyhytkurssi\/fi\/kurssitietojen-yllapito\/tuotetietojen-luominen\/#breadcrumb","itemListElement":[{"@type":"ListItem","position":1,"name":"Etusivu","item":"https:\/\/help.jamk.fi\/lyhytkurssi\/fi\/"},{"@type":"ListItem","position":2,"name":"Kurssitietojen yll\u00e4pito","item":"https:\/\/help.jamk.fi\/lyhytkurssi\/fi\/kurssitietojen-yllapito\/"},{"@type":"ListItem","position":3,"name":"Tuotetietojen luominen"}]},{"@type":"WebSite","@id":"https:\/\/help.jamk.fi\/lyhytkurssi\/#website","url":"https:\/\/help.jamk.fi\/lyhytkurssi\/","name":"Lyhytkurssi","description":"","potentialAction":[{"@type":"SearchAction","target":{"@type":"EntryPoint","urlTemplate":"https:\/\/help.jamk.fi\/lyhytkurssi\/?s={search_term_string}"},"query-input":{"@type":"PropertyValueSpecification","valueRequired":true,"valueName":"search_term_string"}}],"inLanguage":"fi"}]}},"_links":{"self":[{"href":"https:\/\/help.jamk.fi\/lyhytkurssi\/wp-json\/wp\/v2\/pages\/648","targetHints":{"allow":["GET"]}}],"collection":[{"href":"https:\/\/help.jamk.fi\/lyhytkurssi\/wp-json\/wp\/v2\/pages"}],"about":[{"href":"https:\/\/help.jamk.fi\/lyhytkurssi\/wp-json\/wp\/v2\/types\/page"}],"author":[{"embeddable":true,"href":"https:\/\/help.jamk.fi\/lyhytkurssi\/wp-json\/wp\/v2\/users\/79"}],"replies":[{"embeddable":true,"href":"https:\/\/help.jamk.fi\/lyhytkurssi\/wp-json\/wp\/v2\/comments?post=648"}],"version-history":[{"count":14,"href":"https:\/\/help.jamk.fi\/lyhytkurssi\/wp-json\/wp\/v2\/pages\/648\/revisions"}],"predecessor-version":[{"id":1870,"href":"https:\/\/help.jamk.fi\/lyhytkurssi\/wp-json\/wp\/v2\/pages\/648\/revisions\/1870"}],"up":[{"embeddable":true,"href":"https:\/\/help.jamk.fi\/lyhytkurssi\/wp-json\/wp\/v2\/pages\/179"}],"wp:attachment":[{"href":"https:\/\/help.jamk.fi\/lyhytkurssi\/wp-json\/wp\/v2\/media?parent=648"}],"wp:term":[{"taxonomy":"category","embeddable":true,"href":"https:\/\/help.jamk.fi\/lyhytkurssi\/wp-json\/wp\/v2\/categories?post=648"},{"taxonomy":"post_tag","embeddable":true,"href":"https:\/\/help.jamk.fi\/lyhytkurssi\/wp-json\/wp\/v2\/tags?post=648"}],"curies":[{"name":"wp","href":"https:\/\/api.w.org\/{rel}","templated":true}]}}