{"id":777,"date":"2014-08-06T09:42:17","date_gmt":"2014-08-06T06:42:17","guid":{"rendered":"https:\/\/help.jamk.fi\/lyhytkurssi\/kurssitietojen-yllapito\/kurssin-kopioiminen-suppea-ja-laaja-kopiointi\/"},"modified":"2023-11-15T13:01:06","modified_gmt":"2023-11-15T11:01:06","slug":"kurssin-kopioiminen-suppea-ja-laaja-kopiointi","status":"publish","type":"page","link":"https:\/\/help.jamk.fi\/lyhytkurssi\/fi\/kurssitietojen-yllapito\/kurssin-kopioiminen-suppea-ja-laaja-kopiointi\/","title":{"rendered":"Kurssin kopioiminen &#8211; suppea ja laaja kopiointi"},"content":{"rendered":"\n<p>Avaa kurssi, jonka haluat kopioida. Lyhytkurssissa on kaksi painiketta, jolla kopioinnin voi tehd\u00e4:<\/p>\n\n\n\n<ul class=\"wp-block-list\">\n<li><strong>Kopiointi (suppea):<\/strong> Luo uuden kurssin t\u00e4m\u00e4n kurssin tietojen pohjalta. Kopioi vain perus- ja kuvaustiedot. My\u00f6s peruutettu kurssi voidaan kopioida.<\/li>\n\n\n\n<li><b>Kopiointi (laaja):<\/b> Laajassa kopioinnissa kaikki aliobjektit eli mm. kurssiohjelma ja ilmoittautumiset kopioituvat. My\u00f6s peruutettu kurssi voidaan kopioida.<\/li>\n<\/ul>\n\n\n\n<p>Useimpiin tarpeisiin riitt\u00e4\u00e4 suppea kopiointi.<\/p>\n\n\n\n<p><strong>Muista antaa kurssille uusi koodi kopioinnin j\u00e4lkeen! <\/strong>Tarkista my\u00f6s muut tiedot (esim. p\u00e4iv\u00e4m\u00e4\u00e4r\u00e4t). Tallenna kurssi. Huom. kurssikoodi ei saa olla yli 20-merkkinen!<\/p>\n","protected":false},"excerpt":{"rendered":"<p>Avaa kurssi, jonka haluat kopioida. Lyhytkurssissa on kaksi painiketta, jolla kopioinnin voi tehd\u00e4: Useimpiin tarpeisiin riitt\u00e4\u00e4 suppea kopiointi. Muista antaa kurssille uusi koodi kopioinnin j\u00e4lkeen! Tarkista my\u00f6s muut tiedot (esim. p\u00e4iv\u00e4m\u00e4\u00e4r\u00e4t). Tallenna kurssi. Huom. kurssikoodi ei saa olla yli 20-merkkinen!<\/p>\n","protected":false},"author":79,"featured_media":0,"parent":179,"menu_order":3,"comment_status":"open","ping_status":"open","template":"","meta":{"_acf_changed":false,"_relevanssi_hide_post":"","_relevanssi_hide_content":"","_relevanssi_pin_for_all":"","_relevanssi_pin_keywords":"","_relevanssi_unpin_keywords":"","_relevanssi_related_keywords":"","_relevanssi_related_include_ids":"","_relevanssi_related_exclude_ids":"","_relevanssi_related_no_append":"","_relevanssi_related_not_related":"","_relevanssi_related_posts":"","_relevanssi_noindex_reason":"","footnotes":""},"categories":[],"tags":[],"class_list":["post-777","page","type-page","status-publish","hentry"],"acf":[],"yoast_head":"<!-- This site is optimized with the Yoast SEO plugin v27.3 - https:\/\/yoast.com\/product\/yoast-seo-wordpress\/ -->\n<title>Kurssin kopioiminen - suppea ja laaja kopiointi - Lyhytkurssi<\/title>\n<meta name=\"robots\" content=\"index, follow, max-snippet:-1, max-image-preview:large, max-video-preview:-1\" \/>\n<link rel=\"canonical\" href=\"https:\/\/help.jamk.fi\/lyhytkurssi\/fi\/kurssitietojen-yllapito\/kurssin-kopioiminen-suppea-ja-laaja-kopiointi\/\" \/>\n<meta property=\"og:locale\" content=\"fi_FI\" \/>\n<meta property=\"og:type\" content=\"article\" \/>\n<meta property=\"og:title\" content=\"Kurssin kopioiminen - suppea ja laaja kopiointi - Lyhytkurssi\" \/>\n<meta property=\"og:description\" content=\"Avaa kurssi, jonka haluat kopioida. Lyhytkurssissa on kaksi painiketta, jolla kopioinnin voi tehd\u00e4: Useimpiin tarpeisiin riitt\u00e4\u00e4 suppea kopiointi. Muista antaa kurssille uusi koodi kopioinnin j\u00e4lkeen! Tarkista my\u00f6s muut tiedot (esim. p\u00e4iv\u00e4m\u00e4\u00e4r\u00e4t). Tallenna kurssi. Huom. kurssikoodi ei saa olla yli 20-merkkinen!\" \/>\n<meta property=\"og:url\" content=\"https:\/\/help.jamk.fi\/lyhytkurssi\/fi\/kurssitietojen-yllapito\/kurssin-kopioiminen-suppea-ja-laaja-kopiointi\/\" \/>\n<meta property=\"og:site_name\" content=\"Lyhytkurssi\" \/>\n<meta property=\"article:modified_time\" content=\"2023-11-15T11:01:06+00:00\" \/>\n<meta name=\"twitter:card\" content=\"summary_large_image\" \/>\n<meta name=\"twitter:label1\" content=\"Arvioitu lukuaika\" \/>\n\t<meta name=\"twitter:data1\" content=\"1 minuutti\" \/>\n<script type=\"application\/ld+json\" class=\"yoast-schema-graph\">{\"@context\":\"https:\\\/\\\/schema.org\",\"@graph\":[{\"@type\":\"WebPage\",\"@id\":\"https:\\\/\\\/help.jamk.fi\\\/lyhytkurssi\\\/fi\\\/kurssitietojen-yllapito\\\/kurssin-kopioiminen-suppea-ja-laaja-kopiointi\\\/\",\"url\":\"https:\\\/\\\/help.jamk.fi\\\/lyhytkurssi\\\/fi\\\/kurssitietojen-yllapito\\\/kurssin-kopioiminen-suppea-ja-laaja-kopiointi\\\/\",\"name\":\"Kurssin kopioiminen - suppea ja laaja kopiointi - Lyhytkurssi\",\"isPartOf\":{\"@id\":\"https:\\\/\\\/help.jamk.fi\\\/lyhytkurssi\\\/#website\"},\"datePublished\":\"2014-08-06T06:42:17+00:00\",\"dateModified\":\"2023-11-15T11:01:06+00:00\",\"breadcrumb\":{\"@id\":\"https:\\\/\\\/help.jamk.fi\\\/lyhytkurssi\\\/fi\\\/kurssitietojen-yllapito\\\/kurssin-kopioiminen-suppea-ja-laaja-kopiointi\\\/#breadcrumb\"},\"inLanguage\":\"fi\",\"potentialAction\":[{\"@type\":\"ReadAction\",\"target\":[\"https:\\\/\\\/help.jamk.fi\\\/lyhytkurssi\\\/fi\\\/kurssitietojen-yllapito\\\/kurssin-kopioiminen-suppea-ja-laaja-kopiointi\\\/\"]}]},{\"@type\":\"BreadcrumbList\",\"@id\":\"https:\\\/\\\/help.jamk.fi\\\/lyhytkurssi\\\/fi\\\/kurssitietojen-yllapito\\\/kurssin-kopioiminen-suppea-ja-laaja-kopiointi\\\/#breadcrumb\",\"itemListElement\":[{\"@type\":\"ListItem\",\"position\":1,\"name\":\"Etusivu\",\"item\":\"https:\\\/\\\/help.jamk.fi\\\/lyhytkurssi\\\/fi\\\/\"},{\"@type\":\"ListItem\",\"position\":2,\"name\":\"Kurssitietojen yll\u00e4pito\",\"item\":\"https:\\\/\\\/help.jamk.fi\\\/lyhytkurssi\\\/fi\\\/kurssitietojen-yllapito\\\/\"},{\"@type\":\"ListItem\",\"position\":3,\"name\":\"Kurssin kopioiminen &#8211; suppea ja laaja kopiointi\"}]},{\"@type\":\"WebSite\",\"@id\":\"https:\\\/\\\/help.jamk.fi\\\/lyhytkurssi\\\/#website\",\"url\":\"https:\\\/\\\/help.jamk.fi\\\/lyhytkurssi\\\/\",\"name\":\"Lyhytkurssi\",\"description\":\"\",\"potentialAction\":[{\"@type\":\"SearchAction\",\"target\":{\"@type\":\"EntryPoint\",\"urlTemplate\":\"https:\\\/\\\/help.jamk.fi\\\/lyhytkurssi\\\/?s={search_term_string}\"},\"query-input\":{\"@type\":\"PropertyValueSpecification\",\"valueRequired\":true,\"valueName\":\"search_term_string\"}}],\"inLanguage\":\"fi\"}]}<\/script>\n<!-- \/ Yoast SEO plugin. -->","yoast_head_json":{"title":"Kurssin kopioiminen - suppea ja laaja kopiointi - Lyhytkurssi","robots":{"index":"index","follow":"follow","max-snippet":"max-snippet:-1","max-image-preview":"max-image-preview:large","max-video-preview":"max-video-preview:-1"},"canonical":"https:\/\/help.jamk.fi\/lyhytkurssi\/fi\/kurssitietojen-yllapito\/kurssin-kopioiminen-suppea-ja-laaja-kopiointi\/","og_locale":"fi_FI","og_type":"article","og_title":"Kurssin kopioiminen - suppea ja laaja kopiointi - Lyhytkurssi","og_description":"Avaa kurssi, jonka haluat kopioida. Lyhytkurssissa on kaksi painiketta, jolla kopioinnin voi tehd\u00e4: Useimpiin tarpeisiin riitt\u00e4\u00e4 suppea kopiointi. Muista antaa kurssille uusi koodi kopioinnin j\u00e4lkeen! Tarkista my\u00f6s muut tiedot (esim. p\u00e4iv\u00e4m\u00e4\u00e4r\u00e4t). Tallenna kurssi. Huom. kurssikoodi ei saa olla yli 20-merkkinen!","og_url":"https:\/\/help.jamk.fi\/lyhytkurssi\/fi\/kurssitietojen-yllapito\/kurssin-kopioiminen-suppea-ja-laaja-kopiointi\/","og_site_name":"Lyhytkurssi","article_modified_time":"2023-11-15T11:01:06+00:00","twitter_card":"summary_large_image","twitter_misc":{"Arvioitu lukuaika":"1 minuutti"},"schema":{"@context":"https:\/\/schema.org","@graph":[{"@type":"WebPage","@id":"https:\/\/help.jamk.fi\/lyhytkurssi\/fi\/kurssitietojen-yllapito\/kurssin-kopioiminen-suppea-ja-laaja-kopiointi\/","url":"https:\/\/help.jamk.fi\/lyhytkurssi\/fi\/kurssitietojen-yllapito\/kurssin-kopioiminen-suppea-ja-laaja-kopiointi\/","name":"Kurssin kopioiminen - suppea ja laaja kopiointi - Lyhytkurssi","isPartOf":{"@id":"https:\/\/help.jamk.fi\/lyhytkurssi\/#website"},"datePublished":"2014-08-06T06:42:17+00:00","dateModified":"2023-11-15T11:01:06+00:00","breadcrumb":{"@id":"https:\/\/help.jamk.fi\/lyhytkurssi\/fi\/kurssitietojen-yllapito\/kurssin-kopioiminen-suppea-ja-laaja-kopiointi\/#breadcrumb"},"inLanguage":"fi","potentialAction":[{"@type":"ReadAction","target":["https:\/\/help.jamk.fi\/lyhytkurssi\/fi\/kurssitietojen-yllapito\/kurssin-kopioiminen-suppea-ja-laaja-kopiointi\/"]}]},{"@type":"BreadcrumbList","@id":"https:\/\/help.jamk.fi\/lyhytkurssi\/fi\/kurssitietojen-yllapito\/kurssin-kopioiminen-suppea-ja-laaja-kopiointi\/#breadcrumb","itemListElement":[{"@type":"ListItem","position":1,"name":"Etusivu","item":"https:\/\/help.jamk.fi\/lyhytkurssi\/fi\/"},{"@type":"ListItem","position":2,"name":"Kurssitietojen yll\u00e4pito","item":"https:\/\/help.jamk.fi\/lyhytkurssi\/fi\/kurssitietojen-yllapito\/"},{"@type":"ListItem","position":3,"name":"Kurssin kopioiminen &#8211; suppea ja laaja kopiointi"}]},{"@type":"WebSite","@id":"https:\/\/help.jamk.fi\/lyhytkurssi\/#website","url":"https:\/\/help.jamk.fi\/lyhytkurssi\/","name":"Lyhytkurssi","description":"","potentialAction":[{"@type":"SearchAction","target":{"@type":"EntryPoint","urlTemplate":"https:\/\/help.jamk.fi\/lyhytkurssi\/?s={search_term_string}"},"query-input":{"@type":"PropertyValueSpecification","valueRequired":true,"valueName":"search_term_string"}}],"inLanguage":"fi"}]}},"_links":{"self":[{"href":"https:\/\/help.jamk.fi\/lyhytkurssi\/wp-json\/wp\/v2\/pages\/777","targetHints":{"allow":["GET"]}}],"collection":[{"href":"https:\/\/help.jamk.fi\/lyhytkurssi\/wp-json\/wp\/v2\/pages"}],"about":[{"href":"https:\/\/help.jamk.fi\/lyhytkurssi\/wp-json\/wp\/v2\/types\/page"}],"author":[{"embeddable":true,"href":"https:\/\/help.jamk.fi\/lyhytkurssi\/wp-json\/wp\/v2\/users\/79"}],"replies":[{"embeddable":true,"href":"https:\/\/help.jamk.fi\/lyhytkurssi\/wp-json\/wp\/v2\/comments?post=777"}],"version-history":[{"count":2,"href":"https:\/\/help.jamk.fi\/lyhytkurssi\/wp-json\/wp\/v2\/pages\/777\/revisions"}],"predecessor-version":[{"id":1620,"href":"https:\/\/help.jamk.fi\/lyhytkurssi\/wp-json\/wp\/v2\/pages\/777\/revisions\/1620"}],"up":[{"embeddable":true,"href":"https:\/\/help.jamk.fi\/lyhytkurssi\/wp-json\/wp\/v2\/pages\/179"}],"wp:attachment":[{"href":"https:\/\/help.jamk.fi\/lyhytkurssi\/wp-json\/wp\/v2\/media?parent=777"}],"wp:term":[{"taxonomy":"category","embeddable":true,"href":"https:\/\/help.jamk.fi\/lyhytkurssi\/wp-json\/wp\/v2\/categories?post=777"},{"taxonomy":"post_tag","embeddable":true,"href":"https:\/\/help.jamk.fi\/lyhytkurssi\/wp-json\/wp\/v2\/tags?post=777"}],"curies":[{"name":"wp","href":"https:\/\/api.w.org\/{rel}","templated":true}]}}