{"id":849,"date":"2016-10-07T08:26:55","date_gmt":"2016-10-07T05:26:55","guid":{"rendered":"https:\/\/help.jamk.fi\/lyhytkurssi\/laskutusaineiston-valmistelu\/tyonantajan-lisaaminen-maksajaksi\/"},"modified":"2024-11-04T12:42:21","modified_gmt":"2024-11-04T10:42:21","slug":"tyonantajan-lisaaminen-maksajaksi","status":"publish","type":"page","link":"https:\/\/help.jamk.fi\/lyhytkurssi\/fi\/laskutusaineiston-valmistelu\/tyonantajan-lisaaminen-maksajaksi\/","title":{"rendered":"Ty\u00f6nantajan lis\u00e4\u00e4minen maksajaksi"},"content":{"rendered":"\n<p>Jos ilmoittautuja ei ole jostain syyst\u00e4 ilmoittautuessaan koulutukseen merkinnyt maksajaksi ty\u00f6nantajaa, se voidaan lis\u00e4t\u00e4 henkil\u00f6n tietoihin j\u00e4lkik\u00e4teen.<\/p>\n\n\n\n<p>Tarkista, ett\u00e4 ty\u00f6nantaja l\u00f6ytyy Lyhytkurssin asiakasrekisterist\u00e4: Yll\u00e4pito -> asiakasrekisteri. Jos ei l\u00f6ydy, lis\u00e4\u00e4 ty\u00f6nantajan tiedot sinne Uusi yritys -painikkeen takaa. Muista lis\u00e4t\u00e4 my\u00f6s laskutustiedot sek\u00e4 verkkolaskuosoite ja verkkolaskuoperaattori, jos asiakkaalla on k\u00e4yt\u00f6ss\u00e4\u00e4n s\u00e4hk\u00f6inen laskutus (kuvio 1).<\/p>\n\n\n\n<figure class=\"wp-block-image\"><a href=\"https:\/\/help.jamk.fi\/lyhytkurssi\/wp-content\/uploads\/sites\/75\/2023\/07\/Laskutustiedot.png\"><img decoding=\"async\" src=\"https:\/\/help.jamk.fi\/lyhytkurssi\/wp-content\/uploads\/sites\/75\/2023\/07\/Laskutustiedot.png\" alt=\"laskutustiedot\" class=\"wp-image-860\"\/><\/a><figcaption class=\"wp-element-caption\">Kuvio 1. Verkkolaskuosoite- ja verkkolaskuoperaattori -kent\u00e4t asiakasrekisteriss\u00e4<\/figcaption><\/figure>\n\n\n\n<p>Mene <strong>Ilmoittautumisten k\u00e4sittelyn<\/strong> kautta sen koulutuksen ilmoittautumistietoihin, joissa laskutettava ilmoittautuja on. Jos et ole viel\u00e4 ehtinyt kiinnitt\u00e4\u00e4 henkil\u00f6\u00e4, tee se ensin.<\/p>\n\n\n\n<div id=\"accordion-block_5ba57be194c803702bb73a4ad7d72495\" class=\"accordion block-accordion\">\n  <div class=\"block-accordion__element-header\">\n      <\/div>\n  <div class=\"block-accordion__accordions\">\n                  <div class=\"accordion-item\">\n          <h2 class=\"h6 accordion-title\">\n            <button id=\"accordion-header-1\" class=\"accordion-header\" aria-expanded=\"false\" aria-controls=\"accordion-panel-1\">\n              A) Jos et ole ehtinyt hyv\u00e4ksy\u00e4 ilmoittautujaa koulutukseen, toimi seuraavasti:              <div class='plus-icon' itemprop='logo'><svg aria-hidden=\"true\" viewBox=\"0 0 16 16\" fill=\"none\" xmlns=\"http:\/\/www.w3.org\/2000\/svg\"><path d=\"M8.92 7.1V.06H7.2V7.1H.12v1.72H7.2v7.12h1.72V8.82H16V7.1H8.92z\" fill=\"#0D004C\"\/><\/svg><\/div>              <div class='minus-icon' itemprop='logo'><svg aria-hidden=\"true\" viewBox=\"0 0 14 2\" fill=\"none\" xmlns=\"http:\/\/www.w3.org\/2000\/svg\"><path d=\"M14 1.88H.88V.12H14v1.76z\" fill=\"#fff\"\/><\/svg><\/div>            <\/button>\n          <\/h2>\n          <div class=\"accordion-section-wrapper\">\n            <section id=\"accordion-panel-1\" class=\"accordion-panel\" aria-labelledby=\"accordion-header-1\">\n              <p><!-- wp:list {\"ordered\":true} --><\/p>\n<ol>\n<li style=\"list-style-type: none;\">\n<ol><!-- wp:list-item --><\/p>\n<li>Klikkaa Kiinnitykset-ikkunassa olevaa Muokkaa-painiketta. (kuvio 2)<\/li>\n<\/ol>\n<\/li>\n<\/ol>\n<p><!-- \/wp:list-item --> <!-- wp:list-item --><\/p>\n<ol>\n<li style=\"list-style-type: none;\">\n<ol>\n<li>Poista Maksajan kiinnitys -kohdasta kiinnitys painikkeella &#8221;Poista kiinnitys&#8221; (kuvio 3) ja tee maksajan kiinnitys uudelleen esim. hakemalla ty\u00f6nantaja yritysrekisterist\u00e4 (kuvio 4). Jos ty\u00f6nantajaa ei sielt\u00e4 l\u00f6ydy, sinun t\u00e4ytyy Lyhytkurssin p\u00e4\u00e4valikon kautta (Yll\u00e4pito -&gt; Yritysrekisteri) luoda uusi yritys Lyhytkurssiin ja valita t\u00e4m\u00e4 yritys sen j\u00e4lkeen maksajaksi Ilmoittautumisten k\u00e4sittelyn kautta.<\/li>\n<\/ol>\n<\/li>\n<\/ol>\n<p><!-- \/wp:list-item --> <!-- wp:list-item --><\/p>\n<ol>\n<li style=\"list-style-type: none;\">\n<ol>\n<li>Poimi yritys maksajaksi Poimi-painikkeella (kuvio 5).<\/li>\n<\/ol>\n<\/li>\n<\/ol>\n<p><!-- \/wp:list-item --><\/p>\n<p><img loading=\"lazy\" decoding=\"async\" class=\"alignnone size-medium wp-image-1447\" src=\"https:\/\/help.jamk.fi\/lyhytkurssi\/wp-content\/uploads\/sites\/75\/2023\/07\/Muokkaa-kiinnitysta-300x80.png\" alt=\"\" width=\"300\" height=\"80\" srcset=\"https:\/\/help.jamk.fi\/lyhytkurssi\/wp-content\/uploads\/sites\/75\/2023\/07\/Muokkaa-kiinnitysta-300x80.png 300w, https:\/\/help.jamk.fi\/lyhytkurssi\/wp-content\/uploads\/sites\/75\/2023\/07\/Muokkaa-kiinnitysta.png 590w\" sizes=\"auto, (max-width: 300px) 100vw, 300px\" \/><\/p>\n<p>Kuvio 2. Muokkaa-painike Kiinnitykset-valikossa<\/p>\n<p><img loading=\"lazy\" decoding=\"async\" class=\"alignnone size-medium wp-image-1450\" src=\"https:\/\/help.jamk.fi\/lyhytkurssi\/wp-content\/uploads\/sites\/75\/2023\/07\/Poista-kiinnitys-300x94.png\" alt=\"\" width=\"300\" height=\"94\" srcset=\"https:\/\/help.jamk.fi\/lyhytkurssi\/wp-content\/uploads\/sites\/75\/2023\/07\/Poista-kiinnitys-300x94.png 300w, https:\/\/help.jamk.fi\/lyhytkurssi\/wp-content\/uploads\/sites\/75\/2023\/07\/Poista-kiinnitys.png 621w\" sizes=\"auto, (max-width: 300px) 100vw, 300px\" \/><\/p>\n<p>Kuvio 3. Poista kiinnitys<\/p>\n<p><img loading=\"lazy\" decoding=\"async\" class=\"alignnone size-medium wp-image-1453\" src=\"https:\/\/help.jamk.fi\/lyhytkurssi\/wp-content\/uploads\/sites\/75\/2023\/07\/Hae-yritysrekisterista-300x81.png\" alt=\"\" width=\"300\" height=\"81\" srcset=\"https:\/\/help.jamk.fi\/lyhytkurssi\/wp-content\/uploads\/sites\/75\/2023\/07\/Hae-yritysrekisterista-300x81.png 300w, https:\/\/help.jamk.fi\/lyhytkurssi\/wp-content\/uploads\/sites\/75\/2023\/07\/Hae-yritysrekisterista-768x208.png 768w, https:\/\/help.jamk.fi\/lyhytkurssi\/wp-content\/uploads\/sites\/75\/2023\/07\/Hae-yritysrekisterista.png 962w\" sizes=\"auto, (max-width: 300px) 100vw, 300px\" \/><\/p>\n<p>Kuvio 4. Hae maksaja yritysrekisterist\u00e4<\/p>\n<p><img loading=\"lazy\" decoding=\"async\" class=\"alignnone size-medium wp-image-1456\" src=\"https:\/\/help.jamk.fi\/lyhytkurssi\/wp-content\/uploads\/sites\/75\/2023\/07\/Poimi-yritys-300x189.png\" alt=\"\" width=\"300\" height=\"189\" srcset=\"https:\/\/help.jamk.fi\/lyhytkurssi\/wp-content\/uploads\/sites\/75\/2023\/07\/Poimi-yritys-300x189.png 300w, https:\/\/help.jamk.fi\/lyhytkurssi\/wp-content\/uploads\/sites\/75\/2023\/07\/Poimi-yritys.png 469w\" sizes=\"auto, (max-width: 300px) 100vw, 300px\" \/><\/p>\n<p>Kuvio 5. Poimi yritys maksajaksi<\/p>\n<p><!-- \/wp:list --><\/p>\n            <\/section>\n          <\/div>\n        <\/div>\n              <div class=\"accordion-item\">\n          <h2 class=\"h6 accordion-title\">\n            <button id=\"accordion-header-2\" class=\"accordion-header\" aria-expanded=\"false\" aria-controls=\"accordion-panel-2\">\n              B) Jos olet ehtinyt hyv\u00e4ksy\u00e4 ilmoittautujan, toimi seuraavasti:              <div class='plus-icon' itemprop='logo'><svg aria-hidden=\"true\" viewBox=\"0 0 16 16\" fill=\"none\" xmlns=\"http:\/\/www.w3.org\/2000\/svg\"><path d=\"M8.92 7.1V.06H7.2V7.1H.12v1.72H7.2v7.12h1.72V8.82H16V7.1H8.92z\" fill=\"#0D004C\"\/><\/svg><\/div>              <div class='minus-icon' itemprop='logo'><svg aria-hidden=\"true\" viewBox=\"0 0 14 2\" fill=\"none\" xmlns=\"http:\/\/www.w3.org\/2000\/svg\"><path d=\"M14 1.88H.88V.12H14v1.76z\" fill=\"#fff\"\/><\/svg><\/div>            <\/button>\n          <\/h2>\n          <div class=\"accordion-section-wrapper\">\n            <section id=\"accordion-panel-2\" class=\"accordion-panel\" aria-labelledby=\"accordion-header-2\">\n              <p><!-- wp:list {\"ordered\":true} --><\/p>\n<ol>\n<li style=\"list-style-type: none;\">\n<ol><!-- wp:list-item --><\/p>\n<li>Klikkaa Varnro-ikkunassa olevaa numerolinkki\u00e4 (kuvio 6).<\/li>\n<\/ol>\n<\/li>\n<\/ol>\n<p><!-- \/wp:list-item --> <!-- wp:list-item --><\/p>\n<ol>\n<li style=\"list-style-type: none;\">\n<ol>\n<li>Muuta kohtaan Maksajaan liittyvi\u00e4 tietoja yritystiedot klikkaamalla Haku\/yll\u00e4pito-painiketta (kuvio 7).<\/li>\n<\/ol>\n<\/li>\n<\/ol>\n<p><!-- \/wp:list-item --> <!-- wp:list-item --><\/p>\n<ol>\n<li style=\"list-style-type: none;\">\n<ol>\n<li>Klikkaa Uusi haku ja hae maksava yritys (kuvio 8).<\/li>\n<\/ol>\n<\/li>\n<\/ol>\n<p><!-- \/wp:list-item --> <!-- wp:list-item --><\/p>\n<ol>\n<li style=\"list-style-type: none;\">\n<ol>\n<li>Klikkaa Poimi varaukseen -painiketta, jolloin yritys siirtyy maksajaksi (ks. yll\u00e4 kuvio 5).<\/li>\n<\/ol>\n<\/li>\n<\/ol>\n<p><!-- \/wp:list-item --> <!-- wp:list-item --><\/p>\n<ol>\n<li style=\"list-style-type: none;\">\n<ol>\n<li>Tallenna muutokset Hyv\u00e4ksy muutokset -painikkeella ja sulje ikkuna (kuvio 9).<\/li>\n<\/ol>\n<\/li>\n<\/ol>\n<p><!-- \/wp:list-item --><\/p>\n<p><img loading=\"lazy\" decoding=\"async\" class=\"alignnone size-medium wp-image-1459\" src=\"https:\/\/help.jamk.fi\/lyhytkurssi\/wp-content\/uploads\/sites\/75\/2023\/07\/Varausnumero-300x137.png\" alt=\"\" width=\"300\" height=\"137\" srcset=\"https:\/\/help.jamk.fi\/lyhytkurssi\/wp-content\/uploads\/sites\/75\/2023\/07\/Varausnumero-300x137.png 300w, https:\/\/help.jamk.fi\/lyhytkurssi\/wp-content\/uploads\/sites\/75\/2023\/07\/Varausnumero.png 642w\" sizes=\"auto, (max-width: 300px) 100vw, 300px\" \/><\/p>\n<p>Kuvio 6. Varausnumero<\/p>\n<p><img loading=\"lazy\" decoding=\"async\" class=\"alignnone size-medium wp-image-1462\" src=\"https:\/\/help.jamk.fi\/lyhytkurssi\/wp-content\/uploads\/sites\/75\/2023\/07\/Maksajaan-liittyvia-tietoja-300x123.png\" alt=\"\" width=\"300\" height=\"123\" srcset=\"https:\/\/help.jamk.fi\/lyhytkurssi\/wp-content\/uploads\/sites\/75\/2023\/07\/Maksajaan-liittyvia-tietoja-300x123.png 300w, https:\/\/help.jamk.fi\/lyhytkurssi\/wp-content\/uploads\/sites\/75\/2023\/07\/Maksajaan-liittyvia-tietoja.png 431w\" sizes=\"auto, (max-width: 300px) 100vw, 300px\" \/><\/p>\n<p>Kuvio 7. Haku \/ yll\u00e4pito -painike<\/p>\n<p><img loading=\"lazy\" decoding=\"async\" class=\"alignnone size-medium wp-image-1465\" src=\"https:\/\/help.jamk.fi\/lyhytkurssi\/wp-content\/uploads\/sites\/75\/2023\/07\/Uusi-haku-300x166.png\" alt=\"\" width=\"300\" height=\"166\" srcset=\"https:\/\/help.jamk.fi\/lyhytkurssi\/wp-content\/uploads\/sites\/75\/2023\/07\/Uusi-haku-300x166.png 300w, https:\/\/help.jamk.fi\/lyhytkurssi\/wp-content\/uploads\/sites\/75\/2023\/07\/Uusi-haku.png 487w\" sizes=\"auto, (max-width: 300px) 100vw, 300px\" \/><\/p>\n<p>Kuvio 8. Hae maksava yritys<\/p>\n<p><img loading=\"lazy\" decoding=\"async\" class=\"alignnone size-medium wp-image-1468\" src=\"https:\/\/help.jamk.fi\/lyhytkurssi\/wp-content\/uploads\/sites\/75\/2023\/07\/Hyvaksy-muutokset-300x160.png\" alt=\"\" width=\"300\" height=\"160\" srcset=\"https:\/\/help.jamk.fi\/lyhytkurssi\/wp-content\/uploads\/sites\/75\/2023\/07\/Hyvaksy-muutokset-300x160.png 300w, https:\/\/help.jamk.fi\/lyhytkurssi\/wp-content\/uploads\/sites\/75\/2023\/07\/Hyvaksy-muutokset-768x409.png 768w, https:\/\/help.jamk.fi\/lyhytkurssi\/wp-content\/uploads\/sites\/75\/2023\/07\/Hyvaksy-muutokset.png 936w\" sizes=\"auto, (max-width: 300px) 100vw, 300px\" \/><\/p>\n<p>Kuvio 9. Tallenna muutokset<\/p>\n<p><!-- \/wp:list --><\/p>\n            <\/section>\n          <\/div>\n        <\/div>\n            <\/div>\n<\/div>\n\n\n<p><\/p>\n\n\n\n<p>N\u00e4iden toimenpiteiden j\u00e4lkeen Laskut\/Kutsut -ikkunassa maksajana on valittu yritys.<\/p>\n","protected":false},"excerpt":{"rendered":"<p>Jos ilmoittautuja ei ole jostain syyst\u00e4 ilmoittautuessaan koulutukseen merkinnyt maksajaksi ty\u00f6nantajaa, se voidaan lis\u00e4t\u00e4 henkil\u00f6n tietoihin j\u00e4lkik\u00e4teen. Tarkista, ett\u00e4 ty\u00f6nantaja l\u00f6ytyy Lyhytkurssin asiakasrekisterist\u00e4: Yll\u00e4pito -> asiakasrekisteri. Jos ei l\u00f6ydy, lis\u00e4\u00e4 ty\u00f6nantajan tiedot sinne Uusi yritys -painikkeen takaa. Muista lis\u00e4t\u00e4 my\u00f6s laskutustiedot sek\u00e4 verkkolaskuosoite ja verkkolaskuoperaattori, jos asiakkaalla on k\u00e4yt\u00f6ss\u00e4\u00e4n s\u00e4hk\u00f6inen laskutus (kuvio 1). Mene Ilmoittautumisten [&hellip;]<\/p>\n","protected":false},"author":79,"featured_media":0,"parent":819,"menu_order":0,"comment_status":"closed","ping_status":"closed","template":"","meta":{"_acf_changed":false,"_relevanssi_hide_post":"","_relevanssi_hide_content":"","_relevanssi_pin_for_all":"","_relevanssi_pin_keywords":"","_relevanssi_unpin_keywords":"","_relevanssi_related_keywords":"","_relevanssi_related_include_ids":"","_relevanssi_related_exclude_ids":"","_relevanssi_related_no_append":"","_relevanssi_related_not_related":"","_relevanssi_related_posts":"","_relevanssi_noindex_reason":"","footnotes":""},"categories":[],"tags":[],"class_list":["post-849","page","type-page","status-publish","hentry"],"acf":[],"yoast_head":"<!-- This site is optimized with the Yoast SEO plugin v27.5 - https:\/\/yoast.com\/product\/yoast-seo-wordpress\/ -->\n<title>Ty\u00f6nantajan lis\u00e4\u00e4minen maksajaksi - Lyhytkurssi<\/title>\n<meta name=\"robots\" content=\"index, follow, max-snippet:-1, max-image-preview:large, max-video-preview:-1\" \/>\n<link rel=\"canonical\" href=\"https:\/\/help.jamk.fi\/lyhytkurssi\/fi\/laskutusaineiston-valmistelu\/tyonantajan-lisaaminen-maksajaksi\/\" \/>\n<meta property=\"og:locale\" content=\"fi_FI\" \/>\n<meta property=\"og:type\" content=\"article\" \/>\n<meta property=\"og:title\" content=\"Ty\u00f6nantajan lis\u00e4\u00e4minen maksajaksi - Lyhytkurssi\" \/>\n<meta property=\"og:description\" content=\"Jos ilmoittautuja ei ole jostain syyst\u00e4 ilmoittautuessaan koulutukseen merkinnyt maksajaksi ty\u00f6nantajaa, se voidaan lis\u00e4t\u00e4 henkil\u00f6n tietoihin j\u00e4lkik\u00e4teen. Tarkista, ett\u00e4 ty\u00f6nantaja l\u00f6ytyy Lyhytkurssin asiakasrekisterist\u00e4: Yll\u00e4pito -&gt; asiakasrekisteri. Jos ei l\u00f6ydy, lis\u00e4\u00e4 ty\u00f6nantajan tiedot sinne Uusi yritys -painikkeen takaa. Muista lis\u00e4t\u00e4 my\u00f6s laskutustiedot sek\u00e4 verkkolaskuosoite ja verkkolaskuoperaattori, jos asiakkaalla on k\u00e4yt\u00f6ss\u00e4\u00e4n s\u00e4hk\u00f6inen laskutus (kuvio 1). Mene Ilmoittautumisten [&hellip;]\" \/>\n<meta property=\"og:url\" content=\"https:\/\/help.jamk.fi\/lyhytkurssi\/fi\/laskutusaineiston-valmistelu\/tyonantajan-lisaaminen-maksajaksi\/\" \/>\n<meta property=\"og:site_name\" content=\"Lyhytkurssi\" \/>\n<meta property=\"article:modified_time\" content=\"2024-11-04T10:42:21+00:00\" \/>\n<meta property=\"og:image\" content=\"https:\/\/help.jamk.fi\/lyhytkurssi\/wp-content\/uploads\/sites\/75\/2023\/07\/Laskutustiedot.png\" \/>\n<meta name=\"twitter:card\" content=\"summary_large_image\" \/>\n<meta name=\"twitter:label1\" content=\"Arvioitu lukuaika\" \/>\n\t<meta name=\"twitter:data1\" content=\"1 minuutti\" \/>\n<script type=\"application\/ld+json\" class=\"yoast-schema-graph\">{\"@context\":\"https:\\\/\\\/schema.org\",\"@graph\":[{\"@type\":\"WebPage\",\"@id\":\"https:\\\/\\\/help.jamk.fi\\\/lyhytkurssi\\\/fi\\\/laskutusaineiston-valmistelu\\\/tyonantajan-lisaaminen-maksajaksi\\\/\",\"url\":\"https:\\\/\\\/help.jamk.fi\\\/lyhytkurssi\\\/fi\\\/laskutusaineiston-valmistelu\\\/tyonantajan-lisaaminen-maksajaksi\\\/\",\"name\":\"Ty\u00f6nantajan lis\u00e4\u00e4minen maksajaksi - Lyhytkurssi\",\"isPartOf\":{\"@id\":\"https:\\\/\\\/help.jamk.fi\\\/lyhytkurssi\\\/#website\"},\"primaryImageOfPage\":{\"@id\":\"https:\\\/\\\/help.jamk.fi\\\/lyhytkurssi\\\/fi\\\/laskutusaineiston-valmistelu\\\/tyonantajan-lisaaminen-maksajaksi\\\/#primaryimage\"},\"image\":{\"@id\":\"https:\\\/\\\/help.jamk.fi\\\/lyhytkurssi\\\/fi\\\/laskutusaineiston-valmistelu\\\/tyonantajan-lisaaminen-maksajaksi\\\/#primaryimage\"},\"thumbnailUrl\":\"https:\\\/\\\/help.jamk.fi\\\/lyhytkurssi\\\/wp-content\\\/uploads\\\/sites\\\/75\\\/2023\\\/07\\\/Laskutustiedot.png\",\"datePublished\":\"2016-10-07T05:26:55+00:00\",\"dateModified\":\"2024-11-04T10:42:21+00:00\",\"breadcrumb\":{\"@id\":\"https:\\\/\\\/help.jamk.fi\\\/lyhytkurssi\\\/fi\\\/laskutusaineiston-valmistelu\\\/tyonantajan-lisaaminen-maksajaksi\\\/#breadcrumb\"},\"inLanguage\":\"fi\",\"potentialAction\":[{\"@type\":\"ReadAction\",\"target\":[\"https:\\\/\\\/help.jamk.fi\\\/lyhytkurssi\\\/fi\\\/laskutusaineiston-valmistelu\\\/tyonantajan-lisaaminen-maksajaksi\\\/\"]}]},{\"@type\":\"ImageObject\",\"inLanguage\":\"fi\",\"@id\":\"https:\\\/\\\/help.jamk.fi\\\/lyhytkurssi\\\/fi\\\/laskutusaineiston-valmistelu\\\/tyonantajan-lisaaminen-maksajaksi\\\/#primaryimage\",\"url\":\"https:\\\/\\\/help.jamk.fi\\\/lyhytkurssi\\\/wp-content\\\/uploads\\\/sites\\\/75\\\/2023\\\/07\\\/Laskutustiedot.png\",\"contentUrl\":\"https:\\\/\\\/help.jamk.fi\\\/lyhytkurssi\\\/wp-content\\\/uploads\\\/sites\\\/75\\\/2023\\\/07\\\/Laskutustiedot.png\"},{\"@type\":\"BreadcrumbList\",\"@id\":\"https:\\\/\\\/help.jamk.fi\\\/lyhytkurssi\\\/fi\\\/laskutusaineiston-valmistelu\\\/tyonantajan-lisaaminen-maksajaksi\\\/#breadcrumb\",\"itemListElement\":[{\"@type\":\"ListItem\",\"position\":1,\"name\":\"Etusivu\",\"item\":\"https:\\\/\\\/help.jamk.fi\\\/lyhytkurssi\\\/fi\\\/\"},{\"@type\":\"ListItem\",\"position\":2,\"name\":\"Laskutusaineiston valmistelu\",\"item\":\"https:\\\/\\\/help.jamk.fi\\\/lyhytkurssi\\\/fi\\\/laskutusaineiston-valmistelu\\\/\"},{\"@type\":\"ListItem\",\"position\":3,\"name\":\"Ty\u00f6nantajan lis\u00e4\u00e4minen maksajaksi\"}]},{\"@type\":\"WebSite\",\"@id\":\"https:\\\/\\\/help.jamk.fi\\\/lyhytkurssi\\\/#website\",\"url\":\"https:\\\/\\\/help.jamk.fi\\\/lyhytkurssi\\\/\",\"name\":\"Lyhytkurssi\",\"description\":\"\",\"potentialAction\":[{\"@type\":\"SearchAction\",\"target\":{\"@type\":\"EntryPoint\",\"urlTemplate\":\"https:\\\/\\\/help.jamk.fi\\\/lyhytkurssi\\\/?s={search_term_string}\"},\"query-input\":{\"@type\":\"PropertyValueSpecification\",\"valueRequired\":true,\"valueName\":\"search_term_string\"}}],\"inLanguage\":\"fi\"}]}<\/script>\n<!-- \/ Yoast SEO plugin. -->","yoast_head_json":{"title":"Ty\u00f6nantajan lis\u00e4\u00e4minen maksajaksi - Lyhytkurssi","robots":{"index":"index","follow":"follow","max-snippet":"max-snippet:-1","max-image-preview":"max-image-preview:large","max-video-preview":"max-video-preview:-1"},"canonical":"https:\/\/help.jamk.fi\/lyhytkurssi\/fi\/laskutusaineiston-valmistelu\/tyonantajan-lisaaminen-maksajaksi\/","og_locale":"fi_FI","og_type":"article","og_title":"Ty\u00f6nantajan lis\u00e4\u00e4minen maksajaksi - Lyhytkurssi","og_description":"Jos ilmoittautuja ei ole jostain syyst\u00e4 ilmoittautuessaan koulutukseen merkinnyt maksajaksi ty\u00f6nantajaa, se voidaan lis\u00e4t\u00e4 henkil\u00f6n tietoihin j\u00e4lkik\u00e4teen. Tarkista, ett\u00e4 ty\u00f6nantaja l\u00f6ytyy Lyhytkurssin asiakasrekisterist\u00e4: Yll\u00e4pito -> asiakasrekisteri. Jos ei l\u00f6ydy, lis\u00e4\u00e4 ty\u00f6nantajan tiedot sinne Uusi yritys -painikkeen takaa. Muista lis\u00e4t\u00e4 my\u00f6s laskutustiedot sek\u00e4 verkkolaskuosoite ja verkkolaskuoperaattori, jos asiakkaalla on k\u00e4yt\u00f6ss\u00e4\u00e4n s\u00e4hk\u00f6inen laskutus (kuvio 1). Mene Ilmoittautumisten [&hellip;]","og_url":"https:\/\/help.jamk.fi\/lyhytkurssi\/fi\/laskutusaineiston-valmistelu\/tyonantajan-lisaaminen-maksajaksi\/","og_site_name":"Lyhytkurssi","article_modified_time":"2024-11-04T10:42:21+00:00","og_image":[{"url":"https:\/\/help.jamk.fi\/lyhytkurssi\/wp-content\/uploads\/sites\/75\/2023\/07\/Laskutustiedot.png","type":"","width":"","height":""}],"twitter_card":"summary_large_image","twitter_misc":{"Arvioitu lukuaika":"1 minuutti"},"schema":{"@context":"https:\/\/schema.org","@graph":[{"@type":"WebPage","@id":"https:\/\/help.jamk.fi\/lyhytkurssi\/fi\/laskutusaineiston-valmistelu\/tyonantajan-lisaaminen-maksajaksi\/","url":"https:\/\/help.jamk.fi\/lyhytkurssi\/fi\/laskutusaineiston-valmistelu\/tyonantajan-lisaaminen-maksajaksi\/","name":"Ty\u00f6nantajan lis\u00e4\u00e4minen maksajaksi - Lyhytkurssi","isPartOf":{"@id":"https:\/\/help.jamk.fi\/lyhytkurssi\/#website"},"primaryImageOfPage":{"@id":"https:\/\/help.jamk.fi\/lyhytkurssi\/fi\/laskutusaineiston-valmistelu\/tyonantajan-lisaaminen-maksajaksi\/#primaryimage"},"image":{"@id":"https:\/\/help.jamk.fi\/lyhytkurssi\/fi\/laskutusaineiston-valmistelu\/tyonantajan-lisaaminen-maksajaksi\/#primaryimage"},"thumbnailUrl":"https:\/\/help.jamk.fi\/lyhytkurssi\/wp-content\/uploads\/sites\/75\/2023\/07\/Laskutustiedot.png","datePublished":"2016-10-07T05:26:55+00:00","dateModified":"2024-11-04T10:42:21+00:00","breadcrumb":{"@id":"https:\/\/help.jamk.fi\/lyhytkurssi\/fi\/laskutusaineiston-valmistelu\/tyonantajan-lisaaminen-maksajaksi\/#breadcrumb"},"inLanguage":"fi","potentialAction":[{"@type":"ReadAction","target":["https:\/\/help.jamk.fi\/lyhytkurssi\/fi\/laskutusaineiston-valmistelu\/tyonantajan-lisaaminen-maksajaksi\/"]}]},{"@type":"ImageObject","inLanguage":"fi","@id":"https:\/\/help.jamk.fi\/lyhytkurssi\/fi\/laskutusaineiston-valmistelu\/tyonantajan-lisaaminen-maksajaksi\/#primaryimage","url":"https:\/\/help.jamk.fi\/lyhytkurssi\/wp-content\/uploads\/sites\/75\/2023\/07\/Laskutustiedot.png","contentUrl":"https:\/\/help.jamk.fi\/lyhytkurssi\/wp-content\/uploads\/sites\/75\/2023\/07\/Laskutustiedot.png"},{"@type":"BreadcrumbList","@id":"https:\/\/help.jamk.fi\/lyhytkurssi\/fi\/laskutusaineiston-valmistelu\/tyonantajan-lisaaminen-maksajaksi\/#breadcrumb","itemListElement":[{"@type":"ListItem","position":1,"name":"Etusivu","item":"https:\/\/help.jamk.fi\/lyhytkurssi\/fi\/"},{"@type":"ListItem","position":2,"name":"Laskutusaineiston valmistelu","item":"https:\/\/help.jamk.fi\/lyhytkurssi\/fi\/laskutusaineiston-valmistelu\/"},{"@type":"ListItem","position":3,"name":"Ty\u00f6nantajan lis\u00e4\u00e4minen maksajaksi"}]},{"@type":"WebSite","@id":"https:\/\/help.jamk.fi\/lyhytkurssi\/#website","url":"https:\/\/help.jamk.fi\/lyhytkurssi\/","name":"Lyhytkurssi","description":"","potentialAction":[{"@type":"SearchAction","target":{"@type":"EntryPoint","urlTemplate":"https:\/\/help.jamk.fi\/lyhytkurssi\/?s={search_term_string}"},"query-input":{"@type":"PropertyValueSpecification","valueRequired":true,"valueName":"search_term_string"}}],"inLanguage":"fi"}]}},"_links":{"self":[{"href":"https:\/\/help.jamk.fi\/lyhytkurssi\/wp-json\/wp\/v2\/pages\/849","targetHints":{"allow":["GET"]}}],"collection":[{"href":"https:\/\/help.jamk.fi\/lyhytkurssi\/wp-json\/wp\/v2\/pages"}],"about":[{"href":"https:\/\/help.jamk.fi\/lyhytkurssi\/wp-json\/wp\/v2\/types\/page"}],"author":[{"embeddable":true,"href":"https:\/\/help.jamk.fi\/lyhytkurssi\/wp-json\/wp\/v2\/users\/79"}],"replies":[{"embeddable":true,"href":"https:\/\/help.jamk.fi\/lyhytkurssi\/wp-json\/wp\/v2\/comments?post=849"}],"version-history":[{"count":5,"href":"https:\/\/help.jamk.fi\/lyhytkurssi\/wp-json\/wp\/v2\/pages\/849\/revisions"}],"predecessor-version":[{"id":1898,"href":"https:\/\/help.jamk.fi\/lyhytkurssi\/wp-json\/wp\/v2\/pages\/849\/revisions\/1898"}],"up":[{"embeddable":true,"href":"https:\/\/help.jamk.fi\/lyhytkurssi\/wp-json\/wp\/v2\/pages\/819"}],"wp:attachment":[{"href":"https:\/\/help.jamk.fi\/lyhytkurssi\/wp-json\/wp\/v2\/media?parent=849"}],"wp:term":[{"taxonomy":"category","embeddable":true,"href":"https:\/\/help.jamk.fi\/lyhytkurssi\/wp-json\/wp\/v2\/categories?post=849"},{"taxonomy":"post_tag","embeddable":true,"href":"https:\/\/help.jamk.fi\/lyhytkurssi\/wp-json\/wp\/v2\/tags?post=849"}],"curies":[{"name":"wp","href":"https:\/\/api.w.org\/{rel}","templated":true}]}}