{"id":101,"date":"2010-05-25T09:42:29","date_gmt":"2010-05-25T06:42:29","guid":{"rendered":"https:\/\/help.jamk.fi\/m365\/saapuvan-postin-virustarkistus\/"},"modified":"2025-07-17T09:40:17","modified_gmt":"2025-07-17T06:40:17","slug":"saapuvan-postin-virustarkistus","status":"publish","type":"page","link":"https:\/\/help.jamk.fi\/m365\/fi\/sahkopostipalvelut\/saapuvan-postin-virustarkistus\/","title":{"rendered":"Saapuvan postin spam -ja virustarkistus"},"content":{"rendered":"\n<p>Jamkin s\u00e4hk\u00f6postij\u00e4rjestelm\u00e4 sis\u00e4lt\u00e4\u00e4 roskaposti\/haittaohjelmatunnistuksen.<\/p>\n\n\n\n<h2 class=\"wp-block-heading\">Haittaohjelma\/virustarkistus<\/h2>\n\n\n\n<p>Skanneri tarkistaa kaikki j\u00e4rjestelm\u00e4n ulkopuolelta saapuvat viestit haittaohjelmien varalta ja varoittaa k\u00e4ytt\u00e4j\u00e4\u00e4 niist\u00e4 tarvittaessa. Lis\u00e4ksi kaikissa Jamkin ty\u00f6asemissa on oma automaattisesti p\u00e4ivittyv\u00e4 virusskanneri ja erilaisia muita suojamenetelmi\u00e4.<\/p>\n\n\n\n<p>Kaikki saapuvat s\u00e4hk\u00f6postit tarkistetaan virusten varalta, mutta muutamia useimmiten viruksia sis\u00e4lt\u00e4vi\u00e4 tiedostotyyppej\u00e4 ei sallita lainkaan. My\u00f6s muiden ns. &#8221;suoritettavien&#8221; tiedostotyyppien kohdalla j\u00e4rjestelm\u00e4 saattaa todeta viestin haitalliseksi ja j\u00e4tt\u00e4\u00e4 liitteen karanteeniin varoittaen samalla vastaanottajaa asiasta.<\/p>\n\n\n\n<p>Salasanalla suojattuja pakattuja tiedostoja ei voida tarkistaa virusten varalta, joten ne luokitellaan automaattisesti ep\u00e4ilytt\u00e4viksi. T\u00e4llaisen liitetiedoston vastaanottaja saa virusvaroituksen, vaikka liitteess\u00e4 ei olisikaan virusta. Salasanasuojatut zip-paketit ovat melko harvinaisia ja yleens\u00e4 k\u00e4ytt\u00e4j\u00e4 tiet\u00e4\u00e4 mik\u00e4li sellainen on tulossa h\u00e4nelle, joten on melko todenn\u00e4k\u00f6ist\u00e4 ett\u00e4 saadessasi sellaisen odottamatta, liitteen mukana on jokin haittaohjelma.<\/p>\n\n\n\n<p>Mik\u00e4li saat Jamkin virusskannerilta tulleen viestin, lue siin\u00e4 olevat ohjeet sek\u00e4 viestille tehdyt toimenpiteet ja ota tarvittaessa yhteytt\u00e4 ICT-Palveluihin. <\/p>\n\n\n\n<h2 class=\"wp-block-heading\">Roskapostisuodatus<\/h2>\n\n\n\n<p>Roskapostien osalta j\u00e4rjestelm\u00e4 sis\u00e4lt\u00e4\u00e4 mekanismin, joka pisteytt\u00e4\u00e4 viestit niiden teknisten ominaisuuksien perusteella. Roskaposteille tyypillisi\u00e4 ominaisuuksia sis\u00e4lt\u00e4v\u00e4t viestit suodatetaan ja ohjataan automaattisesti k\u00e4ytt\u00e4jien postilaatikoiden roskapostikansioon. Riitt\u00e4v\u00e4n suurella varmuudella roskapostiksi tunnistetut viestit j\u00e4\u00e4v\u00e4t palvelimelle karanteeniin ja vastaanottaja saa siit\u00e4 erillisen viestin, jossa olevan linkin avulla voi pyyt\u00e4\u00e4 viestin vapauttamista. <\/p>\n\n\n\n<p>Kaikkia viestej\u00e4 ei ole mahdollista tunnistaa koneellisesti, joten riitt\u00e4v\u00e4n fiksusti muodostetut roskapostit p\u00e4\u00e4sev\u00e4t aika ajoin suodatuksen l\u00e4pi.<\/p>\n","protected":false},"excerpt":{"rendered":"<p>Jamkin s\u00e4hk\u00f6postij\u00e4rjestelm\u00e4 sis\u00e4lt\u00e4\u00e4 roskaposti\/haittaohjelmatunnistuksen. Haittaohjelma\/virustarkistus Skanneri tarkistaa kaikki j\u00e4rjestelm\u00e4n ulkopuolelta saapuvat viestit haittaohjelmien varalta ja varoittaa k\u00e4ytt\u00e4j\u00e4\u00e4 niist\u00e4 tarvittaessa. Lis\u00e4ksi kaikissa Jamkin ty\u00f6asemissa on oma automaattisesti p\u00e4ivittyv\u00e4 virusskanneri ja erilaisia muita suojamenetelmi\u00e4. Kaikki saapuvat s\u00e4hk\u00f6postit tarkistetaan virusten varalta, mutta muutamia useimmiten viruksia sis\u00e4lt\u00e4vi\u00e4 tiedostotyyppej\u00e4 ei sallita lainkaan. My\u00f6s muiden ns. &#8221;suoritettavien&#8221; tiedostotyyppien kohdalla j\u00e4rjestelm\u00e4 saattaa [&hellip;]<\/p>\n","protected":false},"author":64,"featured_media":0,"parent":172,"menu_order":4,"comment_status":"open","ping_status":"closed","template":"","meta":{"_acf_changed":false,"_relevanssi_hide_post":"","_relevanssi_hide_content":"","_relevanssi_pin_for_all":"","_relevanssi_pin_keywords":"roskaposti, virus, haittaohjelma, spam, kalastelu, kalasteluviesti, roska, ","_relevanssi_unpin_keywords":"","_relevanssi_related_keywords":"","_relevanssi_related_include_ids":"","_relevanssi_related_exclude_ids":"","_relevanssi_related_no_append":"","_relevanssi_related_not_related":"","_relevanssi_related_posts":"949","_relevanssi_noindex_reason":"","footnotes":""},"categories":[1412,1414],"tags":[221,233,239,227,245],"class_list":["post-101","page","type-page","status-publish","hentry","category-henkilosto","category-opiskelijat","tag-roskaposti","tag-spam","tag-suodatus","tag-sahkoposti","tag-virustorjunta"],"acf":[],"yoast_head":"<!-- This site is optimized with the Yoast SEO plugin v27.4 - https:\/\/yoast.com\/product\/yoast-seo-wordpress\/ -->\n<title>Saapuvan postin spam -ja virustarkistus - Microsoft 365<\/title>\n<meta name=\"robots\" content=\"index, follow, max-snippet:-1, max-image-preview:large, max-video-preview:-1\" \/>\n<link rel=\"canonical\" href=\"https:\/\/help.jamk.fi\/m365\/fi\/sahkopostipalvelut\/saapuvan-postin-virustarkistus\/\" \/>\n<meta property=\"og:locale\" content=\"fi_FI\" \/>\n<meta property=\"og:type\" content=\"article\" \/>\n<meta property=\"og:title\" content=\"Saapuvan postin spam -ja virustarkistus - Microsoft 365\" \/>\n<meta property=\"og:description\" content=\"Jamkin s\u00e4hk\u00f6postij\u00e4rjestelm\u00e4 sis\u00e4lt\u00e4\u00e4 roskaposti\/haittaohjelmatunnistuksen. Haittaohjelma\/virustarkistus Skanneri tarkistaa kaikki j\u00e4rjestelm\u00e4n ulkopuolelta saapuvat viestit haittaohjelmien varalta ja varoittaa k\u00e4ytt\u00e4j\u00e4\u00e4 niist\u00e4 tarvittaessa. Lis\u00e4ksi kaikissa Jamkin ty\u00f6asemissa on oma automaattisesti p\u00e4ivittyv\u00e4 virusskanneri ja erilaisia muita suojamenetelmi\u00e4. Kaikki saapuvat s\u00e4hk\u00f6postit tarkistetaan virusten varalta, mutta muutamia useimmiten viruksia sis\u00e4lt\u00e4vi\u00e4 tiedostotyyppej\u00e4 ei sallita lainkaan. My\u00f6s muiden ns. &#8221;suoritettavien&#8221; tiedostotyyppien kohdalla j\u00e4rjestelm\u00e4 saattaa [&hellip;]\" \/>\n<meta property=\"og:url\" content=\"https:\/\/help.jamk.fi\/m365\/fi\/sahkopostipalvelut\/saapuvan-postin-virustarkistus\/\" \/>\n<meta property=\"og:site_name\" content=\"Microsoft 365\" \/>\n<meta property=\"article:modified_time\" content=\"2025-07-17T06:40:17+00:00\" \/>\n<meta name=\"twitter:card\" content=\"summary_large_image\" \/>\n<meta name=\"twitter:label1\" content=\"Arvioitu lukuaika\" \/>\n\t<meta name=\"twitter:data1\" content=\"2 minuuttia\" \/>\n<script type=\"application\/ld+json\" class=\"yoast-schema-graph\">{\"@context\":\"https:\\\/\\\/schema.org\",\"@graph\":[{\"@type\":\"WebPage\",\"@id\":\"https:\\\/\\\/help.jamk.fi\\\/m365\\\/fi\\\/sahkopostipalvelut\\\/saapuvan-postin-virustarkistus\\\/\",\"url\":\"https:\\\/\\\/help.jamk.fi\\\/m365\\\/fi\\\/sahkopostipalvelut\\\/saapuvan-postin-virustarkistus\\\/\",\"name\":\"Saapuvan postin spam -ja virustarkistus - Microsoft 365\",\"isPartOf\":{\"@id\":\"https:\\\/\\\/help.jamk.fi\\\/m365\\\/#website\"},\"datePublished\":\"2010-05-25T06:42:29+00:00\",\"dateModified\":\"2025-07-17T06:40:17+00:00\",\"breadcrumb\":{\"@id\":\"https:\\\/\\\/help.jamk.fi\\\/m365\\\/fi\\\/sahkopostipalvelut\\\/saapuvan-postin-virustarkistus\\\/#breadcrumb\"},\"inLanguage\":\"fi\",\"potentialAction\":[{\"@type\":\"ReadAction\",\"target\":[\"https:\\\/\\\/help.jamk.fi\\\/m365\\\/fi\\\/sahkopostipalvelut\\\/saapuvan-postin-virustarkistus\\\/\"]}]},{\"@type\":\"BreadcrumbList\",\"@id\":\"https:\\\/\\\/help.jamk.fi\\\/m365\\\/fi\\\/sahkopostipalvelut\\\/saapuvan-postin-virustarkistus\\\/#breadcrumb\",\"itemListElement\":[{\"@type\":\"ListItem\",\"position\":1,\"name\":\"Etusivu\",\"item\":\"https:\\\/\\\/help.jamk.fi\\\/m365\\\/fi\\\/\"},{\"@type\":\"ListItem\",\"position\":2,\"name\":\"S\u00e4hk\u00f6postipalvelut\",\"item\":\"https:\\\/\\\/help.jamk.fi\\\/m365\\\/fi\\\/sahkopostipalvelut\\\/\"},{\"@type\":\"ListItem\",\"position\":3,\"name\":\"Saapuvan postin spam -ja virustarkistus\"}]},{\"@type\":\"WebSite\",\"@id\":\"https:\\\/\\\/help.jamk.fi\\\/m365\\\/#website\",\"url\":\"https:\\\/\\\/help.jamk.fi\\\/m365\\\/\",\"name\":\"Microsoft 365\",\"description\":\"\",\"potentialAction\":[{\"@type\":\"SearchAction\",\"target\":{\"@type\":\"EntryPoint\",\"urlTemplate\":\"https:\\\/\\\/help.jamk.fi\\\/m365\\\/?s={search_term_string}\"},\"query-input\":{\"@type\":\"PropertyValueSpecification\",\"valueRequired\":true,\"valueName\":\"search_term_string\"}}],\"inLanguage\":\"fi\"}]}<\/script>\n<!-- \/ Yoast SEO plugin. -->","yoast_head_json":{"title":"Saapuvan postin spam -ja virustarkistus - Microsoft 365","robots":{"index":"index","follow":"follow","max-snippet":"max-snippet:-1","max-image-preview":"max-image-preview:large","max-video-preview":"max-video-preview:-1"},"canonical":"https:\/\/help.jamk.fi\/m365\/fi\/sahkopostipalvelut\/saapuvan-postin-virustarkistus\/","og_locale":"fi_FI","og_type":"article","og_title":"Saapuvan postin spam -ja virustarkistus - Microsoft 365","og_description":"Jamkin s\u00e4hk\u00f6postij\u00e4rjestelm\u00e4 sis\u00e4lt\u00e4\u00e4 roskaposti\/haittaohjelmatunnistuksen. Haittaohjelma\/virustarkistus Skanneri tarkistaa kaikki j\u00e4rjestelm\u00e4n ulkopuolelta saapuvat viestit haittaohjelmien varalta ja varoittaa k\u00e4ytt\u00e4j\u00e4\u00e4 niist\u00e4 tarvittaessa. Lis\u00e4ksi kaikissa Jamkin ty\u00f6asemissa on oma automaattisesti p\u00e4ivittyv\u00e4 virusskanneri ja erilaisia muita suojamenetelmi\u00e4. Kaikki saapuvat s\u00e4hk\u00f6postit tarkistetaan virusten varalta, mutta muutamia useimmiten viruksia sis\u00e4lt\u00e4vi\u00e4 tiedostotyyppej\u00e4 ei sallita lainkaan. My\u00f6s muiden ns. &#8221;suoritettavien&#8221; tiedostotyyppien kohdalla j\u00e4rjestelm\u00e4 saattaa [&hellip;]","og_url":"https:\/\/help.jamk.fi\/m365\/fi\/sahkopostipalvelut\/saapuvan-postin-virustarkistus\/","og_site_name":"Microsoft 365","article_modified_time":"2025-07-17T06:40:17+00:00","twitter_card":"summary_large_image","twitter_misc":{"Arvioitu lukuaika":"2 minuuttia"},"schema":{"@context":"https:\/\/schema.org","@graph":[{"@type":"WebPage","@id":"https:\/\/help.jamk.fi\/m365\/fi\/sahkopostipalvelut\/saapuvan-postin-virustarkistus\/","url":"https:\/\/help.jamk.fi\/m365\/fi\/sahkopostipalvelut\/saapuvan-postin-virustarkistus\/","name":"Saapuvan postin spam -ja virustarkistus - Microsoft 365","isPartOf":{"@id":"https:\/\/help.jamk.fi\/m365\/#website"},"datePublished":"2010-05-25T06:42:29+00:00","dateModified":"2025-07-17T06:40:17+00:00","breadcrumb":{"@id":"https:\/\/help.jamk.fi\/m365\/fi\/sahkopostipalvelut\/saapuvan-postin-virustarkistus\/#breadcrumb"},"inLanguage":"fi","potentialAction":[{"@type":"ReadAction","target":["https:\/\/help.jamk.fi\/m365\/fi\/sahkopostipalvelut\/saapuvan-postin-virustarkistus\/"]}]},{"@type":"BreadcrumbList","@id":"https:\/\/help.jamk.fi\/m365\/fi\/sahkopostipalvelut\/saapuvan-postin-virustarkistus\/#breadcrumb","itemListElement":[{"@type":"ListItem","position":1,"name":"Etusivu","item":"https:\/\/help.jamk.fi\/m365\/fi\/"},{"@type":"ListItem","position":2,"name":"S\u00e4hk\u00f6postipalvelut","item":"https:\/\/help.jamk.fi\/m365\/fi\/sahkopostipalvelut\/"},{"@type":"ListItem","position":3,"name":"Saapuvan postin spam -ja virustarkistus"}]},{"@type":"WebSite","@id":"https:\/\/help.jamk.fi\/m365\/#website","url":"https:\/\/help.jamk.fi\/m365\/","name":"Microsoft 365","description":"","potentialAction":[{"@type":"SearchAction","target":{"@type":"EntryPoint","urlTemplate":"https:\/\/help.jamk.fi\/m365\/?s={search_term_string}"},"query-input":{"@type":"PropertyValueSpecification","valueRequired":true,"valueName":"search_term_string"}}],"inLanguage":"fi"}]}},"_links":{"self":[{"href":"https:\/\/help.jamk.fi\/m365\/wp-json\/wp\/v2\/pages\/101","targetHints":{"allow":["GET"]}}],"collection":[{"href":"https:\/\/help.jamk.fi\/m365\/wp-json\/wp\/v2\/pages"}],"about":[{"href":"https:\/\/help.jamk.fi\/m365\/wp-json\/wp\/v2\/types\/page"}],"author":[{"embeddable":true,"href":"https:\/\/help.jamk.fi\/m365\/wp-json\/wp\/v2\/users\/64"}],"replies":[{"embeddable":true,"href":"https:\/\/help.jamk.fi\/m365\/wp-json\/wp\/v2\/comments?post=101"}],"version-history":[{"count":4,"href":"https:\/\/help.jamk.fi\/m365\/wp-json\/wp\/v2\/pages\/101\/revisions"}],"predecessor-version":[{"id":2027,"href":"https:\/\/help.jamk.fi\/m365\/wp-json\/wp\/v2\/pages\/101\/revisions\/2027"}],"up":[{"embeddable":true,"href":"https:\/\/help.jamk.fi\/m365\/wp-json\/wp\/v2\/pages\/172"}],"wp:attachment":[{"href":"https:\/\/help.jamk.fi\/m365\/wp-json\/wp\/v2\/media?parent=101"}],"wp:term":[{"taxonomy":"category","embeddable":true,"href":"https:\/\/help.jamk.fi\/m365\/wp-json\/wp\/v2\/categories?post=101"},{"taxonomy":"post_tag","embeddable":true,"href":"https:\/\/help.jamk.fi\/m365\/wp-json\/wp\/v2\/tags?post=101"}],"curies":[{"name":"wp","href":"https:\/\/api.w.org\/{rel}","templated":true}]}}