{"id":1281,"date":"2012-03-29T04:06:42","date_gmt":"2012-03-29T01:06:42","guid":{"rendered":"https:\/\/help.jamk.fi\/m365\/elmo-fi\/"},"modified":"2025-07-17T09:29:24","modified_gmt":"2025-07-17T06:29:24","slug":"elmo-fi","status":"publish","type":"page","link":"https:\/\/help.jamk.fi\/m365\/fi\/elmo-fi\/","title":{"rendered":"Elmo-intra"},"content":{"rendered":"\n<p>Elmo-intra on&nbsp;jokaisen jamkilaisen ykk\u00f6skanava, jonka kautta saat Jamkin viralliset uutiset sek\u00e4 nopeat p\u00e4ivitt\u00e4isuutiset, joita voit my\u00f6s kommentoida. Tapahtumakalentereista l\u00f6ytyv\u00e4t t\u00e4rke\u00e4t ja mielenkiintoiset tulevat tapahtumat. Henkil\u00f6kuntahausta l\u00f6yd\u00e4t yhteystiedot.<\/p>\n\n\n\n<p>Elmo-intrassa on opiskelijoille my\u00f6s yksikk\u00f6-, koulutusala- ja koulutusohjelmakohtaisia tietoja. Sis\u00e4lt\u00f6j\u00e4 tuotetaan lis\u00e4\u00e4 koko ajan. Kehitt\u00e4misty\u00f6ss\u00e4 kuuntelemme palautteita ja opiskelijakunta JAMKO onkin tiiviisti mukanamme.<\/p>\n\n\n\n<p>Elmon p\u00e4\u00e4k\u00e4ytt\u00e4j\u00e4t auttavat sinua tarvittaessa ja heilt\u00e4 voit kysy\u00e4 my\u00f6s k\u00e4ytt\u00f6koulutuksia. P\u00e4\u00e4k\u00e4ytt\u00e4j\u00e4t ja teknisen tuen tavoitat j\u00e4tt\u00e4m\u00e4ll\u00e4 palvelupyynn\u00f6n.<\/p>\n\n\n\n<p><\/p>\n\n\n\n<h2 class=\"wp-block-heading\">Elmo-intra Teamsissa<\/h2>\n\n\n\n<p>Elmo-intran uudistuksen my\u00f6t\u00e4 n\u00e4et intran etusivun Teamsin aloitusn\u00e4kym\u00e4n\u00e4.<\/p>\n\n\n\n<p>Jos k\u00e4yt\u00e4t intraa Teamsin kautta, niin huomioithan, ett\u00e4<\/p>\n\n\n\n<ul class=\"wp-block-list\">\n<li>Teamsissa intran henkil\u00f6haku ei toimi, mutta samat henkil\u00f6tiedot l\u00f6ytyv\u00e4t Teamsin omalla haulla.<\/li>\n\n\n\n<li>Ctrl+F eli sivun sis\u00e4inen haku ei toimi Teamsin selainn\u00e4kym\u00e4ss\u00e4, vaan sivu pit\u00e4\u00e4 avata selaimessa ja etsi\u00e4 sis\u00e4ll\u00f6st\u00e4 sen j\u00e4lkeen.<\/li>\n\n\n\n<li>Teamsin haku hakee sis\u00e4lt\u00f6j\u00e4 vain Teamsista, ei intrasta tai muualta Office 365:sta.<\/li>\n<\/ul>\n\n\n\n<p><a href=\"https:\/\/support.microsoft.com\/fi-fi\/office\/intranet-on-nyt-microsoft-teamsissa-8b4e7f76-f305-49a9-b6d2-09378476f95b\">Lue lis\u00e4\u00e4 Teamsin ja intran yhdist\u00e4misest\u00e4<\/a><\/p>\n","protected":false},"excerpt":{"rendered":"<p>Elmo-intra on&nbsp;jokaisen jamkilaisen ykk\u00f6skanava, jonka kautta saat Jamkin viralliset uutiset sek\u00e4 nopeat p\u00e4ivitt\u00e4isuutiset, joita voit my\u00f6s kommentoida. Tapahtumakalentereista l\u00f6ytyv\u00e4t t\u00e4rke\u00e4t ja mielenkiintoiset tulevat tapahtumat. Henkil\u00f6kuntahausta l\u00f6yd\u00e4t yhteystiedot. Elmo-intrassa on opiskelijoille my\u00f6s yksikk\u00f6-, koulutusala- ja koulutusohjelmakohtaisia tietoja. Sis\u00e4lt\u00f6j\u00e4 tuotetaan lis\u00e4\u00e4 koko ajan. Kehitt\u00e4misty\u00f6ss\u00e4 kuuntelemme palautteita ja opiskelijakunta JAMKO onkin tiiviisti mukanamme. Elmon p\u00e4\u00e4k\u00e4ytt\u00e4j\u00e4t auttavat sinua tarvittaessa [&hellip;]<\/p>\n","protected":false},"author":64,"featured_media":0,"parent":0,"menu_order":2,"comment_status":"closed","ping_status":"closed","template":"","meta":{"_acf_changed":false,"_relevanssi_hide_post":"","_relevanssi_hide_content":"","_relevanssi_pin_for_all":"","_relevanssi_pin_keywords":"Elmo-intra, Elmo, intra","_relevanssi_unpin_keywords":"","_relevanssi_related_keywords":"","_relevanssi_related_include_ids":"","_relevanssi_related_exclude_ids":"","_relevanssi_related_no_append":"","_relevanssi_related_not_related":"","_relevanssi_related_posts":"","_relevanssi_noindex_reason":"","footnotes":""},"categories":[1],"tags":[108],"class_list":["post-1281","page","type-page","status-publish","hentry","category-yleinen","tag-elmo"],"acf":[],"yoast_head":"<!-- This site is optimized with the Yoast SEO plugin v27.3 - https:\/\/yoast.com\/product\/yoast-seo-wordpress\/ -->\n<title>Elmo-intra - Microsoft 365<\/title>\n<meta name=\"robots\" content=\"index, follow, max-snippet:-1, max-image-preview:large, max-video-preview:-1\" \/>\n<link rel=\"canonical\" href=\"https:\/\/help.jamk.fi\/m365\/fi\/elmo-fi\/\" \/>\n<meta property=\"og:locale\" content=\"fi_FI\" \/>\n<meta property=\"og:type\" content=\"article\" \/>\n<meta property=\"og:title\" content=\"Elmo-intra - Microsoft 365\" \/>\n<meta property=\"og:description\" content=\"Elmo-intra on&nbsp;jokaisen jamkilaisen ykk\u00f6skanava, jonka kautta saat Jamkin viralliset uutiset sek\u00e4 nopeat p\u00e4ivitt\u00e4isuutiset, joita voit my\u00f6s kommentoida. Tapahtumakalentereista l\u00f6ytyv\u00e4t t\u00e4rke\u00e4t ja mielenkiintoiset tulevat tapahtumat. Henkil\u00f6kuntahausta l\u00f6yd\u00e4t yhteystiedot. Elmo-intrassa on opiskelijoille my\u00f6s yksikk\u00f6-, koulutusala- ja koulutusohjelmakohtaisia tietoja. Sis\u00e4lt\u00f6j\u00e4 tuotetaan lis\u00e4\u00e4 koko ajan. Kehitt\u00e4misty\u00f6ss\u00e4 kuuntelemme palautteita ja opiskelijakunta JAMKO onkin tiiviisti mukanamme. Elmon p\u00e4\u00e4k\u00e4ytt\u00e4j\u00e4t auttavat sinua tarvittaessa [&hellip;]\" \/>\n<meta property=\"og:url\" content=\"https:\/\/help.jamk.fi\/m365\/fi\/elmo-fi\/\" \/>\n<meta property=\"og:site_name\" content=\"Microsoft 365\" \/>\n<meta property=\"article:modified_time\" content=\"2025-07-17T06:29:24+00:00\" \/>\n<meta name=\"twitter:card\" content=\"summary_large_image\" \/>\n<meta name=\"twitter:label1\" content=\"Arvioitu lukuaika\" \/>\n\t<meta name=\"twitter:data1\" content=\"1 minuutti\" \/>\n<script type=\"application\/ld+json\" class=\"yoast-schema-graph\">{\"@context\":\"https:\\\/\\\/schema.org\",\"@graph\":[{\"@type\":\"WebPage\",\"@id\":\"https:\\\/\\\/help.jamk.fi\\\/m365\\\/fi\\\/elmo-fi\\\/\",\"url\":\"https:\\\/\\\/help.jamk.fi\\\/m365\\\/fi\\\/elmo-fi\\\/\",\"name\":\"Elmo-intra - Microsoft 365\",\"isPartOf\":{\"@id\":\"https:\\\/\\\/help.jamk.fi\\\/m365\\\/#website\"},\"datePublished\":\"2012-03-29T01:06:42+00:00\",\"dateModified\":\"2025-07-17T06:29:24+00:00\",\"breadcrumb\":{\"@id\":\"https:\\\/\\\/help.jamk.fi\\\/m365\\\/fi\\\/elmo-fi\\\/#breadcrumb\"},\"inLanguage\":\"fi\",\"potentialAction\":[{\"@type\":\"ReadAction\",\"target\":[\"https:\\\/\\\/help.jamk.fi\\\/m365\\\/fi\\\/elmo-fi\\\/\"]}]},{\"@type\":\"BreadcrumbList\",\"@id\":\"https:\\\/\\\/help.jamk.fi\\\/m365\\\/fi\\\/elmo-fi\\\/#breadcrumb\",\"itemListElement\":[{\"@type\":\"ListItem\",\"position\":1,\"name\":\"Etusivu\",\"item\":\"https:\\\/\\\/help.jamk.fi\\\/m365\\\/fi\\\/\"},{\"@type\":\"ListItem\",\"position\":2,\"name\":\"Elmo-intra\"}]},{\"@type\":\"WebSite\",\"@id\":\"https:\\\/\\\/help.jamk.fi\\\/m365\\\/#website\",\"url\":\"https:\\\/\\\/help.jamk.fi\\\/m365\\\/\",\"name\":\"Microsoft 365\",\"description\":\"\",\"potentialAction\":[{\"@type\":\"SearchAction\",\"target\":{\"@type\":\"EntryPoint\",\"urlTemplate\":\"https:\\\/\\\/help.jamk.fi\\\/m365\\\/?s={search_term_string}\"},\"query-input\":{\"@type\":\"PropertyValueSpecification\",\"valueRequired\":true,\"valueName\":\"search_term_string\"}}],\"inLanguage\":\"fi\"}]}<\/script>\n<!-- \/ Yoast SEO plugin. -->","yoast_head_json":{"title":"Elmo-intra - Microsoft 365","robots":{"index":"index","follow":"follow","max-snippet":"max-snippet:-1","max-image-preview":"max-image-preview:large","max-video-preview":"max-video-preview:-1"},"canonical":"https:\/\/help.jamk.fi\/m365\/fi\/elmo-fi\/","og_locale":"fi_FI","og_type":"article","og_title":"Elmo-intra - Microsoft 365","og_description":"Elmo-intra on&nbsp;jokaisen jamkilaisen ykk\u00f6skanava, jonka kautta saat Jamkin viralliset uutiset sek\u00e4 nopeat p\u00e4ivitt\u00e4isuutiset, joita voit my\u00f6s kommentoida. Tapahtumakalentereista l\u00f6ytyv\u00e4t t\u00e4rke\u00e4t ja mielenkiintoiset tulevat tapahtumat. Henkil\u00f6kuntahausta l\u00f6yd\u00e4t yhteystiedot. Elmo-intrassa on opiskelijoille my\u00f6s yksikk\u00f6-, koulutusala- ja koulutusohjelmakohtaisia tietoja. Sis\u00e4lt\u00f6j\u00e4 tuotetaan lis\u00e4\u00e4 koko ajan. Kehitt\u00e4misty\u00f6ss\u00e4 kuuntelemme palautteita ja opiskelijakunta JAMKO onkin tiiviisti mukanamme. Elmon p\u00e4\u00e4k\u00e4ytt\u00e4j\u00e4t auttavat sinua tarvittaessa [&hellip;]","og_url":"https:\/\/help.jamk.fi\/m365\/fi\/elmo-fi\/","og_site_name":"Microsoft 365","article_modified_time":"2025-07-17T06:29:24+00:00","twitter_card":"summary_large_image","twitter_misc":{"Arvioitu lukuaika":"1 minuutti"},"schema":{"@context":"https:\/\/schema.org","@graph":[{"@type":"WebPage","@id":"https:\/\/help.jamk.fi\/m365\/fi\/elmo-fi\/","url":"https:\/\/help.jamk.fi\/m365\/fi\/elmo-fi\/","name":"Elmo-intra - Microsoft 365","isPartOf":{"@id":"https:\/\/help.jamk.fi\/m365\/#website"},"datePublished":"2012-03-29T01:06:42+00:00","dateModified":"2025-07-17T06:29:24+00:00","breadcrumb":{"@id":"https:\/\/help.jamk.fi\/m365\/fi\/elmo-fi\/#breadcrumb"},"inLanguage":"fi","potentialAction":[{"@type":"ReadAction","target":["https:\/\/help.jamk.fi\/m365\/fi\/elmo-fi\/"]}]},{"@type":"BreadcrumbList","@id":"https:\/\/help.jamk.fi\/m365\/fi\/elmo-fi\/#breadcrumb","itemListElement":[{"@type":"ListItem","position":1,"name":"Etusivu","item":"https:\/\/help.jamk.fi\/m365\/fi\/"},{"@type":"ListItem","position":2,"name":"Elmo-intra"}]},{"@type":"WebSite","@id":"https:\/\/help.jamk.fi\/m365\/#website","url":"https:\/\/help.jamk.fi\/m365\/","name":"Microsoft 365","description":"","potentialAction":[{"@type":"SearchAction","target":{"@type":"EntryPoint","urlTemplate":"https:\/\/help.jamk.fi\/m365\/?s={search_term_string}"},"query-input":{"@type":"PropertyValueSpecification","valueRequired":true,"valueName":"search_term_string"}}],"inLanguage":"fi"}]}},"_links":{"self":[{"href":"https:\/\/help.jamk.fi\/m365\/wp-json\/wp\/v2\/pages\/1281","targetHints":{"allow":["GET"]}}],"collection":[{"href":"https:\/\/help.jamk.fi\/m365\/wp-json\/wp\/v2\/pages"}],"about":[{"href":"https:\/\/help.jamk.fi\/m365\/wp-json\/wp\/v2\/types\/page"}],"author":[{"embeddable":true,"href":"https:\/\/help.jamk.fi\/m365\/wp-json\/wp\/v2\/users\/64"}],"replies":[{"embeddable":true,"href":"https:\/\/help.jamk.fi\/m365\/wp-json\/wp\/v2\/comments?post=1281"}],"version-history":[{"count":25,"href":"https:\/\/help.jamk.fi\/m365\/wp-json\/wp\/v2\/pages\/1281\/revisions"}],"predecessor-version":[{"id":2016,"href":"https:\/\/help.jamk.fi\/m365\/wp-json\/wp\/v2\/pages\/1281\/revisions\/2016"}],"wp:attachment":[{"href":"https:\/\/help.jamk.fi\/m365\/wp-json\/wp\/v2\/media?parent=1281"}],"wp:term":[{"taxonomy":"category","embeddable":true,"href":"https:\/\/help.jamk.fi\/m365\/wp-json\/wp\/v2\/categories?post=1281"},{"taxonomy":"post_tag","embeddable":true,"href":"https:\/\/help.jamk.fi\/m365\/wp-json\/wp\/v2\/tags?post=1281"}],"curies":[{"name":"wp","href":"https:\/\/api.w.org\/{rel}","templated":true}]}}