{"id":1295,"date":"2022-08-09T13:12:36","date_gmt":"2022-08-09T10:12:36","guid":{"rendered":"https:\/\/help.jamk.fi\/m365\/navigaatio-elmo-intrassa\/"},"modified":"2024-10-11T15:24:44","modified_gmt":"2024-10-11T12:24:44","slug":"navigaatio-elmo-intrassa","status":"publish","type":"page","link":"https:\/\/help.jamk.fi\/m365\/fi\/elmo-fi\/navigaatio-elmo-intrassa\/","title":{"rendered":"Navigaatio Elmo-intrassa"},"content":{"rendered":"\n<p>Elmo-intra on nettisivusto, jota Jamkin henkil\u00f6st\u00f6 ja opiskelijat k\u00e4ytt\u00e4v\u00e4t. Se on kuin oma sis\u00e4inen nettisivu Jamkille.<\/p>\n\n\n\n<p>Kaikki k\u00e4ytt\u00e4v\u00e4t samaa Elmo-intraa, mutta kaikki eiv\u00e4t n\u00e4e kaikkea. Jotkut asiat n\u00e4kyv\u00e4t vain henkil\u00f6st\u00f6lle, ja jotkut asiat n\u00e4kyv\u00e4t sek\u00e4 henkil\u00f6st\u00f6lle ett\u00e4 opiskelijoille.<\/p>\n\n\n\n<p>Jamkin henkil\u00f6st\u00f6 n\u00e4kee siis aina kaiken sen, mit\u00e4 opiskelijatkin n\u00e4kev\u00e4t. Mutta kaikkia henkil\u00f6st\u00f6lle tarkoitettuja asioita ei n\u00e4ytet\u00e4 opiskelijoille, koska n\u00e4m\u00e4 sis\u00e4ll\u00f6t koskevat ty\u00f6asioita.<\/p>\n\n\n\n<p>Sis\u00e4lt\u00f6jen kohdennus n\u00e4kyy intran navigaatiossa: opiskelijoille n\u00e4kyv\u00e4t eri sis\u00e4ll\u00f6t kuin henkil\u00f6st\u00f6lle. My\u00f6s otsikot voivat n\u00e4ky\u00e4 opiskelijoille eri nimell\u00e4 kuin henkil\u00f6st\u00f6lle. Henkil\u00f6st\u00f6 n\u00e4kee kuitenkin navigaatiossa kaiken sen, mink\u00e4 opiskelijatkin, mutta hieman eri tavalla j\u00e4rjestettyn\u00e4.<\/p>\n\n\n\n<p>Alla olevista kuvista n\u00e4et, mitk\u00e4 sis\u00e4ll\u00f6t n\u00e4kyv\u00e4t vain henkil\u00f6st\u00f6lle (turkoosi) ja mitk\u00e4 henkil\u00f6st\u00f6lle ja opiskelijoille (oranssi):<\/p>\n\n\n\n<h2 class=\"wp-block-heading\">Opiskelu ja opetus<\/h2>\n\n\n\n<p>Opiskelu ja opetus -valikon sivustoista vain henkil\u00f6st\u00f6ll\u00e4 on k\u00e4ytt\u00f6oikeus Koulutuksen kehitt\u00e4minen ja Opinn\u00e4ytety\u00f6n ohjaus -sivustoille. <\/p>\n\n\n\n<figure class=\"wp-block-image size-full\"><img loading=\"lazy\" decoding=\"async\" width=\"1080\" height=\"328\" src=\"https:\/\/help.jamk.fi\/m365\/wp-content\/uploads\/sites\/125\/2023\/07\/Elmo-intran_navigaatio_Opiskelu_ja_opetus-1.jpg\" alt=\"Opiskelu ja opetus -valikon vain henkil\u00f6st\u00f6lle n\u00e4kyv\u00e4t otsikot: Koulutuksen kehitt\u00e4minen, Opinn\u00e4ytety\u00f6n ohjaus. Opiskelijoille n\u00e4kyv\u00e4t sis\u00e4ll\u00f6t (Opiskelu): Eettiset periaatteet, Kampukset ja tilat, Kansainv\u00e4lisyys opinnoissa, Kieli- ja viestint\u00e4opinnot, Opinn\u00e4ytety\u00f6 ja kypsyysn\u00e4yte, Uusi opiskelija\" class=\"wp-image-345\"\/><figcaption class=\"wp-element-caption\">Kuvassa turkoosien kehysten sis\u00e4ll\u00e4 vain henkil\u00f6st\u00f6lle n\u00e4kyv\u00e4t otsikot. Oranssin kehyksen sis\u00e4ll\u00e4 opiskelijoille n\u00e4kyv\u00e4t sis\u00e4ll\u00f6t.<\/figcaption><\/figure>\n\n\n\n<p>Opiskelijoiden kanssa yhteisi\u00e4 sivustoja ovat Eettiset periaatteet, Kampukset ja tilat, Kansainv\u00e4lisyys opinnoissa, Kieli- ja viestint\u00e4opinnot, Opinn\u00e4ytety\u00f6 ja kypsyysn\u00e4yte sek\u00e4 Uusi opiskelija. Opiskelijoille valikko n\u00e4kyy Opiskelu-otsikolla:<\/p>\n\n\n\n<figure class=\"wp-block-image size-full\"><img loading=\"lazy\" decoding=\"async\" width=\"766\" height=\"121\" src=\"https:\/\/help.jamk.fi\/m365\/wp-content\/uploads\/sites\/125\/2023\/11\/opiskelu.png\" alt=\"\" class=\"wp-image-1713\" srcset=\"https:\/\/help.jamk.fi\/m365\/wp-content\/uploads\/sites\/125\/2023\/11\/opiskelu.png 766w, https:\/\/help.jamk.fi\/m365\/wp-content\/uploads\/sites\/125\/2023\/11\/opiskelu-300x47.png 300w\" sizes=\"auto, (max-width: 766px) 100vw, 766px\" \/><figcaption class=\"wp-element-caption\">Kuvassa navigaatio opiskelijan tunnuksilla katseltuna.<\/figcaption><\/figure>\n\n\n\n<h2 class=\"wp-block-heading\">Ty\u00f6nteon tueksi<\/h2>\n\n\n\n<p>Ty\u00f6nteon tueksi -valikon sivustoista vain henkil\u00f6st\u00f6ll\u00e4 on k\u00e4ytt\u00f6oikeus seuraaville sivustoille:<\/p>\n\n\n\n<ul class=\"wp-block-list\">\n<li>Asiakirjahallinto<\/li>\n\n\n\n<li>Henkil\u00f6st\u00f6asiat<\/li>\n\n\n\n<li>ICT-palvelut<\/li>\n\n\n\n<li>Kansainv\u00e4lisyys<\/li>\n\n\n\n<li>Laatu Jamkissa<\/li>\n\n\n\n<li>Markkinointi ja viestint\u00e4<\/li>\n\n\n\n<li>Myynti<\/li>\n\n\n\n<li>Talouspalvelut<\/li>\n\n\n\n<li>Toiminnan kehitt\u00e4minen<\/li>\n\n\n\n<li>Ty\u00f6hyvinvointi ja ty\u00f6suojelu <\/li>\n<\/ul>\n\n\n\n<figure class=\"wp-block-image size-full is-resized\"><a href=\"https:\/\/help.jamk.fi\/m365\/wp-content\/uploads\/sites\/125\/2024\/10\/Tyonteon-tueksi-navigaatiokuva-13-10-2024.jpg\"><img loading=\"lazy\" decoding=\"async\" width=\"1582\" height=\"508\" src=\"https:\/\/help.jamk.fi\/m365\/wp-content\/uploads\/sites\/125\/2024\/10\/Tyonteon-tueksi-navigaatiokuva-13-10-2024.jpg\" alt=\"\" class=\"wp-image-1888\" srcset=\"https:\/\/help.jamk.fi\/m365\/wp-content\/uploads\/sites\/125\/2024\/10\/Tyonteon-tueksi-navigaatiokuva-13-10-2024.jpg 1582w, https:\/\/help.jamk.fi\/m365\/wp-content\/uploads\/sites\/125\/2024\/10\/Tyonteon-tueksi-navigaatiokuva-13-10-2024-300x96.jpg 300w, https:\/\/help.jamk.fi\/m365\/wp-content\/uploads\/sites\/125\/2024\/10\/Tyonteon-tueksi-navigaatiokuva-13-10-2024-1024x329.jpg 1024w, https:\/\/help.jamk.fi\/m365\/wp-content\/uploads\/sites\/125\/2024\/10\/Tyonteon-tueksi-navigaatiokuva-13-10-2024-768x247.jpg 768w, https:\/\/help.jamk.fi\/m365\/wp-content\/uploads\/sites\/125\/2024\/10\/Tyonteon-tueksi-navigaatiokuva-13-10-2024-1536x493.jpg 1536w\" sizes=\"auto, (max-width: 1582px) 100vw, 1582px\" \/><\/a><figcaption class=\"wp-element-caption\">Kuvassa turkoosissa kehyksiss\u00e4 olevat sis\u00e4ll\u00f6t n\u00e4kyv\u00e4t vain henkil\u00f6st\u00f6lle. Oranssin kehyksen sis\u00e4ll\u00e4 n\u00e4kyy opiskelijoille n\u00e4kyv\u00e4t sis\u00e4ll\u00f6t.<\/figcaption><\/figure>\n\n\n\n<p>Opiskelijoiden kanssa yhteisi\u00e4 sivustoja ovat <\/p>\n\n\n\n<ul class=\"wp-block-list\">\n<li>Ohjaus ja hyvinvointi<\/li>\n\n\n\n<li>Opiskelijapalvelut<\/li>\n\n\n\n<li>JAMKO<\/li>\n\n\n\n<li>Kirjasto<\/li>\n\n\n\n<li>Laatukanava<\/li>\n\n\n\n<li>Tietosuoja ja tietoturva<\/li>\n<\/ul>\n\n\n\n<p> Opiskelijoille valikko n\u00e4kyy Opiskelun tueksi -nimell\u00e4:<\/p>\n\n\n\n<figure class=\"wp-block-image size-full\"><img loading=\"lazy\" decoding=\"async\" width=\"766\" height=\"122\" src=\"https:\/\/help.jamk.fi\/m365\/wp-content\/uploads\/sites\/125\/2023\/11\/opiskeluntueksi.png\" alt=\"\" class=\"wp-image-1714\" srcset=\"https:\/\/help.jamk.fi\/m365\/wp-content\/uploads\/sites\/125\/2023\/11\/opiskeluntueksi.png 766w, https:\/\/help.jamk.fi\/m365\/wp-content\/uploads\/sites\/125\/2023\/11\/opiskeluntueksi-300x48.png 300w\" sizes=\"auto, (max-width: 766px) 100vw, 766px\" \/><figcaption class=\"wp-element-caption\">Opiskelun tueksi -valikon sis\u00e4lt\u00f6<\/figcaption><\/figure>\n\n\n\n<h2 class=\"wp-block-heading\">Tutkimus ja kehitys<\/h2>\n\n\n\n<p>Tutkimus ja kehitys -valikon sivustoista vain henkil\u00f6st\u00f6ll\u00e4 on k\u00e4ytt\u00f6oikeus seuraaville sivustoille:<\/p>\n\n\n\n<ul class=\"wp-block-list\">\n<li>Jamkin TKI-toiminta<\/li>\n\n\n\n<li>Projektiohje<\/li>\n\n\n\n<li>TKI-viestint\u00e4<\/li>\n\n\n\n<li>Tutkijan ohjeet<\/li>\n\n\n\n<li>Innovaatiot ja keksinn\u00f6t<\/li>\n\n\n\n<li>Julkaisupalvelut<\/li>\n\n\n\n<li>TKI-toiminnan tueksi<\/li>\n<\/ul>\n\n\n\n<figure class=\"wp-block-image size-full\"><img loading=\"lazy\" decoding=\"async\" width=\"1080\" height=\"189\" src=\"https:\/\/help.jamk.fi\/m365\/wp-content\/uploads\/sites\/125\/2023\/07\/Elmo-intran_navigaatio_tutkimus_ja_kehitys.jpg\" alt=\"\" class=\"wp-image-357\"\/><figcaption class=\"wp-element-caption\">Kuvassa turkoosissa kehyksiss\u00e4 olevat sis\u00e4ll\u00f6t n\u00e4kyv\u00e4t vain henkil\u00f6st\u00f6lle. Oranssin kehyksen sis\u00e4ll\u00e4 n\u00e4kyy opiskelijoille n\u00e4kyv\u00e4t sis\u00e4ll\u00f6t.<\/figcaption><\/figure>\n\n\n\n<p>Opiskelijoiden kanssa yhteisi\u00e4 sivustoja ovat Future Factory, Harjoittelu ja ty\u00f6paikat sek\u00e4 opinnollistaminen. Opiskelijoille valikko n\u00e4kyy Opiskelijat ja ty\u00f6el\u00e4m\u00e4 -otsikolla:<\/p>\n\n\n\n<figure class=\"wp-block-image size-full\"><img loading=\"lazy\" decoding=\"async\" width=\"614\" height=\"83\" src=\"https:\/\/help.jamk.fi\/m365\/wp-content\/uploads\/sites\/125\/2023\/11\/opiskelijatjatyoelama.png\" alt=\"\" class=\"wp-image-1715\" srcset=\"https:\/\/help.jamk.fi\/m365\/wp-content\/uploads\/sites\/125\/2023\/11\/opiskelijatjatyoelama.png 614w, https:\/\/help.jamk.fi\/m365\/wp-content\/uploads\/sites\/125\/2023\/11\/opiskelijatjatyoelama-300x41.png 300w\" sizes=\"auto, (max-width: 614px) 100vw, 614px\" \/><\/figure>\n\n\n\n<h2 class=\"wp-block-heading\">Jamk<\/h2>\n\n\n\n<p>Jamk-valikon sivustot n\u00e4kyv\u00e4t sek\u00e4 opiskelijoille ett\u00e4 henkil\u00f6st\u00f6lle. Jamk-valikosta l\u00f6ytyv\u00e4t seuraavat sivustot:<\/p>\n\n\n\n<ul class=\"wp-block-list\">\n<li>Toiminnanohjausk\u00e4sikirja (TOKA) &#8211; Jamk<\/li>\n\n\n\n<li>Organisaatio ja johtaminen<\/li>\n\n\n\n<li>Strategia ja arvot<\/li>\n\n\n\n<li>Verkostot<\/li>\n<\/ul>\n\n\n\n<figure class=\"wp-block-image size-full\"><img loading=\"lazy\" decoding=\"async\" width=\"1083\" height=\"132\" src=\"https:\/\/help.jamk.fi\/m365\/wp-content\/uploads\/sites\/125\/2023\/11\/Jamk-valikko-2023-11-20-fi.png\" alt=\"\" class=\"wp-image-1483\"\/><figcaption class=\"wp-element-caption\">Jamk-otsikon alla olevat sis\u00e4ll\u00f6t n\u00e4kyv\u00e4t sek\u00e4 henkil\u00f6st\u00f6lle ett\u00e4 opiskelijoille.<\/figcaption><\/figure>\n","protected":false},"excerpt":{"rendered":"<p>Elmo-intra on nettisivusto, jota Jamkin henkil\u00f6st\u00f6 ja opiskelijat k\u00e4ytt\u00e4v\u00e4t. Se on kuin oma sis\u00e4inen nettisivu Jamkille. Kaikki k\u00e4ytt\u00e4v\u00e4t samaa Elmo-intraa, mutta kaikki eiv\u00e4t n\u00e4e kaikkea. Jotkut asiat n\u00e4kyv\u00e4t vain henkil\u00f6st\u00f6lle, ja jotkut asiat n\u00e4kyv\u00e4t sek\u00e4 henkil\u00f6st\u00f6lle ett\u00e4 opiskelijoille. Jamkin henkil\u00f6st\u00f6 n\u00e4kee siis aina kaiken sen, mit\u00e4 opiskelijatkin n\u00e4kev\u00e4t. Mutta kaikkia henkil\u00f6st\u00f6lle tarkoitettuja asioita ei n\u00e4ytet\u00e4 [&hellip;]<\/p>\n","protected":false},"author":64,"featured_media":0,"parent":1281,"menu_order":0,"comment_status":"closed","ping_status":"open","template":"","meta":{"_acf_changed":false,"_relevanssi_hide_post":"","_relevanssi_hide_content":"","_relevanssi_pin_for_all":"","_relevanssi_pin_keywords":"","_relevanssi_unpin_keywords":"","_relevanssi_related_keywords":"","_relevanssi_related_include_ids":"","_relevanssi_related_exclude_ids":"","_relevanssi_related_no_append":"","_relevanssi_related_not_related":"","_relevanssi_related_posts":"","_relevanssi_noindex_reason":"","footnotes":""},"categories":[1],"tags":[108],"class_list":["post-1295","page","type-page","status-publish","hentry","category-yleinen","tag-elmo"],"acf":[],"yoast_head":"<!-- This site is optimized with the Yoast SEO plugin v27.3 - https:\/\/yoast.com\/product\/yoast-seo-wordpress\/ -->\n<title>Navigaatio Elmo-intrassa - Microsoft 365<\/title>\n<meta name=\"robots\" content=\"index, follow, max-snippet:-1, max-image-preview:large, max-video-preview:-1\" \/>\n<link rel=\"canonical\" href=\"https:\/\/help.jamk.fi\/m365\/fi\/elmo-fi\/navigaatio-elmo-intrassa\/\" \/>\n<meta property=\"og:locale\" content=\"fi_FI\" \/>\n<meta property=\"og:type\" content=\"article\" \/>\n<meta property=\"og:title\" content=\"Navigaatio Elmo-intrassa - Microsoft 365\" \/>\n<meta property=\"og:description\" content=\"Elmo-intra on nettisivusto, jota Jamkin henkil\u00f6st\u00f6 ja opiskelijat k\u00e4ytt\u00e4v\u00e4t. Se on kuin oma sis\u00e4inen nettisivu Jamkille. Kaikki k\u00e4ytt\u00e4v\u00e4t samaa Elmo-intraa, mutta kaikki eiv\u00e4t n\u00e4e kaikkea. Jotkut asiat n\u00e4kyv\u00e4t vain henkil\u00f6st\u00f6lle, ja jotkut asiat n\u00e4kyv\u00e4t sek\u00e4 henkil\u00f6st\u00f6lle ett\u00e4 opiskelijoille. Jamkin henkil\u00f6st\u00f6 n\u00e4kee siis aina kaiken sen, mit\u00e4 opiskelijatkin n\u00e4kev\u00e4t. Mutta kaikkia henkil\u00f6st\u00f6lle tarkoitettuja asioita ei n\u00e4ytet\u00e4 [&hellip;]\" \/>\n<meta property=\"og:url\" content=\"https:\/\/help.jamk.fi\/m365\/fi\/elmo-fi\/navigaatio-elmo-intrassa\/\" \/>\n<meta property=\"og:site_name\" content=\"Microsoft 365\" \/>\n<meta property=\"article:modified_time\" content=\"2024-10-11T12:24:44+00:00\" \/>\n<meta property=\"og:image\" content=\"https:\/\/help.jamk.fi\/m365\/wp-content\/uploads\/sites\/125\/2023\/07\/Elmo-intran_navigaatio_Opiskelu_ja_opetus-1.jpg\" \/>\n<meta name=\"twitter:card\" content=\"summary_large_image\" \/>\n<meta name=\"twitter:label1\" content=\"Arvioitu lukuaika\" \/>\n\t<meta name=\"twitter:data1\" content=\"4 minuuttia\" \/>\n<script type=\"application\/ld+json\" class=\"yoast-schema-graph\">{\"@context\":\"https:\\\/\\\/schema.org\",\"@graph\":[{\"@type\":\"WebPage\",\"@id\":\"https:\\\/\\\/help.jamk.fi\\\/m365\\\/fi\\\/elmo-fi\\\/navigaatio-elmo-intrassa\\\/\",\"url\":\"https:\\\/\\\/help.jamk.fi\\\/m365\\\/fi\\\/elmo-fi\\\/navigaatio-elmo-intrassa\\\/\",\"name\":\"Navigaatio Elmo-intrassa - Microsoft 365\",\"isPartOf\":{\"@id\":\"https:\\\/\\\/help.jamk.fi\\\/m365\\\/#website\"},\"primaryImageOfPage\":{\"@id\":\"https:\\\/\\\/help.jamk.fi\\\/m365\\\/fi\\\/elmo-fi\\\/navigaatio-elmo-intrassa\\\/#primaryimage\"},\"image\":{\"@id\":\"https:\\\/\\\/help.jamk.fi\\\/m365\\\/fi\\\/elmo-fi\\\/navigaatio-elmo-intrassa\\\/#primaryimage\"},\"thumbnailUrl\":\"https:\\\/\\\/help.jamk.fi\\\/m365\\\/wp-content\\\/uploads\\\/sites\\\/125\\\/2023\\\/07\\\/Elmo-intran_navigaatio_Opiskelu_ja_opetus-1.jpg\",\"datePublished\":\"2022-08-09T10:12:36+00:00\",\"dateModified\":\"2024-10-11T12:24:44+00:00\",\"breadcrumb\":{\"@id\":\"https:\\\/\\\/help.jamk.fi\\\/m365\\\/fi\\\/elmo-fi\\\/navigaatio-elmo-intrassa\\\/#breadcrumb\"},\"inLanguage\":\"fi\",\"potentialAction\":[{\"@type\":\"ReadAction\",\"target\":[\"https:\\\/\\\/help.jamk.fi\\\/m365\\\/fi\\\/elmo-fi\\\/navigaatio-elmo-intrassa\\\/\"]}]},{\"@type\":\"ImageObject\",\"inLanguage\":\"fi\",\"@id\":\"https:\\\/\\\/help.jamk.fi\\\/m365\\\/fi\\\/elmo-fi\\\/navigaatio-elmo-intrassa\\\/#primaryimage\",\"url\":\"https:\\\/\\\/help.jamk.fi\\\/m365\\\/wp-content\\\/uploads\\\/sites\\\/125\\\/2023\\\/07\\\/Elmo-intran_navigaatio_Opiskelu_ja_opetus-1.jpg\",\"contentUrl\":\"https:\\\/\\\/help.jamk.fi\\\/m365\\\/wp-content\\\/uploads\\\/sites\\\/125\\\/2023\\\/07\\\/Elmo-intran_navigaatio_Opiskelu_ja_opetus-1.jpg\"},{\"@type\":\"BreadcrumbList\",\"@id\":\"https:\\\/\\\/help.jamk.fi\\\/m365\\\/fi\\\/elmo-fi\\\/navigaatio-elmo-intrassa\\\/#breadcrumb\",\"itemListElement\":[{\"@type\":\"ListItem\",\"position\":1,\"name\":\"Etusivu\",\"item\":\"https:\\\/\\\/help.jamk.fi\\\/m365\\\/fi\\\/\"},{\"@type\":\"ListItem\",\"position\":2,\"name\":\"Elmo-intra\",\"item\":\"https:\\\/\\\/help.jamk.fi\\\/m365\\\/fi\\\/elmo-fi\\\/\"},{\"@type\":\"ListItem\",\"position\":3,\"name\":\"Navigaatio Elmo-intrassa\"}]},{\"@type\":\"WebSite\",\"@id\":\"https:\\\/\\\/help.jamk.fi\\\/m365\\\/#website\",\"url\":\"https:\\\/\\\/help.jamk.fi\\\/m365\\\/\",\"name\":\"Microsoft 365\",\"description\":\"\",\"potentialAction\":[{\"@type\":\"SearchAction\",\"target\":{\"@type\":\"EntryPoint\",\"urlTemplate\":\"https:\\\/\\\/help.jamk.fi\\\/m365\\\/?s={search_term_string}\"},\"query-input\":{\"@type\":\"PropertyValueSpecification\",\"valueRequired\":true,\"valueName\":\"search_term_string\"}}],\"inLanguage\":\"fi\"}]}<\/script>\n<!-- \/ Yoast SEO plugin. -->","yoast_head_json":{"title":"Navigaatio Elmo-intrassa - Microsoft 365","robots":{"index":"index","follow":"follow","max-snippet":"max-snippet:-1","max-image-preview":"max-image-preview:large","max-video-preview":"max-video-preview:-1"},"canonical":"https:\/\/help.jamk.fi\/m365\/fi\/elmo-fi\/navigaatio-elmo-intrassa\/","og_locale":"fi_FI","og_type":"article","og_title":"Navigaatio Elmo-intrassa - Microsoft 365","og_description":"Elmo-intra on nettisivusto, jota Jamkin henkil\u00f6st\u00f6 ja opiskelijat k\u00e4ytt\u00e4v\u00e4t. Se on kuin oma sis\u00e4inen nettisivu Jamkille. Kaikki k\u00e4ytt\u00e4v\u00e4t samaa Elmo-intraa, mutta kaikki eiv\u00e4t n\u00e4e kaikkea. Jotkut asiat n\u00e4kyv\u00e4t vain henkil\u00f6st\u00f6lle, ja jotkut asiat n\u00e4kyv\u00e4t sek\u00e4 henkil\u00f6st\u00f6lle ett\u00e4 opiskelijoille. Jamkin henkil\u00f6st\u00f6 n\u00e4kee siis aina kaiken sen, mit\u00e4 opiskelijatkin n\u00e4kev\u00e4t. Mutta kaikkia henkil\u00f6st\u00f6lle tarkoitettuja asioita ei n\u00e4ytet\u00e4 [&hellip;]","og_url":"https:\/\/help.jamk.fi\/m365\/fi\/elmo-fi\/navigaatio-elmo-intrassa\/","og_site_name":"Microsoft 365","article_modified_time":"2024-10-11T12:24:44+00:00","og_image":[{"url":"https:\/\/help.jamk.fi\/m365\/wp-content\/uploads\/sites\/125\/2023\/07\/Elmo-intran_navigaatio_Opiskelu_ja_opetus-1.jpg","type":"","width":"","height":""}],"twitter_card":"summary_large_image","twitter_misc":{"Arvioitu lukuaika":"4 minuuttia"},"schema":{"@context":"https:\/\/schema.org","@graph":[{"@type":"WebPage","@id":"https:\/\/help.jamk.fi\/m365\/fi\/elmo-fi\/navigaatio-elmo-intrassa\/","url":"https:\/\/help.jamk.fi\/m365\/fi\/elmo-fi\/navigaatio-elmo-intrassa\/","name":"Navigaatio Elmo-intrassa - Microsoft 365","isPartOf":{"@id":"https:\/\/help.jamk.fi\/m365\/#website"},"primaryImageOfPage":{"@id":"https:\/\/help.jamk.fi\/m365\/fi\/elmo-fi\/navigaatio-elmo-intrassa\/#primaryimage"},"image":{"@id":"https:\/\/help.jamk.fi\/m365\/fi\/elmo-fi\/navigaatio-elmo-intrassa\/#primaryimage"},"thumbnailUrl":"https:\/\/help.jamk.fi\/m365\/wp-content\/uploads\/sites\/125\/2023\/07\/Elmo-intran_navigaatio_Opiskelu_ja_opetus-1.jpg","datePublished":"2022-08-09T10:12:36+00:00","dateModified":"2024-10-11T12:24:44+00:00","breadcrumb":{"@id":"https:\/\/help.jamk.fi\/m365\/fi\/elmo-fi\/navigaatio-elmo-intrassa\/#breadcrumb"},"inLanguage":"fi","potentialAction":[{"@type":"ReadAction","target":["https:\/\/help.jamk.fi\/m365\/fi\/elmo-fi\/navigaatio-elmo-intrassa\/"]}]},{"@type":"ImageObject","inLanguage":"fi","@id":"https:\/\/help.jamk.fi\/m365\/fi\/elmo-fi\/navigaatio-elmo-intrassa\/#primaryimage","url":"https:\/\/help.jamk.fi\/m365\/wp-content\/uploads\/sites\/125\/2023\/07\/Elmo-intran_navigaatio_Opiskelu_ja_opetus-1.jpg","contentUrl":"https:\/\/help.jamk.fi\/m365\/wp-content\/uploads\/sites\/125\/2023\/07\/Elmo-intran_navigaatio_Opiskelu_ja_opetus-1.jpg"},{"@type":"BreadcrumbList","@id":"https:\/\/help.jamk.fi\/m365\/fi\/elmo-fi\/navigaatio-elmo-intrassa\/#breadcrumb","itemListElement":[{"@type":"ListItem","position":1,"name":"Etusivu","item":"https:\/\/help.jamk.fi\/m365\/fi\/"},{"@type":"ListItem","position":2,"name":"Elmo-intra","item":"https:\/\/help.jamk.fi\/m365\/fi\/elmo-fi\/"},{"@type":"ListItem","position":3,"name":"Navigaatio Elmo-intrassa"}]},{"@type":"WebSite","@id":"https:\/\/help.jamk.fi\/m365\/#website","url":"https:\/\/help.jamk.fi\/m365\/","name":"Microsoft 365","description":"","potentialAction":[{"@type":"SearchAction","target":{"@type":"EntryPoint","urlTemplate":"https:\/\/help.jamk.fi\/m365\/?s={search_term_string}"},"query-input":{"@type":"PropertyValueSpecification","valueRequired":true,"valueName":"search_term_string"}}],"inLanguage":"fi"}]}},"_links":{"self":[{"href":"https:\/\/help.jamk.fi\/m365\/wp-json\/wp\/v2\/pages\/1295","targetHints":{"allow":["GET"]}}],"collection":[{"href":"https:\/\/help.jamk.fi\/m365\/wp-json\/wp\/v2\/pages"}],"about":[{"href":"https:\/\/help.jamk.fi\/m365\/wp-json\/wp\/v2\/types\/page"}],"author":[{"embeddable":true,"href":"https:\/\/help.jamk.fi\/m365\/wp-json\/wp\/v2\/users\/64"}],"replies":[{"embeddable":true,"href":"https:\/\/help.jamk.fi\/m365\/wp-json\/wp\/v2\/comments?post=1295"}],"version-history":[{"count":13,"href":"https:\/\/help.jamk.fi\/m365\/wp-json\/wp\/v2\/pages\/1295\/revisions"}],"predecessor-version":[{"id":1889,"href":"https:\/\/help.jamk.fi\/m365\/wp-json\/wp\/v2\/pages\/1295\/revisions\/1889"}],"up":[{"embeddable":true,"href":"https:\/\/help.jamk.fi\/m365\/wp-json\/wp\/v2\/pages\/1281"}],"wp:attachment":[{"href":"https:\/\/help.jamk.fi\/m365\/wp-json\/wp\/v2\/media?parent=1295"}],"wp:term":[{"taxonomy":"category","embeddable":true,"href":"https:\/\/help.jamk.fi\/m365\/wp-json\/wp\/v2\/categories?post=1295"},{"taxonomy":"post_tag","embeddable":true,"href":"https:\/\/help.jamk.fi\/m365\/wp-json\/wp\/v2\/tags?post=1295"}],"curies":[{"name":"wp","href":"https:\/\/api.w.org\/{rel}","templated":true}]}}