{"id":1311,"date":"2023-04-03T07:48:48","date_gmt":"2023-04-03T04:48:48","guid":{"rendered":"https:\/\/help.jamk.fi\/m365\/elmo-uutiset-moodlessa\/"},"modified":"2023-12-14T10:54:41","modified_gmt":"2023-12-14T08:54:41","slug":"elmo-uutiset-moodlessa","status":"publish","type":"page","link":"https:\/\/help.jamk.fi\/m365\/fi\/elmo-fi\/elmo-uutiset-moodlessa\/","title":{"rendered":"Elmo-uutiset Moodlessa"},"content":{"rendered":"\n<p>Moodlen etusivun oikeassa palkissa n\u00e4et viisi uusinta Elmo-uutista otsikolla &#8221;Opiskelijoiden uutiset&#8221;. Uutisen otsikkoa klikkaamalla p\u00e4\u00e4set lukemaan koko uutisen Elmossa. &#8221;N\u00e4yt\u00e4 l\u00e4hdesivu&#8221; -linkist\u00e4 p\u00e4\u00e4set Elmon etusivulle.<\/p>\n\n\n\n<p>Jos et n\u00e4e uutisia etusivullasi, palauta etusivun oletusasetukset:<\/p>\n\n\n\n<ul class=\"wp-block-list\">\n<li>Klikkaa &#8221;Muokkaa t\u00e4t\u00e4 sivua haluamaksesi&#8221;.<\/li>\n<\/ul>\n\n\n\n<figure class=\"wp-block-image size-large\"><img loading=\"lazy\" decoding=\"async\" width=\"1024\" height=\"330\" src=\"https:\/\/help.jamk.fi\/m365\/wp-content\/uploads\/sites\/125\/2023\/12\/Moodle-muokkaahaluamaksesi-1024x330.png\" alt=\"\" class=\"wp-image-1767\" srcset=\"https:\/\/help.jamk.fi\/m365\/wp-content\/uploads\/sites\/125\/2023\/12\/Moodle-muokkaahaluamaksesi-1024x330.png 1024w, https:\/\/help.jamk.fi\/m365\/wp-content\/uploads\/sites\/125\/2023\/12\/Moodle-muokkaahaluamaksesi-300x97.png 300w, https:\/\/help.jamk.fi\/m365\/wp-content\/uploads\/sites\/125\/2023\/12\/Moodle-muokkaahaluamaksesi-768x248.png 768w, https:\/\/help.jamk.fi\/m365\/wp-content\/uploads\/sites\/125\/2023\/12\/Moodle-muokkaahaluamaksesi-1536x495.png 1536w, https:\/\/help.jamk.fi\/m365\/wp-content\/uploads\/sites\/125\/2023\/12\/Moodle-muokkaahaluamaksesi.png 1920w\" sizes=\"auto, (max-width: 1024px) 100vw, 1024px\" \/><figcaption class=\"wp-element-caption\">Kuvakaappaus Moodlen etusivulta, jossa n\u00e4kyy painikkeen paikka.<\/figcaption><\/figure>\n\n\n\n<ul class=\"wp-block-list\">\n<li>Klikkaa &#8221;Palauta sivun oletusasetukset&#8221;.<\/li>\n<\/ul>\n\n\n\n<figure class=\"wp-block-image size-large\"><img loading=\"lazy\" decoding=\"async\" width=\"1024\" height=\"290\" src=\"https:\/\/help.jamk.fi\/m365\/wp-content\/uploads\/sites\/125\/2023\/12\/Moodle-palautaasetukset-1024x290.png\" alt=\"\" class=\"wp-image-1768\" srcset=\"https:\/\/help.jamk.fi\/m365\/wp-content\/uploads\/sites\/125\/2023\/12\/Moodle-palautaasetukset-1024x290.png 1024w, https:\/\/help.jamk.fi\/m365\/wp-content\/uploads\/sites\/125\/2023\/12\/Moodle-palautaasetukset-300x85.png 300w, https:\/\/help.jamk.fi\/m365\/wp-content\/uploads\/sites\/125\/2023\/12\/Moodle-palautaasetukset-768x218.png 768w, https:\/\/help.jamk.fi\/m365\/wp-content\/uploads\/sites\/125\/2023\/12\/Moodle-palautaasetukset-1536x435.png 1536w, https:\/\/help.jamk.fi\/m365\/wp-content\/uploads\/sites\/125\/2023\/12\/Moodle-palautaasetukset.png 1920w\" sizes=\"auto, (max-width: 1024px) 100vw, 1024px\" \/><figcaption class=\"wp-element-caption\">Kuvakaappaus Moodlen etusivulta, jossa n\u00e4kyy &#8221;Palauta sivun oletusasetukset&#8221; -painikkeen paikka<\/figcaption><\/figure>\n","protected":false},"excerpt":{"rendered":"<p>Moodlen etusivun oikeassa palkissa n\u00e4et viisi uusinta Elmo-uutista otsikolla &#8221;Opiskelijoiden uutiset&#8221;. Uutisen otsikkoa klikkaamalla p\u00e4\u00e4set lukemaan koko uutisen Elmossa. &#8221;N\u00e4yt\u00e4 l\u00e4hdesivu&#8221; -linkist\u00e4 p\u00e4\u00e4set Elmon etusivulle. Jos et n\u00e4e uutisia etusivullasi, palauta etusivun oletusasetukset:<\/p>\n","protected":false},"author":64,"featured_media":0,"parent":1281,"menu_order":0,"comment_status":"closed","ping_status":"open","template":"","meta":{"_acf_changed":false,"_relevanssi_hide_post":"","_relevanssi_hide_content":"","_relevanssi_pin_for_all":"","_relevanssi_pin_keywords":"","_relevanssi_unpin_keywords":"","_relevanssi_related_keywords":"","_relevanssi_related_include_ids":"","_relevanssi_related_exclude_ids":"","_relevanssi_related_no_append":"","_relevanssi_related_not_related":"","_relevanssi_related_posts":"","_relevanssi_noindex_reason":"","footnotes":""},"categories":[1],"tags":[108],"class_list":["post-1311","page","type-page","status-publish","hentry","category-yleinen","tag-elmo"],"acf":[],"yoast_head":"<!-- This site is optimized with the Yoast SEO plugin v27.3 - https:\/\/yoast.com\/product\/yoast-seo-wordpress\/ -->\n<title>Elmo-uutiset Moodlessa - Microsoft 365<\/title>\n<meta name=\"robots\" content=\"index, follow, max-snippet:-1, max-image-preview:large, max-video-preview:-1\" \/>\n<link rel=\"canonical\" href=\"https:\/\/help.jamk.fi\/m365\/fi\/elmo-fi\/elmo-uutiset-moodlessa\/\" \/>\n<meta property=\"og:locale\" content=\"fi_FI\" \/>\n<meta property=\"og:type\" content=\"article\" \/>\n<meta property=\"og:title\" content=\"Elmo-uutiset Moodlessa - Microsoft 365\" \/>\n<meta property=\"og:description\" content=\"Moodlen etusivun oikeassa palkissa n\u00e4et viisi uusinta Elmo-uutista otsikolla &#8221;Opiskelijoiden uutiset&#8221;. Uutisen otsikkoa klikkaamalla p\u00e4\u00e4set lukemaan koko uutisen Elmossa. &#8221;N\u00e4yt\u00e4 l\u00e4hdesivu&#8221; -linkist\u00e4 p\u00e4\u00e4set Elmon etusivulle. Jos et n\u00e4e uutisia etusivullasi, palauta etusivun oletusasetukset:\" \/>\n<meta property=\"og:url\" content=\"https:\/\/help.jamk.fi\/m365\/fi\/elmo-fi\/elmo-uutiset-moodlessa\/\" \/>\n<meta property=\"og:site_name\" content=\"Microsoft 365\" \/>\n<meta property=\"article:modified_time\" content=\"2023-12-14T08:54:41+00:00\" \/>\n<meta property=\"og:image\" content=\"https:\/\/help.jamk.fi\/m365\/wp-content\/uploads\/sites\/125\/2023\/12\/Moodle-muokkaahaluamaksesi-1024x330.png\" \/>\n<meta name=\"twitter:card\" content=\"summary_large_image\" \/>\n<meta name=\"twitter:label1\" content=\"Arvioitu lukuaika\" \/>\n\t<meta name=\"twitter:data1\" content=\"1 minuutti\" \/>\n<script type=\"application\/ld+json\" class=\"yoast-schema-graph\">{\"@context\":\"https:\\\/\\\/schema.org\",\"@graph\":[{\"@type\":\"WebPage\",\"@id\":\"https:\\\/\\\/help.jamk.fi\\\/m365\\\/fi\\\/elmo-fi\\\/elmo-uutiset-moodlessa\\\/\",\"url\":\"https:\\\/\\\/help.jamk.fi\\\/m365\\\/fi\\\/elmo-fi\\\/elmo-uutiset-moodlessa\\\/\",\"name\":\"Elmo-uutiset Moodlessa - Microsoft 365\",\"isPartOf\":{\"@id\":\"https:\\\/\\\/help.jamk.fi\\\/m365\\\/#website\"},\"primaryImageOfPage\":{\"@id\":\"https:\\\/\\\/help.jamk.fi\\\/m365\\\/fi\\\/elmo-fi\\\/elmo-uutiset-moodlessa\\\/#primaryimage\"},\"image\":{\"@id\":\"https:\\\/\\\/help.jamk.fi\\\/m365\\\/fi\\\/elmo-fi\\\/elmo-uutiset-moodlessa\\\/#primaryimage\"},\"thumbnailUrl\":\"https:\\\/\\\/help.jamk.fi\\\/m365\\\/wp-content\\\/uploads\\\/sites\\\/125\\\/2023\\\/12\\\/Moodle-muokkaahaluamaksesi-1024x330.png\",\"datePublished\":\"2023-04-03T04:48:48+00:00\",\"dateModified\":\"2023-12-14T08:54:41+00:00\",\"breadcrumb\":{\"@id\":\"https:\\\/\\\/help.jamk.fi\\\/m365\\\/fi\\\/elmo-fi\\\/elmo-uutiset-moodlessa\\\/#breadcrumb\"},\"inLanguage\":\"fi\",\"potentialAction\":[{\"@type\":\"ReadAction\",\"target\":[\"https:\\\/\\\/help.jamk.fi\\\/m365\\\/fi\\\/elmo-fi\\\/elmo-uutiset-moodlessa\\\/\"]}]},{\"@type\":\"ImageObject\",\"inLanguage\":\"fi\",\"@id\":\"https:\\\/\\\/help.jamk.fi\\\/m365\\\/fi\\\/elmo-fi\\\/elmo-uutiset-moodlessa\\\/#primaryimage\",\"url\":\"https:\\\/\\\/help.jamk.fi\\\/m365\\\/wp-content\\\/uploads\\\/sites\\\/125\\\/2023\\\/12\\\/Moodle-muokkaahaluamaksesi.png\",\"contentUrl\":\"https:\\\/\\\/help.jamk.fi\\\/m365\\\/wp-content\\\/uploads\\\/sites\\\/125\\\/2023\\\/12\\\/Moodle-muokkaahaluamaksesi.png\",\"width\":1920,\"height\":619},{\"@type\":\"BreadcrumbList\",\"@id\":\"https:\\\/\\\/help.jamk.fi\\\/m365\\\/fi\\\/elmo-fi\\\/elmo-uutiset-moodlessa\\\/#breadcrumb\",\"itemListElement\":[{\"@type\":\"ListItem\",\"position\":1,\"name\":\"Etusivu\",\"item\":\"https:\\\/\\\/help.jamk.fi\\\/m365\\\/fi\\\/\"},{\"@type\":\"ListItem\",\"position\":2,\"name\":\"Elmo-intra\",\"item\":\"https:\\\/\\\/help.jamk.fi\\\/m365\\\/fi\\\/elmo-fi\\\/\"},{\"@type\":\"ListItem\",\"position\":3,\"name\":\"Elmo-uutiset Moodlessa\"}]},{\"@type\":\"WebSite\",\"@id\":\"https:\\\/\\\/help.jamk.fi\\\/m365\\\/#website\",\"url\":\"https:\\\/\\\/help.jamk.fi\\\/m365\\\/\",\"name\":\"Microsoft 365\",\"description\":\"\",\"potentialAction\":[{\"@type\":\"SearchAction\",\"target\":{\"@type\":\"EntryPoint\",\"urlTemplate\":\"https:\\\/\\\/help.jamk.fi\\\/m365\\\/?s={search_term_string}\"},\"query-input\":{\"@type\":\"PropertyValueSpecification\",\"valueRequired\":true,\"valueName\":\"search_term_string\"}}],\"inLanguage\":\"fi\"}]}<\/script>\n<!-- \/ Yoast SEO plugin. -->","yoast_head_json":{"title":"Elmo-uutiset Moodlessa - Microsoft 365","robots":{"index":"index","follow":"follow","max-snippet":"max-snippet:-1","max-image-preview":"max-image-preview:large","max-video-preview":"max-video-preview:-1"},"canonical":"https:\/\/help.jamk.fi\/m365\/fi\/elmo-fi\/elmo-uutiset-moodlessa\/","og_locale":"fi_FI","og_type":"article","og_title":"Elmo-uutiset Moodlessa - Microsoft 365","og_description":"Moodlen etusivun oikeassa palkissa n\u00e4et viisi uusinta Elmo-uutista otsikolla &#8221;Opiskelijoiden uutiset&#8221;. Uutisen otsikkoa klikkaamalla p\u00e4\u00e4set lukemaan koko uutisen Elmossa. &#8221;N\u00e4yt\u00e4 l\u00e4hdesivu&#8221; -linkist\u00e4 p\u00e4\u00e4set Elmon etusivulle. Jos et n\u00e4e uutisia etusivullasi, palauta etusivun oletusasetukset:","og_url":"https:\/\/help.jamk.fi\/m365\/fi\/elmo-fi\/elmo-uutiset-moodlessa\/","og_site_name":"Microsoft 365","article_modified_time":"2023-12-14T08:54:41+00:00","og_image":[{"url":"https:\/\/help.jamk.fi\/m365\/wp-content\/uploads\/sites\/125\/2023\/12\/Moodle-muokkaahaluamaksesi-1024x330.png","type":"","width":"","height":""}],"twitter_card":"summary_large_image","twitter_misc":{"Arvioitu lukuaika":"1 minuutti"},"schema":{"@context":"https:\/\/schema.org","@graph":[{"@type":"WebPage","@id":"https:\/\/help.jamk.fi\/m365\/fi\/elmo-fi\/elmo-uutiset-moodlessa\/","url":"https:\/\/help.jamk.fi\/m365\/fi\/elmo-fi\/elmo-uutiset-moodlessa\/","name":"Elmo-uutiset Moodlessa - Microsoft 365","isPartOf":{"@id":"https:\/\/help.jamk.fi\/m365\/#website"},"primaryImageOfPage":{"@id":"https:\/\/help.jamk.fi\/m365\/fi\/elmo-fi\/elmo-uutiset-moodlessa\/#primaryimage"},"image":{"@id":"https:\/\/help.jamk.fi\/m365\/fi\/elmo-fi\/elmo-uutiset-moodlessa\/#primaryimage"},"thumbnailUrl":"https:\/\/help.jamk.fi\/m365\/wp-content\/uploads\/sites\/125\/2023\/12\/Moodle-muokkaahaluamaksesi-1024x330.png","datePublished":"2023-04-03T04:48:48+00:00","dateModified":"2023-12-14T08:54:41+00:00","breadcrumb":{"@id":"https:\/\/help.jamk.fi\/m365\/fi\/elmo-fi\/elmo-uutiset-moodlessa\/#breadcrumb"},"inLanguage":"fi","potentialAction":[{"@type":"ReadAction","target":["https:\/\/help.jamk.fi\/m365\/fi\/elmo-fi\/elmo-uutiset-moodlessa\/"]}]},{"@type":"ImageObject","inLanguage":"fi","@id":"https:\/\/help.jamk.fi\/m365\/fi\/elmo-fi\/elmo-uutiset-moodlessa\/#primaryimage","url":"https:\/\/help.jamk.fi\/m365\/wp-content\/uploads\/sites\/125\/2023\/12\/Moodle-muokkaahaluamaksesi.png","contentUrl":"https:\/\/help.jamk.fi\/m365\/wp-content\/uploads\/sites\/125\/2023\/12\/Moodle-muokkaahaluamaksesi.png","width":1920,"height":619},{"@type":"BreadcrumbList","@id":"https:\/\/help.jamk.fi\/m365\/fi\/elmo-fi\/elmo-uutiset-moodlessa\/#breadcrumb","itemListElement":[{"@type":"ListItem","position":1,"name":"Etusivu","item":"https:\/\/help.jamk.fi\/m365\/fi\/"},{"@type":"ListItem","position":2,"name":"Elmo-intra","item":"https:\/\/help.jamk.fi\/m365\/fi\/elmo-fi\/"},{"@type":"ListItem","position":3,"name":"Elmo-uutiset Moodlessa"}]},{"@type":"WebSite","@id":"https:\/\/help.jamk.fi\/m365\/#website","url":"https:\/\/help.jamk.fi\/m365\/","name":"Microsoft 365","description":"","potentialAction":[{"@type":"SearchAction","target":{"@type":"EntryPoint","urlTemplate":"https:\/\/help.jamk.fi\/m365\/?s={search_term_string}"},"query-input":{"@type":"PropertyValueSpecification","valueRequired":true,"valueName":"search_term_string"}}],"inLanguage":"fi"}]}},"_links":{"self":[{"href":"https:\/\/help.jamk.fi\/m365\/wp-json\/wp\/v2\/pages\/1311","targetHints":{"allow":["GET"]}}],"collection":[{"href":"https:\/\/help.jamk.fi\/m365\/wp-json\/wp\/v2\/pages"}],"about":[{"href":"https:\/\/help.jamk.fi\/m365\/wp-json\/wp\/v2\/types\/page"}],"author":[{"embeddable":true,"href":"https:\/\/help.jamk.fi\/m365\/wp-json\/wp\/v2\/users\/64"}],"replies":[{"embeddable":true,"href":"https:\/\/help.jamk.fi\/m365\/wp-json\/wp\/v2\/comments?post=1311"}],"version-history":[{"count":3,"href":"https:\/\/help.jamk.fi\/m365\/wp-json\/wp\/v2\/pages\/1311\/revisions"}],"predecessor-version":[{"id":1769,"href":"https:\/\/help.jamk.fi\/m365\/wp-json\/wp\/v2\/pages\/1311\/revisions\/1769"}],"up":[{"embeddable":true,"href":"https:\/\/help.jamk.fi\/m365\/wp-json\/wp\/v2\/pages\/1281"}],"wp:attachment":[{"href":"https:\/\/help.jamk.fi\/m365\/wp-json\/wp\/v2\/media?parent=1311"}],"wp:term":[{"taxonomy":"category","embeddable":true,"href":"https:\/\/help.jamk.fi\/m365\/wp-json\/wp\/v2\/categories?post=1311"},{"taxonomy":"post_tag","embeddable":true,"href":"https:\/\/help.jamk.fi\/m365\/wp-json\/wp\/v2\/tags?post=1311"}],"curies":[{"name":"wp","href":"https:\/\/api.w.org\/{rel}","templated":true}]}}