{"id":1945,"date":"2025-03-31T11:12:06","date_gmt":"2025-03-31T08:12:06","guid":{"rendered":"https:\/\/help.jamk.fi\/m365\/?page_id=1945"},"modified":"2025-05-22T08:42:16","modified_gmt":"2025-05-22T05:42:16","slug":"tiedostojen-siirtaminen-onedriveen","status":"publish","type":"page","link":"https:\/\/help.jamk.fi\/m365\/fi\/onedrive\/tiedostojen-siirtaminen-onedriveen\/","title":{"rendered":"Tiedostojen siirt\u00e4minen OneDriveen"},"content":{"rendered":"\n<p>Tiedostojen tallentaminen OneDriveen mahdollistaa tiedostojen varmuuskopioinnin, versionhallinnan ja tiedostojen saavutettavuuden milt\u00e4 tahansa laitteelta, mist\u00e4 tahansa verkosta. T\u00e4m\u00e4 ohje k\u00e4y l\u00e4pi, kuinka voit siirt\u00e4\u00e4 tiedostoja OneDriven pilveen. Henkil\u00f6kunnan Windows 11 tietokoneille OneDrive on esiasennettuna valmiiksi OneDriven automaattinen synkronointi on oletuksena valmiiksi p\u00e4\u00e4ll\u00e4. OneDrivea on mahdollista k\u00e4ytt\u00e4\u00e4 my\u00f6s selaimen kautta osoitteesta m365.jamk.fi<\/p>\n\n\n<div id=\"info-lift-block_93db15d8dbfb0d2e50a17a77bb3a4d7c\" class=\"block-info-lift block-info-lift\">\n  <div class=\"row\">\n    <div class=\"col-12\">\n              <div class=\"block-info-lift__content\">\n          <div class=\"block-info-lift__content__icon\">\n            <span>!<\/span>\n          <\/div>\n          <p class=\"block-info-lift__content__text\">1.5.2025 l\u00e4htien H-asema muutetaan vain lukutilaan, jolloin H-asemalle ei voi en\u00e4\u00e4 luoda uusia tiedostoja tai muokata olemassa olevia. 31.5.2025 H-asema poistuu lopullisesti k\u00e4yt\u00f6ss\u00e4.<\/p>\n        <\/div>\n          <\/div>\n  <\/div>\n<\/div>\n\n\n<h2 class=\"wp-block-heading\">H-aseman varmuuskopiointi OneDriveen &#8211; automaattinen synkronointi<\/h2>\n\n\n\n<p>Kun OneDrive ohjelma on asennettuna tietokoneelle ja automaattinen synkronointi on k\u00e4yt\u00f6ss\u00e4, l\u00f6yd\u00e4t OneDrive hakemiston resurssienhallinnan vasemmasta reunasta. Mik\u00e4li OneDrive hakemistoa ei l\u00f6ydy resurssienhallinnasta, <a href=\"https:\/\/help.jamk.fi\/m365\/fi\/onedrive\/onedrive-kayttoonotto-windows-tyoasemissa\/\">ota OneDriven automaattinen synkronointi k\u00e4ytt\u00f6\u00f6n n\u00e4ill\u00e4 ohjeilla<\/a><\/p>\n\n\n\n<figure class=\"wp-block-image size-full is-resized\"><img loading=\"lazy\" decoding=\"async\" width=\"942\" height=\"1000\" src=\"https:\/\/help.jamk.fi\/m365\/wp-content\/uploads\/sites\/125\/2025\/03\/File-explorer.png\" alt=\"Resurssienhallinasta l\u00f6yd\u00e4t OneDrive -hakemiston sek\u00e4 H-verkkoaseman\" class=\"wp-image-1956\" style=\"width:697px;height:auto\" srcset=\"https:\/\/help.jamk.fi\/m365\/wp-content\/uploads\/sites\/125\/2025\/03\/File-explorer.png 942w, https:\/\/help.jamk.fi\/m365\/wp-content\/uploads\/sites\/125\/2025\/03\/File-explorer-283x300.png 283w, https:\/\/help.jamk.fi\/m365\/wp-content\/uploads\/sites\/125\/2025\/03\/File-explorer-768x815.png 768w\" sizes=\"auto, (max-width: 942px) 100vw, 942px\" \/><figcaption class=\"wp-element-caption\">OneDrive ja H-verkkoasema l\u00f6ytyv\u00e4t resurssienhallinnasta<\/figcaption><\/figure>\n\n\n\n<p>L\u00f6yd\u00e4t H-verkkoaseman resurssienhallinnasta This PC -valikon alta. H-asema on nimetty sinun lyhytmuotoisen k\u00e4ytt\u00e4j\u00e4tunnuksesi mukaan. Muista, ett\u00e4 verkkoasemat ovat saatavilla ainoastaan Jamkin sis\u00e4verkosta tai <a href=\"https:\/\/help.jamk.fi\/ohjelmistotjalaitteet\/fi\/etatyopoydat\/\">remote -ty\u00f6asemalta.<\/a> <\/p>\n\n\n\n<p>Aloita avaamalla H-aseman kansiorakenne ja valitse, mitk\u00e4 tiedostot ja kansiot haluat siirt\u00e4\u00e4 OneDriveen. Huomaa, ettei kaikkea kannata siirt\u00e4\u00e4, vaan siivoa tarpeettomia tiedostoja pois. Voit tehd\u00e4 useita valintoja kerralla, joko painamalla n\u00e4pp\u00e4imist\u00f6n CTRL-painiketta pohjassa valintoja tehdess\u00e4, tai raksimalla ruutu tiedoston tai kansion nimen edest\u00e4. Kun olet tehnyt valinnat, kopioi valitsemasi tiedostot joko CTRL + X (leikkaa) tai CTRL + C (kopioi) -n\u00e4pp\u00e4inyhdistelmill\u00e4 tai valitsemalla <em>Leikkaa<\/em> tai <em>Kopioi<\/em> -painike resurssienhallinnan ty\u00f6kalupalkista.<\/p>\n\n\n\n<figure class=\"wp-block-image size-full is-resized\"><img loading=\"lazy\" decoding=\"async\" width=\"980\" height=\"475\" src=\"https:\/\/help.jamk.fi\/m365\/wp-content\/uploads\/sites\/125\/2025\/03\/selection.png\" alt=\"Valitse haluamasi tiedostot H-verkkoaseman hakemistosta, ja Leikkaa  tau Kopioi ne leikep\u00f6yd\u00e4lle\" class=\"wp-image-1961\" style=\"width:651px;height:auto\" srcset=\"https:\/\/help.jamk.fi\/m365\/wp-content\/uploads\/sites\/125\/2025\/03\/selection.png 980w, https:\/\/help.jamk.fi\/m365\/wp-content\/uploads\/sites\/125\/2025\/03\/selection-300x145.png 300w, https:\/\/help.jamk.fi\/m365\/wp-content\/uploads\/sites\/125\/2025\/03\/selection-768x372.png 768w\" sizes=\"auto, (max-width: 980px) 100vw, 980px\" \/><figcaption class=\"wp-element-caption\">Leikkaa tai kopioi tiedostot verkkolevylt\u00e4 leikep\u00f6yd\u00e4lle<\/figcaption><\/figure>\n\n\n\n<p>Siirry kopioimisen j\u00e4lkeen OneDrive -hakemistoon ja liit\u00e4 kopioimasi tiedostot joko CTRL + V -n\u00e4pp\u00e4inyhdistelm\u00e4ll\u00e4 tai ty\u00f6kalurivin Liit\u00e4-painikkeella. 1.5.2025 l\u00e4htien H-asema on ollut vain luku -tilassa, jonka vuoksi tiedostojen poistaminen tai muokkaaminen ei ole en\u00e4\u00e4 ollut mahdollista. <\/p>\n\n\n\n<figure class=\"wp-block-image size-full is-resized\"><img loading=\"lazy\" decoding=\"async\" width=\"1009\" height=\"491\" src=\"https:\/\/help.jamk.fi\/m365\/wp-content\/uploads\/sites\/125\/2025\/03\/paste.png\" alt=\"Siirry OneDrive hakemistoon resursseinhallinasta ja Liit\u00e4 leikep\u00f6yd\u00e4ll\u00e4 olevat tiedostot OneDrive -hakemistoon\" class=\"wp-image-1959\" style=\"width:690px;height:auto\" srcset=\"https:\/\/help.jamk.fi\/m365\/wp-content\/uploads\/sites\/125\/2025\/03\/paste.png 1009w, https:\/\/help.jamk.fi\/m365\/wp-content\/uploads\/sites\/125\/2025\/03\/paste-300x146.png 300w, https:\/\/help.jamk.fi\/m365\/wp-content\/uploads\/sites\/125\/2025\/03\/paste-768x374.png 768w\" sizes=\"auto, (max-width: 1009px) 100vw, 1009px\" \/><figcaption class=\"wp-element-caption\">Liit\u00e4 tiedostot OneDriven hakemistoon<\/figcaption><\/figure>\n\n\n\n<h2 class=\"wp-block-heading\">Tiedostojen synkronointi OneDriveen selaimella<\/h2>\n\n\n\n<p>OneDrive on saatavilla selaimesta osoitteesta <a href=\"https:\/\/m365.jamk.fi\" target=\"_blank\" rel=\"noreferrer noopener\">m365.jamk.fi. <\/a>Microsoft 365 -aloitussivulta p\u00e4\u00e4set siirtym\u00e4\u00e4n OneDrive -palveluun vasemman yl\u00e4kulman sovellusvalikosta<\/p>\n\n\n\n<figure class=\"wp-block-image size-full is-resized\"><img loading=\"lazy\" decoding=\"async\" width=\"564\" height=\"661\" src=\"https:\/\/help.jamk.fi\/m365\/wp-content\/uploads\/sites\/125\/2025\/03\/OneDrive_owa.png\" alt=\"OneDrive l\u00f6ytyy Microsoft 365 -aloitussivulta vasemman yl\u00e4kulman sovellusvalikosta\" class=\"wp-image-1958\" style=\"width:326px;height:auto\" srcset=\"https:\/\/help.jamk.fi\/m365\/wp-content\/uploads\/sites\/125\/2025\/03\/OneDrive_owa.png 564w, https:\/\/help.jamk.fi\/m365\/wp-content\/uploads\/sites\/125\/2025\/03\/OneDrive_owa-256x300.png 256w\" sizes=\"auto, (max-width: 564px) 100vw, 564px\" \/><figcaption class=\"wp-element-caption\">L\u00f6yd\u00e4t OneDriven Microsoft 365 -sovellusvalikosta<\/figcaption><\/figure>\n\n\n\n<p>Vasemman reunan <em>My Files <\/em>-valikosta n\u00e4et kaikki OneDrive tiedostosi. Valitsemalla <em>Add new<\/em> ja <em>Files Upload <\/em>tai <em>Folder Upload <\/em>voit tuoda laitteeltasi tiedostoja ja kansioita OneDriveen. Etsi haluamasi tiedostot tai kansio H-asemalta ja valitse Open. Valitsemasi tiedostot ladataan OneDriven pilveen.<\/p>\n\n\n\n<p><strong>HUOM!<\/strong> Selaimen kautta voit tuoda kerralla vain joko tiedostoja tai kansioita, ei molempia yht\u00e4 aikaa. Kansioita voi tuoda vain yksi kerrallaan. <\/p>\n\n\n\n<figure class=\"wp-block-image size-full\"><img loading=\"lazy\" decoding=\"async\" width=\"278\" height=\"484\" src=\"https:\/\/help.jamk.fi\/m365\/wp-content\/uploads\/sites\/125\/2025\/03\/Add-new.png\" alt=\"Valitsemalla Add New -valikko vasemmasta yl\u00e4kulmasta voit lis\u00e4t\u00e4 uusia tai siirt\u00e4\u00e4 paikallisia tiedostoja ja kansioita OneDriveen\" class=\"wp-image-1955\" srcset=\"https:\/\/help.jamk.fi\/m365\/wp-content\/uploads\/sites\/125\/2025\/03\/Add-new.png 278w, https:\/\/help.jamk.fi\/m365\/wp-content\/uploads\/sites\/125\/2025\/03\/Add-new-172x300.png 172w\" sizes=\"auto, (max-width: 278px) 100vw, 278px\" \/><figcaption class=\"wp-element-caption\">P\u00e4\u00e4set lataamaan tiedostoja ja kansioita OneDrive &#8221;Add New&#8221; -valikon kautta<\/figcaption><\/figure>\n","protected":false},"excerpt":{"rendered":"<p>Tiedostojen tallentaminen OneDriveen mahdollistaa tiedostojen varmuuskopioinnin, versionhallinnan ja tiedostojen saavutettavuuden milt\u00e4 tahansa laitteelta, mist\u00e4 tahansa verkosta. T\u00e4m\u00e4 ohje k\u00e4y l\u00e4pi, kuinka voit siirt\u00e4\u00e4 tiedostoja OneDriven pilveen. Henkil\u00f6kunnan Windows 11 tietokoneille OneDrive on esiasennettuna valmiiksi OneDriven automaattinen synkronointi on oletuksena valmiiksi p\u00e4\u00e4ll\u00e4. OneDrivea on mahdollista k\u00e4ytt\u00e4\u00e4 my\u00f6s selaimen kautta osoitteesta m365.jamk.fi H-aseman varmuuskopiointi OneDriveen &#8211; automaattinen [&hellip;]<\/p>\n","protected":false},"author":66,"featured_media":0,"parent":462,"menu_order":5,"comment_status":"closed","ping_status":"closed","template":"","meta":{"_acf_changed":false,"_relevanssi_hide_post":"","_relevanssi_hide_content":"","_relevanssi_pin_for_all":"","_relevanssi_pin_keywords":"","_relevanssi_unpin_keywords":"","_relevanssi_related_keywords":"","_relevanssi_related_include_ids":"","_relevanssi_related_exclude_ids":"","_relevanssi_related_no_append":"","_relevanssi_related_not_related":"","_relevanssi_related_posts":"","_relevanssi_noindex_reason":"","footnotes":""},"categories":[],"tags":[442],"class_list":["post-1945","page","type-page","status-publish","hentry","tag-onedrive"],"acf":[],"yoast_head":"<!-- This site is optimized with the Yoast SEO plugin v27.3 - https:\/\/yoast.com\/product\/yoast-seo-wordpress\/ -->\n<title>Tiedostojen siirt\u00e4minen OneDriveen - Microsoft 365<\/title>\n<meta name=\"robots\" content=\"index, follow, max-snippet:-1, max-image-preview:large, max-video-preview:-1\" \/>\n<link rel=\"canonical\" href=\"https:\/\/help.jamk.fi\/m365\/fi\/onedrive\/tiedostojen-siirtaminen-onedriveen\/\" \/>\n<meta property=\"og:locale\" content=\"fi_FI\" \/>\n<meta property=\"og:type\" content=\"article\" \/>\n<meta property=\"og:title\" content=\"Tiedostojen siirt\u00e4minen OneDriveen - Microsoft 365\" \/>\n<meta property=\"og:description\" content=\"Tiedostojen tallentaminen OneDriveen mahdollistaa tiedostojen varmuuskopioinnin, versionhallinnan ja tiedostojen saavutettavuuden milt\u00e4 tahansa laitteelta, mist\u00e4 tahansa verkosta. T\u00e4m\u00e4 ohje k\u00e4y l\u00e4pi, kuinka voit siirt\u00e4\u00e4 tiedostoja OneDriven pilveen. Henkil\u00f6kunnan Windows 11 tietokoneille OneDrive on esiasennettuna valmiiksi OneDriven automaattinen synkronointi on oletuksena valmiiksi p\u00e4\u00e4ll\u00e4. OneDrivea on mahdollista k\u00e4ytt\u00e4\u00e4 my\u00f6s selaimen kautta osoitteesta m365.jamk.fi H-aseman varmuuskopiointi OneDriveen &#8211; automaattinen [&hellip;]\" \/>\n<meta property=\"og:url\" content=\"https:\/\/help.jamk.fi\/m365\/fi\/onedrive\/tiedostojen-siirtaminen-onedriveen\/\" \/>\n<meta property=\"og:site_name\" content=\"Microsoft 365\" \/>\n<meta property=\"article:modified_time\" content=\"2025-05-22T05:42:16+00:00\" \/>\n<meta property=\"og:image\" content=\"https:\/\/help.jamk.fi\/m365\/wp-content\/uploads\/sites\/125\/2025\/03\/File-explorer.png\" \/>\n\t<meta property=\"og:image:width\" content=\"942\" \/>\n\t<meta property=\"og:image:height\" content=\"1000\" \/>\n\t<meta property=\"og:image:type\" content=\"image\/png\" \/>\n<meta name=\"twitter:card\" content=\"summary_large_image\" \/>\n<meta name=\"twitter:label1\" content=\"Arvioitu lukuaika\" \/>\n\t<meta name=\"twitter:data1\" content=\"3 minuuttia\" \/>\n<script type=\"application\/ld+json\" class=\"yoast-schema-graph\">{\"@context\":\"https:\\\/\\\/schema.org\",\"@graph\":[{\"@type\":\"WebPage\",\"@id\":\"https:\\\/\\\/help.jamk.fi\\\/m365\\\/fi\\\/onedrive\\\/tiedostojen-siirtaminen-onedriveen\\\/\",\"url\":\"https:\\\/\\\/help.jamk.fi\\\/m365\\\/fi\\\/onedrive\\\/tiedostojen-siirtaminen-onedriveen\\\/\",\"name\":\"Tiedostojen siirt\u00e4minen OneDriveen - Microsoft 365\",\"isPartOf\":{\"@id\":\"https:\\\/\\\/help.jamk.fi\\\/m365\\\/#website\"},\"primaryImageOfPage\":{\"@id\":\"https:\\\/\\\/help.jamk.fi\\\/m365\\\/fi\\\/onedrive\\\/tiedostojen-siirtaminen-onedriveen\\\/#primaryimage\"},\"image\":{\"@id\":\"https:\\\/\\\/help.jamk.fi\\\/m365\\\/fi\\\/onedrive\\\/tiedostojen-siirtaminen-onedriveen\\\/#primaryimage\"},\"thumbnailUrl\":\"https:\\\/\\\/help.jamk.fi\\\/m365\\\/wp-content\\\/uploads\\\/sites\\\/125\\\/2025\\\/03\\\/File-explorer.png\",\"datePublished\":\"2025-03-31T08:12:06+00:00\",\"dateModified\":\"2025-05-22T05:42:16+00:00\",\"breadcrumb\":{\"@id\":\"https:\\\/\\\/help.jamk.fi\\\/m365\\\/fi\\\/onedrive\\\/tiedostojen-siirtaminen-onedriveen\\\/#breadcrumb\"},\"inLanguage\":\"fi\",\"potentialAction\":[{\"@type\":\"ReadAction\",\"target\":[\"https:\\\/\\\/help.jamk.fi\\\/m365\\\/fi\\\/onedrive\\\/tiedostojen-siirtaminen-onedriveen\\\/\"]}]},{\"@type\":\"ImageObject\",\"inLanguage\":\"fi\",\"@id\":\"https:\\\/\\\/help.jamk.fi\\\/m365\\\/fi\\\/onedrive\\\/tiedostojen-siirtaminen-onedriveen\\\/#primaryimage\",\"url\":\"https:\\\/\\\/help.jamk.fi\\\/m365\\\/wp-content\\\/uploads\\\/sites\\\/125\\\/2025\\\/03\\\/File-explorer.png\",\"contentUrl\":\"https:\\\/\\\/help.jamk.fi\\\/m365\\\/wp-content\\\/uploads\\\/sites\\\/125\\\/2025\\\/03\\\/File-explorer.png\",\"width\":942,\"height\":1000},{\"@type\":\"BreadcrumbList\",\"@id\":\"https:\\\/\\\/help.jamk.fi\\\/m365\\\/fi\\\/onedrive\\\/tiedostojen-siirtaminen-onedriveen\\\/#breadcrumb\",\"itemListElement\":[{\"@type\":\"ListItem\",\"position\":1,\"name\":\"Etusivu\",\"item\":\"https:\\\/\\\/help.jamk.fi\\\/m365\\\/fi\\\/\"},{\"@type\":\"ListItem\",\"position\":2,\"name\":\"OneDrive\",\"item\":\"https:\\\/\\\/help.jamk.fi\\\/m365\\\/fi\\\/onedrive\\\/\"},{\"@type\":\"ListItem\",\"position\":3,\"name\":\"Tiedostojen siirt\u00e4minen OneDriveen\"}]},{\"@type\":\"WebSite\",\"@id\":\"https:\\\/\\\/help.jamk.fi\\\/m365\\\/#website\",\"url\":\"https:\\\/\\\/help.jamk.fi\\\/m365\\\/\",\"name\":\"Microsoft 365\",\"description\":\"\",\"potentialAction\":[{\"@type\":\"SearchAction\",\"target\":{\"@type\":\"EntryPoint\",\"urlTemplate\":\"https:\\\/\\\/help.jamk.fi\\\/m365\\\/?s={search_term_string}\"},\"query-input\":{\"@type\":\"PropertyValueSpecification\",\"valueRequired\":true,\"valueName\":\"search_term_string\"}}],\"inLanguage\":\"fi\"}]}<\/script>\n<!-- \/ Yoast SEO plugin. -->","yoast_head_json":{"title":"Tiedostojen siirt\u00e4minen OneDriveen - Microsoft 365","robots":{"index":"index","follow":"follow","max-snippet":"max-snippet:-1","max-image-preview":"max-image-preview:large","max-video-preview":"max-video-preview:-1"},"canonical":"https:\/\/help.jamk.fi\/m365\/fi\/onedrive\/tiedostojen-siirtaminen-onedriveen\/","og_locale":"fi_FI","og_type":"article","og_title":"Tiedostojen siirt\u00e4minen OneDriveen - Microsoft 365","og_description":"Tiedostojen tallentaminen OneDriveen mahdollistaa tiedostojen varmuuskopioinnin, versionhallinnan ja tiedostojen saavutettavuuden milt\u00e4 tahansa laitteelta, mist\u00e4 tahansa verkosta. T\u00e4m\u00e4 ohje k\u00e4y l\u00e4pi, kuinka voit siirt\u00e4\u00e4 tiedostoja OneDriven pilveen. Henkil\u00f6kunnan Windows 11 tietokoneille OneDrive on esiasennettuna valmiiksi OneDriven automaattinen synkronointi on oletuksena valmiiksi p\u00e4\u00e4ll\u00e4. OneDrivea on mahdollista k\u00e4ytt\u00e4\u00e4 my\u00f6s selaimen kautta osoitteesta m365.jamk.fi H-aseman varmuuskopiointi OneDriveen &#8211; automaattinen [&hellip;]","og_url":"https:\/\/help.jamk.fi\/m365\/fi\/onedrive\/tiedostojen-siirtaminen-onedriveen\/","og_site_name":"Microsoft 365","article_modified_time":"2025-05-22T05:42:16+00:00","og_image":[{"width":942,"height":1000,"url":"https:\/\/help.jamk.fi\/m365\/wp-content\/uploads\/sites\/125\/2025\/03\/File-explorer.png","type":"image\/png"}],"twitter_card":"summary_large_image","twitter_misc":{"Arvioitu lukuaika":"3 minuuttia"},"schema":{"@context":"https:\/\/schema.org","@graph":[{"@type":"WebPage","@id":"https:\/\/help.jamk.fi\/m365\/fi\/onedrive\/tiedostojen-siirtaminen-onedriveen\/","url":"https:\/\/help.jamk.fi\/m365\/fi\/onedrive\/tiedostojen-siirtaminen-onedriveen\/","name":"Tiedostojen siirt\u00e4minen OneDriveen - Microsoft 365","isPartOf":{"@id":"https:\/\/help.jamk.fi\/m365\/#website"},"primaryImageOfPage":{"@id":"https:\/\/help.jamk.fi\/m365\/fi\/onedrive\/tiedostojen-siirtaminen-onedriveen\/#primaryimage"},"image":{"@id":"https:\/\/help.jamk.fi\/m365\/fi\/onedrive\/tiedostojen-siirtaminen-onedriveen\/#primaryimage"},"thumbnailUrl":"https:\/\/help.jamk.fi\/m365\/wp-content\/uploads\/sites\/125\/2025\/03\/File-explorer.png","datePublished":"2025-03-31T08:12:06+00:00","dateModified":"2025-05-22T05:42:16+00:00","breadcrumb":{"@id":"https:\/\/help.jamk.fi\/m365\/fi\/onedrive\/tiedostojen-siirtaminen-onedriveen\/#breadcrumb"},"inLanguage":"fi","potentialAction":[{"@type":"ReadAction","target":["https:\/\/help.jamk.fi\/m365\/fi\/onedrive\/tiedostojen-siirtaminen-onedriveen\/"]}]},{"@type":"ImageObject","inLanguage":"fi","@id":"https:\/\/help.jamk.fi\/m365\/fi\/onedrive\/tiedostojen-siirtaminen-onedriveen\/#primaryimage","url":"https:\/\/help.jamk.fi\/m365\/wp-content\/uploads\/sites\/125\/2025\/03\/File-explorer.png","contentUrl":"https:\/\/help.jamk.fi\/m365\/wp-content\/uploads\/sites\/125\/2025\/03\/File-explorer.png","width":942,"height":1000},{"@type":"BreadcrumbList","@id":"https:\/\/help.jamk.fi\/m365\/fi\/onedrive\/tiedostojen-siirtaminen-onedriveen\/#breadcrumb","itemListElement":[{"@type":"ListItem","position":1,"name":"Etusivu","item":"https:\/\/help.jamk.fi\/m365\/fi\/"},{"@type":"ListItem","position":2,"name":"OneDrive","item":"https:\/\/help.jamk.fi\/m365\/fi\/onedrive\/"},{"@type":"ListItem","position":3,"name":"Tiedostojen siirt\u00e4minen OneDriveen"}]},{"@type":"WebSite","@id":"https:\/\/help.jamk.fi\/m365\/#website","url":"https:\/\/help.jamk.fi\/m365\/","name":"Microsoft 365","description":"","potentialAction":[{"@type":"SearchAction","target":{"@type":"EntryPoint","urlTemplate":"https:\/\/help.jamk.fi\/m365\/?s={search_term_string}"},"query-input":{"@type":"PropertyValueSpecification","valueRequired":true,"valueName":"search_term_string"}}],"inLanguage":"fi"}]}},"_links":{"self":[{"href":"https:\/\/help.jamk.fi\/m365\/wp-json\/wp\/v2\/pages\/1945","targetHints":{"allow":["GET"]}}],"collection":[{"href":"https:\/\/help.jamk.fi\/m365\/wp-json\/wp\/v2\/pages"}],"about":[{"href":"https:\/\/help.jamk.fi\/m365\/wp-json\/wp\/v2\/types\/page"}],"author":[{"embeddable":true,"href":"https:\/\/help.jamk.fi\/m365\/wp-json\/wp\/v2\/users\/66"}],"replies":[{"embeddable":true,"href":"https:\/\/help.jamk.fi\/m365\/wp-json\/wp\/v2\/comments?post=1945"}],"version-history":[{"count":8,"href":"https:\/\/help.jamk.fi\/m365\/wp-json\/wp\/v2\/pages\/1945\/revisions"}],"predecessor-version":[{"id":2010,"href":"https:\/\/help.jamk.fi\/m365\/wp-json\/wp\/v2\/pages\/1945\/revisions\/2010"}],"up":[{"embeddable":true,"href":"https:\/\/help.jamk.fi\/m365\/wp-json\/wp\/v2\/pages\/462"}],"wp:attachment":[{"href":"https:\/\/help.jamk.fi\/m365\/wp-json\/wp\/v2\/media?parent=1945"}],"wp:term":[{"taxonomy":"category","embeddable":true,"href":"https:\/\/help.jamk.fi\/m365\/wp-json\/wp\/v2\/categories?post=1945"},{"taxonomy":"post_tag","embeddable":true,"href":"https:\/\/help.jamk.fi\/m365\/wp-json\/wp\/v2\/tags?post=1945"}],"curies":[{"name":"wp","href":"https:\/\/api.w.org\/{rel}","templated":true}]}}