{"id":376,"date":"2016-02-08T08:46:00","date_gmt":"2016-02-08T06:46:00","guid":{"rendered":"https:\/\/help.jamk.fi\/m365\/onedrive-kayttoonotto-windows-tyoasemissa\/"},"modified":"2025-03-24T10:16:07","modified_gmt":"2025-03-24T08:16:07","slug":"onedrive-kayttoonotto-windows-tyoasemissa","status":"publish","type":"page","link":"https:\/\/help.jamk.fi\/m365\/fi\/onedrive\/onedrive-kayttoonotto-windows-tyoasemissa\/","title":{"rendered":"OneDrive -k\u00e4ytt\u00f6\u00f6notto Jamkin Windows -ty\u00f6asemissa (Henkil\u00f6kunta)"},"content":{"rendered":"\n<p>T\u00e4m\u00e4n ohjeen avulla voit ottaa OneDrive for Business (OneDrive &#8211; Jamk) synkronoinnin k\u00e4ytt\u00f6\u00f6n omassa ty\u00f6tietokoneessasi kampuksella. Ohjeen avulla asennetaan ja tarvittaessa p\u00e4ivitet\u00e4\u00e4n uusin versio, joka mahdollistaa palvelun aiempaa luotettavamman toiminnan ja lis\u00e4ksi my\u00f6s henkil\u00f6kohtaisen Microsoft-tilin k\u00e4yt\u00f6n samaan aikaan yrityksen tilin kanssa.<\/p>\n\n\n\n<h2 class=\"wp-block-heading\"><strong>Yleist\u00e4 OneDrivest\u00e4<\/strong><\/h2>\n\n\n\n<p>OneDrive on osa Microsoftin 365 -pilvipalvelua. Se mahdollistaa tiedostojen tallentamisen pilvipalveluun ja p\u00e4\u00e4syn niihin eri p\u00e4\u00e4telaitteilta, milloin ja mist\u00e4 tahansa. OneDrive\u00e4 voi k\u00e4ytt\u00e4\u00e4 joko internet-selaimella, tai p\u00e4\u00e4telaitteeseen erikseen asennettavalla asiakasohjelmistolla, joka synkronoi valitut tiedostot koneen paikalliselta levylt\u00e4 pilveen ja p\u00e4invastoin silloin kun verkkoyhteys on k\u00e4ytett\u00e4viss\u00e4. Voit halutessasi korvata OneDrivella esimerkiksi perinteisen kotihakemiston (H-asema) kokonaan, kunhan pienen perehtymisen j\u00e4lkeen ensin omaksut n\u00e4iden kahden toimintamallin erot.<\/p>\n\n\n\n<p>OneDrive-ohjelmassa on mahdollista k\u00e4ytt\u00e4\u00e4 sek\u00e4 yrityksen kautta saatua M365-tunnusta ett\u00e4 henkil\u00f6kohtaista Microsoft-tunnusta samaan aikaan.<\/p>\n\n\n\n<h3 class=\"wp-block-heading\"><strong>OneDrive-synkronoinnin k\u00e4ytt\u00f6\u00f6notto<\/strong><\/h3>\n\n\n\n<p>Windows 11 laitteille OneDrive synkronointi l\u00e4htee oletuksen p\u00e4\u00e4lle On-Demand -asetuksella. Jos jostain syyst\u00e4 synkronointi ei kuitenkaan l\u00e4hde automaattisesti toimimaan, alla olevan ohjeen mukaisesti voit ottaa sen itse k\u00e4ytt\u00f6\u00f6n.<\/p>\n\n\n\n<ol class=\"wp-block-list\">\n<li>K\u00e4ynnist\u00e4 &#8221;OneDrive&#8221; tietokoneen K\u00e4ynnist\u00e4 -valikosta<\/li>\n\n\n\n<li>&#8221;Set up OneDrive&#8221; -ruudussa kirjoita s\u00e4hk\u00f6postiosoitteesi sille varattuun kentt\u00e4\u00e4n ja paina Sign in<br><img loading=\"lazy\" decoding=\"async\" class=\"alignnone wp-image-6189 size-full\" src=\"https:\/\/help.jamk.fi\/m365\/wp-content\/uploads\/sites\/125\/2023\/11\/login.png\" alt=\"\" width=\"593\" height=\"503\"><\/li>\n\n\n\n<li>Mik\u00e4li sinulta kysyt\u00e4\u00e4n, onko kyseess\u00e4 henkil\u00f6kohtainen- vai ty\u00f6tili, valitse &#8221;Work or school&#8221;<\/li>\n\n\n\n<li>&#8221;Your OneDrive folder&#8221; -ruudussa valitse Next<\/li>\n\n\n\n<li>Mik\u00e4li saat ilmoituksen &#8221;Files already exists in this OneDrive folder&#8221;, valitse &#8221;<strong>Use this location<\/strong>&#8221;<br><img loading=\"lazy\" decoding=\"async\" class=\"alignnone wp-image-5954 size-full\" src=\"https:\/\/help.jamk.fi\/m365\/wp-content\/uploads\/sites\/125\/2023\/11\/OneDrive_already_exists.png\" alt=\"\" width=\"352\" height=\"194\"><\/li>\n\n\n\n<li>Seuraavaksi voit valita mitk\u00e4 kansiot haluat synkronoida. Jos sinulla on pilvess\u00e4 jo entuudestaan paljon tiedostoja, varmista, ett\u00e4 ty\u00f6asemassa on kiintolevytilaa riitt\u00e4v\u00e4sti!<br><img loading=\"lazy\" decoding=\"async\" class=\"alignnone wp-image-5955 size-full\" src=\"https:\/\/help.jamk.fi\/m365\/wp-content\/uploads\/sites\/125\/2023\/11\/selection.png\" alt=\"\" width=\"593\" height=\"503\"><\/li>\n\n\n\n<li>Asennus on nyt valmis ja valittuun kansioon tallennetut tiedostot synkronoidaan pilvipalvelun ja ty\u00f6aseman v\u00e4lill\u00e4. Seuraa jatkossa OneDrive -kuvaketta ilmoitusalueella ruudun oikeassa alareunassa. Mik\u00e4li synkronoinnissa on ongelmia, n\u00e4kyy kuvakkeen p\u00e4\u00e4ll\u00e4 varoituskolmio tai punainen huutomerkki.<\/li>\n<\/ol>\n\n\n\n<figure class=\"wp-block-image size-large\"><img loading=\"lazy\" decoding=\"async\" width=\"1024\" height=\"584\" src=\"https:\/\/help.jamk.fi\/m365\/wp-content\/uploads\/sites\/125\/2025\/03\/OneDrive_sync2-1024x584.png\" alt=\"OneDrive -hakemisto l\u00f6ytyy Windowsista resurssienhallinan vasemmasta reunasta, kun OneDrive synkronointi on otettu k\u00e4ytt\u00f6\u00f6n\" class=\"wp-image-1941\" srcset=\"https:\/\/help.jamk.fi\/m365\/wp-content\/uploads\/sites\/125\/2025\/03\/OneDrive_sync2-1024x584.png 1024w, https:\/\/help.jamk.fi\/m365\/wp-content\/uploads\/sites\/125\/2025\/03\/OneDrive_sync2-300x171.png 300w, https:\/\/help.jamk.fi\/m365\/wp-content\/uploads\/sites\/125\/2025\/03\/OneDrive_sync2-768x438.png 768w, https:\/\/help.jamk.fi\/m365\/wp-content\/uploads\/sites\/125\/2025\/03\/OneDrive_sync2.png 1418w\" sizes=\"auto, (max-width: 1024px) 100vw, 1024px\" \/><\/figure>\n\n\n\n<h2 class=\"wp-block-heading\"><strong>Huom!<\/strong><\/h2>\n\n\n\n<p>Mik\u00e4li sinulla on ollut jo aikaisemmin k\u00e4yt\u00f6ss\u00e4 Jamkin OneDrive for Business -synkronointi, on sen vanha kansio edelleen tallessa profiilihakemistossa. Siell\u00e4 olleet tiedostot l\u00f6ytyv\u00e4t joko C:\\users\\&#8221;username&#8221;\\OneDrive &#8211; JAMK-OLD tai OneDrive &#8211; Jyvaskylan ammatikorkeakoulu oy -kansioista.<\/p>\n","protected":false},"excerpt":{"rendered":"<p>T\u00e4m\u00e4n ohjeen avulla voit ottaa OneDrive for Business (OneDrive &#8211; Jamk) synkronoinnin k\u00e4ytt\u00f6\u00f6n omassa ty\u00f6tietokoneessasi kampuksella. Ohjeen avulla asennetaan ja tarvittaessa p\u00e4ivitet\u00e4\u00e4n uusin versio, joka mahdollistaa palvelun aiempaa luotettavamman toiminnan ja lis\u00e4ksi my\u00f6s henkil\u00f6kohtaisen Microsoft-tilin k\u00e4yt\u00f6n samaan aikaan yrityksen tilin kanssa. Yleist\u00e4 OneDrivest\u00e4 OneDrive on osa Microsoftin 365 -pilvipalvelua. Se mahdollistaa tiedostojen tallentamisen pilvipalveluun ja [&hellip;]<\/p>\n","protected":false},"author":64,"featured_media":0,"parent":462,"menu_order":4,"comment_status":"closed","ping_status":"closed","template":"","meta":{"_acf_changed":false,"_relevanssi_hide_post":"","_relevanssi_hide_content":"","_relevanssi_pin_for_all":"","_relevanssi_pin_keywords":"","_relevanssi_unpin_keywords":"","_relevanssi_related_keywords":"","_relevanssi_related_include_ids":"","_relevanssi_related_exclude_ids":"","_relevanssi_related_no_append":"","_relevanssi_related_not_related":"","_relevanssi_related_posts":"949","_relevanssi_noindex_reason":"","footnotes":""},"categories":[1412],"tags":[685,126,442,691],"class_list":["post-376","page","type-page","status-publish","hentry","category-henkilosto","tag-asennus","tag-microsoft365","tag-onedrive","tag-paivitys"],"acf":[],"yoast_head":"<!-- This site is optimized with the Yoast SEO plugin v27.3 - https:\/\/yoast.com\/product\/yoast-seo-wordpress\/ -->\n<title>OneDrive -k\u00e4ytt\u00f6\u00f6notto Jamkin Windows -ty\u00f6asemissa (Henkil\u00f6kunta) - Microsoft 365<\/title>\n<meta name=\"robots\" content=\"index, follow, max-snippet:-1, max-image-preview:large, max-video-preview:-1\" \/>\n<link rel=\"canonical\" href=\"https:\/\/help.jamk.fi\/m365\/fi\/onedrive\/onedrive-kayttoonotto-windows-tyoasemissa\/\" \/>\n<meta property=\"og:locale\" content=\"fi_FI\" \/>\n<meta property=\"og:type\" content=\"article\" \/>\n<meta property=\"og:title\" content=\"OneDrive -k\u00e4ytt\u00f6\u00f6notto Jamkin Windows -ty\u00f6asemissa (Henkil\u00f6kunta) - Microsoft 365\" \/>\n<meta property=\"og:description\" content=\"T\u00e4m\u00e4n ohjeen avulla voit ottaa OneDrive for Business (OneDrive &#8211; Jamk) synkronoinnin k\u00e4ytt\u00f6\u00f6n omassa ty\u00f6tietokoneessasi kampuksella. Ohjeen avulla asennetaan ja tarvittaessa p\u00e4ivitet\u00e4\u00e4n uusin versio, joka mahdollistaa palvelun aiempaa luotettavamman toiminnan ja lis\u00e4ksi my\u00f6s henkil\u00f6kohtaisen Microsoft-tilin k\u00e4yt\u00f6n samaan aikaan yrityksen tilin kanssa. Yleist\u00e4 OneDrivest\u00e4 OneDrive on osa Microsoftin 365 -pilvipalvelua. Se mahdollistaa tiedostojen tallentamisen pilvipalveluun ja [&hellip;]\" \/>\n<meta property=\"og:url\" content=\"https:\/\/help.jamk.fi\/m365\/fi\/onedrive\/onedrive-kayttoonotto-windows-tyoasemissa\/\" \/>\n<meta property=\"og:site_name\" content=\"Microsoft 365\" \/>\n<meta property=\"article:modified_time\" content=\"2025-03-24T08:16:07+00:00\" \/>\n<meta name=\"twitter:card\" content=\"summary_large_image\" \/>\n<meta name=\"twitter:label1\" content=\"Arvioitu lukuaika\" \/>\n\t<meta name=\"twitter:data1\" content=\"3 minuuttia\" \/>\n<script type=\"application\/ld+json\" class=\"yoast-schema-graph\">{\"@context\":\"https:\\\/\\\/schema.org\",\"@graph\":[{\"@type\":\"WebPage\",\"@id\":\"https:\\\/\\\/help.jamk.fi\\\/m365\\\/fi\\\/onedrive\\\/onedrive-kayttoonotto-windows-tyoasemissa\\\/\",\"url\":\"https:\\\/\\\/help.jamk.fi\\\/m365\\\/fi\\\/onedrive\\\/onedrive-kayttoonotto-windows-tyoasemissa\\\/\",\"name\":\"OneDrive -k\u00e4ytt\u00f6\u00f6notto Jamkin Windows -ty\u00f6asemissa (Henkil\u00f6kunta) - Microsoft 365\",\"isPartOf\":{\"@id\":\"https:\\\/\\\/help.jamk.fi\\\/m365\\\/#website\"},\"primaryImageOfPage\":{\"@id\":\"https:\\\/\\\/help.jamk.fi\\\/m365\\\/fi\\\/onedrive\\\/onedrive-kayttoonotto-windows-tyoasemissa\\\/#primaryimage\"},\"image\":{\"@id\":\"https:\\\/\\\/help.jamk.fi\\\/m365\\\/fi\\\/onedrive\\\/onedrive-kayttoonotto-windows-tyoasemissa\\\/#primaryimage\"},\"thumbnailUrl\":\"https:\\\/\\\/help.jamk.fi\\\/m365\\\/wp-content\\\/uploads\\\/sites\\\/125\\\/2023\\\/11\\\/login.png\",\"datePublished\":\"2016-02-08T06:46:00+00:00\",\"dateModified\":\"2025-03-24T08:16:07+00:00\",\"breadcrumb\":{\"@id\":\"https:\\\/\\\/help.jamk.fi\\\/m365\\\/fi\\\/onedrive\\\/onedrive-kayttoonotto-windows-tyoasemissa\\\/#breadcrumb\"},\"inLanguage\":\"fi\",\"potentialAction\":[{\"@type\":\"ReadAction\",\"target\":[\"https:\\\/\\\/help.jamk.fi\\\/m365\\\/fi\\\/onedrive\\\/onedrive-kayttoonotto-windows-tyoasemissa\\\/\"]}]},{\"@type\":\"ImageObject\",\"inLanguage\":\"fi\",\"@id\":\"https:\\\/\\\/help.jamk.fi\\\/m365\\\/fi\\\/onedrive\\\/onedrive-kayttoonotto-windows-tyoasemissa\\\/#primaryimage\",\"url\":\"\",\"contentUrl\":\"\"},{\"@type\":\"BreadcrumbList\",\"@id\":\"https:\\\/\\\/help.jamk.fi\\\/m365\\\/fi\\\/onedrive\\\/onedrive-kayttoonotto-windows-tyoasemissa\\\/#breadcrumb\",\"itemListElement\":[{\"@type\":\"ListItem\",\"position\":1,\"name\":\"Etusivu\",\"item\":\"https:\\\/\\\/help.jamk.fi\\\/m365\\\/fi\\\/\"},{\"@type\":\"ListItem\",\"position\":2,\"name\":\"OneDrive\",\"item\":\"https:\\\/\\\/help.jamk.fi\\\/m365\\\/fi\\\/onedrive\\\/\"},{\"@type\":\"ListItem\",\"position\":3,\"name\":\"OneDrive -k\u00e4ytt\u00f6\u00f6notto Jamkin Windows -ty\u00f6asemissa (Henkil\u00f6kunta)\"}]},{\"@type\":\"WebSite\",\"@id\":\"https:\\\/\\\/help.jamk.fi\\\/m365\\\/#website\",\"url\":\"https:\\\/\\\/help.jamk.fi\\\/m365\\\/\",\"name\":\"Microsoft 365\",\"description\":\"\",\"potentialAction\":[{\"@type\":\"SearchAction\",\"target\":{\"@type\":\"EntryPoint\",\"urlTemplate\":\"https:\\\/\\\/help.jamk.fi\\\/m365\\\/?s={search_term_string}\"},\"query-input\":{\"@type\":\"PropertyValueSpecification\",\"valueRequired\":true,\"valueName\":\"search_term_string\"}}],\"inLanguage\":\"fi\"}]}<\/script>\n<!-- \/ Yoast SEO plugin. -->","yoast_head_json":{"title":"OneDrive -k\u00e4ytt\u00f6\u00f6notto Jamkin Windows -ty\u00f6asemissa (Henkil\u00f6kunta) - Microsoft 365","robots":{"index":"index","follow":"follow","max-snippet":"max-snippet:-1","max-image-preview":"max-image-preview:large","max-video-preview":"max-video-preview:-1"},"canonical":"https:\/\/help.jamk.fi\/m365\/fi\/onedrive\/onedrive-kayttoonotto-windows-tyoasemissa\/","og_locale":"fi_FI","og_type":"article","og_title":"OneDrive -k\u00e4ytt\u00f6\u00f6notto Jamkin Windows -ty\u00f6asemissa (Henkil\u00f6kunta) - Microsoft 365","og_description":"T\u00e4m\u00e4n ohjeen avulla voit ottaa OneDrive for Business (OneDrive &#8211; Jamk) synkronoinnin k\u00e4ytt\u00f6\u00f6n omassa ty\u00f6tietokoneessasi kampuksella. Ohjeen avulla asennetaan ja tarvittaessa p\u00e4ivitet\u00e4\u00e4n uusin versio, joka mahdollistaa palvelun aiempaa luotettavamman toiminnan ja lis\u00e4ksi my\u00f6s henkil\u00f6kohtaisen Microsoft-tilin k\u00e4yt\u00f6n samaan aikaan yrityksen tilin kanssa. Yleist\u00e4 OneDrivest\u00e4 OneDrive on osa Microsoftin 365 -pilvipalvelua. Se mahdollistaa tiedostojen tallentamisen pilvipalveluun ja [&hellip;]","og_url":"https:\/\/help.jamk.fi\/m365\/fi\/onedrive\/onedrive-kayttoonotto-windows-tyoasemissa\/","og_site_name":"Microsoft 365","article_modified_time":"2025-03-24T08:16:07+00:00","twitter_card":"summary_large_image","twitter_misc":{"Arvioitu lukuaika":"3 minuuttia"},"schema":{"@context":"https:\/\/schema.org","@graph":[{"@type":"WebPage","@id":"https:\/\/help.jamk.fi\/m365\/fi\/onedrive\/onedrive-kayttoonotto-windows-tyoasemissa\/","url":"https:\/\/help.jamk.fi\/m365\/fi\/onedrive\/onedrive-kayttoonotto-windows-tyoasemissa\/","name":"OneDrive -k\u00e4ytt\u00f6\u00f6notto Jamkin Windows -ty\u00f6asemissa (Henkil\u00f6kunta) - Microsoft 365","isPartOf":{"@id":"https:\/\/help.jamk.fi\/m365\/#website"},"primaryImageOfPage":{"@id":"https:\/\/help.jamk.fi\/m365\/fi\/onedrive\/onedrive-kayttoonotto-windows-tyoasemissa\/#primaryimage"},"image":{"@id":"https:\/\/help.jamk.fi\/m365\/fi\/onedrive\/onedrive-kayttoonotto-windows-tyoasemissa\/#primaryimage"},"thumbnailUrl":"https:\/\/help.jamk.fi\/m365\/wp-content\/uploads\/sites\/125\/2023\/11\/login.png","datePublished":"2016-02-08T06:46:00+00:00","dateModified":"2025-03-24T08:16:07+00:00","breadcrumb":{"@id":"https:\/\/help.jamk.fi\/m365\/fi\/onedrive\/onedrive-kayttoonotto-windows-tyoasemissa\/#breadcrumb"},"inLanguage":"fi","potentialAction":[{"@type":"ReadAction","target":["https:\/\/help.jamk.fi\/m365\/fi\/onedrive\/onedrive-kayttoonotto-windows-tyoasemissa\/"]}]},{"@type":"ImageObject","inLanguage":"fi","@id":"https:\/\/help.jamk.fi\/m365\/fi\/onedrive\/onedrive-kayttoonotto-windows-tyoasemissa\/#primaryimage","url":"","contentUrl":""},{"@type":"BreadcrumbList","@id":"https:\/\/help.jamk.fi\/m365\/fi\/onedrive\/onedrive-kayttoonotto-windows-tyoasemissa\/#breadcrumb","itemListElement":[{"@type":"ListItem","position":1,"name":"Etusivu","item":"https:\/\/help.jamk.fi\/m365\/fi\/"},{"@type":"ListItem","position":2,"name":"OneDrive","item":"https:\/\/help.jamk.fi\/m365\/fi\/onedrive\/"},{"@type":"ListItem","position":3,"name":"OneDrive -k\u00e4ytt\u00f6\u00f6notto Jamkin Windows -ty\u00f6asemissa (Henkil\u00f6kunta)"}]},{"@type":"WebSite","@id":"https:\/\/help.jamk.fi\/m365\/#website","url":"https:\/\/help.jamk.fi\/m365\/","name":"Microsoft 365","description":"","potentialAction":[{"@type":"SearchAction","target":{"@type":"EntryPoint","urlTemplate":"https:\/\/help.jamk.fi\/m365\/?s={search_term_string}"},"query-input":{"@type":"PropertyValueSpecification","valueRequired":true,"valueName":"search_term_string"}}],"inLanguage":"fi"}]}},"_links":{"self":[{"href":"https:\/\/help.jamk.fi\/m365\/wp-json\/wp\/v2\/pages\/376","targetHints":{"allow":["GET"]}}],"collection":[{"href":"https:\/\/help.jamk.fi\/m365\/wp-json\/wp\/v2\/pages"}],"about":[{"href":"https:\/\/help.jamk.fi\/m365\/wp-json\/wp\/v2\/types\/page"}],"author":[{"embeddable":true,"href":"https:\/\/help.jamk.fi\/m365\/wp-json\/wp\/v2\/users\/64"}],"replies":[{"embeddable":true,"href":"https:\/\/help.jamk.fi\/m365\/wp-json\/wp\/v2\/comments?post=376"}],"version-history":[{"count":23,"href":"https:\/\/help.jamk.fi\/m365\/wp-json\/wp\/v2\/pages\/376\/revisions"}],"predecessor-version":[{"id":1942,"href":"https:\/\/help.jamk.fi\/m365\/wp-json\/wp\/v2\/pages\/376\/revisions\/1942"}],"up":[{"embeddable":true,"href":"https:\/\/help.jamk.fi\/m365\/wp-json\/wp\/v2\/pages\/462"}],"wp:attachment":[{"href":"https:\/\/help.jamk.fi\/m365\/wp-json\/wp\/v2\/media?parent=376"}],"wp:term":[{"taxonomy":"category","embeddable":true,"href":"https:\/\/help.jamk.fi\/m365\/wp-json\/wp\/v2\/categories?post=376"},{"taxonomy":"post_tag","embeddable":true,"href":"https:\/\/help.jamk.fi\/m365\/wp-json\/wp\/v2\/tags?post=376"}],"curies":[{"name":"wp","href":"https:\/\/api.w.org\/{rel}","templated":true}]}}