{"id":4150,"date":"2024-01-08T12:16:46","date_gmt":"2024-01-08T10:16:46","guid":{"rendered":"https:\/\/help.jamk.fi\/moodle\/?page_id=4150"},"modified":"2024-08-05T14:04:21","modified_gmt":"2024-08-05T11:04:21","slug":"ensiaskeleet-moodle-kurssilla","status":"publish","type":"page","link":"https:\/\/help.jamk.fi\/moodle\/fi\/uudelle-kayttajalle\/ensiaskeleet-moodle-kurssilla\/","title":{"rendered":"Ensiaskeleet Moodle-kurssilla"},"content":{"rendered":"\n<p><\/p>\n\n\n\n<ol class=\"wp-block-list\">\n<li>Lis\u00e4\u00e4 Moodle-kurssipohja Peppi-j\u00e4rjestelm\u00e4ss\u00e4 <a href=\"https:\/\/peppi.jamk.fi\/\" target=\"_blank\" rel=\"noreferrer noopener\">https:\/\/peppi.jamk.fi\/<\/a>\n<ul class=\"wp-block-list\">\n<li>Valitse opintojaksototeutus, joka tarvitsee uuden Moodle-kurssipohjan.<\/li>\n\n\n\n<li>Valitse <strong>Oppimisymp\u00e4rist\u00f6t<\/strong> ja klikkaa <strong>Lis\u00e4\u00e4 ty\u00f6tila oppimisymp\u00e4rist\u00f6\u00f6n<\/strong>, jotta yhteys Pepin ja Moodlen v\u00e4lille muodostuu.<\/li>\n\n\n\n<li>Kun opiskelijat hyv\u00e4ksyt\u00e4\u00e4n opintojaksototeutukselle Pepiss\u00e4, he siirtyv\u00e4t osallistujiksi Moodle-kurssille automaattisesti.<\/li>\n<\/ul>\n<\/li>\n\n\n\n<li>Siirry Moodleen muokkaamaan kurssin perusasetuksia.\n<ul class=\"wp-block-list\">\n<li>Klikkaa <strong>Hallintaty\u00f6kalut &gt; Muokkaa kurssin asetuksia.<\/strong><\/li>\n\n\n\n<li><strong>Kurssikategoria<\/strong>: Valitse yksikk\u00f6si pudotusvalikosta.<\/li>\n\n\n\n<li><strong>Kurssin p\u00e4\u00e4ttymisp\u00e4iv\u00e4m\u00e4\u00e4r\u00e4<\/strong>: M\u00e4\u00e4rittele ajankohta, jolloin kurssin poistuminen Moodlesta voi alkaa. Kurssi on n\u00e4kyvill\u00e4 opiskelijoille p\u00e4\u00e4ttymisp\u00e4iv\u00e4m\u00e4\u00e4r\u00e4n j\u00e4lkeen 6 kk. T\u00e4m\u00e4n j\u00e4lkeen opettajalle tulee s\u00e4hk\u00f6posti-ilmoitus kurssin siirtymisest\u00e4 Arkisto-kategoriaan, josta opettaja voi palauttaa kurssin 4 kk ajan. T\u00e4m\u00e4n j\u00e4lkeen opettajalle tulee s\u00e4hk\u00f6posti-ilmoitus siirtymisest\u00e4 Poistuvat-kategoriaan, josta admin voi palauttaa kurssin 4 kk ajan.<\/li>\n\n\n\n<li><strong>Kurssikuvaus:<\/strong> Kopioi opintojaksokuvauksesta lyhyt peruskuvaus halutessasi.<\/li>\n\n\n\n<li><strong>Kuvituskuva<\/strong>: Lis\u00e4\u00e4 kurssin kuvituskuva (koko 1920&#215;600), joka tulee n\u00e4kyviin sek\u00e4 Moodlen ty\u00f6p\u00f6yd\u00e4lle ett\u00e4 kurssin yl\u00e4banneriin. Verkko-opetus @ Jamk -Teams-ryhm\u00e4st\u00e4 l\u00f6yd\u00e4t valmiita kuvia, jotka t\u00e4ytt\u00e4v\u00e4t kokovaatimukset.<\/li>\n\n\n\n<li><strong>Kurssiformaatti:<\/strong> Voit tarvittaessa vaihtaa kurssiformaattia.<\/li>\n<\/ul>\n<\/li>\n\n\n\n<li>Aloita rakenteeltaan ja pedagogisilta periaatteiltaan toimivan Moodle-kurssisi rakentaminen.\n<ul class=\"wp-block-list\">\n<li>Hy\u00f6dynn\u00e4 Jamkin Moodle-pankki -kurssin mallipohjat Tervetuloa sek\u00e4 Osaamistavoitteet, kuormitus ja arviointi, jotta opiskelija l\u00f6yt\u00e4\u00e4 jokaiselta kurssilta samasta kohdasta kurssin keskeiset tiedot. Hae Moodlessa kurssin nimell\u00e4 Jamkin Moodle-pankki ja liity kurssille kurssiavaimella Moodlekuntoon!<\/li>\n\n\n\n<li>Poimi opintojaksokuvauksesta osaamistavoitteet ja suunnittele, mit\u00e4 opiskelija tekee oppiakseen ja miten opettaja tukee oppimista.<\/li>\n\n\n\n<li>Tee opiskelijan oppimispolku n\u00e4kyv\u00e4ksi lis\u00e4\u00e4m\u00e4ll\u00e4 sis\u00e4ll\u00f6t, teht\u00e4v\u00e4t ja vuorovaikutus Moodleen.<\/li>\n\n\n\n<li>Jos voit hy\u00f6dynt\u00e4\u00e4 jo olemassa olevan Moodle-kurssin sis\u00e4lt\u00f6j\u00e4, tuo kurssin sis\u00e4ll\u00f6t uudelle Moodle-kurssillesi Tuo-toiminnon avulla. L\u00f6yd\u00e4t Tuo-toiminnon klikkaamalla kurssin nimen alapuolella olevassa navigaatiossa <strong>Lis\u00e4\u00e4 &gt; Kurssin uudelleenk\u00e4ytt\u00f6.<\/strong><\/li>\n\n\n\n<li>P\u00e4ivit\u00e4 tuomasi sis\u00e4ll\u00f6t vastaamaan uuden kurssin aikatauluja ja l\u00e4hestymistapaa.<\/li>\n\n\n\n<li>Jos olet saanut kurssisis\u00e4ll\u00f6t kollegalta, k\u00e4yk\u00e4\u00e4 yhdess\u00e4 l\u00e4pi kurssin rakennusperiaatteet sek\u00e4 pedagogisesta, teknisest\u00e4 ett\u00e4 opiskelijapalautteen n\u00e4k\u00f6kulmasta.<\/li>\n\n\n\n<li>Hy\u00f6dynn\u00e4 verkkopedagogiikan suunnittelijan apu pedagogisissa ja teknisiss\u00e4 kysymyksiss\u00e4.<\/li>\n<\/ul>\n<\/li>\n\n\n\n<li>Kun kurssi lis\u00e4t\u00e4\u00e4n Pepin kautta Moodleen, se on automaattisesti piilotettuna opiskelijoilta.\n<ul class=\"wp-block-list\">\n<li>Kun kurssi on valmis julkaistavaksi, klikkaa <strong>Hallintaty\u00f6kalut > N\u00e4yt\u00e4 kurssi<\/strong>.<\/li>\n<\/ul>\n<\/li>\n<\/ol>\n","protected":false},"excerpt":{"rendered":"","protected":false},"author":72,"featured_media":0,"parent":166,"menu_order":1,"comment_status":"closed","ping_status":"closed","template":"","meta":{"_acf_changed":false,"_relevanssi_hide_post":"","_relevanssi_hide_content":"","_relevanssi_pin_for_all":"","_relevanssi_pin_keywords":"","_relevanssi_unpin_keywords":"","_relevanssi_related_keywords":"","_relevanssi_related_include_ids":"","_relevanssi_related_exclude_ids":"","_relevanssi_related_no_append":"","_relevanssi_related_not_related":"","_relevanssi_related_posts":"","_relevanssi_noindex_reason":"","footnotes":""},"categories":[],"tags":[],"class_list":["post-4150","page","type-page","status-publish","hentry"],"acf":[],"yoast_head":"<!-- This site is optimized with the Yoast SEO plugin v27.5 - https:\/\/yoast.com\/product\/yoast-seo-wordpress\/ -->\n<title>Ensiaskeleet Moodle-kurssilla - Moodle<\/title>\n<meta name=\"robots\" content=\"index, follow, max-snippet:-1, max-image-preview:large, max-video-preview:-1\" \/>\n<link rel=\"canonical\" href=\"https:\/\/help.jamk.fi\/moodle\/fi\/uudelle-kayttajalle\/ensiaskeleet-moodle-kurssilla\/\" \/>\n<meta property=\"og:locale\" content=\"fi_FI\" \/>\n<meta property=\"og:type\" content=\"article\" \/>\n<meta property=\"og:title\" content=\"Ensiaskeleet Moodle-kurssilla - Moodle\" \/>\n<meta property=\"og:url\" content=\"https:\/\/help.jamk.fi\/moodle\/fi\/uudelle-kayttajalle\/ensiaskeleet-moodle-kurssilla\/\" \/>\n<meta property=\"og:site_name\" content=\"Moodle\" \/>\n<meta property=\"article:modified_time\" content=\"2024-08-05T11:04:21+00:00\" \/>\n<meta name=\"twitter:card\" content=\"summary_large_image\" \/>\n<meta name=\"twitter:label1\" content=\"Arvioitu lukuaika\" \/>\n\t<meta name=\"twitter:data1\" content=\"2 minuuttia\" \/>\n<script type=\"application\/ld+json\" class=\"yoast-schema-graph\">{\"@context\":\"https:\\\/\\\/schema.org\",\"@graph\":[{\"@type\":\"WebPage\",\"@id\":\"https:\\\/\\\/help.jamk.fi\\\/moodle\\\/fi\\\/uudelle-kayttajalle\\\/ensiaskeleet-moodle-kurssilla\\\/\",\"url\":\"https:\\\/\\\/help.jamk.fi\\\/moodle\\\/fi\\\/uudelle-kayttajalle\\\/ensiaskeleet-moodle-kurssilla\\\/\",\"name\":\"Ensiaskeleet Moodle-kurssilla - Moodle\",\"isPartOf\":{\"@id\":\"https:\\\/\\\/help.jamk.fi\\\/moodle\\\/#website\"},\"datePublished\":\"2024-01-08T10:16:46+00:00\",\"dateModified\":\"2024-08-05T11:04:21+00:00\",\"breadcrumb\":{\"@id\":\"https:\\\/\\\/help.jamk.fi\\\/moodle\\\/fi\\\/uudelle-kayttajalle\\\/ensiaskeleet-moodle-kurssilla\\\/#breadcrumb\"},\"inLanguage\":\"fi\",\"potentialAction\":[{\"@type\":\"ReadAction\",\"target\":[\"https:\\\/\\\/help.jamk.fi\\\/moodle\\\/fi\\\/uudelle-kayttajalle\\\/ensiaskeleet-moodle-kurssilla\\\/\"]}]},{\"@type\":\"BreadcrumbList\",\"@id\":\"https:\\\/\\\/help.jamk.fi\\\/moodle\\\/fi\\\/uudelle-kayttajalle\\\/ensiaskeleet-moodle-kurssilla\\\/#breadcrumb\",\"itemListElement\":[{\"@type\":\"ListItem\",\"position\":1,\"name\":\"Etusivu\",\"item\":\"https:\\\/\\\/help.jamk.fi\\\/moodle\\\/fi\\\/\"},{\"@type\":\"ListItem\",\"position\":2,\"name\":\"Uudelle k\u00e4ytt\u00e4j\u00e4lle\",\"item\":\"https:\\\/\\\/help.jamk.fi\\\/moodle\\\/fi\\\/uudelle-kayttajalle\\\/\"},{\"@type\":\"ListItem\",\"position\":3,\"name\":\"Ensiaskeleet Moodle-kurssilla\"}]},{\"@type\":\"WebSite\",\"@id\":\"https:\\\/\\\/help.jamk.fi\\\/moodle\\\/#website\",\"url\":\"https:\\\/\\\/help.jamk.fi\\\/moodle\\\/\",\"name\":\"Moodle\",\"description\":\"\",\"potentialAction\":[{\"@type\":\"SearchAction\",\"target\":{\"@type\":\"EntryPoint\",\"urlTemplate\":\"https:\\\/\\\/help.jamk.fi\\\/moodle\\\/?s={search_term_string}\"},\"query-input\":{\"@type\":\"PropertyValueSpecification\",\"valueRequired\":true,\"valueName\":\"search_term_string\"}}],\"inLanguage\":\"fi\"}]}<\/script>\n<!-- \/ Yoast SEO plugin. -->","yoast_head_json":{"title":"Ensiaskeleet Moodle-kurssilla - Moodle","robots":{"index":"index","follow":"follow","max-snippet":"max-snippet:-1","max-image-preview":"max-image-preview:large","max-video-preview":"max-video-preview:-1"},"canonical":"https:\/\/help.jamk.fi\/moodle\/fi\/uudelle-kayttajalle\/ensiaskeleet-moodle-kurssilla\/","og_locale":"fi_FI","og_type":"article","og_title":"Ensiaskeleet Moodle-kurssilla - Moodle","og_url":"https:\/\/help.jamk.fi\/moodle\/fi\/uudelle-kayttajalle\/ensiaskeleet-moodle-kurssilla\/","og_site_name":"Moodle","article_modified_time":"2024-08-05T11:04:21+00:00","twitter_card":"summary_large_image","twitter_misc":{"Arvioitu lukuaika":"2 minuuttia"},"schema":{"@context":"https:\/\/schema.org","@graph":[{"@type":"WebPage","@id":"https:\/\/help.jamk.fi\/moodle\/fi\/uudelle-kayttajalle\/ensiaskeleet-moodle-kurssilla\/","url":"https:\/\/help.jamk.fi\/moodle\/fi\/uudelle-kayttajalle\/ensiaskeleet-moodle-kurssilla\/","name":"Ensiaskeleet Moodle-kurssilla - Moodle","isPartOf":{"@id":"https:\/\/help.jamk.fi\/moodle\/#website"},"datePublished":"2024-01-08T10:16:46+00:00","dateModified":"2024-08-05T11:04:21+00:00","breadcrumb":{"@id":"https:\/\/help.jamk.fi\/moodle\/fi\/uudelle-kayttajalle\/ensiaskeleet-moodle-kurssilla\/#breadcrumb"},"inLanguage":"fi","potentialAction":[{"@type":"ReadAction","target":["https:\/\/help.jamk.fi\/moodle\/fi\/uudelle-kayttajalle\/ensiaskeleet-moodle-kurssilla\/"]}]},{"@type":"BreadcrumbList","@id":"https:\/\/help.jamk.fi\/moodle\/fi\/uudelle-kayttajalle\/ensiaskeleet-moodle-kurssilla\/#breadcrumb","itemListElement":[{"@type":"ListItem","position":1,"name":"Etusivu","item":"https:\/\/help.jamk.fi\/moodle\/fi\/"},{"@type":"ListItem","position":2,"name":"Uudelle k\u00e4ytt\u00e4j\u00e4lle","item":"https:\/\/help.jamk.fi\/moodle\/fi\/uudelle-kayttajalle\/"},{"@type":"ListItem","position":3,"name":"Ensiaskeleet Moodle-kurssilla"}]},{"@type":"WebSite","@id":"https:\/\/help.jamk.fi\/moodle\/#website","url":"https:\/\/help.jamk.fi\/moodle\/","name":"Moodle","description":"","potentialAction":[{"@type":"SearchAction","target":{"@type":"EntryPoint","urlTemplate":"https:\/\/help.jamk.fi\/moodle\/?s={search_term_string}"},"query-input":{"@type":"PropertyValueSpecification","valueRequired":true,"valueName":"search_term_string"}}],"inLanguage":"fi"}]}},"_links":{"self":[{"href":"https:\/\/help.jamk.fi\/moodle\/wp-json\/wp\/v2\/pages\/4150","targetHints":{"allow":["GET"]}}],"collection":[{"href":"https:\/\/help.jamk.fi\/moodle\/wp-json\/wp\/v2\/pages"}],"about":[{"href":"https:\/\/help.jamk.fi\/moodle\/wp-json\/wp\/v2\/types\/page"}],"author":[{"embeddable":true,"href":"https:\/\/help.jamk.fi\/moodle\/wp-json\/wp\/v2\/users\/72"}],"replies":[{"embeddable":true,"href":"https:\/\/help.jamk.fi\/moodle\/wp-json\/wp\/v2\/comments?post=4150"}],"version-history":[{"count":7,"href":"https:\/\/help.jamk.fi\/moodle\/wp-json\/wp\/v2\/pages\/4150\/revisions"}],"predecessor-version":[{"id":4224,"href":"https:\/\/help.jamk.fi\/moodle\/wp-json\/wp\/v2\/pages\/4150\/revisions\/4224"}],"up":[{"embeddable":true,"href":"https:\/\/help.jamk.fi\/moodle\/wp-json\/wp\/v2\/pages\/166"}],"wp:attachment":[{"href":"https:\/\/help.jamk.fi\/moodle\/wp-json\/wp\/v2\/media?parent=4150"}],"wp:term":[{"taxonomy":"category","embeddable":true,"href":"https:\/\/help.jamk.fi\/moodle\/wp-json\/wp\/v2\/categories?post=4150"},{"taxonomy":"post_tag","embeddable":true,"href":"https:\/\/help.jamk.fi\/moodle\/wp-json\/wp\/v2\/tags?post=4150"}],"curies":[{"name":"wp","href":"https:\/\/api.w.org\/{rel}","templated":true}]}}