{"id":11,"date":"2015-05-25T13:13:59","date_gmt":"2015-05-25T10:13:59","guid":{"rendered":"https:\/\/help.jamk.fi\/move-kasikirja\/1-monimuoto-opiskelun-piirteita\/"},"modified":"2024-01-03T13:17:33","modified_gmt":"2024-01-03T11:17:33","slug":"1-monimuoto-opiskelun-piirteita","status":"publish","type":"page","link":"https:\/\/help.jamk.fi\/movekasikirja\/fi\/1-monimuoto-opiskelun-piirteita\/","title":{"rendered":"1. Monimuoto-opiskelun piirteit\u00e4"},"content":{"rendered":"\n<p>Varmasti juuri sin\u00e4 osaat parhaiten vastata siihen, miksi valitsit monimuoto-opiskelun. Taustalla voi olla esimerkiksi ty\u00f6n ja opiskelun yhteensovittaminen, perhesyyt, kilpaurheilu tai kenties opiskelet toiselta paikkakunnalta k\u00e4sin. Monimuoto-opiskelu yhdenvertaistaa eri ihmisten mahdollisuuksia saavuttaa haluamansa koulutus tai ammatti, sill\u00e4 se helpottaa opiskelun ja muun el\u00e4m\u00e4n yhteensovittamista. Monimuoto-opiskelu ei ole kuitenkaan t\u00e4ydellisen riippumatonta ajasta ja paikasta, vaan my\u00f6s opiskelu tarvitsee oman aikansa ja paikkansa. Useimmissa tutkinto-ohjelmissa monimuoto-opiskelu on kokoaikaista opiskelua ja edellytt\u00e4\u00e4 noin 40 viikkoty\u00f6tuntia mik\u00e4li haluaa valmistua tutkinnosta tavoiteajassa.<\/p>\n\n\n\n<p>Monimuoto-opiskelu tukee t\u00e4n\u00e4 p\u00e4iv\u00e4n\u00e4 t\u00e4rke\u00e4\u00e4 jatkuvan oppimisen ajatusta. Voi olla, ett\u00e4 aiemmin hankittu ammatti ei en\u00e4\u00e4 riit\u00e4k\u00e4\u00e4n vastaamaan ty\u00f6el\u00e4m\u00e4n tarpeisiin, vaan tarvitaan uudelleen kouluttautumista. Koulutus ei nykyisin ole en\u00e4\u00e4 nuoruuteen sijoittuva vaihe ihmisen el\u00e4m\u00e4ss\u00e4, vaan kouluttautuminen ja ty\u00f6el\u00e4m\u00e4 kulkevat rinta rinnan aina el\u00e4kep\u00e4iviin saakka.<\/p>\n\n\n\n<p>Monimuoto-opiskelussa yhdistyv\u00e4t verkko-opiskelu, itsen\u00e4inen opiskelu, ryhm\u00e4ty\u00f6skentely ja kontaktiopiskelu. Ty\u00f6tapoina ovat mm. oppimisteht\u00e4v\u00e4t, luentotyyppinen oppiminen, interaktiiviset webinaarit, harjoittelu, pienryhm\u00e4ty\u00f6skentely, ohjaus ja ty\u00f6n opinnollistaminen. Monimuoto-opiskelussa erilaiset oppimisen ymp\u00e4rist\u00f6t, kuten perinteinen luokassa tapahtuva opetus ja verkossa tapahtuva opetus, sulautetaan parhaalla mahdollisella tavalla oppimista tukeviksi (vrt. blended learning).&nbsp; Monimuoto-opiskelu edellytt\u00e4\u00e4 aktiivista opiskeluotetta, motivaatiota ja halua ottaa vastuuta omasta oppimisesta &#8211; jokainen oppija on aktiivinen toimija. Verkkopainotteinen monimuoto-opiskelu edellytt\u00e4\u00e4 sinulta my\u00f6s tietotekniikan perustaitoja ja tarvittavaa laitteistoa.<\/p>\n\n\n\n<p>Monimuoto-opetuksen p\u00e4\u00e4tavoite on opiskelijan oppiminen, joka toteutuu opettajan ty\u00f6n, opiskelijan itsen\u00e4isen ty\u00f6n, opiskelijaryhm\u00e4n keskin\u00e4isen sek\u00e4 ty\u00f6el\u00e4m\u00e4verkoston vuorovaikutuksen kautta. Monimuotokoulutuksessa noudatetaan Jamkin opetussuunnitelmia, tutkintos\u00e4\u00e4nt\u00f6\u00e4, harjoitteluk\u00e4yt\u00e4nt\u00f6j\u00e4 ja muita\u00a0 opetuksen yleisi\u00e4 reunaehtoja kuin p\u00e4iv\u00e4opinnoissakin. Vain opetuksen toteutustavat ovat erilaisia. Opettajat ovat valinneet opintojaksoilleen parhaimmin sopivat opiskelumenetelm\u00e4t. On my\u00f6s syyt\u00e4 muistaa, ett\u00e4 kaikkea tutkinnossa vaadittavaa osaamista ei voi oppia verkon kautta, etenk\u00e4\u00e4n sosiaali- ja terveysalalla.<\/p>\n\n\n\n<p>Opiskelusi monimuoto-opinnoissa jaksottuu l\u00e4hi- ja et\u00e4jaksoihin sek\u00e4 ty\u00f6el\u00e4m\u00e4ss\u00e4 teht\u00e4viin harjoitteluihin. Sek\u00e4 l\u00e4hi- ett\u00e4 et\u00e4jaksoilla saat ohjausta, ty\u00f6skentelet&nbsp; ryhmiss\u00e4 ja olet vuorovaikutuksessa muun opiskelijaryhm\u00e4n sek\u00e4 opettajien kanssa. Saamasi ohjaus on p\u00e4\u00e4osin ryhm\u00e4ohjausta yhteisiss\u00e4 l\u00e4hi- tai et\u00e4ohjaustilanteissa, mutta voit sen lis\u00e4ksi saada my\u00f6s yksil\u00f6llist\u00e4 ohjausta sovittujen k\u00e4yt\u00e4nt\u00f6jen mukaisesti.<\/p>\n\n\n\n<p>Monimuoto-opiskelu lasketaan kuormitukseltaan p\u00e4\u00e4toimiseksi opiskeluksi, jossa yksi opintopiste vastaa noin 27 tunnin opiskelua\/ty\u00f6panosta. Opintojen suorittaminen edellytt\u00e4\u00e4 sinulta osallistumista l\u00e4hi- ett\u00e4 et\u00e4jaksoille sek\u00e4 teht\u00e4vien suorittamista hyv\u00e4ksytysti arviointik\u00e4yt\u00e4nt\u00f6jen m\u00e4\u00e4rittelem\u00e4ll\u00e4 tavalla.<\/p>\n","protected":false},"excerpt":{"rendered":"<p>Varmasti juuri sin\u00e4 osaat parhaiten vastata siihen, miksi valitsit monimuoto-opiskelun. Taustalla voi olla esimerkiksi ty\u00f6n ja opiskelun yhteensovittaminen, perhesyyt, kilpaurheilu tai kenties opiskelet toiselta paikkakunnalta k\u00e4sin. Monimuoto-opiskelu yhdenvertaistaa eri ihmisten mahdollisuuksia saavuttaa haluamansa koulutus tai ammatti, sill\u00e4 se helpottaa opiskelun ja muun el\u00e4m\u00e4n yhteensovittamista. Monimuoto-opiskelu ei ole kuitenkaan t\u00e4ydellisen riippumatonta ajasta ja paikasta, vaan my\u00f6s [&hellip;]<\/p>\n","protected":false},"author":97,"featured_media":0,"parent":0,"menu_order":1,"comment_status":"closed","ping_status":"closed","template":"","meta":{"_acf_changed":false,"_relevanssi_hide_post":"","_relevanssi_hide_content":"","_relevanssi_pin_for_all":"","_relevanssi_pin_keywords":"","_relevanssi_unpin_keywords":"","_relevanssi_related_keywords":"","_relevanssi_related_include_ids":"","_relevanssi_related_exclude_ids":"","_relevanssi_related_no_append":"","_relevanssi_related_not_related":"","_relevanssi_related_posts":"","_relevanssi_noindex_reason":"","footnotes":""},"categories":[],"tags":[],"class_list":["post-11","page","type-page","status-publish","hentry"],"acf":[],"yoast_head":"<!-- This site is optimized with the Yoast SEO plugin v27.4 - https:\/\/yoast.com\/product\/yoast-seo-wordpress\/ -->\n<title>1. Monimuoto-opiskelun piirteit\u00e4 - Move-k\u00e4sikirja<\/title>\n<meta name=\"robots\" content=\"index, follow, max-snippet:-1, max-image-preview:large, max-video-preview:-1\" \/>\n<link rel=\"canonical\" href=\"https:\/\/help.jamk.fi\/movekasikirja\/fi\/1-monimuoto-opiskelun-piirteita\/\" \/>\n<meta property=\"og:locale\" content=\"fi_FI\" \/>\n<meta property=\"og:type\" content=\"article\" \/>\n<meta property=\"og:title\" content=\"1. Monimuoto-opiskelun piirteit\u00e4 - Move-k\u00e4sikirja\" \/>\n<meta property=\"og:description\" content=\"Varmasti juuri sin\u00e4 osaat parhaiten vastata siihen, miksi valitsit monimuoto-opiskelun. Taustalla voi olla esimerkiksi ty\u00f6n ja opiskelun yhteensovittaminen, perhesyyt, kilpaurheilu tai kenties opiskelet toiselta paikkakunnalta k\u00e4sin. Monimuoto-opiskelu yhdenvertaistaa eri ihmisten mahdollisuuksia saavuttaa haluamansa koulutus tai ammatti, sill\u00e4 se helpottaa opiskelun ja muun el\u00e4m\u00e4n yhteensovittamista. Monimuoto-opiskelu ei ole kuitenkaan t\u00e4ydellisen riippumatonta ajasta ja paikasta, vaan my\u00f6s [&hellip;]\" \/>\n<meta property=\"og:url\" content=\"https:\/\/help.jamk.fi\/movekasikirja\/fi\/1-monimuoto-opiskelun-piirteita\/\" \/>\n<meta property=\"og:site_name\" content=\"Move-k\u00e4sikirja\" \/>\n<meta property=\"article:modified_time\" content=\"2024-01-03T11:17:33+00:00\" \/>\n<meta name=\"twitter:card\" content=\"summary_large_image\" \/>\n<meta name=\"twitter:label1\" content=\"Arvioitu lukuaika\" \/>\n\t<meta name=\"twitter:data1\" content=\"3 minuuttia\" \/>\n<script type=\"application\/ld+json\" class=\"yoast-schema-graph\">{\"@context\":\"https:\\\/\\\/schema.org\",\"@graph\":[{\"@type\":\"WebPage\",\"@id\":\"https:\\\/\\\/help.jamk.fi\\\/movekasikirja\\\/fi\\\/1-monimuoto-opiskelun-piirteita\\\/\",\"url\":\"https:\\\/\\\/help.jamk.fi\\\/movekasikirja\\\/fi\\\/1-monimuoto-opiskelun-piirteita\\\/\",\"name\":\"1. Monimuoto-opiskelun piirteit\u00e4 - Move-k\u00e4sikirja\",\"isPartOf\":{\"@id\":\"https:\\\/\\\/help.jamk.fi\\\/movekasikirja\\\/#website\"},\"datePublished\":\"2015-05-25T10:13:59+00:00\",\"dateModified\":\"2024-01-03T11:17:33+00:00\",\"breadcrumb\":{\"@id\":\"https:\\\/\\\/help.jamk.fi\\\/movekasikirja\\\/fi\\\/1-monimuoto-opiskelun-piirteita\\\/#breadcrumb\"},\"inLanguage\":\"fi\",\"potentialAction\":[{\"@type\":\"ReadAction\",\"target\":[\"https:\\\/\\\/help.jamk.fi\\\/movekasikirja\\\/fi\\\/1-monimuoto-opiskelun-piirteita\\\/\"]}]},{\"@type\":\"BreadcrumbList\",\"@id\":\"https:\\\/\\\/help.jamk.fi\\\/movekasikirja\\\/fi\\\/1-monimuoto-opiskelun-piirteita\\\/#breadcrumb\",\"itemListElement\":[{\"@type\":\"ListItem\",\"position\":1,\"name\":\"Etusivu\",\"item\":\"https:\\\/\\\/help.jamk.fi\\\/movekasikirja\\\/fi\\\/\"},{\"@type\":\"ListItem\",\"position\":2,\"name\":\"1. Monimuoto-opiskelun piirteit\u00e4\"}]},{\"@type\":\"WebSite\",\"@id\":\"https:\\\/\\\/help.jamk.fi\\\/movekasikirja\\\/#website\",\"url\":\"https:\\\/\\\/help.jamk.fi\\\/movekasikirja\\\/\",\"name\":\"Move-k\u00e4sikirja\",\"description\":\"\",\"potentialAction\":[{\"@type\":\"SearchAction\",\"target\":{\"@type\":\"EntryPoint\",\"urlTemplate\":\"https:\\\/\\\/help.jamk.fi\\\/movekasikirja\\\/?s={search_term_string}\"},\"query-input\":{\"@type\":\"PropertyValueSpecification\",\"valueRequired\":true,\"valueName\":\"search_term_string\"}}],\"inLanguage\":\"fi\"}]}<\/script>\n<!-- \/ Yoast SEO plugin. -->","yoast_head_json":{"title":"1. Monimuoto-opiskelun piirteit\u00e4 - Move-k\u00e4sikirja","robots":{"index":"index","follow":"follow","max-snippet":"max-snippet:-1","max-image-preview":"max-image-preview:large","max-video-preview":"max-video-preview:-1"},"canonical":"https:\/\/help.jamk.fi\/movekasikirja\/fi\/1-monimuoto-opiskelun-piirteita\/","og_locale":"fi_FI","og_type":"article","og_title":"1. Monimuoto-opiskelun piirteit\u00e4 - Move-k\u00e4sikirja","og_description":"Varmasti juuri sin\u00e4 osaat parhaiten vastata siihen, miksi valitsit monimuoto-opiskelun. Taustalla voi olla esimerkiksi ty\u00f6n ja opiskelun yhteensovittaminen, perhesyyt, kilpaurheilu tai kenties opiskelet toiselta paikkakunnalta k\u00e4sin. Monimuoto-opiskelu yhdenvertaistaa eri ihmisten mahdollisuuksia saavuttaa haluamansa koulutus tai ammatti, sill\u00e4 se helpottaa opiskelun ja muun el\u00e4m\u00e4n yhteensovittamista. Monimuoto-opiskelu ei ole kuitenkaan t\u00e4ydellisen riippumatonta ajasta ja paikasta, vaan my\u00f6s [&hellip;]","og_url":"https:\/\/help.jamk.fi\/movekasikirja\/fi\/1-monimuoto-opiskelun-piirteita\/","og_site_name":"Move-k\u00e4sikirja","article_modified_time":"2024-01-03T11:17:33+00:00","twitter_card":"summary_large_image","twitter_misc":{"Arvioitu lukuaika":"3 minuuttia"},"schema":{"@context":"https:\/\/schema.org","@graph":[{"@type":"WebPage","@id":"https:\/\/help.jamk.fi\/movekasikirja\/fi\/1-monimuoto-opiskelun-piirteita\/","url":"https:\/\/help.jamk.fi\/movekasikirja\/fi\/1-monimuoto-opiskelun-piirteita\/","name":"1. Monimuoto-opiskelun piirteit\u00e4 - Move-k\u00e4sikirja","isPartOf":{"@id":"https:\/\/help.jamk.fi\/movekasikirja\/#website"},"datePublished":"2015-05-25T10:13:59+00:00","dateModified":"2024-01-03T11:17:33+00:00","breadcrumb":{"@id":"https:\/\/help.jamk.fi\/movekasikirja\/fi\/1-monimuoto-opiskelun-piirteita\/#breadcrumb"},"inLanguage":"fi","potentialAction":[{"@type":"ReadAction","target":["https:\/\/help.jamk.fi\/movekasikirja\/fi\/1-monimuoto-opiskelun-piirteita\/"]}]},{"@type":"BreadcrumbList","@id":"https:\/\/help.jamk.fi\/movekasikirja\/fi\/1-monimuoto-opiskelun-piirteita\/#breadcrumb","itemListElement":[{"@type":"ListItem","position":1,"name":"Etusivu","item":"https:\/\/help.jamk.fi\/movekasikirja\/fi\/"},{"@type":"ListItem","position":2,"name":"1. Monimuoto-opiskelun piirteit\u00e4"}]},{"@type":"WebSite","@id":"https:\/\/help.jamk.fi\/movekasikirja\/#website","url":"https:\/\/help.jamk.fi\/movekasikirja\/","name":"Move-k\u00e4sikirja","description":"","potentialAction":[{"@type":"SearchAction","target":{"@type":"EntryPoint","urlTemplate":"https:\/\/help.jamk.fi\/movekasikirja\/?s={search_term_string}"},"query-input":{"@type":"PropertyValueSpecification","valueRequired":true,"valueName":"search_term_string"}}],"inLanguage":"fi"}]}},"_links":{"self":[{"href":"https:\/\/help.jamk.fi\/movekasikirja\/wp-json\/wp\/v2\/pages\/11","targetHints":{"allow":["GET"]}}],"collection":[{"href":"https:\/\/help.jamk.fi\/movekasikirja\/wp-json\/wp\/v2\/pages"}],"about":[{"href":"https:\/\/help.jamk.fi\/movekasikirja\/wp-json\/wp\/v2\/types\/page"}],"author":[{"embeddable":true,"href":"https:\/\/help.jamk.fi\/movekasikirja\/wp-json\/wp\/v2\/users\/97"}],"replies":[{"embeddable":true,"href":"https:\/\/help.jamk.fi\/movekasikirja\/wp-json\/wp\/v2\/comments?post=11"}],"version-history":[{"count":4,"href":"https:\/\/help.jamk.fi\/movekasikirja\/wp-json\/wp\/v2\/pages\/11\/revisions"}],"predecessor-version":[{"id":207,"href":"https:\/\/help.jamk.fi\/movekasikirja\/wp-json\/wp\/v2\/pages\/11\/revisions\/207"}],"wp:attachment":[{"href":"https:\/\/help.jamk.fi\/movekasikirja\/wp-json\/wp\/v2\/media?parent=11"}],"wp:term":[{"taxonomy":"category","embeddable":true,"href":"https:\/\/help.jamk.fi\/movekasikirja\/wp-json\/wp\/v2\/categories?post=11"},{"taxonomy":"post_tag","embeddable":true,"href":"https:\/\/help.jamk.fi\/movekasikirja\/wp-json\/wp\/v2\/tags?post=11"}],"curies":[{"name":"wp","href":"https:\/\/api.w.org\/{rel}","templated":true}]}}