{"id":8,"date":"2015-05-25T12:20:11","date_gmt":"2015-05-25T09:20:11","guid":{"rendered":"https:\/\/help.jamk.fi\/move-kasikirja\/esimerkkisivu\/"},"modified":"2024-01-11T09:00:58","modified_gmt":"2024-01-11T07:00:58","slug":"esimerkkisivu","status":"publish","type":"page","link":"https:\/\/help.jamk.fi\/movekasikirja\/fi\/","title":{"rendered":"Etusivu"},"content":{"rendered":"\n<div id=\"text-column-block_475728421ae7221bfc2ad1266a18a93f\" class=\"text-column block-text-column\">\n  <div class=\"block-text-column__wrapper\">\n                  <div class=\"row block-text-column__column-section\">\n          <div class=\"col-12 col-md-5 block-text-column__column-section--column\">\n            <div class=\"block-text-column__column-section--title-wrap\">\n                              <h2 class=\"\">Tervetuloa lukemaan k\u00e4sikirjaamme!<\/h2>\n                          <\/div>\n          <\/div>\n          <div class=\"col-12 col-md-7 block-text-column__column-section--column\">\n                          <div class=\"block-text-column__column-section--text_area\">\n                <p>T\u00e4m\u00e4 k\u00e4sikirja on tehty sinulle Jamkin Hyvinvointiyksik\u00f6n opiskelija. Kirjan tarkoitus on toimia nimens\u00e4 mukaisesti k\u00e4sikirjana, joka antaa kattavan kuvan monimuoto-opinnoista ennen opintoja ja niiden aikana. K\u00e4sikirjasta l\u00f6yd\u00e4t my\u00f6s ohjeita ja vinkkej\u00e4 opiskelun tukena toimiviin teknisiin ty\u00f6v\u00e4lineisiin. Toivottavasti kirjan sis\u00e4ll\u00f6t auttavat sinua saavuttamaan opintojesi tavoitteet ja ohjaavat sinua jatkuvan oppimisen tiell\u00e4.<\/p>\n<p>Vaikka t\u00e4m\u00e4 k\u00e4sikirja onkin ensisijaisesti suunnattu Jamkiin Hyvinvointiyksik\u00f6n monimuoto-opiskelijoille, on kirjassa varmasti soveltuvaa sis\u00e4lt\u00f6\u00e4 my\u00f6s kenelle tahansa opiskelijalle joka suorittaa opintojaan verkko-opiskeluna tai muiden et\u00e4yhteyksien kautta.<\/p>\n<p>Antoisaa, menestyksek\u00e4st\u00e4 ja sujuvaa opiskelua toivottaen,<\/p>\n<p>Hyvinvointiyksik\u00f6n henkil\u00f6kunta<\/p>\n<p>Kirjaa on ollut alunperin kirjoittamassa: Tiina Blek, Minna Haapakoski, Sanna H\u00e4kkinen, Tuukka Kivioja, Vesa Kuhanen, Leena Seriola, Jonna Salmij\u00e4rvi, Tanja Hilli-Harju ja Eero Nukari.<\/p>\n<p>Kirja p\u00e4ivitetty 11\/2021 (Tanja Hilli-Harju, Tuukka Kivioja, Vesa Kuhanen ja Leena Seriola). Opintojen-ohjaukseen liittyv\u00e4 sivu p\u00e4ivitetty 6.3.2023 (Vesa Kuhanen)<\/p>\n              <\/div>\n                      <\/div>\n        <\/div>\n            <\/div>\n<\/div>","protected":false},"excerpt":{"rendered":"","protected":false},"author":97,"featured_media":0,"parent":0,"menu_order":-1,"comment_status":"open","ping_status":"open","template":"templates\/template-full-width.php","meta":{"_acf_changed":false,"_relevanssi_hide_post":"","_relevanssi_hide_content":"","_relevanssi_pin_for_all":"","_relevanssi_pin_keywords":"","_relevanssi_unpin_keywords":"","_relevanssi_related_keywords":"","_relevanssi_related_include_ids":"","_relevanssi_related_exclude_ids":"","_relevanssi_related_no_append":"","_relevanssi_related_not_related":"","_relevanssi_related_posts":"","_relevanssi_noindex_reason":"","footnotes":""},"categories":[],"tags":[],"class_list":["post-8","page","type-page","status-publish","hentry"],"acf":[],"yoast_head":"<!-- This site is optimized with the Yoast SEO plugin v27.4 - https:\/\/yoast.com\/product\/yoast-seo-wordpress\/ -->\n<title>Etusivu - Move-k\u00e4sikirja<\/title>\n<meta name=\"robots\" content=\"index, follow, max-snippet:-1, max-image-preview:large, max-video-preview:-1\" \/>\n<link rel=\"canonical\" href=\"https:\/\/help.jamk.fi\/movekasikirja\/fi\/\" \/>\n<meta property=\"og:locale\" content=\"fi_FI\" \/>\n<meta property=\"og:type\" content=\"article\" \/>\n<meta property=\"og:title\" content=\"Etusivu - Move-k\u00e4sikirja\" \/>\n<meta property=\"og:url\" content=\"https:\/\/help.jamk.fi\/movekasikirja\/fi\/\" \/>\n<meta property=\"og:site_name\" content=\"Move-k\u00e4sikirja\" \/>\n<meta property=\"article:modified_time\" content=\"2024-01-11T07:00:58+00:00\" \/>\n<meta name=\"twitter:card\" content=\"summary_large_image\" \/>\n<script type=\"application\/ld+json\" class=\"yoast-schema-graph\">{\"@context\":\"https:\\\/\\\/schema.org\",\"@graph\":[{\"@type\":\"WebPage\",\"@id\":\"https:\\\/\\\/help.jamk.fi\\\/movekasikirja\\\/fi\\\/\",\"url\":\"https:\\\/\\\/help.jamk.fi\\\/movekasikirja\\\/fi\\\/\",\"name\":\"Etusivu - Move-k\u00e4sikirja\",\"isPartOf\":{\"@id\":\"https:\\\/\\\/help.jamk.fi\\\/movekasikirja\\\/#website\"},\"datePublished\":\"2015-05-25T09:20:11+00:00\",\"dateModified\":\"2024-01-11T07:00:58+00:00\",\"breadcrumb\":{\"@id\":\"https:\\\/\\\/help.jamk.fi\\\/movekasikirja\\\/fi\\\/#breadcrumb\"},\"inLanguage\":\"fi\",\"potentialAction\":[{\"@type\":\"ReadAction\",\"target\":[\"https:\\\/\\\/help.jamk.fi\\\/movekasikirja\\\/fi\\\/\"]}]},{\"@type\":\"BreadcrumbList\",\"@id\":\"https:\\\/\\\/help.jamk.fi\\\/movekasikirja\\\/fi\\\/#breadcrumb\",\"itemListElement\":[{\"@type\":\"ListItem\",\"position\":1,\"name\":\"Etusivu\",\"item\":\"https:\\\/\\\/help.jamk.fi\\\/movekasikirja\\\/fi\\\/\"},{\"@type\":\"ListItem\",\"position\":2,\"name\":\"Etusivu\"}]},{\"@type\":\"WebSite\",\"@id\":\"https:\\\/\\\/help.jamk.fi\\\/movekasikirja\\\/#website\",\"url\":\"https:\\\/\\\/help.jamk.fi\\\/movekasikirja\\\/\",\"name\":\"Move-k\u00e4sikirja\",\"description\":\"\",\"potentialAction\":[{\"@type\":\"SearchAction\",\"target\":{\"@type\":\"EntryPoint\",\"urlTemplate\":\"https:\\\/\\\/help.jamk.fi\\\/movekasikirja\\\/?s={search_term_string}\"},\"query-input\":{\"@type\":\"PropertyValueSpecification\",\"valueRequired\":true,\"valueName\":\"search_term_string\"}}],\"inLanguage\":\"fi\"}]}<\/script>\n<!-- \/ Yoast SEO plugin. -->","yoast_head_json":{"title":"Etusivu - Move-k\u00e4sikirja","robots":{"index":"index","follow":"follow","max-snippet":"max-snippet:-1","max-image-preview":"max-image-preview:large","max-video-preview":"max-video-preview:-1"},"canonical":"https:\/\/help.jamk.fi\/movekasikirja\/fi\/","og_locale":"fi_FI","og_type":"article","og_title":"Etusivu - Move-k\u00e4sikirja","og_url":"https:\/\/help.jamk.fi\/movekasikirja\/fi\/","og_site_name":"Move-k\u00e4sikirja","article_modified_time":"2024-01-11T07:00:58+00:00","twitter_card":"summary_large_image","schema":{"@context":"https:\/\/schema.org","@graph":[{"@type":"WebPage","@id":"https:\/\/help.jamk.fi\/movekasikirja\/fi\/","url":"https:\/\/help.jamk.fi\/movekasikirja\/fi\/","name":"Etusivu - Move-k\u00e4sikirja","isPartOf":{"@id":"https:\/\/help.jamk.fi\/movekasikirja\/#website"},"datePublished":"2015-05-25T09:20:11+00:00","dateModified":"2024-01-11T07:00:58+00:00","breadcrumb":{"@id":"https:\/\/help.jamk.fi\/movekasikirja\/fi\/#breadcrumb"},"inLanguage":"fi","potentialAction":[{"@type":"ReadAction","target":["https:\/\/help.jamk.fi\/movekasikirja\/fi\/"]}]},{"@type":"BreadcrumbList","@id":"https:\/\/help.jamk.fi\/movekasikirja\/fi\/#breadcrumb","itemListElement":[{"@type":"ListItem","position":1,"name":"Etusivu","item":"https:\/\/help.jamk.fi\/movekasikirja\/fi\/"},{"@type":"ListItem","position":2,"name":"Etusivu"}]},{"@type":"WebSite","@id":"https:\/\/help.jamk.fi\/movekasikirja\/#website","url":"https:\/\/help.jamk.fi\/movekasikirja\/","name":"Move-k\u00e4sikirja","description":"","potentialAction":[{"@type":"SearchAction","target":{"@type":"EntryPoint","urlTemplate":"https:\/\/help.jamk.fi\/movekasikirja\/?s={search_term_string}"},"query-input":{"@type":"PropertyValueSpecification","valueRequired":true,"valueName":"search_term_string"}}],"inLanguage":"fi"}]}},"_links":{"self":[{"href":"https:\/\/help.jamk.fi\/movekasikirja\/wp-json\/wp\/v2\/pages\/8","targetHints":{"allow":["GET"]}}],"collection":[{"href":"https:\/\/help.jamk.fi\/movekasikirja\/wp-json\/wp\/v2\/pages"}],"about":[{"href":"https:\/\/help.jamk.fi\/movekasikirja\/wp-json\/wp\/v2\/types\/page"}],"author":[{"embeddable":true,"href":"https:\/\/help.jamk.fi\/movekasikirja\/wp-json\/wp\/v2\/users\/97"}],"replies":[{"embeddable":true,"href":"https:\/\/help.jamk.fi\/movekasikirja\/wp-json\/wp\/v2\/comments?post=8"}],"version-history":[{"count":12,"href":"https:\/\/help.jamk.fi\/movekasikirja\/wp-json\/wp\/v2\/pages\/8\/revisions"}],"predecessor-version":[{"id":216,"href":"https:\/\/help.jamk.fi\/movekasikirja\/wp-json\/wp\/v2\/pages\/8\/revisions\/216"}],"wp:attachment":[{"href":"https:\/\/help.jamk.fi\/movekasikirja\/wp-json\/wp\/v2\/media?parent=8"}],"wp:term":[{"taxonomy":"category","embeddable":true,"href":"https:\/\/help.jamk.fi\/movekasikirja\/wp-json\/wp\/v2\/categories?post=8"},{"taxonomy":"post_tag","embeddable":true,"href":"https:\/\/help.jamk.fi\/movekasikirja\/wp-json\/wp\/v2\/tags?post=8"}],"curies":[{"name":"wp","href":"https:\/\/api.w.org\/{rel}","templated":true}]}}