{"id":305,"date":"2023-11-14T11:32:24","date_gmt":"2023-11-14T09:32:24","guid":{"rendered":"https:\/\/help.jamk.fi\/openbadge\/?page_id=305"},"modified":"2024-03-19T09:56:57","modified_gmt":"2024-03-19T07:56:57","slug":"suunnittelu-ja-hallinnointi","status":"publish","type":"page","link":"https:\/\/help.jamk.fi\/openbadge\/fi\/suunnittelijan-ja-myontajan-ohjeet\/suunnittelu-ja-hallinnointi\/","title":{"rendered":"Suunnittelu ja hallinnointi"},"content":{"rendered":"\n<p>Open badge -osaamismerkit suunnitellaan ja julkaistaan\u00a0<a href=\"https:\/\/openbadgefactory.com\/\">Open Badge Factory<\/a> -palvelussa. Jamkin henkil\u00f6st\u00f6 saa suunnittelijan \/ my\u00f6nt\u00e4j\u00e4n k\u00e4ytt\u00f6oikeuksia palveluun pyyt\u00e4m\u00e4ll\u00e4 niit\u00e4 s\u00e4hk\u00f6postitse Mari Varoselta.<\/p>\n\n\n\n<p>Suunnittelijan roolilla Open Badge Factoryssa voi tehd\u00e4 seuraavaa:<\/p>\n\n\n\n<ul class=\"wp-block-list\">\n<li>luoda uusia merkkej\u00e4<\/li>\n\n\n\n<li>luoda uusia metamerkkej\u00e4<\/li>\n\n\n\n<li>muokata olemassa olevia merkkej\u00e4<\/li>\n\n\n\n<li>luoda merkkihakemuslomakkeita<\/li>\n\n\n\n<li>k\u00e4sitell\u00e4 merkkihakemuksia<\/li>\n\n\n\n<li>my\u00f6nt\u00e4\u00e4 haettuja merkkej\u00e4 tai my\u00f6nt\u00e4\u00e4 merkkej\u00e4 s\u00e4hk\u00f6postiosoitteiden avulla<\/li>\n<\/ul>\n\n\n\n<p>My\u00f6nt\u00e4j\u00e4n roolilla Open Badge Factoryssa voi tehd\u00e4 seuraavaa:<\/p>\n\n\n\n<ul class=\"wp-block-list\">\n<li>tarkastella olemassa olevia merkkej\u00e4<\/li>\n\n\n\n<li>k\u00e4sitell\u00e4 merkkihakemuksia<\/li>\n\n\n\n<li>my\u00f6nt\u00e4\u00e4 haettuja merkkej\u00e4 tai my\u00f6nt\u00e4\u00e4 merkkej\u00e4 s\u00e4hk\u00f6postiosoitteiden avulla<\/li>\n<\/ul>\n\n\n\n<p><\/p>\n\n\n\n<figure class=\"wp-block-image size-full is-style-default\"><img loading=\"lazy\" decoding=\"async\" width=\"1044\" height=\"648\" src=\"https:\/\/help.jamk.fi\/openbadge\/wp-content\/uploads\/sites\/60\/2023\/11\/obf_suunnittelija.jpg\" alt=\"Suunnittelijan n\u00e4kym\u00e4 Open Badge Factoryssa.\" class=\"wp-image-318\"\/><\/figure>\n","protected":false},"excerpt":{"rendered":"<p>Open badge -osaamismerkit suunnitellaan ja julkaistaan\u00a0Open Badge Factory -palvelussa. Jamkin henkil\u00f6st\u00f6 saa suunnittelijan \/ my\u00f6nt\u00e4j\u00e4n k\u00e4ytt\u00f6oikeuksia palveluun pyyt\u00e4m\u00e4ll\u00e4 niit\u00e4 s\u00e4hk\u00f6postitse Mari Varoselta. Suunnittelijan roolilla Open Badge Factoryssa voi tehd\u00e4 seuraavaa: My\u00f6nt\u00e4j\u00e4n roolilla Open Badge Factoryssa voi tehd\u00e4 seuraavaa:<\/p>\n","protected":false},"author":74,"featured_media":0,"parent":291,"menu_order":0,"comment_status":"closed","ping_status":"closed","template":"","meta":{"_acf_changed":false,"_relevanssi_hide_post":"","_relevanssi_hide_content":"","_relevanssi_pin_for_all":"","_relevanssi_pin_keywords":"","_relevanssi_unpin_keywords":"","_relevanssi_related_keywords":"","_relevanssi_related_include_ids":"","_relevanssi_related_exclude_ids":"","_relevanssi_related_no_append":"","_relevanssi_related_not_related":"","_relevanssi_related_posts":"","_relevanssi_noindex_reason":"","footnotes":""},"categories":[],"tags":[71,73,75,60,77,79,67],"class_list":["post-305","page","type-page","status-publish","hentry","tag-hallinnointi","tag-julkaiseminen","tag-merkkihakemukset","tag-myontaminen","tag-open-badge","tag-osaamismerkki","tag-suunnittelu"],"acf":[],"yoast_head":"<!-- This site is optimized with the Yoast SEO plugin v27.4 - https:\/\/yoast.com\/product\/yoast-seo-wordpress\/ -->\n<title>Suunnittelu ja hallinnointi - Open badge -osaamismerkit<\/title>\n<meta name=\"robots\" content=\"index, follow, max-snippet:-1, max-image-preview:large, max-video-preview:-1\" \/>\n<link rel=\"canonical\" href=\"https:\/\/help.jamk.fi\/openbadge\/fi\/suunnittelijan-ja-myontajan-ohjeet\/suunnittelu-ja-hallinnointi\/\" \/>\n<meta property=\"og:locale\" content=\"fi_FI\" \/>\n<meta property=\"og:type\" content=\"article\" \/>\n<meta property=\"og:title\" content=\"Suunnittelu ja hallinnointi - Open badge -osaamismerkit\" \/>\n<meta property=\"og:description\" content=\"Open badge -osaamismerkit suunnitellaan ja julkaistaan\u00a0Open Badge Factory -palvelussa. Jamkin henkil\u00f6st\u00f6 saa suunnittelijan \/ my\u00f6nt\u00e4j\u00e4n k\u00e4ytt\u00f6oikeuksia palveluun pyyt\u00e4m\u00e4ll\u00e4 niit\u00e4 s\u00e4hk\u00f6postitse Mari Varoselta. Suunnittelijan roolilla Open Badge Factoryssa voi tehd\u00e4 seuraavaa: My\u00f6nt\u00e4j\u00e4n roolilla Open Badge Factoryssa voi tehd\u00e4 seuraavaa:\" \/>\n<meta property=\"og:url\" content=\"https:\/\/help.jamk.fi\/openbadge\/fi\/suunnittelijan-ja-myontajan-ohjeet\/suunnittelu-ja-hallinnointi\/\" \/>\n<meta property=\"og:site_name\" content=\"Open badge -osaamismerkit\" \/>\n<meta property=\"article:modified_time\" content=\"2024-03-19T07:56:57+00:00\" \/>\n<meta property=\"og:image\" content=\"https:\/\/help.jamk.fi\/openbadge\/wp-content\/uploads\/sites\/60\/2023\/11\/obf_suunnittelija.jpg\" \/>\n<meta name=\"twitter:card\" content=\"summary_large_image\" \/>\n<meta name=\"twitter:label1\" content=\"Arvioitu lukuaika\" \/>\n\t<meta name=\"twitter:data1\" content=\"1 minuutti\" \/>\n<script type=\"application\/ld+json\" class=\"yoast-schema-graph\">{\"@context\":\"https:\\\/\\\/schema.org\",\"@graph\":[{\"@type\":\"WebPage\",\"@id\":\"https:\\\/\\\/help.jamk.fi\\\/openbadge\\\/fi\\\/suunnittelijan-ja-myontajan-ohjeet\\\/suunnittelu-ja-hallinnointi\\\/\",\"url\":\"https:\\\/\\\/help.jamk.fi\\\/openbadge\\\/fi\\\/suunnittelijan-ja-myontajan-ohjeet\\\/suunnittelu-ja-hallinnointi\\\/\",\"name\":\"Suunnittelu ja hallinnointi - Open badge -osaamismerkit\",\"isPartOf\":{\"@id\":\"https:\\\/\\\/help.jamk.fi\\\/openbadge\\\/#website\"},\"primaryImageOfPage\":{\"@id\":\"https:\\\/\\\/help.jamk.fi\\\/openbadge\\\/fi\\\/suunnittelijan-ja-myontajan-ohjeet\\\/suunnittelu-ja-hallinnointi\\\/#primaryimage\"},\"image\":{\"@id\":\"https:\\\/\\\/help.jamk.fi\\\/openbadge\\\/fi\\\/suunnittelijan-ja-myontajan-ohjeet\\\/suunnittelu-ja-hallinnointi\\\/#primaryimage\"},\"thumbnailUrl\":\"https:\\\/\\\/help.jamk.fi\\\/openbadge\\\/wp-content\\\/uploads\\\/sites\\\/60\\\/2023\\\/11\\\/obf_suunnittelija.jpg\",\"datePublished\":\"2023-11-14T09:32:24+00:00\",\"dateModified\":\"2024-03-19T07:56:57+00:00\",\"breadcrumb\":{\"@id\":\"https:\\\/\\\/help.jamk.fi\\\/openbadge\\\/fi\\\/suunnittelijan-ja-myontajan-ohjeet\\\/suunnittelu-ja-hallinnointi\\\/#breadcrumb\"},\"inLanguage\":\"fi\",\"potentialAction\":[{\"@type\":\"ReadAction\",\"target\":[\"https:\\\/\\\/help.jamk.fi\\\/openbadge\\\/fi\\\/suunnittelijan-ja-myontajan-ohjeet\\\/suunnittelu-ja-hallinnointi\\\/\"]}]},{\"@type\":\"ImageObject\",\"inLanguage\":\"fi\",\"@id\":\"https:\\\/\\\/help.jamk.fi\\\/openbadge\\\/fi\\\/suunnittelijan-ja-myontajan-ohjeet\\\/suunnittelu-ja-hallinnointi\\\/#primaryimage\",\"url\":\"https:\\\/\\\/help.jamk.fi\\\/openbadge\\\/wp-content\\\/uploads\\\/sites\\\/60\\\/2023\\\/11\\\/obf_suunnittelija.jpg\",\"contentUrl\":\"https:\\\/\\\/help.jamk.fi\\\/openbadge\\\/wp-content\\\/uploads\\\/sites\\\/60\\\/2023\\\/11\\\/obf_suunnittelija.jpg\",\"width\":1044,\"height\":648,\"caption\":\"suunnittelijan ty\u00f6kalut\"},{\"@type\":\"BreadcrumbList\",\"@id\":\"https:\\\/\\\/help.jamk.fi\\\/openbadge\\\/fi\\\/suunnittelijan-ja-myontajan-ohjeet\\\/suunnittelu-ja-hallinnointi\\\/#breadcrumb\",\"itemListElement\":[{\"@type\":\"ListItem\",\"position\":1,\"name\":\"Etusivu\",\"item\":\"https:\\\/\\\/help.jamk.fi\\\/openbadge\\\/fi\\\/\"},{\"@type\":\"ListItem\",\"position\":2,\"name\":\"Suunnittelijan ja my\u00f6nt\u00e4j\u00e4n ohjeet\",\"item\":\"https:\\\/\\\/help.jamk.fi\\\/openbadge\\\/fi\\\/suunnittelijan-ja-myontajan-ohjeet\\\/\"},{\"@type\":\"ListItem\",\"position\":3,\"name\":\"Suunnittelu ja hallinnointi\"}]},{\"@type\":\"WebSite\",\"@id\":\"https:\\\/\\\/help.jamk.fi\\\/openbadge\\\/#website\",\"url\":\"https:\\\/\\\/help.jamk.fi\\\/openbadge\\\/\",\"name\":\"Open badge -osaamismerkit\",\"description\":\"Digitaaliset osaamismerkit Jamkissa\",\"potentialAction\":[{\"@type\":\"SearchAction\",\"target\":{\"@type\":\"EntryPoint\",\"urlTemplate\":\"https:\\\/\\\/help.jamk.fi\\\/openbadge\\\/?s={search_term_string}\"},\"query-input\":{\"@type\":\"PropertyValueSpecification\",\"valueRequired\":true,\"valueName\":\"search_term_string\"}}],\"inLanguage\":\"fi\"}]}<\/script>\n<!-- \/ Yoast SEO plugin. -->","yoast_head_json":{"title":"Suunnittelu ja hallinnointi - Open badge -osaamismerkit","robots":{"index":"index","follow":"follow","max-snippet":"max-snippet:-1","max-image-preview":"max-image-preview:large","max-video-preview":"max-video-preview:-1"},"canonical":"https:\/\/help.jamk.fi\/openbadge\/fi\/suunnittelijan-ja-myontajan-ohjeet\/suunnittelu-ja-hallinnointi\/","og_locale":"fi_FI","og_type":"article","og_title":"Suunnittelu ja hallinnointi - Open badge -osaamismerkit","og_description":"Open badge -osaamismerkit suunnitellaan ja julkaistaan\u00a0Open Badge Factory -palvelussa. Jamkin henkil\u00f6st\u00f6 saa suunnittelijan \/ my\u00f6nt\u00e4j\u00e4n k\u00e4ytt\u00f6oikeuksia palveluun pyyt\u00e4m\u00e4ll\u00e4 niit\u00e4 s\u00e4hk\u00f6postitse Mari Varoselta. Suunnittelijan roolilla Open Badge Factoryssa voi tehd\u00e4 seuraavaa: My\u00f6nt\u00e4j\u00e4n roolilla Open Badge Factoryssa voi tehd\u00e4 seuraavaa:","og_url":"https:\/\/help.jamk.fi\/openbadge\/fi\/suunnittelijan-ja-myontajan-ohjeet\/suunnittelu-ja-hallinnointi\/","og_site_name":"Open badge -osaamismerkit","article_modified_time":"2024-03-19T07:56:57+00:00","og_image":[{"url":"https:\/\/help.jamk.fi\/openbadge\/wp-content\/uploads\/sites\/60\/2023\/11\/obf_suunnittelija.jpg","type":"","width":"","height":""}],"twitter_card":"summary_large_image","twitter_misc":{"Arvioitu lukuaika":"1 minuutti"},"schema":{"@context":"https:\/\/schema.org","@graph":[{"@type":"WebPage","@id":"https:\/\/help.jamk.fi\/openbadge\/fi\/suunnittelijan-ja-myontajan-ohjeet\/suunnittelu-ja-hallinnointi\/","url":"https:\/\/help.jamk.fi\/openbadge\/fi\/suunnittelijan-ja-myontajan-ohjeet\/suunnittelu-ja-hallinnointi\/","name":"Suunnittelu ja hallinnointi - Open badge -osaamismerkit","isPartOf":{"@id":"https:\/\/help.jamk.fi\/openbadge\/#website"},"primaryImageOfPage":{"@id":"https:\/\/help.jamk.fi\/openbadge\/fi\/suunnittelijan-ja-myontajan-ohjeet\/suunnittelu-ja-hallinnointi\/#primaryimage"},"image":{"@id":"https:\/\/help.jamk.fi\/openbadge\/fi\/suunnittelijan-ja-myontajan-ohjeet\/suunnittelu-ja-hallinnointi\/#primaryimage"},"thumbnailUrl":"https:\/\/help.jamk.fi\/openbadge\/wp-content\/uploads\/sites\/60\/2023\/11\/obf_suunnittelija.jpg","datePublished":"2023-11-14T09:32:24+00:00","dateModified":"2024-03-19T07:56:57+00:00","breadcrumb":{"@id":"https:\/\/help.jamk.fi\/openbadge\/fi\/suunnittelijan-ja-myontajan-ohjeet\/suunnittelu-ja-hallinnointi\/#breadcrumb"},"inLanguage":"fi","potentialAction":[{"@type":"ReadAction","target":["https:\/\/help.jamk.fi\/openbadge\/fi\/suunnittelijan-ja-myontajan-ohjeet\/suunnittelu-ja-hallinnointi\/"]}]},{"@type":"ImageObject","inLanguage":"fi","@id":"https:\/\/help.jamk.fi\/openbadge\/fi\/suunnittelijan-ja-myontajan-ohjeet\/suunnittelu-ja-hallinnointi\/#primaryimage","url":"https:\/\/help.jamk.fi\/openbadge\/wp-content\/uploads\/sites\/60\/2023\/11\/obf_suunnittelija.jpg","contentUrl":"https:\/\/help.jamk.fi\/openbadge\/wp-content\/uploads\/sites\/60\/2023\/11\/obf_suunnittelija.jpg","width":1044,"height":648,"caption":"suunnittelijan ty\u00f6kalut"},{"@type":"BreadcrumbList","@id":"https:\/\/help.jamk.fi\/openbadge\/fi\/suunnittelijan-ja-myontajan-ohjeet\/suunnittelu-ja-hallinnointi\/#breadcrumb","itemListElement":[{"@type":"ListItem","position":1,"name":"Etusivu","item":"https:\/\/help.jamk.fi\/openbadge\/fi\/"},{"@type":"ListItem","position":2,"name":"Suunnittelijan ja my\u00f6nt\u00e4j\u00e4n ohjeet","item":"https:\/\/help.jamk.fi\/openbadge\/fi\/suunnittelijan-ja-myontajan-ohjeet\/"},{"@type":"ListItem","position":3,"name":"Suunnittelu ja hallinnointi"}]},{"@type":"WebSite","@id":"https:\/\/help.jamk.fi\/openbadge\/#website","url":"https:\/\/help.jamk.fi\/openbadge\/","name":"Open badge -osaamismerkit","description":"Digitaaliset osaamismerkit Jamkissa","potentialAction":[{"@type":"SearchAction","target":{"@type":"EntryPoint","urlTemplate":"https:\/\/help.jamk.fi\/openbadge\/?s={search_term_string}"},"query-input":{"@type":"PropertyValueSpecification","valueRequired":true,"valueName":"search_term_string"}}],"inLanguage":"fi"}]}},"_links":{"self":[{"href":"https:\/\/help.jamk.fi\/openbadge\/wp-json\/wp\/v2\/pages\/305","targetHints":{"allow":["GET"]}}],"collection":[{"href":"https:\/\/help.jamk.fi\/openbadge\/wp-json\/wp\/v2\/pages"}],"about":[{"href":"https:\/\/help.jamk.fi\/openbadge\/wp-json\/wp\/v2\/types\/page"}],"author":[{"embeddable":true,"href":"https:\/\/help.jamk.fi\/openbadge\/wp-json\/wp\/v2\/users\/74"}],"replies":[{"embeddable":true,"href":"https:\/\/help.jamk.fi\/openbadge\/wp-json\/wp\/v2\/comments?post=305"}],"version-history":[{"count":3,"href":"https:\/\/help.jamk.fi\/openbadge\/wp-json\/wp\/v2\/pages\/305\/revisions"}],"predecessor-version":[{"id":381,"href":"https:\/\/help.jamk.fi\/openbadge\/wp-json\/wp\/v2\/pages\/305\/revisions\/381"}],"up":[{"embeddable":true,"href":"https:\/\/help.jamk.fi\/openbadge\/wp-json\/wp\/v2\/pages\/291"}],"wp:attachment":[{"href":"https:\/\/help.jamk.fi\/openbadge\/wp-json\/wp\/v2\/media?parent=305"}],"wp:term":[{"taxonomy":"category","embeddable":true,"href":"https:\/\/help.jamk.fi\/openbadge\/wp-json\/wp\/v2\/categories?post=305"},{"taxonomy":"post_tag","embeddable":true,"href":"https:\/\/help.jamk.fi\/openbadge\/wp-json\/wp\/v2\/tags?post=305"}],"curies":[{"name":"wp","href":"https:\/\/api.w.org\/{rel}","templated":true}]}}