{"id":161,"date":"2015-10-13T07:48:17","date_gmt":"2015-10-13T04:48:17","guid":{"rendered":"https:\/\/help.jamk.fi\/opetustyokalut\/esitystekniikka-opetuksessa\/opetustilojen-kaytosta-yleisesti\/"},"modified":"2025-04-24T10:21:12","modified_gmt":"2025-04-24T07:21:12","slug":"opetustilojen-kaytosta-yleisesti","status":"publish","type":"page","link":"https:\/\/help.jamk.fi\/opetus\/fi\/esitystekniikka-opetuksessa\/opetustilojen-kaytosta-yleisesti\/","title":{"rendered":"Opetustilojen esitystekniikoista ja k\u00e4yt\u00f6st\u00e4 yleisesti"},"content":{"rendered":"\n<p>Esitystekniikkaa on uusittu Jamkin eri kampuksilla ja yksik\u00f6iss\u00e4 v\u00e4hitellen, joten tilojen esitystekniikka voi joskus tuntua hiukan kirjavalta erilaisine laitteineen. Esitystekniikkaa pyrit\u00e4\u00e4n yksinkertaistamaan samalla, kun opetustilojen tietokoneista v\u00e4hitellen luovutaan. Opetustilojen tietokoneet s\u00e4ilyv\u00e4t auditorioissa, tietokoneluokissa ja monimuoto-opetustiloissa. <\/p>\n\n\n\n<p>Useimmissa perusopetustiloissa on vain projektori ja aktiivikaiuttimet. Kuva projektorille v\u00e4litet\u00e4\u00e4n omasta l\u00e4pp\u00e4rist\u00e4 HDMI-liit\u00e4nn\u00e4n kautta. Saman liit\u00e4nn\u00e4n kautta my\u00f6s \u00e4\u00e4ni kulkee projektorin kautta aktiivikaiuttimiin ja \u00e4\u00e4nentasoa voi s\u00e4\u00e4t\u00e4\u00e4 joko projektorin kaukos\u00e4\u00e4timell\u00e4 tai tietokoneen k\u00e4ytt\u00f6j\u00e4rjestelm\u00e4n \u00e4\u00e4nis\u00e4\u00e4d\u00f6ill\u00e4. N\u00e4iss\u00e4 tiloissa on siis tarjolla vain yksi kaapeli esitt\u00e4mist\u00e4 varten.<\/p>\n\n\n\n<p>Auditorioissa, useissa neuvotteluhuoneissa ja monimuoto-opetustiloissa k\u00e4ytet\u00e4\u00e4n jatkossakin ohjattuja av-j\u00e4rjestelmi\u00e4 eli niiss\u00e4 saattaa laitteita ja liit\u00e4nt\u00f6j\u00e4 olla useita. T\u00e4ll\u00f6in j\u00e4rjestelm\u00e4 k\u00e4ynnistet\u00e4\u00e4n ohjauspaneelista ja paneelista my\u00f6skin tehd\u00e4\u00e4n kuvaan, \u00e4\u00e4neen ja joissakin tapauksissa my\u00f6s valaistukseen liittyv\u00e4t s\u00e4\u00e4d\u00f6t.<\/p>\n\n\n\n<p>Jamkilla on useissa tiloissa liikuteltavia TV-vaunuja, joihin saat kuvan samaan tapaan kuin projektoreihinkin eli l\u00e4pp\u00e4rin HDMI-liit\u00e4nn\u00e4st\u00e4.<\/p>\n\n\n\n<p>Opetustiloja varaustilanteen n\u00e4et Peppi-j\u00e4rjestelm\u00e4n kalenteriosasta. Neuvottelutilat voit varata Outlook-kalenterin kautta. Jos huomaat tilojen esitystekniikoissa puutteita tai vikoja, tee niist\u00e4 palvelupyynt\u00f6 kampuksen ICT-tukeen. <\/p>\n\n\n<div id=\"info-lift-block_0aadfcb85933997d87d3f948f5fa793b\" class=\"block-info-lift block-info-lift\">\n  <div class=\"row\">\n    <div class=\"col-12\">\n              <div class=\"block-info-lift__content\">\n          <div class=\"block-info-lift__content__icon\">\n            <span>!<\/span>\n          <\/div>\n          <p class=\"block-info-lift__content__text\"> Muista sammuttaa projektori tai av-j\u00e4rjestelm\u00e4 k\u00e4yt\u00f6n j\u00e4lkeen. N\u00e4in s\u00e4\u00e4st\u00e4mme projektoreita ja niiden lamppuja.<\/p>\n        <\/div>\n          <\/div>\n  <\/div>\n<\/div>\n\n\n<p>Katso seuraavaksi: <a href=\"https:\/\/help.jamk.fi\/opetus\/fi\/esitystekniikka-opetuksessa\/kuva-ja-aani-tietokoneesta-projektoriin\/\">Kuva ja \u00e4\u00e4ni tietokoneesta projektoriin tai televisioon<\/a><\/p>\n\n\n\n<p><\/p>\n","protected":false},"excerpt":{"rendered":"<p>Esitystekniikkaa on uusittu Jamkin eri kampuksilla ja yksik\u00f6iss\u00e4 v\u00e4hitellen, joten tilojen esitystekniikka voi joskus tuntua hiukan kirjavalta erilaisine laitteineen. Esitystekniikkaa pyrit\u00e4\u00e4n yksinkertaistamaan samalla, kun opetustilojen tietokoneista v\u00e4hitellen luovutaan. Opetustilojen tietokoneet s\u00e4ilyv\u00e4t auditorioissa, tietokoneluokissa ja monimuoto-opetustiloissa. Useimmissa perusopetustiloissa on vain projektori ja aktiivikaiuttimet. Kuva projektorille v\u00e4litet\u00e4\u00e4n omasta l\u00e4pp\u00e4rist\u00e4 HDMI-liit\u00e4nn\u00e4n kautta. Saman liit\u00e4nn\u00e4n kautta my\u00f6s \u00e4\u00e4ni kulkee [&hellip;]<\/p>\n","protected":false},"author":74,"featured_media":0,"parent":1144,"menu_order":5,"comment_status":"closed","ping_status":"closed","template":"","meta":{"_acf_changed":false,"_relevanssi_hide_post":"","_relevanssi_hide_content":"","_relevanssi_pin_for_all":"","_relevanssi_pin_keywords":"","_relevanssi_unpin_keywords":"","_relevanssi_related_keywords":"","_relevanssi_related_include_ids":"","_relevanssi_related_exclude_ids":"","_relevanssi_related_no_append":"","_relevanssi_related_not_related":"","_relevanssi_related_posts":"","_relevanssi_noindex_reason":"","footnotes":""},"categories":[],"tags":[224,206,212],"class_list":["post-161","page","type-page","status-publish","hentry","tag-av-jarjestelma","tag-esitystekniikka","tag-kuvanjako"],"acf":[],"yoast_head":"<!-- This site is optimized with the Yoast SEO plugin v27.3 - https:\/\/yoast.com\/product\/yoast-seo-wordpress\/ -->\n<title>Opetustilojen esitystekniikoista ja k\u00e4yt\u00f6st\u00e4 yleisesti - Opetus<\/title>\n<meta name=\"robots\" content=\"index, follow, max-snippet:-1, max-image-preview:large, max-video-preview:-1\" \/>\n<link rel=\"canonical\" href=\"https:\/\/help.jamk.fi\/opetus\/fi\/esitystekniikka-opetuksessa\/opetustilojen-kaytosta-yleisesti\/\" \/>\n<meta property=\"og:locale\" content=\"fi_FI\" \/>\n<meta property=\"og:type\" content=\"article\" \/>\n<meta property=\"og:title\" content=\"Opetustilojen esitystekniikoista ja k\u00e4yt\u00f6st\u00e4 yleisesti - Opetus\" \/>\n<meta property=\"og:description\" content=\"Esitystekniikkaa on uusittu Jamkin eri kampuksilla ja yksik\u00f6iss\u00e4 v\u00e4hitellen, joten tilojen esitystekniikka voi joskus tuntua hiukan kirjavalta erilaisine laitteineen. Esitystekniikkaa pyrit\u00e4\u00e4n yksinkertaistamaan samalla, kun opetustilojen tietokoneista v\u00e4hitellen luovutaan. Opetustilojen tietokoneet s\u00e4ilyv\u00e4t auditorioissa, tietokoneluokissa ja monimuoto-opetustiloissa. Useimmissa perusopetustiloissa on vain projektori ja aktiivikaiuttimet. Kuva projektorille v\u00e4litet\u00e4\u00e4n omasta l\u00e4pp\u00e4rist\u00e4 HDMI-liit\u00e4nn\u00e4n kautta. Saman liit\u00e4nn\u00e4n kautta my\u00f6s \u00e4\u00e4ni kulkee [&hellip;]\" \/>\n<meta property=\"og:url\" content=\"https:\/\/help.jamk.fi\/opetus\/fi\/esitystekniikka-opetuksessa\/opetustilojen-kaytosta-yleisesti\/\" \/>\n<meta property=\"og:site_name\" content=\"Opetus\" \/>\n<meta property=\"article:modified_time\" content=\"2025-04-24T07:21:12+00:00\" \/>\n<meta name=\"twitter:card\" content=\"summary_large_image\" \/>\n<meta name=\"twitter:label1\" content=\"Arvioitu lukuaika\" \/>\n\t<meta name=\"twitter:data1\" content=\"1 minuutti\" \/>\n<script type=\"application\/ld+json\" class=\"yoast-schema-graph\">{\"@context\":\"https:\\\/\\\/schema.org\",\"@graph\":[{\"@type\":\"WebPage\",\"@id\":\"https:\\\/\\\/help.jamk.fi\\\/opetus\\\/fi\\\/esitystekniikka-opetuksessa\\\/opetustilojen-kaytosta-yleisesti\\\/\",\"url\":\"https:\\\/\\\/help.jamk.fi\\\/opetus\\\/fi\\\/esitystekniikka-opetuksessa\\\/opetustilojen-kaytosta-yleisesti\\\/\",\"name\":\"Opetustilojen esitystekniikoista ja k\u00e4yt\u00f6st\u00e4 yleisesti - Opetus\",\"isPartOf\":{\"@id\":\"https:\\\/\\\/help.jamk.fi\\\/opetus\\\/#website\"},\"datePublished\":\"2015-10-13T04:48:17+00:00\",\"dateModified\":\"2025-04-24T07:21:12+00:00\",\"breadcrumb\":{\"@id\":\"https:\\\/\\\/help.jamk.fi\\\/opetus\\\/fi\\\/esitystekniikka-opetuksessa\\\/opetustilojen-kaytosta-yleisesti\\\/#breadcrumb\"},\"inLanguage\":\"fi\",\"potentialAction\":[{\"@type\":\"ReadAction\",\"target\":[\"https:\\\/\\\/help.jamk.fi\\\/opetus\\\/fi\\\/esitystekniikka-opetuksessa\\\/opetustilojen-kaytosta-yleisesti\\\/\"]}]},{\"@type\":\"BreadcrumbList\",\"@id\":\"https:\\\/\\\/help.jamk.fi\\\/opetus\\\/fi\\\/esitystekniikka-opetuksessa\\\/opetustilojen-kaytosta-yleisesti\\\/#breadcrumb\",\"itemListElement\":[{\"@type\":\"ListItem\",\"position\":1,\"name\":\"Etusivu\",\"item\":\"https:\\\/\\\/help.jamk.fi\\\/opetus\\\/fi\\\/\"},{\"@type\":\"ListItem\",\"position\":2,\"name\":\"Esitystekniikka opetuksessa\",\"item\":\"https:\\\/\\\/help.jamk.fi\\\/opetus\\\/fi\\\/esitystekniikka-opetuksessa\\\/\"},{\"@type\":\"ListItem\",\"position\":3,\"name\":\"Opetustilojen esitystekniikoista ja k\u00e4yt\u00f6st\u00e4 yleisesti\"}]},{\"@type\":\"WebSite\",\"@id\":\"https:\\\/\\\/help.jamk.fi\\\/opetus\\\/#website\",\"url\":\"https:\\\/\\\/help.jamk.fi\\\/opetus\\\/\",\"name\":\"Opetus\",\"description\":\"Opettajan ty\u00f6v\u00e4lineet\",\"potentialAction\":[{\"@type\":\"SearchAction\",\"target\":{\"@type\":\"EntryPoint\",\"urlTemplate\":\"https:\\\/\\\/help.jamk.fi\\\/opetus\\\/?s={search_term_string}\"},\"query-input\":{\"@type\":\"PropertyValueSpecification\",\"valueRequired\":true,\"valueName\":\"search_term_string\"}}],\"inLanguage\":\"fi\"}]}<\/script>\n<!-- \/ Yoast SEO plugin. -->","yoast_head_json":{"title":"Opetustilojen esitystekniikoista ja k\u00e4yt\u00f6st\u00e4 yleisesti - Opetus","robots":{"index":"index","follow":"follow","max-snippet":"max-snippet:-1","max-image-preview":"max-image-preview:large","max-video-preview":"max-video-preview:-1"},"canonical":"https:\/\/help.jamk.fi\/opetus\/fi\/esitystekniikka-opetuksessa\/opetustilojen-kaytosta-yleisesti\/","og_locale":"fi_FI","og_type":"article","og_title":"Opetustilojen esitystekniikoista ja k\u00e4yt\u00f6st\u00e4 yleisesti - Opetus","og_description":"Esitystekniikkaa on uusittu Jamkin eri kampuksilla ja yksik\u00f6iss\u00e4 v\u00e4hitellen, joten tilojen esitystekniikka voi joskus tuntua hiukan kirjavalta erilaisine laitteineen. Esitystekniikkaa pyrit\u00e4\u00e4n yksinkertaistamaan samalla, kun opetustilojen tietokoneista v\u00e4hitellen luovutaan. Opetustilojen tietokoneet s\u00e4ilyv\u00e4t auditorioissa, tietokoneluokissa ja monimuoto-opetustiloissa. Useimmissa perusopetustiloissa on vain projektori ja aktiivikaiuttimet. Kuva projektorille v\u00e4litet\u00e4\u00e4n omasta l\u00e4pp\u00e4rist\u00e4 HDMI-liit\u00e4nn\u00e4n kautta. Saman liit\u00e4nn\u00e4n kautta my\u00f6s \u00e4\u00e4ni kulkee [&hellip;]","og_url":"https:\/\/help.jamk.fi\/opetus\/fi\/esitystekniikka-opetuksessa\/opetustilojen-kaytosta-yleisesti\/","og_site_name":"Opetus","article_modified_time":"2025-04-24T07:21:12+00:00","twitter_card":"summary_large_image","twitter_misc":{"Arvioitu lukuaika":"1 minuutti"},"schema":{"@context":"https:\/\/schema.org","@graph":[{"@type":"WebPage","@id":"https:\/\/help.jamk.fi\/opetus\/fi\/esitystekniikka-opetuksessa\/opetustilojen-kaytosta-yleisesti\/","url":"https:\/\/help.jamk.fi\/opetus\/fi\/esitystekniikka-opetuksessa\/opetustilojen-kaytosta-yleisesti\/","name":"Opetustilojen esitystekniikoista ja k\u00e4yt\u00f6st\u00e4 yleisesti - Opetus","isPartOf":{"@id":"https:\/\/help.jamk.fi\/opetus\/#website"},"datePublished":"2015-10-13T04:48:17+00:00","dateModified":"2025-04-24T07:21:12+00:00","breadcrumb":{"@id":"https:\/\/help.jamk.fi\/opetus\/fi\/esitystekniikka-opetuksessa\/opetustilojen-kaytosta-yleisesti\/#breadcrumb"},"inLanguage":"fi","potentialAction":[{"@type":"ReadAction","target":["https:\/\/help.jamk.fi\/opetus\/fi\/esitystekniikka-opetuksessa\/opetustilojen-kaytosta-yleisesti\/"]}]},{"@type":"BreadcrumbList","@id":"https:\/\/help.jamk.fi\/opetus\/fi\/esitystekniikka-opetuksessa\/opetustilojen-kaytosta-yleisesti\/#breadcrumb","itemListElement":[{"@type":"ListItem","position":1,"name":"Etusivu","item":"https:\/\/help.jamk.fi\/opetus\/fi\/"},{"@type":"ListItem","position":2,"name":"Esitystekniikka opetuksessa","item":"https:\/\/help.jamk.fi\/opetus\/fi\/esitystekniikka-opetuksessa\/"},{"@type":"ListItem","position":3,"name":"Opetustilojen esitystekniikoista ja k\u00e4yt\u00f6st\u00e4 yleisesti"}]},{"@type":"WebSite","@id":"https:\/\/help.jamk.fi\/opetus\/#website","url":"https:\/\/help.jamk.fi\/opetus\/","name":"Opetus","description":"Opettajan ty\u00f6v\u00e4lineet","potentialAction":[{"@type":"SearchAction","target":{"@type":"EntryPoint","urlTemplate":"https:\/\/help.jamk.fi\/opetus\/?s={search_term_string}"},"query-input":{"@type":"PropertyValueSpecification","valueRequired":true,"valueName":"search_term_string"}}],"inLanguage":"fi"}]}},"_links":{"self":[{"href":"https:\/\/help.jamk.fi\/opetus\/wp-json\/wp\/v2\/pages\/161","targetHints":{"allow":["GET"]}}],"collection":[{"href":"https:\/\/help.jamk.fi\/opetus\/wp-json\/wp\/v2\/pages"}],"about":[{"href":"https:\/\/help.jamk.fi\/opetus\/wp-json\/wp\/v2\/types\/page"}],"author":[{"embeddable":true,"href":"https:\/\/help.jamk.fi\/opetus\/wp-json\/wp\/v2\/users\/74"}],"replies":[{"embeddable":true,"href":"https:\/\/help.jamk.fi\/opetus\/wp-json\/wp\/v2\/comments?post=161"}],"version-history":[{"count":13,"href":"https:\/\/help.jamk.fi\/opetus\/wp-json\/wp\/v2\/pages\/161\/revisions"}],"predecessor-version":[{"id":2143,"href":"https:\/\/help.jamk.fi\/opetus\/wp-json\/wp\/v2\/pages\/161\/revisions\/2143"}],"up":[{"embeddable":true,"href":"https:\/\/help.jamk.fi\/opetus\/wp-json\/wp\/v2\/pages\/1144"}],"wp:attachment":[{"href":"https:\/\/help.jamk.fi\/opetus\/wp-json\/wp\/v2\/media?parent=161"}],"wp:term":[{"taxonomy":"category","embeddable":true,"href":"https:\/\/help.jamk.fi\/opetus\/wp-json\/wp\/v2\/categories?post=161"},{"taxonomy":"post_tag","embeddable":true,"href":"https:\/\/help.jamk.fi\/opetus\/wp-json\/wp\/v2\/tags?post=161"}],"curies":[{"name":"wp","href":"https:\/\/api.w.org\/{rel}","templated":true}]}}