{"id":1959,"date":"2024-05-23T13:40:35","date_gmt":"2024-05-23T10:40:35","guid":{"rendered":"https:\/\/help.jamk.fi\/opetus\/?page_id=1959"},"modified":"2024-08-13T14:13:22","modified_gmt":"2024-08-13T11:13:22","slug":"tavoitteet-ja-arviointi-kuntoon-tyopaja","status":"publish","type":"page","link":"https:\/\/help.jamk.fi\/opetus\/fi\/yhteinen-suunnittelu-ja-tuottaminen\/tavoitteet-ja-arviointi\/tavoitteet-ja-arviointi-kuntoon-tyopaja\/","title":{"rendered":"Tavoitteet ja arviointi kuntoon -ty\u00f6paja"},"content":{"rendered":"\n<h2 class=\"wp-block-heading\">Tavoite<\/h2>\n\n\n\n<p>Tavoitteet ja arviointi kuntoon -ty\u00f6pajan tavoitteena on tarkastella ja parantaa opintojaksojen tavoitteiden ja arvioinnin linjakkuutta, ymm\u00e4rrett\u00e4vyytt\u00e4 ja  oppijal\u00e4ht\u00f6isyytt\u00e4.<br><\/p>\n\n\n\n<h2 class=\"wp-block-heading\">Tarkoitus<\/h2>\n\n\n\n<p>Ty\u00f6pajan tarkoituksena on, ett\u00e4 opettaja <\/p>\n\n\n\n<ol class=\"wp-block-list\">\n<li>konkretisoi osaamistavoitteet ymm\u00e4rrett\u00e4viksi ja oppijal\u00e4ht\u00f6isiksi<\/li>\n\n\n\n<li>tarkastelee tavoitteiden ja arvioinnin linjakkuutta<\/li>\n\n\n\n<li>tunnistaa, miss\u00e4 ovat ohjaavan arvioinnin paikat opintojaksolla<\/li>\n<\/ol>\n\n\n\n<p><\/p>\n\n\n\n<h2 class=\"wp-block-heading\">Osaamistavoitteet ja arviointi ohjaavat opiskelijan toimintaa<\/h2>\n\n\n\n<p><strong>Osaamistavoitteet <\/strong>kuvaavat lyhyesti, mit\u00e4 opiskelijan odotetaan tiet\u00e4v\u00e4n, ymm\u00e4rt\u00e4v\u00e4n tai osaavan tehd\u00e4 opintojakson lopussa<em> <\/em>saadakseen hyv\u00e4ksytyn arvosanan.&nbsp; Osaamistavoitteet ovat oppijan kompassi. Ne antavat fokuksen, jota kohti kulkea. Siksi on t\u00e4rke\u00e4\u00e4, ett\u00e4 tavoite on selke\u00e4, yksil\u00f6llinen ja arvioitavissa. My\u00f6s arviointi ja arviointitavat ohjaavat oppijan toimintaa. Arvioinnin menetelm\u00e4t ohjaavat sit\u00e4, kuinka oppija k\u00e4ytt\u00e4\u00e4 aikaansa eri teht\u00e4viin ja oppimiseen.&nbsp;Oppijat&nbsp;tekev\u00e4t usein vain sen, mit\u00e4 arvioinnissa huomioidaan ja muuhun suhtaudutaan ylim\u00e4\u00e4r\u00e4isen\u00e4 lis\u00e4n\u00e4.<\/p>\n\n\n\n<p>Usein korkeakouluopinnoissa osaamistavoitteet ovat melko yleisluonteisia ja abstraktilla tasolla ilmaistuja, osaamista tarkastellaan koko opintojakson tasolla ja ne kuvaavat opintojakson lopputulosta. Tavoitteenasi on j\u00e4sent\u00e4\u00e4 opintojakson osaamistavoitteet osaosaamistavoitteiksi ja hioa ne konkreettisiksi ja oppijal\u00e4ht\u00f6isiksi.&nbsp;<\/p>\n\n\n\n<p><strong>Arvioinnin <\/strong>t\u00e4ytyy tukea osaamistavoitteiden saavuttamista. Arviointi ohjaa \u200bvahvasti opiskelijan oppimisprosessia ja opiskelustrategioiden valintaa\u200b. Opiskelijat ottavat tavoitteekseen sen, mihin arviointimenetelmill\u00e4 t\u00e4hd\u00e4t\u00e4\u00e4n\u200b. Arviointi tulisikin nivoa opetus- ja oppimisprosessiin siten, ett\u00e4 arviointi itsess\u00e4\u00e4n tarjoaa mahdollisuuden oppimiseen. Arvioinnin tulisi olla ohjaavaa ja jatkuvaa &#8211; ei pelk\u00e4st\u00e4\u00e4n opintojakson lopussa tapahtuvaa. Ohjaavan arvioinnin avulla opiskelija pystyy itsekin arvioimaan omaa osaamistana ja sen kehittymist\u00e4.<\/p>\n\n\n\n<p><strong>Arviointi perustuu aina havaintoon.<\/strong> Arviointia varten tarvitaan aina tieto tai aineisto, josta voi tehd\u00e4 havainnon. Havaintoa arvioidaan ja tulkitaan suhteessa osaamistavoitteeseen ja arviointikriteereihin. Sen perusteella tehd\u00e4\u00e4n toimenpide, joka voi olla ohjausta, palautetta tai arviointip\u00e4\u00e4t\u00f6s.<\/p>\n\n\n\n<p><\/p>\n\n\n\n<h2 class=\"wp-block-heading\">Tavoitteet ja arviointi kuntoon yhteiskehitt\u00e4en<\/h2>\n\n\n\n<p><\/p>\n\n\n\n<h3 class=\"wp-block-heading\">Taso 1: Teko\u00e4lyn kanssa<\/h3>\n\n\n\n<p><strong>Yhteiskehitt\u00e4miskumppani:<\/strong> Teko\u00e4ly<\/p>\n\n\n\n<p><strong>Ty\u00f6skentelyn kesto:<\/strong> Muutamista minuuteista tunteihin riippuen siit\u00e4, miten vahvasti teko\u00e4ly imaisee sinut mukaansa.<\/p>\n\n\n\n<ul class=\"wp-block-list\">\n<li>Anna teko\u00e4lylle opintojaksosi osaamistavoitteet ja pyyd\u00e4 sit\u00e4 pilkkomaan niit\u00e4 pienemmiksi ja helposti ymm\u00e4rrett\u00e4viksi osatavoitteiksi. Voit esimerkiksi pyyt\u00e4\u00e4 sit\u00e4 kirjoittamaan tavoitteet niin, ett\u00e4 20-vuotias ammatillisesta koulutuksesta tullut ensimm\u00e4isen vuoden opiskelija voisi ne ymm\u00e4rt\u00e4\u00e4. <\/li>\n\n\n\n<li>Pyyd\u00e4 teko\u00e4ly\u00e4 kommentoimaan tavoitteita ja arviointikriteerej\u00e4 opiskelijan n\u00e4k\u00f6kulmasta. Mit\u00e4 teko\u00e4ly ymm\u00e4rt\u00e4\u00e4, ett\u00e4 opiskelijan odotetaan tekev\u00e4n tavoitteiden ja arviointikriteereiden perusteella. Vastaako se omaa ajatustasi ja suunnitelmaasi?<\/li>\n<\/ul>\n\n\n\n<p>Muista, ett\u00e4 asiantuntijuus ja lopullinen p\u00e4\u00e4t\u00f6s on aina sinulla, ei teko\u00e4lyll\u00e4!<\/p>\n\n\n\n<h3 class=\"wp-block-heading\">Taso 2: Kollegan tai tiimin kanssa<\/h3>\n\n\n\n<p><strong>Yhteiskehitt\u00e4miskumppani:<\/strong> Kollega tai tiimi<\/p>\n\n\n\n<p><strong>Ty\u00f6skentelyn kesto:<\/strong> n. 1,5 h &#8211; 2 h<\/p>\n\n\n\n<ul class=\"wp-block-list\">\n<li>Kalenteroikaa tapaaminen, jonka aiheena on Tavoitteet ja arviointi kuntoon. <\/li>\n\n\n\n<li>Kootkaa opintojaksonne osaamistavoitteet, arviointikriteerit ja oppimisteht\u00e4v\u00e4t (jos ne ovat jo olemassa).<\/li>\n<\/ul>\n\n\n\n<p><strong>Ty\u00f6pajan eteneminen:<\/strong><\/p>\n\n\n\n<ul class=\"wp-block-list\">\n<li><strong>15 min<\/strong> Ty\u00f6pajaty\u00f6skentelyn pohjustus sek\u00e4 osaamistavoitteiden ja arvioinnin perusteiden mieleenpalauttaminen.<\/li>\n\n\n\n<li><strong>65 min<\/strong> Tavoitteiden, arvioinnin ja mahdollisten oppimisteht\u00e4vien linjakkuuden yhteist\u00e4 pohdintaa erilaisista opiskelijarooleista ja opettajan n\u00e4k\u00f6kulmista tarkastellen.<\/li>\n\n\n\n<li><strong>10 min<\/strong> Ty\u00f6pajan yhteenveto ja seuraavat askeleet kehitt\u00e4misess\u00e4.<\/li>\n<\/ul>\n\n\n<div id=\"link-lifts-block_3d61ee5eed62b3e27bc2e83e38877e7a\" class=\"link-lifts block-link-lifts\">\n  <div class=\"row\">\n            <div class=\"col-12 col-lg-4 block-link-lifts__column\">\n          <div class=\"block-link-lifts__item pink\">\n            <h3 class=\"block-link-lifts__item--heading\">Tavoitteet ja arviointi kuntoon -ty\u00f6paja<\/h3>\n                          <ul class=\"block-link-lifts__item--link-list\">\n                                                                        <li>\n                                              <a class=\"link-list lock\" href=\"https:\/\/jamkstudent-my.sharepoint.com\/:p:\/g\/personal\/minna_koskinen_jamk_fi\/EXM0xXiNxr9DssFfAFg_rfAB3Ljhx4xqSXpCxyP6_xXYuw?e=0syaTA\" target=\"_self\" >Tavoitteet ja arviointi kuntoon -ty\u00f6pajan materiaali.pptx<i  ><svg aria-hidden=\"true\" viewBox=\"0 0 24 24\" fill=\"none\" xmlns=\"http:\/\/www.w3.org\/2000\/svg\"><g clip-path=\"url(#clip0_1574_4368)\"><circle cx=\"12\" cy=\"12\" r=\"12\" fill=\"#0D004C\"\/><g clip-path=\"url(#clip1_1574_4368)\" fill=\"#fff\"><path d=\"M15.637 11.107v-2.68c0-1.967-1.632-3.57-3.637-3.57S8.363 6.46 8.363 8.43v2.68c-.752 0-1.363.6-1.363 1.338v5.357c0 .739.613 1.339 1.363 1.339h7.272c.752 0 1.363-.6 1.363-1.34v-5.356c0-.738-.61-1.339-1.363-1.339l.002-.001zM9.272 8.429c0-1.477 1.224-2.68 2.728-2.68 1.504 0 2.728 1.201 2.728 2.68v2.68H9.272v-2.68zm6.818 9.375a.451.451 0 01-.455.446H8.363a.45.45 0 01-.454-.446v-5.357a.45.45 0 01.454-.446h7.272c.251 0 .455.2.455.446v5.357z\"\/><path d=\"M12 13.34c-.503 0-.91.4-.91.892 0 .33.185.615.455.77v1.017a.45.45 0 00.455.446.45.45 0 00.454-.446v-1.017a.887.887 0 00.454-.77.902.902 0 00-.908-.892z\"\/><\/g><\/g><defs><clipPath id=\"clip0_1574_4368\"><path fill=\"#fff\" d=\"M0 0h24v24H0z\"\/><\/clipPath><clipPath id=\"clip1_1574_4368\"><path fill=\"#fff\" transform=\"translate(7 4.857)\" d=\"M0 0h10v14.286H0z\"\/><\/clipPath><\/defs><\/svg><\/i><\/a>\n                                          <\/li>\n                                                <\/ul>\n            \n          <\/div>\n        <\/div>\n      <\/div>\n<\/div>","protected":false},"excerpt":{"rendered":"<p>Tavoite Tavoitteet ja arviointi kuntoon -ty\u00f6pajan tavoitteena on tarkastella ja parantaa opintojaksojen tavoitteiden ja arvioinnin linjakkuutta, ymm\u00e4rrett\u00e4vyytt\u00e4 ja oppijal\u00e4ht\u00f6isyytt\u00e4. Tarkoitus Ty\u00f6pajan tarkoituksena on, ett\u00e4 opettaja Osaamistavoitteet ja arviointi ohjaavat opiskelijan toimintaa Osaamistavoitteet kuvaavat lyhyesti, mit\u00e4 opiskelijan odotetaan tiet\u00e4v\u00e4n, ymm\u00e4rt\u00e4v\u00e4n tai osaavan tehd\u00e4 opintojakson lopussa saadakseen hyv\u00e4ksytyn arvosanan.&nbsp; Osaamistavoitteet ovat oppijan kompassi. Ne antavat fokuksen, jota [&hellip;]<\/p>\n","protected":false},"author":435,"featured_media":0,"parent":1761,"menu_order":3,"comment_status":"closed","ping_status":"closed","template":"","meta":{"_acf_changed":false,"_relevanssi_hide_post":"","_relevanssi_hide_content":"","_relevanssi_pin_for_all":"","_relevanssi_pin_keywords":"","_relevanssi_unpin_keywords":"","_relevanssi_related_keywords":"","_relevanssi_related_include_ids":"","_relevanssi_related_exclude_ids":"","_relevanssi_related_no_append":"","_relevanssi_related_not_related":"","_relevanssi_related_posts":"","_relevanssi_noindex_reason":"","footnotes":""},"categories":[],"tags":[352,350,342,340],"class_list":["post-1959","page","type-page","status-publish","hentry","tag-arviointi","tag-tavoitteet","tag-vertaistuotanto","tag-yhteiskehittaminen"],"acf":[],"yoast_head":"<!-- This site is optimized with the Yoast SEO plugin v27.5 - https:\/\/yoast.com\/product\/yoast-seo-wordpress\/ -->\n<title>Tavoitteet ja arviointi kuntoon -ty\u00f6paja - Opetus<\/title>\n<meta name=\"robots\" content=\"index, follow, max-snippet:-1, max-image-preview:large, max-video-preview:-1\" \/>\n<link rel=\"canonical\" href=\"https:\/\/help.jamk.fi\/opetus\/fi\/yhteinen-suunnittelu-ja-tuottaminen\/tavoitteet-ja-arviointi\/tavoitteet-ja-arviointi-kuntoon-tyopaja\/\" \/>\n<meta property=\"og:locale\" content=\"fi_FI\" \/>\n<meta property=\"og:type\" content=\"article\" \/>\n<meta property=\"og:title\" content=\"Tavoitteet ja arviointi kuntoon -ty\u00f6paja - Opetus\" \/>\n<meta property=\"og:description\" content=\"Tavoite Tavoitteet ja arviointi kuntoon -ty\u00f6pajan tavoitteena on tarkastella ja parantaa opintojaksojen tavoitteiden ja arvioinnin linjakkuutta, ymm\u00e4rrett\u00e4vyytt\u00e4 ja oppijal\u00e4ht\u00f6isyytt\u00e4. Tarkoitus Ty\u00f6pajan tarkoituksena on, ett\u00e4 opettaja Osaamistavoitteet ja arviointi ohjaavat opiskelijan toimintaa Osaamistavoitteet kuvaavat lyhyesti, mit\u00e4 opiskelijan odotetaan tiet\u00e4v\u00e4n, ymm\u00e4rt\u00e4v\u00e4n tai osaavan tehd\u00e4 opintojakson lopussa saadakseen hyv\u00e4ksytyn arvosanan.&nbsp; Osaamistavoitteet ovat oppijan kompassi. Ne antavat fokuksen, jota [&hellip;]\" \/>\n<meta property=\"og:url\" content=\"https:\/\/help.jamk.fi\/opetus\/fi\/yhteinen-suunnittelu-ja-tuottaminen\/tavoitteet-ja-arviointi\/tavoitteet-ja-arviointi-kuntoon-tyopaja\/\" \/>\n<meta property=\"og:site_name\" content=\"Opetus\" \/>\n<meta property=\"article:modified_time\" content=\"2024-08-13T11:13:22+00:00\" \/>\n<meta name=\"twitter:card\" content=\"summary_large_image\" \/>\n<meta name=\"twitter:label1\" content=\"Arvioitu lukuaika\" \/>\n\t<meta name=\"twitter:data1\" content=\"3 minuuttia\" \/>\n<script type=\"application\/ld+json\" class=\"yoast-schema-graph\">{\"@context\":\"https:\\\/\\\/schema.org\",\"@graph\":[{\"@type\":\"WebPage\",\"@id\":\"https:\\\/\\\/help.jamk.fi\\\/opetus\\\/fi\\\/yhteinen-suunnittelu-ja-tuottaminen\\\/tavoitteet-ja-arviointi\\\/tavoitteet-ja-arviointi-kuntoon-tyopaja\\\/\",\"url\":\"https:\\\/\\\/help.jamk.fi\\\/opetus\\\/fi\\\/yhteinen-suunnittelu-ja-tuottaminen\\\/tavoitteet-ja-arviointi\\\/tavoitteet-ja-arviointi-kuntoon-tyopaja\\\/\",\"name\":\"Tavoitteet ja arviointi kuntoon -ty\u00f6paja - Opetus\",\"isPartOf\":{\"@id\":\"https:\\\/\\\/help.jamk.fi\\\/opetus\\\/#website\"},\"datePublished\":\"2024-05-23T10:40:35+00:00\",\"dateModified\":\"2024-08-13T11:13:22+00:00\",\"breadcrumb\":{\"@id\":\"https:\\\/\\\/help.jamk.fi\\\/opetus\\\/fi\\\/yhteinen-suunnittelu-ja-tuottaminen\\\/tavoitteet-ja-arviointi\\\/tavoitteet-ja-arviointi-kuntoon-tyopaja\\\/#breadcrumb\"},\"inLanguage\":\"fi\",\"potentialAction\":[{\"@type\":\"ReadAction\",\"target\":[\"https:\\\/\\\/help.jamk.fi\\\/opetus\\\/fi\\\/yhteinen-suunnittelu-ja-tuottaminen\\\/tavoitteet-ja-arviointi\\\/tavoitteet-ja-arviointi-kuntoon-tyopaja\\\/\"]}]},{\"@type\":\"BreadcrumbList\",\"@id\":\"https:\\\/\\\/help.jamk.fi\\\/opetus\\\/fi\\\/yhteinen-suunnittelu-ja-tuottaminen\\\/tavoitteet-ja-arviointi\\\/tavoitteet-ja-arviointi-kuntoon-tyopaja\\\/#breadcrumb\",\"itemListElement\":[{\"@type\":\"ListItem\",\"position\":1,\"name\":\"Etusivu\",\"item\":\"https:\\\/\\\/help.jamk.fi\\\/opetus\\\/fi\\\/\"},{\"@type\":\"ListItem\",\"position\":2,\"name\":\"Yhteinen suunnittelu ja tuottaminen\",\"item\":\"https:\\\/\\\/help.jamk.fi\\\/opetus\\\/fi\\\/yhteinen-suunnittelu-ja-tuottaminen\\\/\"},{\"@type\":\"ListItem\",\"position\":3,\"name\":\"Tavoitteet ja arviointi\",\"item\":\"https:\\\/\\\/help.jamk.fi\\\/opetus\\\/fi\\\/yhteinen-suunnittelu-ja-tuottaminen\\\/tavoitteet-ja-arviointi\\\/\"},{\"@type\":\"ListItem\",\"position\":4,\"name\":\"Tavoitteet ja arviointi kuntoon -ty\u00f6paja\"}]},{\"@type\":\"WebSite\",\"@id\":\"https:\\\/\\\/help.jamk.fi\\\/opetus\\\/#website\",\"url\":\"https:\\\/\\\/help.jamk.fi\\\/opetus\\\/\",\"name\":\"Opetus\",\"description\":\"Opettajan ty\u00f6v\u00e4lineet\",\"potentialAction\":[{\"@type\":\"SearchAction\",\"target\":{\"@type\":\"EntryPoint\",\"urlTemplate\":\"https:\\\/\\\/help.jamk.fi\\\/opetus\\\/?s={search_term_string}\"},\"query-input\":{\"@type\":\"PropertyValueSpecification\",\"valueRequired\":true,\"valueName\":\"search_term_string\"}}],\"inLanguage\":\"fi\"}]}<\/script>\n<!-- \/ Yoast SEO plugin. -->","yoast_head_json":{"title":"Tavoitteet ja arviointi kuntoon -ty\u00f6paja - Opetus","robots":{"index":"index","follow":"follow","max-snippet":"max-snippet:-1","max-image-preview":"max-image-preview:large","max-video-preview":"max-video-preview:-1"},"canonical":"https:\/\/help.jamk.fi\/opetus\/fi\/yhteinen-suunnittelu-ja-tuottaminen\/tavoitteet-ja-arviointi\/tavoitteet-ja-arviointi-kuntoon-tyopaja\/","og_locale":"fi_FI","og_type":"article","og_title":"Tavoitteet ja arviointi kuntoon -ty\u00f6paja - Opetus","og_description":"Tavoite Tavoitteet ja arviointi kuntoon -ty\u00f6pajan tavoitteena on tarkastella ja parantaa opintojaksojen tavoitteiden ja arvioinnin linjakkuutta, ymm\u00e4rrett\u00e4vyytt\u00e4 ja oppijal\u00e4ht\u00f6isyytt\u00e4. Tarkoitus Ty\u00f6pajan tarkoituksena on, ett\u00e4 opettaja Osaamistavoitteet ja arviointi ohjaavat opiskelijan toimintaa Osaamistavoitteet kuvaavat lyhyesti, mit\u00e4 opiskelijan odotetaan tiet\u00e4v\u00e4n, ymm\u00e4rt\u00e4v\u00e4n tai osaavan tehd\u00e4 opintojakson lopussa saadakseen hyv\u00e4ksytyn arvosanan.&nbsp; Osaamistavoitteet ovat oppijan kompassi. Ne antavat fokuksen, jota [&hellip;]","og_url":"https:\/\/help.jamk.fi\/opetus\/fi\/yhteinen-suunnittelu-ja-tuottaminen\/tavoitteet-ja-arviointi\/tavoitteet-ja-arviointi-kuntoon-tyopaja\/","og_site_name":"Opetus","article_modified_time":"2024-08-13T11:13:22+00:00","twitter_card":"summary_large_image","twitter_misc":{"Arvioitu lukuaika":"3 minuuttia"},"schema":{"@context":"https:\/\/schema.org","@graph":[{"@type":"WebPage","@id":"https:\/\/help.jamk.fi\/opetus\/fi\/yhteinen-suunnittelu-ja-tuottaminen\/tavoitteet-ja-arviointi\/tavoitteet-ja-arviointi-kuntoon-tyopaja\/","url":"https:\/\/help.jamk.fi\/opetus\/fi\/yhteinen-suunnittelu-ja-tuottaminen\/tavoitteet-ja-arviointi\/tavoitteet-ja-arviointi-kuntoon-tyopaja\/","name":"Tavoitteet ja arviointi kuntoon -ty\u00f6paja - Opetus","isPartOf":{"@id":"https:\/\/help.jamk.fi\/opetus\/#website"},"datePublished":"2024-05-23T10:40:35+00:00","dateModified":"2024-08-13T11:13:22+00:00","breadcrumb":{"@id":"https:\/\/help.jamk.fi\/opetus\/fi\/yhteinen-suunnittelu-ja-tuottaminen\/tavoitteet-ja-arviointi\/tavoitteet-ja-arviointi-kuntoon-tyopaja\/#breadcrumb"},"inLanguage":"fi","potentialAction":[{"@type":"ReadAction","target":["https:\/\/help.jamk.fi\/opetus\/fi\/yhteinen-suunnittelu-ja-tuottaminen\/tavoitteet-ja-arviointi\/tavoitteet-ja-arviointi-kuntoon-tyopaja\/"]}]},{"@type":"BreadcrumbList","@id":"https:\/\/help.jamk.fi\/opetus\/fi\/yhteinen-suunnittelu-ja-tuottaminen\/tavoitteet-ja-arviointi\/tavoitteet-ja-arviointi-kuntoon-tyopaja\/#breadcrumb","itemListElement":[{"@type":"ListItem","position":1,"name":"Etusivu","item":"https:\/\/help.jamk.fi\/opetus\/fi\/"},{"@type":"ListItem","position":2,"name":"Yhteinen suunnittelu ja tuottaminen","item":"https:\/\/help.jamk.fi\/opetus\/fi\/yhteinen-suunnittelu-ja-tuottaminen\/"},{"@type":"ListItem","position":3,"name":"Tavoitteet ja arviointi","item":"https:\/\/help.jamk.fi\/opetus\/fi\/yhteinen-suunnittelu-ja-tuottaminen\/tavoitteet-ja-arviointi\/"},{"@type":"ListItem","position":4,"name":"Tavoitteet ja arviointi kuntoon -ty\u00f6paja"}]},{"@type":"WebSite","@id":"https:\/\/help.jamk.fi\/opetus\/#website","url":"https:\/\/help.jamk.fi\/opetus\/","name":"Opetus","description":"Opettajan ty\u00f6v\u00e4lineet","potentialAction":[{"@type":"SearchAction","target":{"@type":"EntryPoint","urlTemplate":"https:\/\/help.jamk.fi\/opetus\/?s={search_term_string}"},"query-input":{"@type":"PropertyValueSpecification","valueRequired":true,"valueName":"search_term_string"}}],"inLanguage":"fi"}]}},"_links":{"self":[{"href":"https:\/\/help.jamk.fi\/opetus\/wp-json\/wp\/v2\/pages\/1959","targetHints":{"allow":["GET"]}}],"collection":[{"href":"https:\/\/help.jamk.fi\/opetus\/wp-json\/wp\/v2\/pages"}],"about":[{"href":"https:\/\/help.jamk.fi\/opetus\/wp-json\/wp\/v2\/types\/page"}],"author":[{"embeddable":true,"href":"https:\/\/help.jamk.fi\/opetus\/wp-json\/wp\/v2\/users\/435"}],"replies":[{"embeddable":true,"href":"https:\/\/help.jamk.fi\/opetus\/wp-json\/wp\/v2\/comments?post=1959"}],"version-history":[{"count":11,"href":"https:\/\/help.jamk.fi\/opetus\/wp-json\/wp\/v2\/pages\/1959\/revisions"}],"predecessor-version":[{"id":2028,"href":"https:\/\/help.jamk.fi\/opetus\/wp-json\/wp\/v2\/pages\/1959\/revisions\/2028"}],"up":[{"embeddable":true,"href":"https:\/\/help.jamk.fi\/opetus\/wp-json\/wp\/v2\/pages\/1761"}],"wp:attachment":[{"href":"https:\/\/help.jamk.fi\/opetus\/wp-json\/wp\/v2\/media?parent=1959"}],"wp:term":[{"taxonomy":"category","embeddable":true,"href":"https:\/\/help.jamk.fi\/opetus\/wp-json\/wp\/v2\/categories?post=1959"},{"taxonomy":"post_tag","embeddable":true,"href":"https:\/\/help.jamk.fi\/opetus\/wp-json\/wp\/v2\/tags?post=1959"}],"curies":[{"name":"wp","href":"https:\/\/api.w.org\/{rel}","templated":true}]}}