{"id":156,"date":"2020-05-06T05:00:54","date_gmt":"2020-05-06T02:00:54","guid":{"rendered":"https:\/\/help.jamk.fi\/opinnaytetyo\/kirjoittaminen\/"},"modified":"2025-11-19T13:09:53","modified_gmt":"2025-11-19T11:09:53","slug":"kirjoittaminen","status":"publish","type":"page","link":"https:\/\/help.jamk.fi\/opinnaytetyo\/fi\/kirjoittaminen\/","title":{"rendered":"6 Kirjoittamisen opintojaksot"},"content":{"rendered":"\n<p>Kirjoittamisen opintojaksot ovat <strong>Opinn\u00e4ytety\u00f6n kirjoittaminen, AMK (2 op) ja Tutkimuskirjoittaminen, YAMK (3 op) <\/strong><\/p>\n\n\n\n<p>Kirjoittamisen opintojaksot auttavat sinua opinn\u00e4ytety\u00f6n tietoperustan kirjoittamisessa. Perehdyt erityisesti referointitapoihin ja l\u00e4hteiden k\u00e4ytt\u00f6tapoihin. N\u00e4ist\u00e4 opintojaksoista vastaa Kielikeskus.<\/p>\n\n\n\n<p><strong>Ennen opintojaksolle osallistumista:<\/strong><\/p>\n\n\n\n<ul class=\"wp-block-list\">\n<li>Olet suorittanut opintojakson Kehitt\u00e4mis- ja tutkimustoiminta (5 op, AMK) tai Tutkiva Kehitt\u00e4minen (5 op, YAMK) <\/li>\n\n\n\n<li>Olet tehnyt opinn\u00e4ytety\u00f6st\u00e4si noin 1\/3, eli suorittanut vaiheen 1 Opinn\u00e4ytety\u00f6suunnitelma (3 op).\n<ul class=\"wp-block-list\">\n<li>Osana opinn\u00e4ytety\u00f6suunnitelmaa olet tehnyt &#8221;Selvitys Tiedonhankinnasta&#8221; -teht\u00e4v\u00e4n (kts. linkit).<\/li>\n<\/ul>\n<\/li>\n\n\n\n<li>Olet tutustunut aiheesi mukaiseen l\u00e4hdekirjallisuuteen ja kirjoittanut opinn\u00e4ytety\u00f6n <strong>tietoperustaan <\/strong>l\u00e4hdeviitattua teksti\u00e4 3\u20135 sivua.<\/li>\n<\/ul>\n\n\n\n<p><\/p>\n\n\n\n<p>Osallistu siihen toteutukseen, joka sopii sinun opinn\u00e4ytety\u00f6si kirjoitusaikatauluun. Kirjoitat omaa tietoperustaasi opintojakson aikana.<\/p>\n\n\n\n<p><strong>I<strong>lmoittaudu valitsemallesi<\/strong><\/strong> <strong>toteutukselle Pepiss\u00e4.<\/strong> <\/p>\n\n\n\n<p><strong>Ilmoittautuminen <\/strong>kullekin toteutukselle avautuu Pepiss\u00e4 <strong>noin kuukautta ennen<\/strong> toteutuksen alkamista. Voit siis ilmoittautua, vaikka opinn\u00e4ytety\u00f6suunnitelma (Vaihe 1) olisi viel\u00e4 kesken. Huolehdi kuitenkin, ett\u00e4 saat edelt\u00e4v\u00e4t teht\u00e4v\u00e4t (kts. yll\u00e4!) tehty\u00e4 ennen opintojakson alkamista.  <\/p>\n\n\n\n<ul class=\"wp-block-list\">\n<li>AMK-opiskelijoille on lukuvuoden aikana runsaasti eri toteutusvaihtoehtoja, joista voit valita, mihin osallistut.<\/li>\n\n\n\n<li>YAMK-opiskelijoille on tarjolla omat toteutuksensa.<\/li>\n<\/ul>\n\n\n\n<p><\/p>\n\n\n\n<p><em>P\u00e4ivitetty 19.11.2025 \/ Riikka Ahlgren<\/em><\/p>\n\n\n\n<p><\/p>\n","protected":false},"excerpt":{"rendered":"<p>Kirjoittamisen opintojaksot ovat Opinn\u00e4ytety\u00f6n kirjoittaminen, AMK (2 op) ja Tutkimuskirjoittaminen, YAMK (3 op) Kirjoittamisen opintojaksot auttavat sinua opinn\u00e4ytety\u00f6n tietoperustan kirjoittamisessa. Perehdyt erityisesti referointitapoihin ja l\u00e4hteiden k\u00e4ytt\u00f6tapoihin. N\u00e4ist\u00e4 opintojaksoista vastaa Kielikeskus. Ennen opintojaksolle osallistumista: Osallistu siihen toteutukseen, joka sopii sinun opinn\u00e4ytety\u00f6si kirjoitusaikatauluun. Kirjoitat omaa tietoperustaasi opintojakson aikana. Ilmoittaudu valitsemallesi toteutukselle Pepiss\u00e4. Ilmoittautuminen kullekin toteutukselle avautuu Pepiss\u00e4 [&hellip;]<\/p>\n","protected":false},"author":79,"featured_media":0,"parent":0,"menu_order":6,"comment_status":"closed","ping_status":"closed","template":"","meta":{"_acf_changed":false,"_relevanssi_hide_post":"","_relevanssi_hide_content":"","_relevanssi_pin_for_all":"","_relevanssi_pin_keywords":"","_relevanssi_unpin_keywords":"","_relevanssi_related_keywords":"","_relevanssi_related_include_ids":"","_relevanssi_related_exclude_ids":"","_relevanssi_related_no_append":"","_relevanssi_related_not_related":"","_relevanssi_related_posts":"","_relevanssi_noindex_reason":"","footnotes":""},"categories":[1],"tags":[411,2144,2138,2142,2140],"class_list":["post-156","page","type-page","status-publish","hentry","category-yleinen","tag-kirjoittaminen","tag-opinnaytetyon-kirjoittaminen","tag-tutkimuskirjoittaminen","tag-yamk-kirjoittaminen","tag-yamk-opintojakso"],"acf":[],"yoast_head":"<!-- This site is optimized with the Yoast SEO plugin v27.3 - https:\/\/yoast.com\/product\/yoast-seo-wordpress\/ -->\n<title>6 Kirjoittamisen opintojaksot - Opinn\u00e4ytety\u00f6<\/title>\n<meta name=\"robots\" content=\"index, follow, max-snippet:-1, max-image-preview:large, max-video-preview:-1\" \/>\n<link rel=\"canonical\" href=\"https:\/\/help.jamk.fi\/opinnaytetyo\/fi\/kirjoittaminen\/\" \/>\n<meta property=\"og:locale\" content=\"fi_FI\" \/>\n<meta property=\"og:type\" content=\"article\" \/>\n<meta property=\"og:title\" content=\"6 Kirjoittamisen opintojaksot - Opinn\u00e4ytety\u00f6\" \/>\n<meta property=\"og:description\" content=\"Kirjoittamisen opintojaksot ovat Opinn\u00e4ytety\u00f6n kirjoittaminen, AMK (2 op) ja Tutkimuskirjoittaminen, YAMK (3 op) Kirjoittamisen opintojaksot auttavat sinua opinn\u00e4ytety\u00f6n tietoperustan kirjoittamisessa. Perehdyt erityisesti referointitapoihin ja l\u00e4hteiden k\u00e4ytt\u00f6tapoihin. N\u00e4ist\u00e4 opintojaksoista vastaa Kielikeskus. Ennen opintojaksolle osallistumista: Osallistu siihen toteutukseen, joka sopii sinun opinn\u00e4ytety\u00f6si kirjoitusaikatauluun. Kirjoitat omaa tietoperustaasi opintojakson aikana. Ilmoittaudu valitsemallesi toteutukselle Pepiss\u00e4. Ilmoittautuminen kullekin toteutukselle avautuu Pepiss\u00e4 [&hellip;]\" \/>\n<meta property=\"og:url\" content=\"https:\/\/help.jamk.fi\/opinnaytetyo\/fi\/kirjoittaminen\/\" \/>\n<meta property=\"og:site_name\" content=\"Opinn\u00e4ytety\u00f6\" \/>\n<meta property=\"article:modified_time\" content=\"2025-11-19T11:09:53+00:00\" \/>\n<meta name=\"twitter:card\" content=\"summary_large_image\" \/>\n<meta name=\"twitter:label1\" content=\"Arvioitu lukuaika\" \/>\n\t<meta name=\"twitter:data1\" content=\"1 minuutti\" \/>\n<script type=\"application\/ld+json\" class=\"yoast-schema-graph\">{\"@context\":\"https:\\\/\\\/schema.org\",\"@graph\":[{\"@type\":\"WebPage\",\"@id\":\"https:\\\/\\\/help.jamk.fi\\\/opinnaytetyo\\\/fi\\\/kirjoittaminen\\\/\",\"url\":\"https:\\\/\\\/help.jamk.fi\\\/opinnaytetyo\\\/fi\\\/kirjoittaminen\\\/\",\"name\":\"6 Kirjoittamisen opintojaksot - Opinn\u00e4ytety\u00f6\",\"isPartOf\":{\"@id\":\"https:\\\/\\\/help.jamk.fi\\\/opinnaytetyo\\\/#website\"},\"datePublished\":\"2020-05-06T02:00:54+00:00\",\"dateModified\":\"2025-11-19T11:09:53+00:00\",\"breadcrumb\":{\"@id\":\"https:\\\/\\\/help.jamk.fi\\\/opinnaytetyo\\\/fi\\\/kirjoittaminen\\\/#breadcrumb\"},\"inLanguage\":\"fi\",\"potentialAction\":[{\"@type\":\"ReadAction\",\"target\":[\"https:\\\/\\\/help.jamk.fi\\\/opinnaytetyo\\\/fi\\\/kirjoittaminen\\\/\"]}]},{\"@type\":\"BreadcrumbList\",\"@id\":\"https:\\\/\\\/help.jamk.fi\\\/opinnaytetyo\\\/fi\\\/kirjoittaminen\\\/#breadcrumb\",\"itemListElement\":[{\"@type\":\"ListItem\",\"position\":1,\"name\":\"Etusivu\",\"item\":\"https:\\\/\\\/help.jamk.fi\\\/opinnaytetyo\\\/fi\\\/\"},{\"@type\":\"ListItem\",\"position\":2,\"name\":\"6 Kirjoittamisen opintojaksot\"}]},{\"@type\":\"WebSite\",\"@id\":\"https:\\\/\\\/help.jamk.fi\\\/opinnaytetyo\\\/#website\",\"url\":\"https:\\\/\\\/help.jamk.fi\\\/opinnaytetyo\\\/\",\"name\":\"Opinn\u00e4ytety\u00f6\",\"description\":\"\",\"potentialAction\":[{\"@type\":\"SearchAction\",\"target\":{\"@type\":\"EntryPoint\",\"urlTemplate\":\"https:\\\/\\\/help.jamk.fi\\\/opinnaytetyo\\\/?s={search_term_string}\"},\"query-input\":{\"@type\":\"PropertyValueSpecification\",\"valueRequired\":true,\"valueName\":\"search_term_string\"}}],\"inLanguage\":\"fi\"}]}<\/script>\n<!-- \/ Yoast SEO plugin. -->","yoast_head_json":{"title":"6 Kirjoittamisen opintojaksot - Opinn\u00e4ytety\u00f6","robots":{"index":"index","follow":"follow","max-snippet":"max-snippet:-1","max-image-preview":"max-image-preview:large","max-video-preview":"max-video-preview:-1"},"canonical":"https:\/\/help.jamk.fi\/opinnaytetyo\/fi\/kirjoittaminen\/","og_locale":"fi_FI","og_type":"article","og_title":"6 Kirjoittamisen opintojaksot - Opinn\u00e4ytety\u00f6","og_description":"Kirjoittamisen opintojaksot ovat Opinn\u00e4ytety\u00f6n kirjoittaminen, AMK (2 op) ja Tutkimuskirjoittaminen, YAMK (3 op) Kirjoittamisen opintojaksot auttavat sinua opinn\u00e4ytety\u00f6n tietoperustan kirjoittamisessa. Perehdyt erityisesti referointitapoihin ja l\u00e4hteiden k\u00e4ytt\u00f6tapoihin. N\u00e4ist\u00e4 opintojaksoista vastaa Kielikeskus. Ennen opintojaksolle osallistumista: Osallistu siihen toteutukseen, joka sopii sinun opinn\u00e4ytety\u00f6si kirjoitusaikatauluun. Kirjoitat omaa tietoperustaasi opintojakson aikana. Ilmoittaudu valitsemallesi toteutukselle Pepiss\u00e4. Ilmoittautuminen kullekin toteutukselle avautuu Pepiss\u00e4 [&hellip;]","og_url":"https:\/\/help.jamk.fi\/opinnaytetyo\/fi\/kirjoittaminen\/","og_site_name":"Opinn\u00e4ytety\u00f6","article_modified_time":"2025-11-19T11:09:53+00:00","twitter_card":"summary_large_image","twitter_misc":{"Arvioitu lukuaika":"1 minuutti"},"schema":{"@context":"https:\/\/schema.org","@graph":[{"@type":"WebPage","@id":"https:\/\/help.jamk.fi\/opinnaytetyo\/fi\/kirjoittaminen\/","url":"https:\/\/help.jamk.fi\/opinnaytetyo\/fi\/kirjoittaminen\/","name":"6 Kirjoittamisen opintojaksot - Opinn\u00e4ytety\u00f6","isPartOf":{"@id":"https:\/\/help.jamk.fi\/opinnaytetyo\/#website"},"datePublished":"2020-05-06T02:00:54+00:00","dateModified":"2025-11-19T11:09:53+00:00","breadcrumb":{"@id":"https:\/\/help.jamk.fi\/opinnaytetyo\/fi\/kirjoittaminen\/#breadcrumb"},"inLanguage":"fi","potentialAction":[{"@type":"ReadAction","target":["https:\/\/help.jamk.fi\/opinnaytetyo\/fi\/kirjoittaminen\/"]}]},{"@type":"BreadcrumbList","@id":"https:\/\/help.jamk.fi\/opinnaytetyo\/fi\/kirjoittaminen\/#breadcrumb","itemListElement":[{"@type":"ListItem","position":1,"name":"Etusivu","item":"https:\/\/help.jamk.fi\/opinnaytetyo\/fi\/"},{"@type":"ListItem","position":2,"name":"6 Kirjoittamisen opintojaksot"}]},{"@type":"WebSite","@id":"https:\/\/help.jamk.fi\/opinnaytetyo\/#website","url":"https:\/\/help.jamk.fi\/opinnaytetyo\/","name":"Opinn\u00e4ytety\u00f6","description":"","potentialAction":[{"@type":"SearchAction","target":{"@type":"EntryPoint","urlTemplate":"https:\/\/help.jamk.fi\/opinnaytetyo\/?s={search_term_string}"},"query-input":{"@type":"PropertyValueSpecification","valueRequired":true,"valueName":"search_term_string"}}],"inLanguage":"fi"}]}},"_links":{"self":[{"href":"https:\/\/help.jamk.fi\/opinnaytetyo\/wp-json\/wp\/v2\/pages\/156","targetHints":{"allow":["GET"]}}],"collection":[{"href":"https:\/\/help.jamk.fi\/opinnaytetyo\/wp-json\/wp\/v2\/pages"}],"about":[{"href":"https:\/\/help.jamk.fi\/opinnaytetyo\/wp-json\/wp\/v2\/types\/page"}],"author":[{"embeddable":true,"href":"https:\/\/help.jamk.fi\/opinnaytetyo\/wp-json\/wp\/v2\/users\/79"}],"replies":[{"embeddable":true,"href":"https:\/\/help.jamk.fi\/opinnaytetyo\/wp-json\/wp\/v2\/comments?post=156"}],"version-history":[{"count":28,"href":"https:\/\/help.jamk.fi\/opinnaytetyo\/wp-json\/wp\/v2\/pages\/156\/revisions"}],"predecessor-version":[{"id":6151,"href":"https:\/\/help.jamk.fi\/opinnaytetyo\/wp-json\/wp\/v2\/pages\/156\/revisions\/6151"}],"wp:attachment":[{"href":"https:\/\/help.jamk.fi\/opinnaytetyo\/wp-json\/wp\/v2\/media?parent=156"}],"wp:term":[{"taxonomy":"category","embeddable":true,"href":"https:\/\/help.jamk.fi\/opinnaytetyo\/wp-json\/wp\/v2\/categories?post=156"},{"taxonomy":"post_tag","embeddable":true,"href":"https:\/\/help.jamk.fi\/opinnaytetyo\/wp-json\/wp\/v2\/tags?post=156"}],"curies":[{"name":"wp","href":"https:\/\/api.w.org\/{rel}","templated":true}]}}