{"id":213,"date":"2020-05-06T05:07:46","date_gmt":"2020-05-06T02:07:46","guid":{"rendered":"https:\/\/help.jamk.fi\/opinnaytetyo\/raportointi-ja-arviointi\/arviointi-ja-kasittely\/"},"modified":"2026-03-27T09:42:57","modified_gmt":"2026-03-27T07:42:57","slug":"palauttaminen","status":"publish","type":"page","link":"https:\/\/help.jamk.fi\/opinnaytetyo\/fi\/valmis-arvioitavaksi\/palauttaminen\/","title":{"rendered":"8.1 Opinn\u00e4ytety\u00f6n palauttaminen"},"content":{"rendered":"\n<p>Sovi p\u00e4\u00e4ohjaajan kanssa opinn\u00e4ytety\u00f6n viimeisen version palauttamisesta. Palauta opinn\u00e4ytety\u00f6<strong> pdf\/a -muodossa<\/strong> Wihin vaiheen 3 <strong>Plagioinnin tarkastus<\/strong> -kentt\u00e4\u00e4n.  <\/p>\n\n\n\n<p><strong>Huom.<\/strong>  Pyyd\u00e4 ohjaajalta erikseen lupa ty\u00f6n julkaisuun Theseuksessa. Tee julkaisu vasta kun ohjaaja on arvioinut ty\u00f6si.<\/p>\n\n\n\n<h2 class=\"wp-block-heading\" id=\"palautettavat-dokumentit\">Opinn\u00e4ytety\u00f6n tiedosto <\/h2>\n\n\n\n<ul class=\"wp-block-list\">\n<li>Tarkista, ett\u00e4 ty\u00f6si lopullinen otsikko Word-tiedostossa on sama kuin Wihi-projektin otsikko (suomen ja enkunkielinen otsikko). <br>Jos ei ole, niin muuta Wihi-projektin otsikko siten, ett\u00e4 se vastaa ty\u00f6si oikeaa otsikkoa.<\/li>\n\n\n\n<li>Muunna opinn\u00e4ytety\u00f6 <strong>pdf\/a muotoon<\/strong>. T\u00e4m\u00e4 on eri tiedostomuoto kuin \u201dtavallinen\u201d pdf-tiedosto, katso ohjeet t\u00e4m\u00e4n sivun linkeist\u00e4.<\/li>\n\n\n\n<li>Nime\u00e4 tiedosto alla olevan <strong>nime\u00e4misohjeen mukaisesti<\/strong>.<\/li>\n\n\n\n<li>Palauta tiedosto Wihiin vaiheen 3 Plagioinnin tarkastus -kohtaan (Huom. t\u00e4m\u00e4 on eri paikka kuin &#8221;Luonnosten plagioinnintarkastus&#8221;)<\/li>\n<\/ul>\n\n\n\n<p><\/p>\n\n\n\n<figure class=\"wp-block-image size-full\"><img loading=\"lazy\" decoding=\"async\" width=\"842\" height=\"396\" src=\"https:\/\/help.jamk.fi\/opinnaytetyo\/wp-content\/uploads\/sites\/114\/2025\/03\/vaiheen3_plagiointitarkastus_wihi_vers8.png\" alt=\"\" class=\"wp-image-5352\" srcset=\"https:\/\/help.jamk.fi\/opinnaytetyo\/wp-content\/uploads\/sites\/114\/2025\/03\/vaiheen3_plagiointitarkastus_wihi_vers8.png 842w, https:\/\/help.jamk.fi\/opinnaytetyo\/wp-content\/uploads\/sites\/114\/2025\/03\/vaiheen3_plagiointitarkastus_wihi_vers8-300x141.png 300w, https:\/\/help.jamk.fi\/opinnaytetyo\/wp-content\/uploads\/sites\/114\/2025\/03\/vaiheen3_plagiointitarkastus_wihi_vers8-768x361.png 768w\" sizes=\"auto, (max-width: 842px) 100vw, 842px\" \/><figcaption class=\"wp-element-caption\">Kuvio 1. Palauta valmis opinn\u00e4ytety\u00f6 vaiheen 3 plagioinnin tarkastukseen. Nime\u00e4 tiedosto ohjeen mukaisesti.<\/figcaption><\/figure>\n\n\n\n<h2 class=\"wp-block-heading\">Muut palautettavat tiedostot<\/h2>\n\n\n\n<p>Muut palautettavat tiedostot ovat <\/p>\n\n\n\n<ul class=\"wp-block-list\">\n<li><strong>itsearviointi,<\/strong><\/li>\n\n\n\n<li>mahdollinen <strong>opinn\u00e4ytety\u00f6sopimus <\/strong>(liitteen\u00e4 salassapitosopimus jos sellainen on tehty, ks. ohjeen luku 3 Toimeksiantaja ja aihe).<\/li>\n\n\n\n<li><strong>toimeksiantajan lausunto<\/strong> (ks. ohjeen luku 8).<\/li>\n<\/ul>\n\n\n\n<p>Palauta n\u00e4m\u00e4 tiedostot tavallisina pdf-tiedostoina (tai pdf\/a -tiedostoina) Wihin Tiedostot -kohtaan.  Nime\u00e4 tiedostot alla olevan ohjeen mukaan.<br><\/p>\n\n\n\n<h2 class=\"wp-block-heading\">Tiedostojen nime\u00e4minen<\/h2>\n\n\n\n<p>Nime\u00e4 palautettavat tiedostot t\u00e4m\u00e4n mallin mukaan:<\/p>\n\n\n\n<p>Opinnaytetyo_Sukunimi_Etunimi_Ryhm\u00e4tunnus.pdf<br>Itsearviointi_Sukunimi_Etunimi_Ryhm\u00e4tunnus.pdf<br>Itsearviointi_Sukunimi_Etunimi_Ryhm\u00e4tunnus_Sukunimi_Etunimi_Ryhm\u00e4tunnus.pdf (jos parity\u00f6n\u00e4 tehty opinn\u00e4ytety\u00f6)<br>Opinnaytetyosopimus_Sukunimi_Etunimi_Yksikko.pdf<br>Lausunto_toimeksiantaja_Sukunimi_Etunimi_Ryhm\u00e4tunnus.pdf<\/p>\n\n\n\n<p><\/p>\n\n\n\n<h2 class=\"wp-block-heading\" id=\"amk-opinnaytetyo\">Opinn\u00e4ytety\u00f6n palauttaminen, kun ty\u00f6 sis\u00e4lt\u00e4\u00e4 salassa pidett\u00e4vi\u00e4 liitteit\u00e4<\/h2>\n\n\n\n<ul class=\"wp-block-list\">\n<li>Jos opinn\u00e4ytety\u00f6si sis\u00e4lt\u00e4\u00e4 salassa pidett\u00e4vi\u00e4 liitteit\u00e4, palauta ty\u00f6si <strong>kokonainen versio liitteineen Wihin Luottamukselliset tiedostot<\/strong> -kohtaan (kuvio 1). <br>Ohjaajasi avaa t\u00e4m\u00e4n sinulle. T\u00e4m\u00e4 tiedosto voi olla pdf tai pdf\/a -muotoa.<\/li>\n\n\n\n<li>Palauta sitten<strong> julkaistava versio, eli ty\u00f6 ilman salassapidett\u00e4vi\u00e4 liitteit\u00e4 pdf\/a -muodossa Wihin vaiheen 3 Plagioinnin tarkastus <\/strong>-kohtaan.<\/li>\n\n\n\n<li><strong>Huom! <\/strong>Palauta muut tiedostot (itsearviointi, toimeksiantajan palaute) <strong>Tiedostot -kohtaan<\/strong> (ei Luottamuksellisiin tiedostoihin), jotta arkistointi menee oikein. Muut tiedostot voi olla pdf tai pdf\/a -muotoa.<\/li>\n<\/ul>\n\n\n\n<figure class=\"wp-block-image size-full\"><img loading=\"lazy\" decoding=\"async\" width=\"1402\" height=\"329\" src=\"https:\/\/help.jamk.fi\/opinnaytetyo\/wp-content\/uploads\/sites\/114\/2021\/04\/Opiskelijan-luottamuksellinen-alue-tiedostot.png\" alt=\"Luottamuksellisten tiedostojen laataaminen Wihiin\" class=\"wp-image-1738\"\/><figcaption class=\"wp-element-caption\">Kuvio 2. Luottamuksellisten tiedostojen lataaminen Wihiin<\/figcaption><\/figure>\n\n\n\n<h2 class=\"wp-block-heading\"><\/h2>\n\n\n\n<p>P\u00e4ivitetty 27.3.2026<\/p>\n\n\n\n<p><\/p>\n","protected":false},"excerpt":{"rendered":"<p>Sovi p\u00e4\u00e4ohjaajan kanssa opinn\u00e4ytety\u00f6n viimeisen version palauttamisesta. Palauta opinn\u00e4ytety\u00f6 pdf\/a -muodossa Wihin vaiheen 3 Plagioinnin tarkastus -kentt\u00e4\u00e4n. Huom. Pyyd\u00e4 ohjaajalta erikseen lupa ty\u00f6n julkaisuun Theseuksessa. Tee julkaisu vasta kun ohjaaja on arvioinut ty\u00f6si. Opinn\u00e4ytety\u00f6n tiedosto Muut palautettavat tiedostot Muut palautettavat tiedostot ovat Palauta n\u00e4m\u00e4 tiedostot tavallisina pdf-tiedostoina (tai pdf\/a -tiedostoina) Wihin Tiedostot -kohtaan. Nime\u00e4 tiedostot [&hellip;]<\/p>\n","protected":false},"author":79,"featured_media":0,"parent":126,"menu_order":2,"comment_status":"closed","ping_status":"closed","template":"","meta":{"_acf_changed":false,"_relevanssi_hide_post":"","_relevanssi_hide_content":"","_relevanssi_pin_for_all":"","_relevanssi_pin_keywords":"","_relevanssi_unpin_keywords":"","_relevanssi_related_keywords":"","_relevanssi_related_include_ids":"","_relevanssi_related_exclude_ids":"","_relevanssi_related_no_append":"","_relevanssi_related_not_related":"","_relevanssi_related_posts":"","_relevanssi_noindex_reason":"","footnotes":""},"categories":[1],"tags":[633,2156,2160,639,651,2158],"class_list":["post-213","page","type-page","status-publish","hentry","category-yleinen","tag-arviointikokous","tag-nimeaminen","tag-nimeamisohje","tag-opinnaytetyon-palauttaminen","tag-palauttaminen","tag-tiedostonimi"],"acf":[],"yoast_head":"<!-- This site is optimized with the Yoast SEO plugin v27.3 - https:\/\/yoast.com\/product\/yoast-seo-wordpress\/ -->\n<title>8.1 Opinn\u00e4ytety\u00f6n palauttaminen - Opinn\u00e4ytety\u00f6<\/title>\n<meta name=\"robots\" content=\"index, follow, max-snippet:-1, max-image-preview:large, max-video-preview:-1\" \/>\n<link rel=\"canonical\" href=\"https:\/\/help.jamk.fi\/opinnaytetyo\/fi\/valmis-arvioitavaksi\/palauttaminen\/\" \/>\n<meta property=\"og:locale\" content=\"fi_FI\" \/>\n<meta property=\"og:type\" content=\"article\" \/>\n<meta property=\"og:title\" content=\"8.1 Opinn\u00e4ytety\u00f6n palauttaminen - Opinn\u00e4ytety\u00f6\" \/>\n<meta property=\"og:description\" content=\"Sovi p\u00e4\u00e4ohjaajan kanssa opinn\u00e4ytety\u00f6n viimeisen version palauttamisesta. Palauta opinn\u00e4ytety\u00f6 pdf\/a -muodossa Wihin vaiheen 3 Plagioinnin tarkastus -kentt\u00e4\u00e4n. Huom. Pyyd\u00e4 ohjaajalta erikseen lupa ty\u00f6n julkaisuun Theseuksessa. Tee julkaisu vasta kun ohjaaja on arvioinut ty\u00f6si. Opinn\u00e4ytety\u00f6n tiedosto Muut palautettavat tiedostot Muut palautettavat tiedostot ovat Palauta n\u00e4m\u00e4 tiedostot tavallisina pdf-tiedostoina (tai pdf\/a -tiedostoina) Wihin Tiedostot -kohtaan. Nime\u00e4 tiedostot [&hellip;]\" \/>\n<meta property=\"og:url\" content=\"https:\/\/help.jamk.fi\/opinnaytetyo\/fi\/valmis-arvioitavaksi\/palauttaminen\/\" \/>\n<meta property=\"og:site_name\" content=\"Opinn\u00e4ytety\u00f6\" \/>\n<meta property=\"article:modified_time\" content=\"2026-03-27T07:42:57+00:00\" \/>\n<meta property=\"og:image\" content=\"https:\/\/help.jamk.fi\/opinnaytetyo\/wp-content\/uploads\/sites\/114\/2025\/03\/vaiheen3_plagiointitarkastus_wihi_vers8.png\" \/>\n\t<meta property=\"og:image:width\" content=\"842\" \/>\n\t<meta property=\"og:image:height\" content=\"396\" \/>\n\t<meta property=\"og:image:type\" content=\"image\/png\" \/>\n<meta name=\"twitter:card\" content=\"summary_large_image\" \/>\n<meta name=\"twitter:label1\" content=\"Arvioitu lukuaika\" \/>\n\t<meta name=\"twitter:data1\" content=\"3 minuuttia\" \/>\n<script type=\"application\/ld+json\" class=\"yoast-schema-graph\">{\"@context\":\"https:\\\/\\\/schema.org\",\"@graph\":[{\"@type\":\"WebPage\",\"@id\":\"https:\\\/\\\/help.jamk.fi\\\/opinnaytetyo\\\/fi\\\/valmis-arvioitavaksi\\\/palauttaminen\\\/\",\"url\":\"https:\\\/\\\/help.jamk.fi\\\/opinnaytetyo\\\/fi\\\/valmis-arvioitavaksi\\\/palauttaminen\\\/\",\"name\":\"8.1 Opinn\u00e4ytety\u00f6n palauttaminen - Opinn\u00e4ytety\u00f6\",\"isPartOf\":{\"@id\":\"https:\\\/\\\/help.jamk.fi\\\/opinnaytetyo\\\/#website\"},\"primaryImageOfPage\":{\"@id\":\"https:\\\/\\\/help.jamk.fi\\\/opinnaytetyo\\\/fi\\\/valmis-arvioitavaksi\\\/palauttaminen\\\/#primaryimage\"},\"image\":{\"@id\":\"https:\\\/\\\/help.jamk.fi\\\/opinnaytetyo\\\/fi\\\/valmis-arvioitavaksi\\\/palauttaminen\\\/#primaryimage\"},\"thumbnailUrl\":\"https:\\\/\\\/help.jamk.fi\\\/opinnaytetyo\\\/wp-content\\\/uploads\\\/sites\\\/114\\\/2025\\\/03\\\/vaiheen3_plagiointitarkastus_wihi_vers8.png\",\"datePublished\":\"2020-05-06T02:07:46+00:00\",\"dateModified\":\"2026-03-27T07:42:57+00:00\",\"breadcrumb\":{\"@id\":\"https:\\\/\\\/help.jamk.fi\\\/opinnaytetyo\\\/fi\\\/valmis-arvioitavaksi\\\/palauttaminen\\\/#breadcrumb\"},\"inLanguage\":\"fi\",\"potentialAction\":[{\"@type\":\"ReadAction\",\"target\":[\"https:\\\/\\\/help.jamk.fi\\\/opinnaytetyo\\\/fi\\\/valmis-arvioitavaksi\\\/palauttaminen\\\/\"]}]},{\"@type\":\"ImageObject\",\"inLanguage\":\"fi\",\"@id\":\"https:\\\/\\\/help.jamk.fi\\\/opinnaytetyo\\\/fi\\\/valmis-arvioitavaksi\\\/palauttaminen\\\/#primaryimage\",\"url\":\"https:\\\/\\\/help.jamk.fi\\\/opinnaytetyo\\\/wp-content\\\/uploads\\\/sites\\\/114\\\/2025\\\/03\\\/vaiheen3_plagiointitarkastus_wihi_vers8.png\",\"contentUrl\":\"https:\\\/\\\/help.jamk.fi\\\/opinnaytetyo\\\/wp-content\\\/uploads\\\/sites\\\/114\\\/2025\\\/03\\\/vaiheen3_plagiointitarkastus_wihi_vers8.png\",\"width\":842,\"height\":396},{\"@type\":\"BreadcrumbList\",\"@id\":\"https:\\\/\\\/help.jamk.fi\\\/opinnaytetyo\\\/fi\\\/valmis-arvioitavaksi\\\/palauttaminen\\\/#breadcrumb\",\"itemListElement\":[{\"@type\":\"ListItem\",\"position\":1,\"name\":\"Etusivu\",\"item\":\"https:\\\/\\\/help.jamk.fi\\\/opinnaytetyo\\\/fi\\\/\"},{\"@type\":\"ListItem\",\"position\":2,\"name\":\"8 Opinn\u00e4ytety\u00f6 valmis arvioitavaksi &#8211; Vaihe 3\\\/3\",\"item\":\"https:\\\/\\\/help.jamk.fi\\\/opinnaytetyo\\\/fi\\\/valmis-arvioitavaksi\\\/\"},{\"@type\":\"ListItem\",\"position\":3,\"name\":\"8.1 Opinn\u00e4ytety\u00f6n palauttaminen\"}]},{\"@type\":\"WebSite\",\"@id\":\"https:\\\/\\\/help.jamk.fi\\\/opinnaytetyo\\\/#website\",\"url\":\"https:\\\/\\\/help.jamk.fi\\\/opinnaytetyo\\\/\",\"name\":\"Opinn\u00e4ytety\u00f6\",\"description\":\"\",\"potentialAction\":[{\"@type\":\"SearchAction\",\"target\":{\"@type\":\"EntryPoint\",\"urlTemplate\":\"https:\\\/\\\/help.jamk.fi\\\/opinnaytetyo\\\/?s={search_term_string}\"},\"query-input\":{\"@type\":\"PropertyValueSpecification\",\"valueRequired\":true,\"valueName\":\"search_term_string\"}}],\"inLanguage\":\"fi\"}]}<\/script>\n<!-- \/ Yoast SEO plugin. -->","yoast_head_json":{"title":"8.1 Opinn\u00e4ytety\u00f6n palauttaminen - Opinn\u00e4ytety\u00f6","robots":{"index":"index","follow":"follow","max-snippet":"max-snippet:-1","max-image-preview":"max-image-preview:large","max-video-preview":"max-video-preview:-1"},"canonical":"https:\/\/help.jamk.fi\/opinnaytetyo\/fi\/valmis-arvioitavaksi\/palauttaminen\/","og_locale":"fi_FI","og_type":"article","og_title":"8.1 Opinn\u00e4ytety\u00f6n palauttaminen - Opinn\u00e4ytety\u00f6","og_description":"Sovi p\u00e4\u00e4ohjaajan kanssa opinn\u00e4ytety\u00f6n viimeisen version palauttamisesta. Palauta opinn\u00e4ytety\u00f6 pdf\/a -muodossa Wihin vaiheen 3 Plagioinnin tarkastus -kentt\u00e4\u00e4n. Huom. Pyyd\u00e4 ohjaajalta erikseen lupa ty\u00f6n julkaisuun Theseuksessa. Tee julkaisu vasta kun ohjaaja on arvioinut ty\u00f6si. Opinn\u00e4ytety\u00f6n tiedosto Muut palautettavat tiedostot Muut palautettavat tiedostot ovat Palauta n\u00e4m\u00e4 tiedostot tavallisina pdf-tiedostoina (tai pdf\/a -tiedostoina) Wihin Tiedostot -kohtaan. Nime\u00e4 tiedostot [&hellip;]","og_url":"https:\/\/help.jamk.fi\/opinnaytetyo\/fi\/valmis-arvioitavaksi\/palauttaminen\/","og_site_name":"Opinn\u00e4ytety\u00f6","article_modified_time":"2026-03-27T07:42:57+00:00","og_image":[{"width":842,"height":396,"url":"https:\/\/help.jamk.fi\/opinnaytetyo\/wp-content\/uploads\/sites\/114\/2025\/03\/vaiheen3_plagiointitarkastus_wihi_vers8.png","type":"image\/png"}],"twitter_card":"summary_large_image","twitter_misc":{"Arvioitu lukuaika":"3 minuuttia"},"schema":{"@context":"https:\/\/schema.org","@graph":[{"@type":"WebPage","@id":"https:\/\/help.jamk.fi\/opinnaytetyo\/fi\/valmis-arvioitavaksi\/palauttaminen\/","url":"https:\/\/help.jamk.fi\/opinnaytetyo\/fi\/valmis-arvioitavaksi\/palauttaminen\/","name":"8.1 Opinn\u00e4ytety\u00f6n palauttaminen - Opinn\u00e4ytety\u00f6","isPartOf":{"@id":"https:\/\/help.jamk.fi\/opinnaytetyo\/#website"},"primaryImageOfPage":{"@id":"https:\/\/help.jamk.fi\/opinnaytetyo\/fi\/valmis-arvioitavaksi\/palauttaminen\/#primaryimage"},"image":{"@id":"https:\/\/help.jamk.fi\/opinnaytetyo\/fi\/valmis-arvioitavaksi\/palauttaminen\/#primaryimage"},"thumbnailUrl":"https:\/\/help.jamk.fi\/opinnaytetyo\/wp-content\/uploads\/sites\/114\/2025\/03\/vaiheen3_plagiointitarkastus_wihi_vers8.png","datePublished":"2020-05-06T02:07:46+00:00","dateModified":"2026-03-27T07:42:57+00:00","breadcrumb":{"@id":"https:\/\/help.jamk.fi\/opinnaytetyo\/fi\/valmis-arvioitavaksi\/palauttaminen\/#breadcrumb"},"inLanguage":"fi","potentialAction":[{"@type":"ReadAction","target":["https:\/\/help.jamk.fi\/opinnaytetyo\/fi\/valmis-arvioitavaksi\/palauttaminen\/"]}]},{"@type":"ImageObject","inLanguage":"fi","@id":"https:\/\/help.jamk.fi\/opinnaytetyo\/fi\/valmis-arvioitavaksi\/palauttaminen\/#primaryimage","url":"https:\/\/help.jamk.fi\/opinnaytetyo\/wp-content\/uploads\/sites\/114\/2025\/03\/vaiheen3_plagiointitarkastus_wihi_vers8.png","contentUrl":"https:\/\/help.jamk.fi\/opinnaytetyo\/wp-content\/uploads\/sites\/114\/2025\/03\/vaiheen3_plagiointitarkastus_wihi_vers8.png","width":842,"height":396},{"@type":"BreadcrumbList","@id":"https:\/\/help.jamk.fi\/opinnaytetyo\/fi\/valmis-arvioitavaksi\/palauttaminen\/#breadcrumb","itemListElement":[{"@type":"ListItem","position":1,"name":"Etusivu","item":"https:\/\/help.jamk.fi\/opinnaytetyo\/fi\/"},{"@type":"ListItem","position":2,"name":"8 Opinn\u00e4ytety\u00f6 valmis arvioitavaksi &#8211; Vaihe 3\/3","item":"https:\/\/help.jamk.fi\/opinnaytetyo\/fi\/valmis-arvioitavaksi\/"},{"@type":"ListItem","position":3,"name":"8.1 Opinn\u00e4ytety\u00f6n palauttaminen"}]},{"@type":"WebSite","@id":"https:\/\/help.jamk.fi\/opinnaytetyo\/#website","url":"https:\/\/help.jamk.fi\/opinnaytetyo\/","name":"Opinn\u00e4ytety\u00f6","description":"","potentialAction":[{"@type":"SearchAction","target":{"@type":"EntryPoint","urlTemplate":"https:\/\/help.jamk.fi\/opinnaytetyo\/?s={search_term_string}"},"query-input":{"@type":"PropertyValueSpecification","valueRequired":true,"valueName":"search_term_string"}}],"inLanguage":"fi"}]}},"_links":{"self":[{"href":"https:\/\/help.jamk.fi\/opinnaytetyo\/wp-json\/wp\/v2\/pages\/213","targetHints":{"allow":["GET"]}}],"collection":[{"href":"https:\/\/help.jamk.fi\/opinnaytetyo\/wp-json\/wp\/v2\/pages"}],"about":[{"href":"https:\/\/help.jamk.fi\/opinnaytetyo\/wp-json\/wp\/v2\/types\/page"}],"author":[{"embeddable":true,"href":"https:\/\/help.jamk.fi\/opinnaytetyo\/wp-json\/wp\/v2\/users\/79"}],"replies":[{"embeddable":true,"href":"https:\/\/help.jamk.fi\/opinnaytetyo\/wp-json\/wp\/v2\/comments?post=213"}],"version-history":[{"count":48,"href":"https:\/\/help.jamk.fi\/opinnaytetyo\/wp-json\/wp\/v2\/pages\/213\/revisions"}],"predecessor-version":[{"id":6230,"href":"https:\/\/help.jamk.fi\/opinnaytetyo\/wp-json\/wp\/v2\/pages\/213\/revisions\/6230"}],"up":[{"embeddable":true,"href":"https:\/\/help.jamk.fi\/opinnaytetyo\/wp-json\/wp\/v2\/pages\/126"}],"wp:attachment":[{"href":"https:\/\/help.jamk.fi\/opinnaytetyo\/wp-json\/wp\/v2\/media?parent=213"}],"wp:term":[{"taxonomy":"category","embeddable":true,"href":"https:\/\/help.jamk.fi\/opinnaytetyo\/wp-json\/wp\/v2\/categories?post=213"},{"taxonomy":"post_tag","embeddable":true,"href":"https:\/\/help.jamk.fi\/opinnaytetyo\/wp-json\/wp\/v2\/tags?post=213"}],"curies":[{"name":"wp","href":"https:\/\/api.w.org\/{rel}","templated":true}]}}