{"id":4141,"date":"2023-11-22T13:03:40","date_gmt":"2023-11-22T11:03:40","guid":{"rendered":"https:\/\/help.jamk.fi\/opinnaytetyo\/?page_id=4141"},"modified":"2025-04-29T12:46:17","modified_gmt":"2025-04-29T09:46:17","slug":"raportointiohje","status":"publish","type":"page","link":"https:\/\/help.jamk.fi\/opinnaytetyo\/fi\/opinnaytetyon-suunnittelu\/raportointiohje\/","title":{"rendered":"5.4 Raportointiohjeen k\u00e4ytt\u00f6"},"content":{"rendered":"\n<h2 class=\"wp-block-heading\">Raportointiohje ja raportin mallipohja<\/h2>\n\n\n\n<p>Jokaisesta Jamkin opinn\u00e4ytety\u00f6st\u00e4 syntyy aina kirjallinen raportti Jamkin raportointiohjeen mukaisesti. Kertaa raportointiohje ennen kirjoittamisvaihetta (kts. Linkit)!<\/p>\n\n\n\n<p>K\u00e4yt\u00e4 <strong>opinn\u00e4ytety\u00f6n mallipohjaa<\/strong> heti alusta alkaen.<\/p>\n\n\n\n<p>Lataa <a href=\"https:\/\/jamkstudent.sharepoint.com\/sites\/Assets\/OfficeTemplates\/Forms\/AllItems.aspx?id=%2Fsites%2FAssets%2FOfficeTemplates%2FOpiskelijat%20%2D%20Students&amp;viewid=b6cbf305%2D8d75%2D4fd4%2Db244%2D59e84ededcfd\">mallipohja omalle koneellesi Jamkin kuvat ja Office -templatet -sivulta (vaatii kirjautumisen).<\/a><\/p>\n\n\n\n<p><strong>Kirjallisessa raportissa<\/strong><\/p>\n\n\n\n<ul class=\"wp-block-list\">\n<li>kuvaat opinn\u00e4ytety\u00f6n l\u00e4ht\u00f6kohdat, tavoitteet ja prosessin etenemisen sek\u00e4 tulokset<\/li>\n\n\n\n<li>perustelet kriittisesti valintasi ja<\/li>\n\n\n\n<li>arvioit lopputulosta.<\/li>\n<\/ul>\n\n\n\n<p><\/p>\n\n\n\n<p><em>P\u00e4ivitetty 7.4.2025<\/em><\/p>\n\n\n\n<p><\/p>\n","protected":false},"excerpt":{"rendered":"<p>Raportointiohje ja raportin mallipohja Jokaisesta Jamkin opinn\u00e4ytety\u00f6st\u00e4 syntyy aina kirjallinen raportti Jamkin raportointiohjeen mukaisesti. Kertaa raportointiohje ennen kirjoittamisvaihetta (kts. Linkit)! K\u00e4yt\u00e4 opinn\u00e4ytety\u00f6n mallipohjaa heti alusta alkaen. Lataa mallipohja omalle koneellesi Jamkin kuvat ja Office -templatet -sivulta (vaatii kirjautumisen). Kirjallisessa raportissa P\u00e4ivitetty 7.4.2025<\/p>\n","protected":false},"author":79,"featured_media":0,"parent":100,"menu_order":4,"comment_status":"closed","ping_status":"closed","template":"","meta":{"_acf_changed":false,"_relevanssi_hide_post":"","_relevanssi_hide_content":"","_relevanssi_pin_for_all":"","_relevanssi_pin_keywords":"","_relevanssi_unpin_keywords":"","_relevanssi_related_keywords":"","_relevanssi_related_include_ids":"","_relevanssi_related_exclude_ids":"","_relevanssi_related_no_append":"","_relevanssi_related_not_related":"","_relevanssi_related_posts":"","_relevanssi_noindex_reason":"","footnotes":""},"categories":[],"tags":[1170,429,2136],"class_list":["post-4141","page","type-page","status-publish","hentry","tag-mallipohja","tag-raportointi","tag-word-pohja"],"acf":[],"yoast_head":"<!-- This site is optimized with the Yoast SEO plugin v27.4 - https:\/\/yoast.com\/product\/yoast-seo-wordpress\/ -->\n<title>5.4 Raportointiohjeen k\u00e4ytt\u00f6 - Opinn\u00e4ytety\u00f6<\/title>\n<meta name=\"robots\" content=\"index, follow, max-snippet:-1, max-image-preview:large, max-video-preview:-1\" \/>\n<link rel=\"canonical\" href=\"https:\/\/help.jamk.fi\/opinnaytetyo\/fi\/opinnaytetyon-suunnittelu\/raportointiohje\/\" \/>\n<meta property=\"og:locale\" content=\"fi_FI\" \/>\n<meta property=\"og:type\" content=\"article\" \/>\n<meta property=\"og:title\" content=\"5.4 Raportointiohjeen k\u00e4ytt\u00f6 - Opinn\u00e4ytety\u00f6\" \/>\n<meta property=\"og:description\" content=\"Raportointiohje ja raportin mallipohja Jokaisesta Jamkin opinn\u00e4ytety\u00f6st\u00e4 syntyy aina kirjallinen raportti Jamkin raportointiohjeen mukaisesti. Kertaa raportointiohje ennen kirjoittamisvaihetta (kts. Linkit)! K\u00e4yt\u00e4 opinn\u00e4ytety\u00f6n mallipohjaa heti alusta alkaen. Lataa mallipohja omalle koneellesi Jamkin kuvat ja Office -templatet -sivulta (vaatii kirjautumisen). Kirjallisessa raportissa P\u00e4ivitetty 7.4.2025\" \/>\n<meta property=\"og:url\" content=\"https:\/\/help.jamk.fi\/opinnaytetyo\/fi\/opinnaytetyon-suunnittelu\/raportointiohje\/\" \/>\n<meta property=\"og:site_name\" content=\"Opinn\u00e4ytety\u00f6\" \/>\n<meta property=\"article:modified_time\" content=\"2025-04-29T09:46:17+00:00\" \/>\n<meta name=\"twitter:card\" content=\"summary_large_image\" \/>\n<meta name=\"twitter:label1\" content=\"Arvioitu lukuaika\" \/>\n\t<meta name=\"twitter:data1\" content=\"1 minuutti\" \/>\n<script type=\"application\/ld+json\" class=\"yoast-schema-graph\">{\"@context\":\"https:\\\/\\\/schema.org\",\"@graph\":[{\"@type\":\"WebPage\",\"@id\":\"https:\\\/\\\/help.jamk.fi\\\/opinnaytetyo\\\/fi\\\/opinnaytetyon-suunnittelu\\\/raportointiohje\\\/\",\"url\":\"https:\\\/\\\/help.jamk.fi\\\/opinnaytetyo\\\/fi\\\/opinnaytetyon-suunnittelu\\\/raportointiohje\\\/\",\"name\":\"5.4 Raportointiohjeen k\u00e4ytt\u00f6 - Opinn\u00e4ytety\u00f6\",\"isPartOf\":{\"@id\":\"https:\\\/\\\/help.jamk.fi\\\/opinnaytetyo\\\/#website\"},\"datePublished\":\"2023-11-22T11:03:40+00:00\",\"dateModified\":\"2025-04-29T09:46:17+00:00\",\"breadcrumb\":{\"@id\":\"https:\\\/\\\/help.jamk.fi\\\/opinnaytetyo\\\/fi\\\/opinnaytetyon-suunnittelu\\\/raportointiohje\\\/#breadcrumb\"},\"inLanguage\":\"fi\",\"potentialAction\":[{\"@type\":\"ReadAction\",\"target\":[\"https:\\\/\\\/help.jamk.fi\\\/opinnaytetyo\\\/fi\\\/opinnaytetyon-suunnittelu\\\/raportointiohje\\\/\"]}]},{\"@type\":\"BreadcrumbList\",\"@id\":\"https:\\\/\\\/help.jamk.fi\\\/opinnaytetyo\\\/fi\\\/opinnaytetyon-suunnittelu\\\/raportointiohje\\\/#breadcrumb\",\"itemListElement\":[{\"@type\":\"ListItem\",\"position\":1,\"name\":\"Etusivu\",\"item\":\"https:\\\/\\\/help.jamk.fi\\\/opinnaytetyo\\\/fi\\\/\"},{\"@type\":\"ListItem\",\"position\":2,\"name\":\"5 Opinn\u00e4ytety\u00f6n suunnittelu &#8211; Vaihe 1\\\/3\",\"item\":\"https:\\\/\\\/help.jamk.fi\\\/opinnaytetyo\\\/fi\\\/opinnaytetyon-suunnittelu\\\/\"},{\"@type\":\"ListItem\",\"position\":3,\"name\":\"5.4 Raportointiohjeen k\u00e4ytt\u00f6\"}]},{\"@type\":\"WebSite\",\"@id\":\"https:\\\/\\\/help.jamk.fi\\\/opinnaytetyo\\\/#website\",\"url\":\"https:\\\/\\\/help.jamk.fi\\\/opinnaytetyo\\\/\",\"name\":\"Opinn\u00e4ytety\u00f6\",\"description\":\"\",\"potentialAction\":[{\"@type\":\"SearchAction\",\"target\":{\"@type\":\"EntryPoint\",\"urlTemplate\":\"https:\\\/\\\/help.jamk.fi\\\/opinnaytetyo\\\/?s={search_term_string}\"},\"query-input\":{\"@type\":\"PropertyValueSpecification\",\"valueRequired\":true,\"valueName\":\"search_term_string\"}}],\"inLanguage\":\"fi\"}]}<\/script>\n<!-- \/ Yoast SEO plugin. -->","yoast_head_json":{"title":"5.4 Raportointiohjeen k\u00e4ytt\u00f6 - Opinn\u00e4ytety\u00f6","robots":{"index":"index","follow":"follow","max-snippet":"max-snippet:-1","max-image-preview":"max-image-preview:large","max-video-preview":"max-video-preview:-1"},"canonical":"https:\/\/help.jamk.fi\/opinnaytetyo\/fi\/opinnaytetyon-suunnittelu\/raportointiohje\/","og_locale":"fi_FI","og_type":"article","og_title":"5.4 Raportointiohjeen k\u00e4ytt\u00f6 - Opinn\u00e4ytety\u00f6","og_description":"Raportointiohje ja raportin mallipohja Jokaisesta Jamkin opinn\u00e4ytety\u00f6st\u00e4 syntyy aina kirjallinen raportti Jamkin raportointiohjeen mukaisesti. Kertaa raportointiohje ennen kirjoittamisvaihetta (kts. Linkit)! K\u00e4yt\u00e4 opinn\u00e4ytety\u00f6n mallipohjaa heti alusta alkaen. Lataa mallipohja omalle koneellesi Jamkin kuvat ja Office -templatet -sivulta (vaatii kirjautumisen). Kirjallisessa raportissa P\u00e4ivitetty 7.4.2025","og_url":"https:\/\/help.jamk.fi\/opinnaytetyo\/fi\/opinnaytetyon-suunnittelu\/raportointiohje\/","og_site_name":"Opinn\u00e4ytety\u00f6","article_modified_time":"2025-04-29T09:46:17+00:00","twitter_card":"summary_large_image","twitter_misc":{"Arvioitu lukuaika":"1 minuutti"},"schema":{"@context":"https:\/\/schema.org","@graph":[{"@type":"WebPage","@id":"https:\/\/help.jamk.fi\/opinnaytetyo\/fi\/opinnaytetyon-suunnittelu\/raportointiohje\/","url":"https:\/\/help.jamk.fi\/opinnaytetyo\/fi\/opinnaytetyon-suunnittelu\/raportointiohje\/","name":"5.4 Raportointiohjeen k\u00e4ytt\u00f6 - Opinn\u00e4ytety\u00f6","isPartOf":{"@id":"https:\/\/help.jamk.fi\/opinnaytetyo\/#website"},"datePublished":"2023-11-22T11:03:40+00:00","dateModified":"2025-04-29T09:46:17+00:00","breadcrumb":{"@id":"https:\/\/help.jamk.fi\/opinnaytetyo\/fi\/opinnaytetyon-suunnittelu\/raportointiohje\/#breadcrumb"},"inLanguage":"fi","potentialAction":[{"@type":"ReadAction","target":["https:\/\/help.jamk.fi\/opinnaytetyo\/fi\/opinnaytetyon-suunnittelu\/raportointiohje\/"]}]},{"@type":"BreadcrumbList","@id":"https:\/\/help.jamk.fi\/opinnaytetyo\/fi\/opinnaytetyon-suunnittelu\/raportointiohje\/#breadcrumb","itemListElement":[{"@type":"ListItem","position":1,"name":"Etusivu","item":"https:\/\/help.jamk.fi\/opinnaytetyo\/fi\/"},{"@type":"ListItem","position":2,"name":"5 Opinn\u00e4ytety\u00f6n suunnittelu &#8211; Vaihe 1\/3","item":"https:\/\/help.jamk.fi\/opinnaytetyo\/fi\/opinnaytetyon-suunnittelu\/"},{"@type":"ListItem","position":3,"name":"5.4 Raportointiohjeen k\u00e4ytt\u00f6"}]},{"@type":"WebSite","@id":"https:\/\/help.jamk.fi\/opinnaytetyo\/#website","url":"https:\/\/help.jamk.fi\/opinnaytetyo\/","name":"Opinn\u00e4ytety\u00f6","description":"","potentialAction":[{"@type":"SearchAction","target":{"@type":"EntryPoint","urlTemplate":"https:\/\/help.jamk.fi\/opinnaytetyo\/?s={search_term_string}"},"query-input":{"@type":"PropertyValueSpecification","valueRequired":true,"valueName":"search_term_string"}}],"inLanguage":"fi"}]}},"_links":{"self":[{"href":"https:\/\/help.jamk.fi\/opinnaytetyo\/wp-json\/wp\/v2\/pages\/4141","targetHints":{"allow":["GET"]}}],"collection":[{"href":"https:\/\/help.jamk.fi\/opinnaytetyo\/wp-json\/wp\/v2\/pages"}],"about":[{"href":"https:\/\/help.jamk.fi\/opinnaytetyo\/wp-json\/wp\/v2\/types\/page"}],"author":[{"embeddable":true,"href":"https:\/\/help.jamk.fi\/opinnaytetyo\/wp-json\/wp\/v2\/users\/79"}],"replies":[{"embeddable":true,"href":"https:\/\/help.jamk.fi\/opinnaytetyo\/wp-json\/wp\/v2\/comments?post=4141"}],"version-history":[{"count":19,"href":"https:\/\/help.jamk.fi\/opinnaytetyo\/wp-json\/wp\/v2\/pages\/4141\/revisions"}],"predecessor-version":[{"id":5760,"href":"https:\/\/help.jamk.fi\/opinnaytetyo\/wp-json\/wp\/v2\/pages\/4141\/revisions\/5760"}],"up":[{"embeddable":true,"href":"https:\/\/help.jamk.fi\/opinnaytetyo\/wp-json\/wp\/v2\/pages\/100"}],"wp:attachment":[{"href":"https:\/\/help.jamk.fi\/opinnaytetyo\/wp-json\/wp\/v2\/media?parent=4141"}],"wp:term":[{"taxonomy":"category","embeddable":true,"href":"https:\/\/help.jamk.fi\/opinnaytetyo\/wp-json\/wp\/v2\/categories?post=4141"},{"taxonomy":"post_tag","embeddable":true,"href":"https:\/\/help.jamk.fi\/opinnaytetyo\/wp-json\/wp\/v2\/tags?post=4141"}],"curies":[{"name":"wp","href":"https:\/\/api.w.org\/{rel}","templated":true}]}}