{"id":477,"date":"2021-04-28T07:26:19","date_gmt":"2021-04-28T04:26:19","guid":{"rendered":"https:\/\/help.jamk.fi\/opinnaytetyo\/opinnaytetyon-aloittamista-edeltavat-tehtavat\/"},"modified":"2025-05-13T16:11:19","modified_gmt":"2025-05-13T13:11:19","slug":"opinnaytetyon-aloittamista-edeltavat-tehtavat","status":"publish","type":"page","link":"https:\/\/help.jamk.fi\/opinnaytetyo\/fi\/aihe-ehdotus\/opinnaytetyon-aloittamista-edeltavat-tehtavat\/","title":{"rendered":"4.2 HOPSin muokkaaminen"},"content":{"rendered":"\n<h2 class=\"wp-block-heading\">Koskee vain ennen 2021 aloittaneita opiskelijoita<\/h2>\n\n\n\n<p>Jos olet aloittanut opintosi ennen syksy\u00e4 2021, sinun on lis\u00e4tt\u00e4v\u00e4 HOPSiisi opinn\u00e4ytety\u00f6n ja kypsyysn\u00e4ytteen opintojaksot ennen opinn\u00e4ytety\u00f6n aloittamista. N\u00e4in suoritusmerkinn\u00e4t siirtyv\u00e4t Wihist\u00e4 oikein Pepin opintosuoritusotteelle. Sinun ei tarvitse ilmoittautua opinn\u00e4ytety\u00f6n eik\u00e4 kypsyysn\u00e4ytteen toteutuksille, sill\u00e4 opinn\u00e4ytety\u00f6n tekeminen alkaa aina aihe-ehdotuksen tekemisell\u00e4 Wihi-palvelussa.<\/p>\n\n\n\n<p>HUOM. Syksyll\u00e4 2021 ja sen j\u00e4lkeen aloittaneiden opiskelijoiden HOPSilla n\u00e4m\u00e4 opintojaksot ovat automaattisesti.<\/p>\n\n\n\n<p>Lis\u00e4tt\u00e4v\u00e4t opintojaksot ovat:<\/p>\n\n\n\n<h3 class=\"wp-block-heading\">AMK-tutkinto<\/h3>\n\n\n\n<ul class=\"wp-block-list\">\n<li>Opinn\u00e4ytety\u00f6n suunnittelu, AMK 3 op ZZ00BL91 \u2013 suomi ja englanti<\/li>\n\n\n\n<li>Opinn\u00e4ytety\u00f6n toteutus, AMK 6 op ZZ00BL92 \u2013 suomi ja englanti<\/li>\n\n\n\n<li>Opinn\u00e4ytety\u00f6n raportointi ja arviointi, AMK 4 op ZZ00BL93 \u2013 suomi ja englanti<\/li>\n\n\n\n<li>Kypsyysn\u00e4yte, AMK 0 op ZZOA0220 \u2013 suomi ja englanti<\/li>\n<\/ul>\n\n\n\n<h3 class=\"wp-block-heading\">YAMK-tutkinto<\/h3>\n\n\n\n<ul class=\"wp-block-list\">\n<li>Opinn\u00e4ytety\u00f6n suunnittelu, ylempi AMK 7 op YZ00BL94 \u2013 suomi ja englanti<\/li>\n\n\n\n<li>Opinn\u00e4ytety\u00f6n toteutus, ylempi AMK 10 op YZ00BL95 \u2013 suomi ja englanti<\/li>\n\n\n\n<li>Opinn\u00e4ytety\u00f6n raportointi, ylempi AMK 10 op YZ00BL96 \u2013 suomi ja englanti<\/li>\n\n\n\n<li>Kypsyysn\u00e4yte, ylempi AMK 0 op YZ00BB05 \u2013 suomi ja englanti<\/li>\n<\/ul>\n\n\n\n<p>Lis\u00e4ksi HOPSiltasi tulee l\u00f6yty\u00e4 seuraavat opintojaksot, jotka kuuluvat Opinn\u00e4ytety\u00f6-kokonaisuuteen ja <strong>joiden toteutuksille tulee my\u00f6s ilmoittautua<\/strong>:<\/p>\n\n\n\n<ul class=\"wp-block-list\">\n<li>AMK-tutkinto: Opinn\u00e4ytety\u00f6n kirjoittaminen, AMK 2 op ZZ00BL97 \u2013 suomi ja englanti<\/li>\n\n\n\n<li>YAMK-tutkinto: Tutkimuskirjoittaminen, ylempi AMK 3 op YZ00BL98 \u2013 suomi ja englanti<\/li>\n<\/ul>\n\n\n\n<p>Ohjevideot opintojaksojen lis\u00e4\u00e4miseksi HOPSiisi l\u00f6yd\u00e4t alta. <\/p>\n\n\n\r\n<div id=\"embed-block_fbc3aff3e0c36197e738056b46ae189c\" class=\"embed block-embed\">\r\n      <div class=\"block-embed__wrapper\">\r\n\r\n      \r\n          <div class=\"block-embed__cookie-notice--wrapper\" id=\"cookie-notice\">\r\n              <div class=\"block-embed__cookie-notice--text\">\r\n                                    <p>Hyv\u00e4ksy v\u00e4ltt\u00e4m\u00e4tt\u00f6m\u00e4t ev\u00e4steet n\u00e4hd\u00e4ksesi upotetun sis\u00e4ll\u00f6n: marketing, analytics, preferences.<\/p>\r\n                  <a href=\"#\" class=\"ch2-open-settings-btn\"> Hyv\u00e4ksy v\u00e4ltt\u00e4m\u00e4tt\u00f6m\u00e4t ev\u00e4steet<\/a>\r\n              <\/div>\r\n              <div class=\"block-embed__cookie-reload-notice\">\r\n                  <p class=\"cookie-reload-text\">\r\n                    (Jos olet hyv\u00e4ksynyt ev\u00e4steet, mutta n\u00e4et silti t\u00e4m\u00e4n viestin, lataa sivu uudelleen.)                  <\/p>\r\n                  <a href=\"#\" onclick=\"location.reload(); return false;\">\r\n                    Lataa sivu uudelleen                  <\/a>\r\n              <\/div>\r\n          <\/div>\r\n\r\n      \r\n      <\/div>\r\n<\/div>\r\n\n\n\r\n<div id=\"embed-block_86ddaae7760574d9478f0ce7448c6d18\" class=\"embed block-embed\">\r\n      <div class=\"block-embed__wrapper\">\r\n\r\n      \r\n          <div class=\"block-embed__cookie-notice--wrapper\" id=\"cookie-notice\">\r\n              <div class=\"block-embed__cookie-notice--text\">\r\n                                    <p>Hyv\u00e4ksy v\u00e4ltt\u00e4m\u00e4tt\u00f6m\u00e4t ev\u00e4steet n\u00e4hd\u00e4ksesi upotetun sis\u00e4ll\u00f6n: marketing, analytics, preferences.<\/p>\r\n                  <a href=\"#\" class=\"ch2-open-settings-btn\"> Hyv\u00e4ksy v\u00e4ltt\u00e4m\u00e4tt\u00f6m\u00e4t ev\u00e4steet<\/a>\r\n              <\/div>\r\n              <div class=\"block-embed__cookie-reload-notice\">\r\n                  <p class=\"cookie-reload-text\">\r\n                    (Jos olet hyv\u00e4ksynyt ev\u00e4steet, mutta n\u00e4et silti t\u00e4m\u00e4n viestin, lataa sivu uudelleen.)                  <\/p>\r\n                  <a href=\"#\" onclick=\"location.reload(); return false;\">\r\n                    Lataa sivu uudelleen                  <\/a>\r\n              <\/div>\r\n          <\/div>\r\n\r\n      \r\n      <\/div>\r\n<\/div>\r\n\n\n\n<p><\/p>\n\n\n\n<p><em>P\u00e4ivitetty 7.4.2025<\/em><\/p>\n","protected":false},"excerpt":{"rendered":"<p>Koskee vain ennen 2021 aloittaneita opiskelijoita Jos olet aloittanut opintosi ennen syksy\u00e4 2021, sinun on lis\u00e4tt\u00e4v\u00e4 HOPSiisi opinn\u00e4ytety\u00f6n ja kypsyysn\u00e4ytteen opintojaksot ennen opinn\u00e4ytety\u00f6n aloittamista. N\u00e4in suoritusmerkinn\u00e4t siirtyv\u00e4t Wihist\u00e4 oikein Pepin opintosuoritusotteelle. Sinun ei tarvitse ilmoittautua opinn\u00e4ytety\u00f6n eik\u00e4 kypsyysn\u00e4ytteen toteutuksille, sill\u00e4 opinn\u00e4ytety\u00f6n tekeminen alkaa aina aihe-ehdotuksen tekemisell\u00e4 Wihi-palvelussa. HUOM. Syksyll\u00e4 2021 ja sen j\u00e4lkeen aloittaneiden opiskelijoiden [&hellip;]<\/p>\n","protected":false},"author":79,"featured_media":0,"parent":483,"menu_order":2,"comment_status":"closed","ping_status":"closed","template":"","meta":{"_acf_changed":false,"_relevanssi_hide_post":"","_relevanssi_hide_content":"","_relevanssi_pin_for_all":"","_relevanssi_pin_keywords":"","_relevanssi_unpin_keywords":"","_relevanssi_related_keywords":"","_relevanssi_related_include_ids":"","_relevanssi_related_exclude_ids":"","_relevanssi_related_no_append":"","_relevanssi_related_not_related":"","_relevanssi_related_posts":"","_relevanssi_noindex_reason":"","footnotes":""},"categories":[1],"tags":[2124],"class_list":["post-477","page","type-page","status-publish","hentry","category-yleinen","tag-hops"],"acf":[],"yoast_head":"<!-- This site is optimized with the Yoast SEO plugin v27.3 - https:\/\/yoast.com\/product\/yoast-seo-wordpress\/ -->\n<title>4.2 HOPSin muokkaaminen - Opinn\u00e4ytety\u00f6<\/title>\n<meta name=\"robots\" content=\"index, follow, max-snippet:-1, max-image-preview:large, max-video-preview:-1\" \/>\n<link rel=\"canonical\" href=\"https:\/\/help.jamk.fi\/opinnaytetyo\/fi\/aihe-ehdotus\/opinnaytetyon-aloittamista-edeltavat-tehtavat\/\" \/>\n<meta property=\"og:locale\" content=\"fi_FI\" \/>\n<meta property=\"og:type\" content=\"article\" \/>\n<meta property=\"og:title\" content=\"4.2 HOPSin muokkaaminen - Opinn\u00e4ytety\u00f6\" \/>\n<meta property=\"og:description\" content=\"Koskee vain ennen 2021 aloittaneita opiskelijoita Jos olet aloittanut opintosi ennen syksy\u00e4 2021, sinun on lis\u00e4tt\u00e4v\u00e4 HOPSiisi opinn\u00e4ytety\u00f6n ja kypsyysn\u00e4ytteen opintojaksot ennen opinn\u00e4ytety\u00f6n aloittamista. N\u00e4in suoritusmerkinn\u00e4t siirtyv\u00e4t Wihist\u00e4 oikein Pepin opintosuoritusotteelle. Sinun ei tarvitse ilmoittautua opinn\u00e4ytety\u00f6n eik\u00e4 kypsyysn\u00e4ytteen toteutuksille, sill\u00e4 opinn\u00e4ytety\u00f6n tekeminen alkaa aina aihe-ehdotuksen tekemisell\u00e4 Wihi-palvelussa. HUOM. Syksyll\u00e4 2021 ja sen j\u00e4lkeen aloittaneiden opiskelijoiden [&hellip;]\" \/>\n<meta property=\"og:url\" content=\"https:\/\/help.jamk.fi\/opinnaytetyo\/fi\/aihe-ehdotus\/opinnaytetyon-aloittamista-edeltavat-tehtavat\/\" \/>\n<meta property=\"og:site_name\" content=\"Opinn\u00e4ytety\u00f6\" \/>\n<meta property=\"article:modified_time\" content=\"2025-05-13T13:11:19+00:00\" \/>\n<meta name=\"twitter:card\" content=\"summary_large_image\" \/>\n<meta name=\"twitter:label1\" content=\"Arvioitu lukuaika\" \/>\n\t<meta name=\"twitter:data1\" content=\"2 minuuttia\" \/>\n<script type=\"application\/ld+json\" class=\"yoast-schema-graph\">{\"@context\":\"https:\\\/\\\/schema.org\",\"@graph\":[{\"@type\":\"WebPage\",\"@id\":\"https:\\\/\\\/help.jamk.fi\\\/opinnaytetyo\\\/fi\\\/aihe-ehdotus\\\/opinnaytetyon-aloittamista-edeltavat-tehtavat\\\/\",\"url\":\"https:\\\/\\\/help.jamk.fi\\\/opinnaytetyo\\\/fi\\\/aihe-ehdotus\\\/opinnaytetyon-aloittamista-edeltavat-tehtavat\\\/\",\"name\":\"4.2 HOPSin muokkaaminen - Opinn\u00e4ytety\u00f6\",\"isPartOf\":{\"@id\":\"https:\\\/\\\/help.jamk.fi\\\/opinnaytetyo\\\/#website\"},\"datePublished\":\"2021-04-28T04:26:19+00:00\",\"dateModified\":\"2025-05-13T13:11:19+00:00\",\"breadcrumb\":{\"@id\":\"https:\\\/\\\/help.jamk.fi\\\/opinnaytetyo\\\/fi\\\/aihe-ehdotus\\\/opinnaytetyon-aloittamista-edeltavat-tehtavat\\\/#breadcrumb\"},\"inLanguage\":\"fi\",\"potentialAction\":[{\"@type\":\"ReadAction\",\"target\":[\"https:\\\/\\\/help.jamk.fi\\\/opinnaytetyo\\\/fi\\\/aihe-ehdotus\\\/opinnaytetyon-aloittamista-edeltavat-tehtavat\\\/\"]}]},{\"@type\":\"BreadcrumbList\",\"@id\":\"https:\\\/\\\/help.jamk.fi\\\/opinnaytetyo\\\/fi\\\/aihe-ehdotus\\\/opinnaytetyon-aloittamista-edeltavat-tehtavat\\\/#breadcrumb\",\"itemListElement\":[{\"@type\":\"ListItem\",\"position\":1,\"name\":\"Etusivu\",\"item\":\"https:\\\/\\\/help.jamk.fi\\\/opinnaytetyo\\\/fi\\\/\"},{\"@type\":\"ListItem\",\"position\":2,\"name\":\"4 Aihe-ehdotus\",\"item\":\"https:\\\/\\\/help.jamk.fi\\\/opinnaytetyo\\\/fi\\\/aihe-ehdotus\\\/\"},{\"@type\":\"ListItem\",\"position\":3,\"name\":\"4.2 HOPSin muokkaaminen\"}]},{\"@type\":\"WebSite\",\"@id\":\"https:\\\/\\\/help.jamk.fi\\\/opinnaytetyo\\\/#website\",\"url\":\"https:\\\/\\\/help.jamk.fi\\\/opinnaytetyo\\\/\",\"name\":\"Opinn\u00e4ytety\u00f6\",\"description\":\"\",\"potentialAction\":[{\"@type\":\"SearchAction\",\"target\":{\"@type\":\"EntryPoint\",\"urlTemplate\":\"https:\\\/\\\/help.jamk.fi\\\/opinnaytetyo\\\/?s={search_term_string}\"},\"query-input\":{\"@type\":\"PropertyValueSpecification\",\"valueRequired\":true,\"valueName\":\"search_term_string\"}}],\"inLanguage\":\"fi\"}]}<\/script>\n<!-- \/ Yoast SEO plugin. -->","yoast_head_json":{"title":"4.2 HOPSin muokkaaminen - Opinn\u00e4ytety\u00f6","robots":{"index":"index","follow":"follow","max-snippet":"max-snippet:-1","max-image-preview":"max-image-preview:large","max-video-preview":"max-video-preview:-1"},"canonical":"https:\/\/help.jamk.fi\/opinnaytetyo\/fi\/aihe-ehdotus\/opinnaytetyon-aloittamista-edeltavat-tehtavat\/","og_locale":"fi_FI","og_type":"article","og_title":"4.2 HOPSin muokkaaminen - Opinn\u00e4ytety\u00f6","og_description":"Koskee vain ennen 2021 aloittaneita opiskelijoita Jos olet aloittanut opintosi ennen syksy\u00e4 2021, sinun on lis\u00e4tt\u00e4v\u00e4 HOPSiisi opinn\u00e4ytety\u00f6n ja kypsyysn\u00e4ytteen opintojaksot ennen opinn\u00e4ytety\u00f6n aloittamista. N\u00e4in suoritusmerkinn\u00e4t siirtyv\u00e4t Wihist\u00e4 oikein Pepin opintosuoritusotteelle. Sinun ei tarvitse ilmoittautua opinn\u00e4ytety\u00f6n eik\u00e4 kypsyysn\u00e4ytteen toteutuksille, sill\u00e4 opinn\u00e4ytety\u00f6n tekeminen alkaa aina aihe-ehdotuksen tekemisell\u00e4 Wihi-palvelussa. HUOM. Syksyll\u00e4 2021 ja sen j\u00e4lkeen aloittaneiden opiskelijoiden [&hellip;]","og_url":"https:\/\/help.jamk.fi\/opinnaytetyo\/fi\/aihe-ehdotus\/opinnaytetyon-aloittamista-edeltavat-tehtavat\/","og_site_name":"Opinn\u00e4ytety\u00f6","article_modified_time":"2025-05-13T13:11:19+00:00","twitter_card":"summary_large_image","twitter_misc":{"Arvioitu lukuaika":"2 minuuttia"},"schema":{"@context":"https:\/\/schema.org","@graph":[{"@type":"WebPage","@id":"https:\/\/help.jamk.fi\/opinnaytetyo\/fi\/aihe-ehdotus\/opinnaytetyon-aloittamista-edeltavat-tehtavat\/","url":"https:\/\/help.jamk.fi\/opinnaytetyo\/fi\/aihe-ehdotus\/opinnaytetyon-aloittamista-edeltavat-tehtavat\/","name":"4.2 HOPSin muokkaaminen - Opinn\u00e4ytety\u00f6","isPartOf":{"@id":"https:\/\/help.jamk.fi\/opinnaytetyo\/#website"},"datePublished":"2021-04-28T04:26:19+00:00","dateModified":"2025-05-13T13:11:19+00:00","breadcrumb":{"@id":"https:\/\/help.jamk.fi\/opinnaytetyo\/fi\/aihe-ehdotus\/opinnaytetyon-aloittamista-edeltavat-tehtavat\/#breadcrumb"},"inLanguage":"fi","potentialAction":[{"@type":"ReadAction","target":["https:\/\/help.jamk.fi\/opinnaytetyo\/fi\/aihe-ehdotus\/opinnaytetyon-aloittamista-edeltavat-tehtavat\/"]}]},{"@type":"BreadcrumbList","@id":"https:\/\/help.jamk.fi\/opinnaytetyo\/fi\/aihe-ehdotus\/opinnaytetyon-aloittamista-edeltavat-tehtavat\/#breadcrumb","itemListElement":[{"@type":"ListItem","position":1,"name":"Etusivu","item":"https:\/\/help.jamk.fi\/opinnaytetyo\/fi\/"},{"@type":"ListItem","position":2,"name":"4 Aihe-ehdotus","item":"https:\/\/help.jamk.fi\/opinnaytetyo\/fi\/aihe-ehdotus\/"},{"@type":"ListItem","position":3,"name":"4.2 HOPSin muokkaaminen"}]},{"@type":"WebSite","@id":"https:\/\/help.jamk.fi\/opinnaytetyo\/#website","url":"https:\/\/help.jamk.fi\/opinnaytetyo\/","name":"Opinn\u00e4ytety\u00f6","description":"","potentialAction":[{"@type":"SearchAction","target":{"@type":"EntryPoint","urlTemplate":"https:\/\/help.jamk.fi\/opinnaytetyo\/?s={search_term_string}"},"query-input":{"@type":"PropertyValueSpecification","valueRequired":true,"valueName":"search_term_string"}}],"inLanguage":"fi"}]}},"_links":{"self":[{"href":"https:\/\/help.jamk.fi\/opinnaytetyo\/wp-json\/wp\/v2\/pages\/477","targetHints":{"allow":["GET"]}}],"collection":[{"href":"https:\/\/help.jamk.fi\/opinnaytetyo\/wp-json\/wp\/v2\/pages"}],"about":[{"href":"https:\/\/help.jamk.fi\/opinnaytetyo\/wp-json\/wp\/v2\/types\/page"}],"author":[{"embeddable":true,"href":"https:\/\/help.jamk.fi\/opinnaytetyo\/wp-json\/wp\/v2\/users\/79"}],"replies":[{"embeddable":true,"href":"https:\/\/help.jamk.fi\/opinnaytetyo\/wp-json\/wp\/v2\/comments?post=477"}],"version-history":[{"count":14,"href":"https:\/\/help.jamk.fi\/opinnaytetyo\/wp-json\/wp\/v2\/pages\/477\/revisions"}],"predecessor-version":[{"id":5589,"href":"https:\/\/help.jamk.fi\/opinnaytetyo\/wp-json\/wp\/v2\/pages\/477\/revisions\/5589"}],"up":[{"embeddable":true,"href":"https:\/\/help.jamk.fi\/opinnaytetyo\/wp-json\/wp\/v2\/pages\/483"}],"wp:attachment":[{"href":"https:\/\/help.jamk.fi\/opinnaytetyo\/wp-json\/wp\/v2\/media?parent=477"}],"wp:term":[{"taxonomy":"category","embeddable":true,"href":"https:\/\/help.jamk.fi\/opinnaytetyo\/wp-json\/wp\/v2\/categories?post=477"},{"taxonomy":"post_tag","embeddable":true,"href":"https:\/\/help.jamk.fi\/opinnaytetyo\/wp-json\/wp\/v2\/tags?post=477"}],"curies":[{"name":"wp","href":"https:\/\/api.w.org\/{rel}","templated":true}]}}