{"id":1821,"date":"2025-04-11T14:22:13","date_gmt":"2025-04-11T11:22:13","guid":{"rendered":"https:\/\/help.jamk.fi\/opinnaytetyon-ohjaus\/?page_id=1821"},"modified":"2025-09-15T13:44:56","modified_gmt":"2025-09-15T10:44:56","slug":"opinnaytetyon-ohjaajan-osaamismerkki","status":"publish","type":"page","link":"https:\/\/help.jamk.fi\/opinnaytetyon-ohjaus\/fi\/ohjaajan-linkit\/opinnaytetyon-ohjaajan-osaamismerkki\/","title":{"rendered":"Opinn\u00e4ytety\u00f6n ohjaajan osaamismerkki"},"content":{"rendered":"\n<p><\/p>\n\n\n\n<p>Opinn\u00e4ytety\u00f6n ohjaaminen on erityistaito ja samalla se on keskeinen osa opiskelijoiden ohjausta Jamkssa. Ohjauksen laatu m\u00e4\u00e4rittelee pitk\u00e4lti opiskelijan kokemusta opinn\u00e4ytety\u00f6prosessista. Siksi opinn\u00e4ytety\u00f6nohjauksen osaamista on t\u00e4rke\u00e4\u00e4 kehitt\u00e4\u00e4 ja tehd\u00e4 n\u00e4kyv\u00e4ksi koko Jamkin laajuudella. Tavoitteena on, ett\u00e4 jokainen opiskelija saa yht\u00e4 laadukasta ohjausta omaan opinn\u00e4ytety\u00f6h\u00f6ns\u00e4.<\/p>\n\n\n\n<p>Ohjauksen laatua pyrit\u00e4\u00e4n parantamaan esimerkiksi opinn\u00e4ytety\u00f6ohjaajan osaamismerkill\u00e4. Osaamismerkki on digitaalinen todistus osaamisesta, joka kertoo, mit\u00e4 olet oppinut ja miten olet sen osoittanut. Osaamismerkin avulla voit<\/p>\n\n\n\n<ul class=\"wp-block-list\">\n<li>kehitt\u00e4\u00e4 taitojasi opinn\u00e4ytety\u00f6n ohjaajana ja n\u00e4ytt\u00e4\u00e4, ett\u00e4 olet p\u00e4tev\u00e4 siihen.<\/li>\n\n\n\n<li>tunnistaa omat vahvuutesi ja heikkoutesi ohjaajana. Kehittymiskohteiden esiinnouseminen mahdollistaa oikeanlaisen koulutuksen ja tuen suuntaamisen ohjaajille.<\/li>\n\n\n\n<li>lis\u00e4t\u00e4 Jamkin ohjausosaamisen tasoa ja n\u00e4kyvyytt\u00e4, turvata sen tasavertaisuutta sek\u00e4 vahvistaa opinn\u00e4ytety\u00f6n ohjaajan profiilia<\/li>\n\n\n\n<li>nostaa esimiesten arvostusta opinn\u00e4ytety\u00f6n ohjausta kohtaan. T\u00e4m\u00e4n tuloksena ohjaukseen rekrytoidaan motivoituneet ja soveltuvat osaajat ja varmistetaan riitt\u00e4v\u00e4t ty\u00f6tunnit t\u00e4h\u00e4n t\u00e4rke\u00e4\u00e4n ty\u00f6h\u00f6n.<\/li>\n<\/ul>\n\n\n\n<h5 class=\"wp-block-heading\"><strong>Osaamismerkin tavoitteet<\/strong><\/h5>\n\n\n\n<ul class=\"wp-block-list\">\n<li>tunnet vuorovaikutuksen tavat ja ohjaustyylit<\/li>\n\n\n\n<li>tunnistat erilaisia opinn\u00e4ytety\u00f6n etenemiseen liittyvi\u00e4 ongelmia<\/li>\n\n\n\n<li>tunnet kehitt\u00e4mis- ja tutkimusmenetelmi\u00e4 ja Jamkin vaatimukset opinn\u00e4ytet\u00f6iden tutkimuksellisuudesta<\/li>\n\n\n\n<li>osaat toimia ohjaajana eettisesti ja vastuullisesti<\/li>\n\n\n\n<li>hallitset Jamkin opinn\u00e4ytety\u00f6prosessin vaiheet<\/li>\n\n\n\n<li>tunnet ohjaukseen liittyv\u00e4t j\u00e4rjestelm\u00e4t, kuten Wihi, Turnitin ja Exam, ja osaat ohjeistaa opiskelijaa niiden k\u00e4yt\u00f6ss\u00e4<\/li>\n\n\n\n<li>osaat hy\u00f6dynt\u00e4\u00e4 ja soveltaa Jamkin ohjeita opinn\u00e4ytety\u00f6n ohjauksessa<\/li>\n<\/ul>\n\n\n\n<p>Ilmoittaudu osaamismerkin tekij\u00e4ksi OSSissa <a href=\"https:\/\/oss.jamk.fi\">(oss.jamk.fi)<\/a> , jolloin esihenkil\u00f6si antaa suoritusluvan ja saat linkin Moodle-ty\u00f6tilaan.<br>Osaamismerkin laskennallinen suoritusaika on 10h ja ty\u00f6suunnitelmassa (TAS) se sis\u00e4ltyy muiden koulutusten tavoin Yhteinen aika -riviin.<br><br>Jos sinulla ei viel\u00e4 ole omia ohjattavia, voit suorittaa osaamismerkin vain osittaisena.<\/p>\n\n\n\n<p>Osaamismerkit arvioidaan lukukausittain, katso tarkemmat tiedot Moodle-ty\u00f6tilasta.<\/p>\n\n\n\n<p>Lis\u00e4tietoja: Riikka Ahlgren \/ ONT-foorumin pj.<\/p>\n\n\n\n<!-- Latest update for this page -->\n<div class=\"page-update\" data-date=\"2025-09-15\">\n<\/div>\n\n\n\n<p><\/p>\n","protected":false},"excerpt":{"rendered":"<p>Opinn\u00e4ytety\u00f6n ohjaaminen on erityistaito ja samalla se on keskeinen osa opiskelijoiden ohjausta Jamkssa. Ohjauksen laatu m\u00e4\u00e4rittelee pitk\u00e4lti opiskelijan kokemusta opinn\u00e4ytety\u00f6prosessista. Siksi opinn\u00e4ytety\u00f6nohjauksen osaamista on t\u00e4rke\u00e4\u00e4 kehitt\u00e4\u00e4 ja tehd\u00e4 n\u00e4kyv\u00e4ksi koko Jamkin laajuudella. Tavoitteena on, ett\u00e4 jokainen opiskelija saa yht\u00e4 laadukasta ohjausta omaan opinn\u00e4ytety\u00f6h\u00f6ns\u00e4. Ohjauksen laatua pyrit\u00e4\u00e4n parantamaan esimerkiksi opinn\u00e4ytety\u00f6ohjaajan osaamismerkill\u00e4. Osaamismerkki on digitaalinen todistus osaamisesta, [&hellip;]<\/p>\n","protected":false},"author":471,"featured_media":0,"parent":642,"menu_order":1,"comment_status":"closed","ping_status":"closed","template":"","meta":{"_acf_changed":false,"_relevanssi_hide_post":"","_relevanssi_hide_content":"","_relevanssi_pin_for_all":"","_relevanssi_pin_keywords":"","_relevanssi_unpin_keywords":"","_relevanssi_related_keywords":"","_relevanssi_related_include_ids":"","_relevanssi_related_exclude_ids":"","_relevanssi_related_no_append":"","_relevanssi_related_not_related":"","_relevanssi_related_posts":"","_relevanssi_noindex_reason":"","footnotes":""},"categories":[],"tags":[323],"class_list":["post-1821","page","type-page","status-publish","hentry","tag-osaamismerkki"],"acf":[],"yoast_head":"<!-- This site is optimized with the Yoast SEO plugin v27.3 - https:\/\/yoast.com\/product\/yoast-seo-wordpress\/ -->\n<title>Opinn\u00e4ytety\u00f6n ohjaajan osaamismerkki - Thesis Supervisor&#039;s Handbook<\/title>\n<meta name=\"robots\" content=\"index, follow, max-snippet:-1, max-image-preview:large, max-video-preview:-1\" \/>\n<link rel=\"canonical\" href=\"https:\/\/help.jamk.fi\/opinnaytetyon-ohjaus\/fi\/ohjaajan-linkit\/opinnaytetyon-ohjaajan-osaamismerkki\/\" \/>\n<meta property=\"og:locale\" content=\"fi_FI\" \/>\n<meta property=\"og:type\" content=\"article\" \/>\n<meta property=\"og:title\" content=\"Opinn\u00e4ytety\u00f6n ohjaajan osaamismerkki - Thesis Supervisor&#039;s Handbook\" \/>\n<meta property=\"og:description\" content=\"Opinn\u00e4ytety\u00f6n ohjaaminen on erityistaito ja samalla se on keskeinen osa opiskelijoiden ohjausta Jamkssa. Ohjauksen laatu m\u00e4\u00e4rittelee pitk\u00e4lti opiskelijan kokemusta opinn\u00e4ytety\u00f6prosessista. Siksi opinn\u00e4ytety\u00f6nohjauksen osaamista on t\u00e4rke\u00e4\u00e4 kehitt\u00e4\u00e4 ja tehd\u00e4 n\u00e4kyv\u00e4ksi koko Jamkin laajuudella. Tavoitteena on, ett\u00e4 jokainen opiskelija saa yht\u00e4 laadukasta ohjausta omaan opinn\u00e4ytety\u00f6h\u00f6ns\u00e4. Ohjauksen laatua pyrit\u00e4\u00e4n parantamaan esimerkiksi opinn\u00e4ytety\u00f6ohjaajan osaamismerkill\u00e4. Osaamismerkki on digitaalinen todistus osaamisesta, [&hellip;]\" \/>\n<meta property=\"og:url\" content=\"https:\/\/help.jamk.fi\/opinnaytetyon-ohjaus\/fi\/ohjaajan-linkit\/opinnaytetyon-ohjaajan-osaamismerkki\/\" \/>\n<meta property=\"og:site_name\" content=\"Thesis Supervisor&#039;s Handbook\" \/>\n<meta property=\"article:modified_time\" content=\"2025-09-15T10:44:56+00:00\" \/>\n<meta name=\"twitter:card\" content=\"summary_large_image\" \/>\n<meta name=\"twitter:label1\" content=\"Arvioitu lukuaika\" \/>\n\t<meta name=\"twitter:data1\" content=\"2 minuuttia\" \/>\n<script type=\"application\/ld+json\" class=\"yoast-schema-graph\">{\"@context\":\"https:\\\/\\\/schema.org\",\"@graph\":[{\"@type\":\"WebPage\",\"@id\":\"https:\\\/\\\/help.jamk.fi\\\/opinnaytetyon-ohjaus\\\/fi\\\/ohjaajan-linkit\\\/opinnaytetyon-ohjaajan-osaamismerkki\\\/\",\"url\":\"https:\\\/\\\/help.jamk.fi\\\/opinnaytetyon-ohjaus\\\/fi\\\/ohjaajan-linkit\\\/opinnaytetyon-ohjaajan-osaamismerkki\\\/\",\"name\":\"Opinn\u00e4ytety\u00f6n ohjaajan osaamismerkki - Thesis Supervisor&#039;s Handbook\",\"isPartOf\":{\"@id\":\"https:\\\/\\\/help.jamk.fi\\\/opinnaytetyon-ohjaus\\\/#website\"},\"datePublished\":\"2025-04-11T11:22:13+00:00\",\"dateModified\":\"2025-09-15T10:44:56+00:00\",\"breadcrumb\":{\"@id\":\"https:\\\/\\\/help.jamk.fi\\\/opinnaytetyon-ohjaus\\\/fi\\\/ohjaajan-linkit\\\/opinnaytetyon-ohjaajan-osaamismerkki\\\/#breadcrumb\"},\"inLanguage\":\"fi\",\"potentialAction\":[{\"@type\":\"ReadAction\",\"target\":[\"https:\\\/\\\/help.jamk.fi\\\/opinnaytetyon-ohjaus\\\/fi\\\/ohjaajan-linkit\\\/opinnaytetyon-ohjaajan-osaamismerkki\\\/\"]}]},{\"@type\":\"BreadcrumbList\",\"@id\":\"https:\\\/\\\/help.jamk.fi\\\/opinnaytetyon-ohjaus\\\/fi\\\/ohjaajan-linkit\\\/opinnaytetyon-ohjaajan-osaamismerkki\\\/#breadcrumb\",\"itemListElement\":[{\"@type\":\"ListItem\",\"position\":1,\"name\":\"Etusivu\",\"item\":\"https:\\\/\\\/help.jamk.fi\\\/opinnaytetyon-ohjaus\\\/fi\\\/\"},{\"@type\":\"ListItem\",\"position\":2,\"name\":\"12 Ohjaajan linkit ja tuki\",\"item\":\"https:\\\/\\\/help.jamk.fi\\\/opinnaytetyon-ohjaus\\\/fi\\\/ohjaajan-linkit\\\/\"},{\"@type\":\"ListItem\",\"position\":3,\"name\":\"Opinn\u00e4ytety\u00f6n ohjaajan osaamismerkki\"}]},{\"@type\":\"WebSite\",\"@id\":\"https:\\\/\\\/help.jamk.fi\\\/opinnaytetyon-ohjaus\\\/#website\",\"url\":\"https:\\\/\\\/help.jamk.fi\\\/opinnaytetyon-ohjaus\\\/\",\"name\":\"Thesis Supervisor&#039;s Handbook\",\"description\":\"Opinn\u00e4ytety\u00f6n ohjaajan k\u00e4sikirja ja vinkkipankki\",\"potentialAction\":[{\"@type\":\"SearchAction\",\"target\":{\"@type\":\"EntryPoint\",\"urlTemplate\":\"https:\\\/\\\/help.jamk.fi\\\/opinnaytetyon-ohjaus\\\/?s={search_term_string}\"},\"query-input\":{\"@type\":\"PropertyValueSpecification\",\"valueRequired\":true,\"valueName\":\"search_term_string\"}}],\"inLanguage\":\"fi\"}]}<\/script>\n<!-- \/ Yoast SEO plugin. -->","yoast_head_json":{"title":"Opinn\u00e4ytety\u00f6n ohjaajan osaamismerkki - Thesis Supervisor&#039;s Handbook","robots":{"index":"index","follow":"follow","max-snippet":"max-snippet:-1","max-image-preview":"max-image-preview:large","max-video-preview":"max-video-preview:-1"},"canonical":"https:\/\/help.jamk.fi\/opinnaytetyon-ohjaus\/fi\/ohjaajan-linkit\/opinnaytetyon-ohjaajan-osaamismerkki\/","og_locale":"fi_FI","og_type":"article","og_title":"Opinn\u00e4ytety\u00f6n ohjaajan osaamismerkki - Thesis Supervisor&#039;s Handbook","og_description":"Opinn\u00e4ytety\u00f6n ohjaaminen on erityistaito ja samalla se on keskeinen osa opiskelijoiden ohjausta Jamkssa. Ohjauksen laatu m\u00e4\u00e4rittelee pitk\u00e4lti opiskelijan kokemusta opinn\u00e4ytety\u00f6prosessista. Siksi opinn\u00e4ytety\u00f6nohjauksen osaamista on t\u00e4rke\u00e4\u00e4 kehitt\u00e4\u00e4 ja tehd\u00e4 n\u00e4kyv\u00e4ksi koko Jamkin laajuudella. Tavoitteena on, ett\u00e4 jokainen opiskelija saa yht\u00e4 laadukasta ohjausta omaan opinn\u00e4ytety\u00f6h\u00f6ns\u00e4. Ohjauksen laatua pyrit\u00e4\u00e4n parantamaan esimerkiksi opinn\u00e4ytety\u00f6ohjaajan osaamismerkill\u00e4. Osaamismerkki on digitaalinen todistus osaamisesta, [&hellip;]","og_url":"https:\/\/help.jamk.fi\/opinnaytetyon-ohjaus\/fi\/ohjaajan-linkit\/opinnaytetyon-ohjaajan-osaamismerkki\/","og_site_name":"Thesis Supervisor&#039;s Handbook","article_modified_time":"2025-09-15T10:44:56+00:00","twitter_card":"summary_large_image","twitter_misc":{"Arvioitu lukuaika":"2 minuuttia"},"schema":{"@context":"https:\/\/schema.org","@graph":[{"@type":"WebPage","@id":"https:\/\/help.jamk.fi\/opinnaytetyon-ohjaus\/fi\/ohjaajan-linkit\/opinnaytetyon-ohjaajan-osaamismerkki\/","url":"https:\/\/help.jamk.fi\/opinnaytetyon-ohjaus\/fi\/ohjaajan-linkit\/opinnaytetyon-ohjaajan-osaamismerkki\/","name":"Opinn\u00e4ytety\u00f6n ohjaajan osaamismerkki - Thesis Supervisor&#039;s Handbook","isPartOf":{"@id":"https:\/\/help.jamk.fi\/opinnaytetyon-ohjaus\/#website"},"datePublished":"2025-04-11T11:22:13+00:00","dateModified":"2025-09-15T10:44:56+00:00","breadcrumb":{"@id":"https:\/\/help.jamk.fi\/opinnaytetyon-ohjaus\/fi\/ohjaajan-linkit\/opinnaytetyon-ohjaajan-osaamismerkki\/#breadcrumb"},"inLanguage":"fi","potentialAction":[{"@type":"ReadAction","target":["https:\/\/help.jamk.fi\/opinnaytetyon-ohjaus\/fi\/ohjaajan-linkit\/opinnaytetyon-ohjaajan-osaamismerkki\/"]}]},{"@type":"BreadcrumbList","@id":"https:\/\/help.jamk.fi\/opinnaytetyon-ohjaus\/fi\/ohjaajan-linkit\/opinnaytetyon-ohjaajan-osaamismerkki\/#breadcrumb","itemListElement":[{"@type":"ListItem","position":1,"name":"Etusivu","item":"https:\/\/help.jamk.fi\/opinnaytetyon-ohjaus\/fi\/"},{"@type":"ListItem","position":2,"name":"12 Ohjaajan linkit ja tuki","item":"https:\/\/help.jamk.fi\/opinnaytetyon-ohjaus\/fi\/ohjaajan-linkit\/"},{"@type":"ListItem","position":3,"name":"Opinn\u00e4ytety\u00f6n ohjaajan osaamismerkki"}]},{"@type":"WebSite","@id":"https:\/\/help.jamk.fi\/opinnaytetyon-ohjaus\/#website","url":"https:\/\/help.jamk.fi\/opinnaytetyon-ohjaus\/","name":"Thesis Supervisor&#039;s Handbook","description":"Opinn\u00e4ytety\u00f6n ohjaajan k\u00e4sikirja ja vinkkipankki","potentialAction":[{"@type":"SearchAction","target":{"@type":"EntryPoint","urlTemplate":"https:\/\/help.jamk.fi\/opinnaytetyon-ohjaus\/?s={search_term_string}"},"query-input":{"@type":"PropertyValueSpecification","valueRequired":true,"valueName":"search_term_string"}}],"inLanguage":"fi"}]}},"_links":{"self":[{"href":"https:\/\/help.jamk.fi\/opinnaytetyon-ohjaus\/wp-json\/wp\/v2\/pages\/1821","targetHints":{"allow":["GET"]}}],"collection":[{"href":"https:\/\/help.jamk.fi\/opinnaytetyon-ohjaus\/wp-json\/wp\/v2\/pages"}],"about":[{"href":"https:\/\/help.jamk.fi\/opinnaytetyon-ohjaus\/wp-json\/wp\/v2\/types\/page"}],"author":[{"embeddable":true,"href":"https:\/\/help.jamk.fi\/opinnaytetyon-ohjaus\/wp-json\/wp\/v2\/users\/471"}],"replies":[{"embeddable":true,"href":"https:\/\/help.jamk.fi\/opinnaytetyon-ohjaus\/wp-json\/wp\/v2\/comments?post=1821"}],"version-history":[{"count":5,"href":"https:\/\/help.jamk.fi\/opinnaytetyon-ohjaus\/wp-json\/wp\/v2\/pages\/1821\/revisions"}],"predecessor-version":[{"id":1919,"href":"https:\/\/help.jamk.fi\/opinnaytetyon-ohjaus\/wp-json\/wp\/v2\/pages\/1821\/revisions\/1919"}],"up":[{"embeddable":true,"href":"https:\/\/help.jamk.fi\/opinnaytetyon-ohjaus\/wp-json\/wp\/v2\/pages\/642"}],"wp:attachment":[{"href":"https:\/\/help.jamk.fi\/opinnaytetyon-ohjaus\/wp-json\/wp\/v2\/media?parent=1821"}],"wp:term":[{"taxonomy":"category","embeddable":true,"href":"https:\/\/help.jamk.fi\/opinnaytetyon-ohjaus\/wp-json\/wp\/v2\/categories?post=1821"},{"taxonomy":"post_tag","embeddable":true,"href":"https:\/\/help.jamk.fi\/opinnaytetyon-ohjaus\/wp-json\/wp\/v2\/tags?post=1821"}],"curies":[{"name":"wp","href":"https:\/\/api.w.org\/{rel}","templated":true}]}}