{"id":1824,"date":"2025-04-13T17:06:31","date_gmt":"2025-04-13T14:06:31","guid":{"rendered":"https:\/\/help.jamk.fi\/opinnaytetyon-ohjaus\/?page_id=1824"},"modified":"2025-04-22T09:04:00","modified_gmt":"2025-04-22T06:04:00","slug":"thesis-supervisors-badge","status":"publish","type":"page","link":"https:\/\/help.jamk.fi\/opinnaytetyon-ohjaus\/en\/welcome\/thesis-supervisors-badge\/","title":{"rendered":"Thesis supervisor&#8217;s badge"},"content":{"rendered":"\n<p>Thesis\u00a0supervision\u00a0is\u00a0a\u00a0special\u00a0skill\u00a0and\u00a0a\u00a0key\u00a0part\u00a0of\u00a0student\u00a0supervision\u00a0at\u00a0Jamk.\u00a0The\u00a0quality\u00a0of\u00a0supervision\u00a0largely\u00a0determines\u00a0the\u00a0student&#8217;s\u00a0experience\u00a0of\u00a0the\u00a0thesis\u00a0process.\u00a0Hence,\u00a0it\u00a0is\u00a0important\u00a0to\u00a0develop\u00a0thesis\u00a0supervision\u00a0skills\u00a0and\u00a0make\u00a0them\u00a0visible\u00a0throughout\u00a0Jamk.\u00a0The\u00a0aim\u00a0is\u00a0that\u00a0every\u00a0student\u00a0receives\u00a0equally\u00a0high-quality\u00a0supervision\u00a0for\u00a0their\u00a0thesis.<\/p>\n\n\n\n<p>The\u00a0aim\u00a0is\u00a0to\u00a0improve\u00a0the\u00a0quality\u00a0of the supervision,\u00a0for\u00a0example,\u00a0with\u00a0this\u00a0thesis\u00a0supervisor&#8217;s\u00a0badge.\u00a0 The\u00a0badge\u00a0is\u00a0a\u00a0digital\u00a0certificate\u00a0of\u00a0competence\u00a0that\u00a0tells\u00a0what\u00a0you\u00a0have\u00a0learned\u00a0and\u00a0how\u00a0you\u00a0have\u00a0demonstrated\u00a0it.\u00a0<br>With\u00a0the\u00a0badge,\u00a0you\u00a0can:<\/p>\n\n\n\n<ul class=\"wp-block-list\">\n<li>develop\u00a0your\u00a0skills\u00a0as\u00a0a\u00a0thesis\u00a0supervisor\u00a0and\u00a0show\u00a0that\u00a0you\u00a0are\u00a0qualified\u00a0for\u00a0it.<\/li>\n\n\n\n<li>Identify\u00a0your\u00a0own\u00a0strengths\u00a0and\u00a0weaknesses\u00a0as\u00a0a\u00a0thesis supervisor.\u00a0This\u00a0enables\u00a0the\u00a0right kind\u00a0of\u00a0training\u00a0and\u00a0support\u00a0for the thesis supervisors.<\/li>\n\n\n\n<li>Increase\u00a0the\u00a0level\u00a0and\u00a0visibility\u00a0of\u00a0Jamk&#8217;s\u00a0supervision\u00a0competence,\u00a0ensure\u00a0its\u00a0equality,\u00a0and\u00a0strengthen\u00a0the\u00a0profile\u00a0of\u00a0thesis\u00a0supervisors.<\/li>\n\n\n\n<li>Raise\u00a0managers&#8217;\u00a0appreciation\u00a0for\u00a0thesis\u00a0supervision.\u00a0As\u00a0a\u00a0result,\u00a0motivated\u00a0and\u00a0suitable\u00a0faculty\u00a0are\u00a0recruited\u00a0for\u00a0the thesis supervision\u00a0and\u00a0sufficient\u00a0working\u00a0hours\u00a0can be\u00a0ensured\u00a0for\u00a0this\u00a0work.<\/li>\n<\/ul>\n\n\n\n<h5 class=\"wp-block-heading\">Objectives&nbsp;of&nbsp;the badge<\/h5>\n\n\n\n<ul class=\"wp-block-list\">\n<li>You\u00a0know\u00a0the\u00a0ways\u00a0of\u00a0interaction\u00a0and\u00a0guidance\u00a0styles<\/li>\n\n\n\n<li>You\u00a0recognize\u00a0various\u00a0problems\u00a0related\u00a0to\u00a0the\u00a0progress\u00a0of the\u00a0thesis<\/li>\n\n\n\n<li>You\u00a0are familiar with\u00a0development\u00a0and\u00a0research\u00a0methods\u00a0and\u00a0Jamk&#8217;s\u00a0requirements\u00a0for\u00a0the\u00a0research-based nature\u00a0of\u00a0theses<\/li>\n\n\n\n<li>You\u00a0are\u00a0able\u00a0to\u00a0act\u00a0as\u00a0a\u00a0supervisor\u00a0ethically\u00a0and\u00a0responsibly<\/li>\n\n\n\n<li>You master\u00a0the\u00a0phases\u00a0of\u00a0Jamk&#8217;s\u00a0thesis\u00a0process<\/li>\n\n\n\n<li>You\u00a0are familiar with\u00a0the\u00a0systems\u00a0related\u00a0to\u00a0the thesis,\u00a0such\u00a0as\u00a0Wihi,\u00a0Turnitin\u00a0and\u00a0Exam,\u00a0and\u00a0you\u00a0are able\u00a0to\u00a0instruct\u00a0students\u00a0in\u00a0their\u00a0use<\/li>\n\n\n\n<li>You\u00a0are able\u00a0to\u00a0utilise\u00a0and\u00a0apply\u00a0Jamk&#8217;s\u00a0instructions\u00a0in\u00a0thesis\u00a0supervision<\/li>\n<\/ul>\n\n\n\n<p>Enroll yourself for the badge in the OSS-system\u00a0<a href=\"https:\/\/oss.jamk.fi\/\">(oss.jamk.fi)<\/a>\u00a0, so that your manager is aware of your plan and you get the link to the Moodle-workspace.<br>Make sure, that the badge hours (10h) is marked to your work plan (TAS).<\/p>\n\n\n\n<p>If you don&#8217;t yet have theses to supervise, you can make the badge partially. The badges are granted once in a semester. See the detailed instructions from the Moodle workspace.<\/p>\n\n\n\n<p><\/p>\n\n\n\n<p>Ask more info: Riikka Ahlgren \/ chair of the Jamk Thesis Forum (ONT-Foorumi).<\/p>\n","protected":false},"excerpt":{"rendered":"<p>Thesis\u00a0supervision\u00a0is\u00a0a\u00a0special\u00a0skill\u00a0and\u00a0a\u00a0key\u00a0part\u00a0of\u00a0student\u00a0supervision\u00a0at\u00a0Jamk.\u00a0The\u00a0quality\u00a0of\u00a0supervision\u00a0largely\u00a0determines\u00a0the\u00a0student&#8217;s\u00a0experience\u00a0of\u00a0the\u00a0thesis\u00a0process.\u00a0Hence,\u00a0it\u00a0is\u00a0important\u00a0to\u00a0develop\u00a0thesis\u00a0supervision\u00a0skills\u00a0and\u00a0make\u00a0them\u00a0visible\u00a0throughout\u00a0Jamk.\u00a0The\u00a0aim\u00a0is\u00a0that\u00a0every\u00a0student\u00a0receives\u00a0equally\u00a0high-quality\u00a0supervision\u00a0for\u00a0their\u00a0thesis. The\u00a0aim\u00a0is\u00a0to\u00a0improve\u00a0the\u00a0quality\u00a0of the supervision,\u00a0for\u00a0example,\u00a0with\u00a0this\u00a0thesis\u00a0supervisor&#8217;s\u00a0badge.\u00a0 The\u00a0badge\u00a0is\u00a0a\u00a0digital\u00a0certificate\u00a0of\u00a0competence\u00a0that\u00a0tells\u00a0what\u00a0you\u00a0have\u00a0learned\u00a0and\u00a0how\u00a0you\u00a0have\u00a0demonstrated\u00a0it.\u00a0With\u00a0the\u00a0badge,\u00a0you\u00a0can: Objectives&nbsp;of&nbsp;the badge Enroll yourself for the badge in the OSS-system\u00a0(oss.jamk.fi)\u00a0, so that your manager is aware of your plan and you get the link to the Moodle-workspace.Make sure, that the badge hours (10h) is marked to your work plan (TAS). If you don&#8217;t yet have theses to supervise, you can [&hellip;]<\/p>\n","protected":false},"author":471,"featured_media":0,"parent":482,"menu_order":1,"comment_status":"closed","ping_status":"closed","template":"","meta":{"_acf_changed":false,"_relevanssi_hide_post":"","_relevanssi_hide_content":"","_relevanssi_pin_for_all":"","_relevanssi_pin_keywords":"","_relevanssi_unpin_keywords":"","_relevanssi_related_keywords":"","_relevanssi_related_include_ids":"","_relevanssi_related_exclude_ids":"","_relevanssi_related_no_append":"","_relevanssi_related_not_related":"","_relevanssi_related_posts":"","_relevanssi_noindex_reason":"","footnotes":""},"categories":[],"tags":[287,289],"class_list":["post-1824","page","type-page","status-publish","hentry","tag-badge","tag-thesis-supervisors-badge"],"acf":[],"yoast_head":"<!-- This site is optimized with the Yoast SEO plugin v27.3 - https:\/\/yoast.com\/product\/yoast-seo-wordpress\/ -->\n<title>Thesis supervisor&#039;s badge - Thesis Supervisor&#039;s Handbook<\/title>\n<meta name=\"robots\" content=\"index, follow, max-snippet:-1, max-image-preview:large, max-video-preview:-1\" \/>\n<link rel=\"canonical\" href=\"https:\/\/help.jamk.fi\/opinnaytetyon-ohjaus\/en\/welcome\/thesis-supervisors-badge\/\" \/>\n<meta property=\"og:locale\" content=\"fi_FI\" \/>\n<meta property=\"og:type\" content=\"article\" \/>\n<meta property=\"og:title\" content=\"Thesis supervisor&#039;s badge - Thesis Supervisor&#039;s Handbook\" \/>\n<meta property=\"og:description\" content=\"Thesis\u00a0supervision\u00a0is\u00a0a\u00a0special\u00a0skill\u00a0and\u00a0a\u00a0key\u00a0part\u00a0of\u00a0student\u00a0supervision\u00a0at\u00a0Jamk.\u00a0The\u00a0quality\u00a0of\u00a0supervision\u00a0largely\u00a0determines\u00a0the\u00a0student&#8217;s\u00a0experience\u00a0of\u00a0the\u00a0thesis\u00a0process.\u00a0Hence,\u00a0it\u00a0is\u00a0important\u00a0to\u00a0develop\u00a0thesis\u00a0supervision\u00a0skills\u00a0and\u00a0make\u00a0them\u00a0visible\u00a0throughout\u00a0Jamk.\u00a0The\u00a0aim\u00a0is\u00a0that\u00a0every\u00a0student\u00a0receives\u00a0equally\u00a0high-quality\u00a0supervision\u00a0for\u00a0their\u00a0thesis. The\u00a0aim\u00a0is\u00a0to\u00a0improve\u00a0the\u00a0quality\u00a0of the supervision,\u00a0for\u00a0example,\u00a0with\u00a0this\u00a0thesis\u00a0supervisor&#8217;s\u00a0badge.\u00a0 The\u00a0badge\u00a0is\u00a0a\u00a0digital\u00a0certificate\u00a0of\u00a0competence\u00a0that\u00a0tells\u00a0what\u00a0you\u00a0have\u00a0learned\u00a0and\u00a0how\u00a0you\u00a0have\u00a0demonstrated\u00a0it.\u00a0With\u00a0the\u00a0badge,\u00a0you\u00a0can: Objectives&nbsp;of&nbsp;the badge Enroll yourself for the badge in the OSS-system\u00a0(oss.jamk.fi)\u00a0, so that your manager is aware of your plan and you get the link to the Moodle-workspace.Make sure, that the badge hours (10h) is marked to your work plan (TAS). If you don&#8217;t yet have theses to supervise, you can [&hellip;]\" \/>\n<meta property=\"og:url\" content=\"https:\/\/help.jamk.fi\/opinnaytetyon-ohjaus\/en\/welcome\/thesis-supervisors-badge\/\" \/>\n<meta property=\"og:site_name\" content=\"Thesis Supervisor&#039;s Handbook\" \/>\n<meta property=\"article:modified_time\" content=\"2025-04-22T06:04:00+00:00\" \/>\n<meta name=\"twitter:card\" content=\"summary_large_image\" \/>\n<meta name=\"twitter:label1\" content=\"Arvioitu lukuaika\" \/>\n\t<meta name=\"twitter:data1\" content=\"3 minuuttia\" \/>\n<script type=\"application\/ld+json\" class=\"yoast-schema-graph\">{\"@context\":\"https:\\\/\\\/schema.org\",\"@graph\":[{\"@type\":\"WebPage\",\"@id\":\"https:\\\/\\\/help.jamk.fi\\\/opinnaytetyon-ohjaus\\\/en\\\/welcome\\\/thesis-supervisors-badge\\\/\",\"url\":\"https:\\\/\\\/help.jamk.fi\\\/opinnaytetyon-ohjaus\\\/en\\\/welcome\\\/thesis-supervisors-badge\\\/\",\"name\":\"Thesis supervisor's badge - Thesis Supervisor&#039;s Handbook\",\"isPartOf\":{\"@id\":\"https:\\\/\\\/help.jamk.fi\\\/opinnaytetyon-ohjaus\\\/#website\"},\"datePublished\":\"2025-04-13T14:06:31+00:00\",\"dateModified\":\"2025-04-22T06:04:00+00:00\",\"breadcrumb\":{\"@id\":\"https:\\\/\\\/help.jamk.fi\\\/opinnaytetyon-ohjaus\\\/en\\\/welcome\\\/thesis-supervisors-badge\\\/#breadcrumb\"},\"inLanguage\":\"fi\",\"potentialAction\":[{\"@type\":\"ReadAction\",\"target\":[\"https:\\\/\\\/help.jamk.fi\\\/opinnaytetyon-ohjaus\\\/en\\\/welcome\\\/thesis-supervisors-badge\\\/\"]}]},{\"@type\":\"BreadcrumbList\",\"@id\":\"https:\\\/\\\/help.jamk.fi\\\/opinnaytetyon-ohjaus\\\/en\\\/welcome\\\/thesis-supervisors-badge\\\/#breadcrumb\",\"itemListElement\":[{\"@type\":\"ListItem\",\"position\":1,\"name\":\"Etusivu\",\"item\":\"https:\\\/\\\/help.jamk.fi\\\/opinnaytetyon-ohjaus\\\/fi\\\/\"},{\"@type\":\"ListItem\",\"position\":2,\"name\":\"Welcome to the thesis supervisor&#8217;s handbook\",\"item\":\"https:\\\/\\\/help.jamk.fi\\\/opinnaytetyon-ohjaus\\\/en\\\/\"},{\"@type\":\"ListItem\",\"position\":3,\"name\":\"Thesis supervisor&#8217;s badge\"}]},{\"@type\":\"WebSite\",\"@id\":\"https:\\\/\\\/help.jamk.fi\\\/opinnaytetyon-ohjaus\\\/#website\",\"url\":\"https:\\\/\\\/help.jamk.fi\\\/opinnaytetyon-ohjaus\\\/\",\"name\":\"Thesis Supervisor&#039;s Handbook\",\"description\":\"Opinn\u00e4ytety\u00f6n ohjaajan k\u00e4sikirja ja vinkkipankki\",\"potentialAction\":[{\"@type\":\"SearchAction\",\"target\":{\"@type\":\"EntryPoint\",\"urlTemplate\":\"https:\\\/\\\/help.jamk.fi\\\/opinnaytetyon-ohjaus\\\/?s={search_term_string}\"},\"query-input\":{\"@type\":\"PropertyValueSpecification\",\"valueRequired\":true,\"valueName\":\"search_term_string\"}}],\"inLanguage\":\"fi\"}]}<\/script>\n<!-- \/ Yoast SEO plugin. -->","yoast_head_json":{"title":"Thesis supervisor's badge - Thesis Supervisor&#039;s Handbook","robots":{"index":"index","follow":"follow","max-snippet":"max-snippet:-1","max-image-preview":"max-image-preview:large","max-video-preview":"max-video-preview:-1"},"canonical":"https:\/\/help.jamk.fi\/opinnaytetyon-ohjaus\/en\/welcome\/thesis-supervisors-badge\/","og_locale":"fi_FI","og_type":"article","og_title":"Thesis supervisor's badge - Thesis Supervisor&#039;s Handbook","og_description":"Thesis\u00a0supervision\u00a0is\u00a0a\u00a0special\u00a0skill\u00a0and\u00a0a\u00a0key\u00a0part\u00a0of\u00a0student\u00a0supervision\u00a0at\u00a0Jamk.\u00a0The\u00a0quality\u00a0of\u00a0supervision\u00a0largely\u00a0determines\u00a0the\u00a0student&#8217;s\u00a0experience\u00a0of\u00a0the\u00a0thesis\u00a0process.\u00a0Hence,\u00a0it\u00a0is\u00a0important\u00a0to\u00a0develop\u00a0thesis\u00a0supervision\u00a0skills\u00a0and\u00a0make\u00a0them\u00a0visible\u00a0throughout\u00a0Jamk.\u00a0The\u00a0aim\u00a0is\u00a0that\u00a0every\u00a0student\u00a0receives\u00a0equally\u00a0high-quality\u00a0supervision\u00a0for\u00a0their\u00a0thesis. The\u00a0aim\u00a0is\u00a0to\u00a0improve\u00a0the\u00a0quality\u00a0of the supervision,\u00a0for\u00a0example,\u00a0with\u00a0this\u00a0thesis\u00a0supervisor&#8217;s\u00a0badge.\u00a0 The\u00a0badge\u00a0is\u00a0a\u00a0digital\u00a0certificate\u00a0of\u00a0competence\u00a0that\u00a0tells\u00a0what\u00a0you\u00a0have\u00a0learned\u00a0and\u00a0how\u00a0you\u00a0have\u00a0demonstrated\u00a0it.\u00a0With\u00a0the\u00a0badge,\u00a0you\u00a0can: Objectives&nbsp;of&nbsp;the badge Enroll yourself for the badge in the OSS-system\u00a0(oss.jamk.fi)\u00a0, so that your manager is aware of your plan and you get the link to the Moodle-workspace.Make sure, that the badge hours (10h) is marked to your work plan (TAS). If you don&#8217;t yet have theses to supervise, you can [&hellip;]","og_url":"https:\/\/help.jamk.fi\/opinnaytetyon-ohjaus\/en\/welcome\/thesis-supervisors-badge\/","og_site_name":"Thesis Supervisor&#039;s Handbook","article_modified_time":"2025-04-22T06:04:00+00:00","twitter_card":"summary_large_image","twitter_misc":{"Arvioitu lukuaika":"3 minuuttia"},"schema":{"@context":"https:\/\/schema.org","@graph":[{"@type":"WebPage","@id":"https:\/\/help.jamk.fi\/opinnaytetyon-ohjaus\/en\/welcome\/thesis-supervisors-badge\/","url":"https:\/\/help.jamk.fi\/opinnaytetyon-ohjaus\/en\/welcome\/thesis-supervisors-badge\/","name":"Thesis supervisor's badge - Thesis Supervisor&#039;s Handbook","isPartOf":{"@id":"https:\/\/help.jamk.fi\/opinnaytetyon-ohjaus\/#website"},"datePublished":"2025-04-13T14:06:31+00:00","dateModified":"2025-04-22T06:04:00+00:00","breadcrumb":{"@id":"https:\/\/help.jamk.fi\/opinnaytetyon-ohjaus\/en\/welcome\/thesis-supervisors-badge\/#breadcrumb"},"inLanguage":"fi","potentialAction":[{"@type":"ReadAction","target":["https:\/\/help.jamk.fi\/opinnaytetyon-ohjaus\/en\/welcome\/thesis-supervisors-badge\/"]}]},{"@type":"BreadcrumbList","@id":"https:\/\/help.jamk.fi\/opinnaytetyon-ohjaus\/en\/welcome\/thesis-supervisors-badge\/#breadcrumb","itemListElement":[{"@type":"ListItem","position":1,"name":"Etusivu","item":"https:\/\/help.jamk.fi\/opinnaytetyon-ohjaus\/fi\/"},{"@type":"ListItem","position":2,"name":"Welcome to the thesis supervisor&#8217;s handbook","item":"https:\/\/help.jamk.fi\/opinnaytetyon-ohjaus\/en\/"},{"@type":"ListItem","position":3,"name":"Thesis supervisor&#8217;s badge"}]},{"@type":"WebSite","@id":"https:\/\/help.jamk.fi\/opinnaytetyon-ohjaus\/#website","url":"https:\/\/help.jamk.fi\/opinnaytetyon-ohjaus\/","name":"Thesis Supervisor&#039;s Handbook","description":"Opinn\u00e4ytety\u00f6n ohjaajan k\u00e4sikirja ja vinkkipankki","potentialAction":[{"@type":"SearchAction","target":{"@type":"EntryPoint","urlTemplate":"https:\/\/help.jamk.fi\/opinnaytetyon-ohjaus\/?s={search_term_string}"},"query-input":{"@type":"PropertyValueSpecification","valueRequired":true,"valueName":"search_term_string"}}],"inLanguage":"fi"}]}},"_links":{"self":[{"href":"https:\/\/help.jamk.fi\/opinnaytetyon-ohjaus\/wp-json\/wp\/v2\/pages\/1824","targetHints":{"allow":["GET"]}}],"collection":[{"href":"https:\/\/help.jamk.fi\/opinnaytetyon-ohjaus\/wp-json\/wp\/v2\/pages"}],"about":[{"href":"https:\/\/help.jamk.fi\/opinnaytetyon-ohjaus\/wp-json\/wp\/v2\/types\/page"}],"author":[{"embeddable":true,"href":"https:\/\/help.jamk.fi\/opinnaytetyon-ohjaus\/wp-json\/wp\/v2\/users\/471"}],"replies":[{"embeddable":true,"href":"https:\/\/help.jamk.fi\/opinnaytetyon-ohjaus\/wp-json\/wp\/v2\/comments?post=1824"}],"version-history":[{"count":2,"href":"https:\/\/help.jamk.fi\/opinnaytetyon-ohjaus\/wp-json\/wp\/v2\/pages\/1824\/revisions"}],"predecessor-version":[{"id":1838,"href":"https:\/\/help.jamk.fi\/opinnaytetyon-ohjaus\/wp-json\/wp\/v2\/pages\/1824\/revisions\/1838"}],"up":[{"embeddable":true,"href":"https:\/\/help.jamk.fi\/opinnaytetyon-ohjaus\/wp-json\/wp\/v2\/pages\/482"}],"wp:attachment":[{"href":"https:\/\/help.jamk.fi\/opinnaytetyon-ohjaus\/wp-json\/wp\/v2\/media?parent=1824"}],"wp:term":[{"taxonomy":"category","embeddable":true,"href":"https:\/\/help.jamk.fi\/opinnaytetyon-ohjaus\/wp-json\/wp\/v2\/categories?post=1824"},{"taxonomy":"post_tag","embeddable":true,"href":"https:\/\/help.jamk.fi\/opinnaytetyon-ohjaus\/wp-json\/wp\/v2\/tags?post=1824"}],"curies":[{"name":"wp","href":"https:\/\/api.w.org\/{rel}","templated":true}]}}