{"id":1908,"date":"2025-09-15T09:12:10","date_gmt":"2025-09-15T06:12:10","guid":{"rendered":"https:\/\/help.jamk.fi\/opinnaytetyon-ohjaus\/?page_id=1908"},"modified":"2025-09-15T10:00:45","modified_gmt":"2025-09-15T07:00:45","slug":"co-authored-article-based-on-a-thesis","status":"publish","type":"page","link":"https:\/\/help.jamk.fi\/opinnaytetyon-ohjaus\/en\/thesis-tutor-links\/co-authored-article-based-on-a-thesis\/","title":{"rendered":"Co-authored Article Based on a Thesis"},"content":{"rendered":"\n<p><br>Jamk aims to highlight students&#8217; expertise more broadly and showcase the educational impact of Jamk. One way to achieve these goals is by creating articles (and other publications) based on completed theses. This guide describes the co-authoring process at Jamk, primarily targeting articles written from\u00a0<strong>Master\u2019s level (YAMK)<\/strong>\u00a0theses. However, it does not exclude publications based on particularly suitable\u00a0Bachelor\u2019s level (AMK)\u00a0theses.<\/p>\n\n\n\n<h2 class=\"wp-block-heading\"><strong>1. Initiating the Discussion on Writing an Article<\/strong><\/h2>\n\n\n\n<p>The\u00a0main supervisor\u00a0of the thesis evaluates the possibility of co-authoring an article during the thesis process. The evaluation considers the topic, data, methods, relevance, novelty, and any commissioning aspects. The actual process begins\u00a0<strong>after the thesis is completed<\/strong> and the article writing should not delay the student&#8217;s graduation. The article cannot be a summary of the thesis, but it must produce\u00a0<strong>new knowledge<\/strong>. <a href=\"https:\/\/help.jamk.fi\/opinnaytetyon-ohjaus\/en\/thesis-tutor-links\/ideas-on-how-to-introduce-new-knowledge-into-articles\/\">Ideas and perspectives for generating new knowledge can be found on the separate page.<\/a><\/p>\n\n\n\n<h2 class=\"wp-block-heading\"><strong>2. Publication Channels<\/strong><\/h2>\n\n\n\n<p>Choosing the publication channel should be considered early, taking into account the channel\u2019s requirements and the time needed for the process. The selection is made\u00a0together by the authors. The main target is\u00a0<strong>professional articles<\/strong> (D-class in the Ministry&#8217;s publication categories). Depending on the field, other types of publications may also be possible, such as:<\/p>\n\n\n\n<ul class=\"wp-block-list\">\n<li>Professional article in a field-specific magazine (e.g., Jamk Arena)<\/li>\n\n\n\n<li>Peer-reviewed scientific article in a suitable journal<\/li>\n\n\n\n<li>Other audiovisual productions<\/li>\n<\/ul>\n\n\n\n<p><\/p>\n\n\n\n<h2 class=\"wp-block-heading\"><strong>3. Division of Work, Resourcing, Affiliation, and Process Management<\/strong><\/h2>\n\n\n\n<p>The thesis supervisor discusses with the student whether they are interested in developing the thesis into a professional and\/or scientific article.<br>If the student agrees, the authors need to agree on the division of work and the resources to be used.<\/p>\n\n\n\n<ol class=\"wp-block-list\">\n<li>Selection of a Jamk expert for the article (referred to as\u00a0JAT). The JAT may be the thesis supervisor or another Jamk expert. Other contributors may include Jamk RDI experts or representatives from working life.<\/li>\n\n\n\n<li>JAT is the\u00a0responsible leader\u00a0of the co-authoring process. They coordinate for example the authors&#8217; roles and responsibilities, timeline, publication channel and the author order in the final publication<\/li>\n\n\n\n<li>All authors must have a\u00a0significant contribution\u00a0to the article.\n<ul class=\"wp-block-list\">\n<li>If new data collection is needed for the article, the JAT handles the research permits, data management, data protection and the  authorship and copyright issues<\/li>\n<\/ul>\n<\/li>\n\n\n\n<li>JAT also acts as the contact person during the article review and publication phase. Jamk allocates working hours (for example\u00a030\u201340 hours)\u00a0of JAT\u2019s working time for the article publication. The co-authoring process typically results in\u00a01\u20133 versions, and time must be reserved for meetings, finalizing the article, and adapting it to the chosen publication channel.<\/li>\n\n\n\n<li>JAT submits the article details for\u00a0publication data collection\u00a0(JUSTUS, <a href=\"https:\/\/justus.csc.fi\">https:\/\/justus.csc.fi<\/a>).\n<ul class=\"wp-block-list\">\n<li>If the article was published in the Jamk Arena, the publication data collection gets the details automatically<\/li>\n<\/ul>\n<\/li>\n<\/ol>\n\n\n\n<p><\/p>\n","protected":false},"excerpt":{"rendered":"<p>Jamk aims to highlight students&#8217; expertise more broadly and showcase the educational impact of Jamk. One way to achieve these goals is by creating articles (and other publications) based on completed theses. This guide describes the co-authoring process at Jamk, primarily targeting articles written from\u00a0Master\u2019s level (YAMK)\u00a0theses. However, it does not exclude publications based on [&hellip;]<\/p>\n","protected":false},"author":471,"featured_media":0,"parent":645,"menu_order":1,"comment_status":"closed","ping_status":"closed","template":"","meta":{"_acf_changed":false,"_relevanssi_hide_post":"","_relevanssi_hide_content":"","_relevanssi_pin_for_all":"","_relevanssi_pin_keywords":"","_relevanssi_unpin_keywords":"","_relevanssi_related_keywords":"","_relevanssi_related_include_ids":"","_relevanssi_related_exclude_ids":"","_relevanssi_related_no_append":"","_relevanssi_related_not_related":"","_relevanssi_related_posts":"","_relevanssi_noindex_reason":"","footnotes":""},"categories":[],"tags":[],"class_list":["post-1908","page","type-page","status-publish","hentry"],"acf":[],"yoast_head":"<!-- This site is optimized with the Yoast SEO plugin v27.4 - https:\/\/yoast.com\/product\/yoast-seo-wordpress\/ -->\n<title>Co-authored Article Based on a Thesis - Thesis Supervisor&#039;s Handbook<\/title>\n<meta name=\"robots\" content=\"index, follow, max-snippet:-1, max-image-preview:large, max-video-preview:-1\" \/>\n<link rel=\"canonical\" href=\"https:\/\/help.jamk.fi\/opinnaytetyon-ohjaus\/en\/thesis-tutor-links\/co-authored-article-based-on-a-thesis\/\" \/>\n<meta property=\"og:locale\" content=\"fi_FI\" \/>\n<meta property=\"og:type\" content=\"article\" \/>\n<meta property=\"og:title\" content=\"Co-authored Article Based on a Thesis - Thesis Supervisor&#039;s Handbook\" \/>\n<meta property=\"og:description\" content=\"Jamk aims to highlight students&#8217; expertise more broadly and showcase the educational impact of Jamk. One way to achieve these goals is by creating articles (and other publications) based on completed theses. This guide describes the co-authoring process at Jamk, primarily targeting articles written from\u00a0Master\u2019s level (YAMK)\u00a0theses. However, it does not exclude publications based on [&hellip;]\" \/>\n<meta property=\"og:url\" content=\"https:\/\/help.jamk.fi\/opinnaytetyon-ohjaus\/en\/thesis-tutor-links\/co-authored-article-based-on-a-thesis\/\" \/>\n<meta property=\"og:site_name\" content=\"Thesis Supervisor&#039;s Handbook\" \/>\n<meta property=\"article:modified_time\" content=\"2025-09-15T07:00:45+00:00\" \/>\n<meta name=\"twitter:card\" content=\"summary_large_image\" \/>\n<meta name=\"twitter:label1\" content=\"Arvioitu lukuaika\" \/>\n\t<meta name=\"twitter:data1\" content=\"3 minuuttia\" \/>\n<script type=\"application\/ld+json\" class=\"yoast-schema-graph\">{\"@context\":\"https:\\\/\\\/schema.org\",\"@graph\":[{\"@type\":\"WebPage\",\"@id\":\"https:\\\/\\\/help.jamk.fi\\\/opinnaytetyon-ohjaus\\\/en\\\/thesis-tutor-links\\\/co-authored-article-based-on-a-thesis\\\/\",\"url\":\"https:\\\/\\\/help.jamk.fi\\\/opinnaytetyon-ohjaus\\\/en\\\/thesis-tutor-links\\\/co-authored-article-based-on-a-thesis\\\/\",\"name\":\"Co-authored Article Based on a Thesis - Thesis Supervisor&#039;s Handbook\",\"isPartOf\":{\"@id\":\"https:\\\/\\\/help.jamk.fi\\\/opinnaytetyon-ohjaus\\\/#website\"},\"datePublished\":\"2025-09-15T06:12:10+00:00\",\"dateModified\":\"2025-09-15T07:00:45+00:00\",\"breadcrumb\":{\"@id\":\"https:\\\/\\\/help.jamk.fi\\\/opinnaytetyon-ohjaus\\\/en\\\/thesis-tutor-links\\\/co-authored-article-based-on-a-thesis\\\/#breadcrumb\"},\"inLanguage\":\"fi\",\"potentialAction\":[{\"@type\":\"ReadAction\",\"target\":[\"https:\\\/\\\/help.jamk.fi\\\/opinnaytetyon-ohjaus\\\/en\\\/thesis-tutor-links\\\/co-authored-article-based-on-a-thesis\\\/\"]}]},{\"@type\":\"BreadcrumbList\",\"@id\":\"https:\\\/\\\/help.jamk.fi\\\/opinnaytetyon-ohjaus\\\/en\\\/thesis-tutor-links\\\/co-authored-article-based-on-a-thesis\\\/#breadcrumb\",\"itemListElement\":[{\"@type\":\"ListItem\",\"position\":1,\"name\":\"Etusivu\",\"item\":\"https:\\\/\\\/help.jamk.fi\\\/opinnaytetyon-ohjaus\\\/fi\\\/\"},{\"@type\":\"ListItem\",\"position\":2,\"name\":\"12 Thesis tutor links\",\"item\":\"https:\\\/\\\/help.jamk.fi\\\/opinnaytetyon-ohjaus\\\/en\\\/thesis-tutor-links\\\/\"},{\"@type\":\"ListItem\",\"position\":3,\"name\":\"Co-authored Article Based on a Thesis\"}]},{\"@type\":\"WebSite\",\"@id\":\"https:\\\/\\\/help.jamk.fi\\\/opinnaytetyon-ohjaus\\\/#website\",\"url\":\"https:\\\/\\\/help.jamk.fi\\\/opinnaytetyon-ohjaus\\\/\",\"name\":\"Thesis Supervisor&#039;s Handbook\",\"description\":\"Opinn\u00e4ytety\u00f6n ohjaajan k\u00e4sikirja ja vinkkipankki\",\"potentialAction\":[{\"@type\":\"SearchAction\",\"target\":{\"@type\":\"EntryPoint\",\"urlTemplate\":\"https:\\\/\\\/help.jamk.fi\\\/opinnaytetyon-ohjaus\\\/?s={search_term_string}\"},\"query-input\":{\"@type\":\"PropertyValueSpecification\",\"valueRequired\":true,\"valueName\":\"search_term_string\"}}],\"inLanguage\":\"fi\"}]}<\/script>\n<!-- \/ Yoast SEO plugin. -->","yoast_head_json":{"title":"Co-authored Article Based on a Thesis - Thesis Supervisor&#039;s Handbook","robots":{"index":"index","follow":"follow","max-snippet":"max-snippet:-1","max-image-preview":"max-image-preview:large","max-video-preview":"max-video-preview:-1"},"canonical":"https:\/\/help.jamk.fi\/opinnaytetyon-ohjaus\/en\/thesis-tutor-links\/co-authored-article-based-on-a-thesis\/","og_locale":"fi_FI","og_type":"article","og_title":"Co-authored Article Based on a Thesis - Thesis Supervisor&#039;s Handbook","og_description":"Jamk aims to highlight students&#8217; expertise more broadly and showcase the educational impact of Jamk. One way to achieve these goals is by creating articles (and other publications) based on completed theses. This guide describes the co-authoring process at Jamk, primarily targeting articles written from\u00a0Master\u2019s level (YAMK)\u00a0theses. However, it does not exclude publications based on [&hellip;]","og_url":"https:\/\/help.jamk.fi\/opinnaytetyon-ohjaus\/en\/thesis-tutor-links\/co-authored-article-based-on-a-thesis\/","og_site_name":"Thesis Supervisor&#039;s Handbook","article_modified_time":"2025-09-15T07:00:45+00:00","twitter_card":"summary_large_image","twitter_misc":{"Arvioitu lukuaika":"3 minuuttia"},"schema":{"@context":"https:\/\/schema.org","@graph":[{"@type":"WebPage","@id":"https:\/\/help.jamk.fi\/opinnaytetyon-ohjaus\/en\/thesis-tutor-links\/co-authored-article-based-on-a-thesis\/","url":"https:\/\/help.jamk.fi\/opinnaytetyon-ohjaus\/en\/thesis-tutor-links\/co-authored-article-based-on-a-thesis\/","name":"Co-authored Article Based on a Thesis - Thesis Supervisor&#039;s Handbook","isPartOf":{"@id":"https:\/\/help.jamk.fi\/opinnaytetyon-ohjaus\/#website"},"datePublished":"2025-09-15T06:12:10+00:00","dateModified":"2025-09-15T07:00:45+00:00","breadcrumb":{"@id":"https:\/\/help.jamk.fi\/opinnaytetyon-ohjaus\/en\/thesis-tutor-links\/co-authored-article-based-on-a-thesis\/#breadcrumb"},"inLanguage":"fi","potentialAction":[{"@type":"ReadAction","target":["https:\/\/help.jamk.fi\/opinnaytetyon-ohjaus\/en\/thesis-tutor-links\/co-authored-article-based-on-a-thesis\/"]}]},{"@type":"BreadcrumbList","@id":"https:\/\/help.jamk.fi\/opinnaytetyon-ohjaus\/en\/thesis-tutor-links\/co-authored-article-based-on-a-thesis\/#breadcrumb","itemListElement":[{"@type":"ListItem","position":1,"name":"Etusivu","item":"https:\/\/help.jamk.fi\/opinnaytetyon-ohjaus\/fi\/"},{"@type":"ListItem","position":2,"name":"12 Thesis tutor links","item":"https:\/\/help.jamk.fi\/opinnaytetyon-ohjaus\/en\/thesis-tutor-links\/"},{"@type":"ListItem","position":3,"name":"Co-authored Article Based on a Thesis"}]},{"@type":"WebSite","@id":"https:\/\/help.jamk.fi\/opinnaytetyon-ohjaus\/#website","url":"https:\/\/help.jamk.fi\/opinnaytetyon-ohjaus\/","name":"Thesis Supervisor&#039;s Handbook","description":"Opinn\u00e4ytety\u00f6n ohjaajan k\u00e4sikirja ja vinkkipankki","potentialAction":[{"@type":"SearchAction","target":{"@type":"EntryPoint","urlTemplate":"https:\/\/help.jamk.fi\/opinnaytetyon-ohjaus\/?s={search_term_string}"},"query-input":{"@type":"PropertyValueSpecification","valueRequired":true,"valueName":"search_term_string"}}],"inLanguage":"fi"}]}},"_links":{"self":[{"href":"https:\/\/help.jamk.fi\/opinnaytetyon-ohjaus\/wp-json\/wp\/v2\/pages\/1908","targetHints":{"allow":["GET"]}}],"collection":[{"href":"https:\/\/help.jamk.fi\/opinnaytetyon-ohjaus\/wp-json\/wp\/v2\/pages"}],"about":[{"href":"https:\/\/help.jamk.fi\/opinnaytetyon-ohjaus\/wp-json\/wp\/v2\/types\/page"}],"author":[{"embeddable":true,"href":"https:\/\/help.jamk.fi\/opinnaytetyon-ohjaus\/wp-json\/wp\/v2\/users\/471"}],"replies":[{"embeddable":true,"href":"https:\/\/help.jamk.fi\/opinnaytetyon-ohjaus\/wp-json\/wp\/v2\/comments?post=1908"}],"version-history":[{"count":3,"href":"https:\/\/help.jamk.fi\/opinnaytetyon-ohjaus\/wp-json\/wp\/v2\/pages\/1908\/revisions"}],"predecessor-version":[{"id":1914,"href":"https:\/\/help.jamk.fi\/opinnaytetyon-ohjaus\/wp-json\/wp\/v2\/pages\/1908\/revisions\/1914"}],"up":[{"embeddable":true,"href":"https:\/\/help.jamk.fi\/opinnaytetyon-ohjaus\/wp-json\/wp\/v2\/pages\/645"}],"wp:attachment":[{"href":"https:\/\/help.jamk.fi\/opinnaytetyon-ohjaus\/wp-json\/wp\/v2\/media?parent=1908"}],"wp:term":[{"taxonomy":"category","embeddable":true,"href":"https:\/\/help.jamk.fi\/opinnaytetyon-ohjaus\/wp-json\/wp\/v2\/categories?post=1908"},{"taxonomy":"post_tag","embeddable":true,"href":"https:\/\/help.jamk.fi\/opinnaytetyon-ohjaus\/wp-json\/wp\/v2\/tags?post=1908"}],"curies":[{"name":"wp","href":"https:\/\/api.w.org\/{rel}","templated":true}]}}