{"id":191,"date":"2016-12-22T12:00:52","date_gmt":"2016-12-22T10:00:52","guid":{"rendered":"https:\/\/help.jamk.fi\/yamk-kasikirja\/kirjallisuuskatsaukset\/hakustrategian-arviointi\/"},"modified":"2025-08-28T10:10:42","modified_gmt":"2025-08-28T07:10:42","slug":"hakustrategian-arviointi","status":"publish","type":"page","link":"https:\/\/help.jamk.fi\/opinnaytetyon-ohjaus\/fi\/kirjallisuuskatsaukset\/hakustrategian-arviointi\/","title":{"rendered":"8.1 Hakustrategian suunnittelu ja arviointi"},"content":{"rendered":"\n<p>Kirjallisuuskatsauksessa on t\u00e4rke\u00e4\u00e4, ett\u00e4 tiedonhaku on tarkoin suunniteltu ja kirjoitettu hakulausekkeeksi. Hakustrategian muodostamisessa l\u00e4hdet\u00e4\u00e4n liikkeelle tutkimuskysymyksest\u00e4: mihin halutaan l\u00f6yt\u00e4\u00e4 vastaus katsauksen avulla. Kysymyksest\u00e4 johdetaan aiheen p\u00e4\u00e4k\u00e4sitteet ja niille etsit\u00e4\u00e4n vastineita asia- ja avainsanoista. Kirjallisuuskatsauksen prosessista eri vaiheineen on selke\u00e4 kuva <a href=\"http:\/\/urn.fi\/URN:NBN:fi-fe2022060343112\" target=\"_blank\" rel=\"noreferrer noopener\">Marjamaan ja Sinisalon artikkelissa<\/a>. Tavoite tiedonhaulle m\u00e4\u00e4ritt\u00e4\u00e4, miten kattavia hakuja on tarkoitus tehd\u00e4. T\u00e4rkeint\u00e4 kirjallisuuskatsausta teht\u00e4ess\u00e4 on l\u00f6yt\u00e4\u00e4 riitt\u00e4v\u00e4sti l\u00e4hteit\u00e4, jotka vastaavat tutkimuskysymykseen tyydytt\u00e4v\u00e4sti. (Marjamaa &amp; Sinisalo 2022). Tiedonhaun strategian muodostamisessa on apua Tampereen yliopiston oppaasta, jossa esimerkkiaiheen avulla rakennetaan systemaattista tiedonhakua eri vaiheineen (Systemaattinen tiedonhaku 2021).<\/p>\n\n\n\n<p>Hakulauseke muodostetaan ideoiduista sanoista tiedonhaun perusty\u00f6kalujen avulla:<\/p>\n\n\n\n<ul class=\"wp-block-list\">\n<li>Boolen operaattorit (Boolean operators AND, OR, NOT)<\/li>\n\n\n\n<li>sulkeet (parentheses)<\/li>\n\n\n\n<li>sanankatkaisut (truncation)<\/li>\n\n\n\n<li>fraasit (phrase)<\/li>\n\n\n\n<li>l\u00e4heisyysoperaattorit (proximity operators)<\/li>\n<\/ul>\n\n\n\n<p>Useimmissa tietokannoissa hakusanojen yhdistelyyn k\u00e4ytet\u00e4\u00e4n Boolen operaattoreita. AND-operaattorin avulla voi yhdist\u00e4\u00e4 eri hakukokonaisuudet toisiinsa, OR-operaattorilla taas vaihtoehtoiset sanat. Hyv\u00e4 nyrkkis\u00e4\u00e4nt\u00f6 on, ett\u00e4 hakulausekkeessa ei ole enemp\u00e4\u00e4 kuin korkeintaan kolme AND-operaattoria. NOT-operaattorilla voi sulkea hakutuloksista jotain pois, mutta sen k\u00e4yt\u00f6ss\u00e4 pit\u00e4\u00e4 olla eritt\u00e4in varovainen. Esimerkiksi NOT cancer poistaa my\u00f6s hakutulokset, joissa mainitaan sanayhdistelm\u00e4 cancer free. (Lehti\u00f6, Johansson 2016, 38-39)<\/p>\n\n\n\n<p>Jokainen tietokanta toimii v\u00e4h\u00e4n eri tavalla, siksi perushakulauseke t\u00e4ytyy muokata jokaiseen tietokantaan sopivaksi. Haun mukauttaminen eri tietokantoihin on kuvattava riitt\u00e4v\u00e4n selv\u00e4sti. Haun mukauttamisessa otetaan huomioon kunkin tietokannan ominaisuudet, kuten hakusanan katkaisumerkki, tietokannan sis\u00e4lt\u00e4m\u00e4n sanasto, fraasien hakemistavat, tietokannan mahdollistamien operaattoreiden, kuten Boolen operaattorit tai l\u00e4heisyysoperaattoreiden (NEAR) hy\u00f6dynt\u00e4minen. Kannattaa tarkistaa aina tietokannan tarkemmat ohjeet. (Vrt. Lehti\u00f6, Johansson 2016, 42-43). Monessa tietokannassa voi hakuhistoria-n\u00e4kym\u00e4ss\u00e4 yhdistell\u00e4 eri hakukokonaisuudet eri riveilt\u00e4 AND tai OR-operaattoreilla.<\/p>\n\n\n\n<p>Arviointilistan&nbsp;avulla voidaan tiedonhaun strategiaa arvioida testihakujen j\u00e4lkeen, ennen kuin varsinaiset tiedonhaut toteutetaan. Hakusanojen valinnassa on mietitt\u00e4v\u00e4, k\u00e4ytt\u00e4\u00e4k\u00f6 asiasanaa ja\/tai omaa termi\u00e4 yhdistellen. Joskus voi olla hy\u00f6ty\u00e4 asiasanastojen hierarkiarakenteesta, jossa esitet\u00e4\u00e4n laajemmat ja suppeammat k\u00e4sitteet. Jos esimerkiksi aiheen kannalta keskeinen k\u00e4site ei l\u00f6ydy asiasanastosta tai tietokannan hakusanalistoista, voi mietti\u00e4, olisiko astetta yleisempi k\u00e4site hyv\u00e4 hakuun, jolloin tarkempaa termi\u00e4 k\u00e4ytett\u00e4isiin sis\u00e4\u00e4nottokriteerin\u00e4. Esimerkkin\u00e4 <strong>kuntoutus<\/strong> laajempi hakutermi, <strong>sosiaalinen kuntoutus<\/strong> sis\u00e4\u00e4nottokriteeri, jolla rajataan muut kuntoutuksen lajit pois otsikkotasolla sek\u00e4 tiivistelmist\u00e4 valittaessa. Kaikkea ei ehk\u00e4 kannata kasata monimutkaisiksi hakulausekkeiksi vaan hy\u00f6dynt\u00e4\u00e4 kolmiportaista seulontaa (otsikko, asiasanat ja tiivistelm\u00e4, kokoteksti) sis\u00e4\u00e4notto- ja poissulkukriteereiden avulla (vrt. Valkeap\u00e4\u00e4 2016, 56-58, 61-62).<\/p>\n\n\n\n<p><\/p>\n\n\n\n<p>Lehti\u00f6, L. &amp; Johansson, E. 2016. J\u00e4rjestelm\u00e4llinen tiedonhaku hoitotieteess\u00e4. Julkaisussa: Kirjallisuuskatsaus hoitotieteess\u00e4. Turku: Turun yliopisto, 35-55.<\/p>\n\n\n\n<p>Marjamaa, M. &amp; Sinisalo, R. 2022. Kirjallisuuskatsauksen ohjaus \u2013 perustana tutkimuskysymys ja ohjaushaastattelu. Kreodi 2022, 2. Viitattu 18.10.2023. Saatavana:&nbsp;<a href=\"http:\/\/urn.fi\/URN:NBN:fi-fe2022060343112\" target=\"_blank\" rel=\"noreferrer noopener\">http:\/\/urn.fi\/URN:NBN:fi-fe2022060343112<\/a>.<\/p>\n\n\n\n<p>Systemaattinen tiedonhaku: opas. 2021. Tampereen yliopiston kirjasto. P. Lukin, J. Isoj\u00e4rvi, S. M\u00e4kel\u00e4 ja T. Peltonen. Viitattu 8.10.2021. Saatavana:&nbsp;<a href=\"https:\/\/libguides.tuni.fi\/systemaattinen-tiedonhaku\" target=\"_blank\" rel=\"noreferrer noopener\">https:\/\/libguides.tuni.fi\/systemaattinen-tiedonhaku.<\/a><\/p>\n\n\n\n<p>Systemaattinen tiedonhaku: Hakustrategian rakentaminen. Opas. 2025. Oulun yliopiston kirjasto. Viitattu 28.8.2025. <a href=\"https:\/\/libguides.oulu.fi\/systemaattinen_tiedonhaku\">https:\/\/libguides.oulu.fi\/systemaattinen_tiedonhaku<\/a><\/p>\n\n\n\n<p>Valkeap\u00e4\u00e4, K. 2016. Tutkimusaineiston valinta systemaattisessa kirjallisuuskatsauksessa. Julkaisussa: Kirjallisuuskatsaus hoitotieteess\u00e4. Turku: Turun yliopisto, 56-66.<\/p>\n\n\n\n<p>Vilkka, H. 2023. Kirjallisuuskatsaus metodina, opinn\u00e4ytety\u00f6n osana ja tekstilajina. Helsinki: Art House. Saatavana sek\u00e4 painettuna ett\u00e4 e-kirjana (Ellibs).<\/p>\n\n\n\n<h2 class=\"wp-block-heading\">Kirjallisuuskatsauksen hakustrategian arviointilista avuksi<\/h2>\n\n\n\n<p><strong>Tutkimuskysymyksen muotoilu<\/strong> (esim. PICO apuna) :<\/p>\n\n\n\n<ul class=\"wp-block-list\">\n<li>Vastaako hakustrategia tutkimuskysymyst\u00e4?<\/li>\n\n\n\n<li>Ovatko hakuk\u00e4sitteet selkeit\u00e4?<\/li>\n\n\n\n<li>Onko hakuk\u00e4sitteit\u00e4 liikaa?<\/li>\n\n\n\n<li>Onko jokin hakuk\u00e4sitteist\u00e4 liian kapea tai laaja?<\/li>\n\n\n\n<li><strong>Tuottaako haku liian paljon tai&nbsp;liian v\u00e4h\u00e4n tuloksia?<\/strong><\/li>\n<\/ul>\n\n\n\n<p><strong>Boolen operaattorit<\/strong> JA\/ AND, TAI\/ OR, EI\/NOT, sulut ()<\/p>\n\n\n\n<ul class=\"wp-block-list\">\n<li>Onko operaattoreiden k\u00e4yt\u00f6ss\u00e4 korjattavaa?<\/li>\n\n\n\n<li>Onko sanojen yhdist\u00e4misess\u00e4 suluilla korjattavaa?<\/li>\n\n\n\n<li>Jos EI\/NOT on k\u00e4yt\u00f6ss\u00e4, voiko olennaista rajautua pois?<\/li>\n\n\n\n<li>Voisiko JA\/AND operaattorin korvata jollakin tarkemmalla (l\u00e4heisyyshaut)?<\/li>\n<\/ul>\n\n\n\n<p><strong>Asiasanat<\/strong> (YSA, Mesh, Cinahl headings, ym.)<\/p>\n\n\n\n<ul class=\"wp-block-list\">\n<li>Ovatko <strong>asiasanat relevantteja<\/strong>?<\/li>\n\n\n\n<li>Puuttuuko joitakin asiasanoja?<\/li>\n\n\n\n<li>Onko jokin asiasana liian kapea tai&nbsp; laaja?&nbsp; Ovatko laajennukset (explode) ja&nbsp;tarkentimet (subheadings) j\u00e4rkev\u00e4sti&nbsp;k\u00e4yt\u00f6ss\u00e4?<\/li>\n\n\n\n<li>Onko haussa <strong>sek\u00e4 asiasanat ett\u00e4 vapaan kielen sanat?<\/strong> \u2013 jos ei, onko syy j\u00e4rkev\u00e4sti perusteltu?<\/li>\n<\/ul>\n\n\n\n<p><strong>Vapaan kielen<\/strong> sanat (free-text, keywords)<\/p>\n\n\n\n<ul class=\"wp-block-list\">\n<li>Onko sanojen vaihtoehtoiset\/oikeat kirjoitusasut huomioitu?<\/li>\n\n\n\n<li>Onko synonyymit huomioitu?<\/li>\n\n\n\n<li>Puuttuuko hakusanan katkaisu tai onko se oikeassa paikassa?<\/li>\n\n\n\n<li>Onko lyhenteet aukaistu?<\/li>\n\n\n\n<li>Onko k\u00e4ytetty liian laajoja tai selv\u00e4sti irrelevantteja hakusanoja?<\/li>\n<\/ul>\n\n\n\n<p><strong>Rajaukset<\/strong> ja filtterit<\/p>\n\n\n\n<ul class=\"wp-block-list\">\n<li>N\u00e4ytt\u00e4\u00e4k\u00f6 joku rajauksista tarpeettomalta?<\/li>\n\n\n\n<li>Onko filttereit\u00e4 k\u00e4ytetty aiheen kannalta sopivasti?<\/li>\n\n\n\n<li>Puuttuuko joitakin olennaisia rajauksia tai filttereit\u00e4?<\/li>\n<\/ul>\n\n\n\n<p><strong>Hakustrategian<\/strong> <strong>mukauttaminen eri tietokantoihin<\/strong><\/p>\n\n\n\n<ul class=\"wp-block-list\">\n<li>Onko<strong> tietokantoja valittu<\/strong> sopivasti? Huom! useampi ulkomainen my\u00f6s!<\/li>\n\n\n\n<li>Voiko hakija osoittaa hakustrategian soveltumisen eri tietokantoihin?<\/li>\n\n\n\n<li>Onko hakustrategian sovellukset eri tietokantoihin saatavilla \/n\u00e4kyvill\u00e4 arvioitavaksi?<\/li>\n<\/ul>\n\n\n\n<p>L\u00e4hde: McGowan, J., Sampson, M. &amp; Lefebvre, C. 2010. An Evidence Based Checklist for the Peer Review of Electronic Search Strategies (PRESS EBC). Evidence Based Library and Information Practice 5.1, 149\u2013154.&nbsp; Soveltaen suomentanut Arja Kunnela 4\/2014. <br>Lis\u00e4\u00e4 aiheesta: McGowan, J., Sampson, M., Salzwedel, D. M., Cogo, E., Foerster, V., &amp; Lefebvre, C. (2016). PRESS Peer Review of Electronic Search Strategies: 2015 Guideline Statement. Journal of clinical epidemiology,75,40\u201346. <a href=\"https:\/\/doi.org\/10.1016\/j.jclinepi.2016.01.021\">https:\/\/doi.org\/10.1016\/j.jclinepi.2016.01.021<\/a>. P\u00e4ivitetty PRESS 2015 Guideline Statement sis\u00e4lt\u00e4\u00e4 dokumentit: PRESS 2015 Evidence-Based Checklist, PRESS 2015 Recommendations for Librarian Practice, PRESS 2015 Implementation Strategies, ja PRESS 2015 Guideline Assessment Form. Artikkelissa esitell\u00e4\u00e4n my\u00f6s ep\u00e4onnistuneen haun strategia korjauksineen.<\/p>\n\n\n\n<p><\/p>\n","protected":false},"excerpt":{"rendered":"<p>Kirjallisuuskatsauksessa on t\u00e4rke\u00e4\u00e4, ett\u00e4 tiedonhaku on tarkoin suunniteltu ja kirjoitettu hakulausekkeeksi. Hakustrategian muodostamisessa l\u00e4hdet\u00e4\u00e4n liikkeelle tutkimuskysymyksest\u00e4: mihin halutaan l\u00f6yt\u00e4\u00e4 vastaus katsauksen avulla. Kysymyksest\u00e4 johdetaan aiheen p\u00e4\u00e4k\u00e4sitteet ja niille etsit\u00e4\u00e4n vastineita asia- ja avainsanoista. Kirjallisuuskatsauksen prosessista eri vaiheineen on selke\u00e4 kuva Marjamaan ja Sinisalon artikkelissa. Tavoite tiedonhaulle m\u00e4\u00e4ritt\u00e4\u00e4, miten kattavia hakuja on tarkoitus tehd\u00e4. T\u00e4rkeint\u00e4 kirjallisuuskatsausta [&hellip;]<\/p>\n","protected":false},"author":79,"featured_media":0,"parent":29,"menu_order":1,"comment_status":"closed","ping_status":"closed","template":"","meta":{"_acf_changed":false,"_relevanssi_hide_post":"","_relevanssi_hide_content":"","_relevanssi_pin_for_all":"","_relevanssi_pin_keywords":"","_relevanssi_unpin_keywords":"","_relevanssi_related_keywords":"","_relevanssi_related_include_ids":"","_relevanssi_related_exclude_ids":"","_relevanssi_related_no_append":"","_relevanssi_related_not_related":"","_relevanssi_related_posts":"","_relevanssi_noindex_reason":"","footnotes":""},"categories":[1],"tags":[185,191,197,179],"class_list":["post-191","page","type-page","status-publish","hentry","category-yleinen","tag-asiasanat","tag-hakulausekkeet","tag-hakusanat","tag-tietokannat"],"acf":[],"yoast_head":"<!-- This site is optimized with the Yoast SEO plugin v27.3 - https:\/\/yoast.com\/product\/yoast-seo-wordpress\/ -->\n<title>8.1 Hakustrategian suunnittelu ja arviointi - Thesis Supervisor&#039;s Handbook<\/title>\n<meta name=\"robots\" content=\"index, follow, max-snippet:-1, max-image-preview:large, max-video-preview:-1\" \/>\n<link rel=\"canonical\" href=\"https:\/\/help.jamk.fi\/opinnaytetyon-ohjaus\/fi\/kirjallisuuskatsaukset\/hakustrategian-arviointi\/\" \/>\n<meta property=\"og:locale\" content=\"fi_FI\" \/>\n<meta property=\"og:type\" content=\"article\" \/>\n<meta property=\"og:title\" content=\"8.1 Hakustrategian suunnittelu ja arviointi - Thesis Supervisor&#039;s Handbook\" \/>\n<meta property=\"og:description\" content=\"Kirjallisuuskatsauksessa on t\u00e4rke\u00e4\u00e4, ett\u00e4 tiedonhaku on tarkoin suunniteltu ja kirjoitettu hakulausekkeeksi. Hakustrategian muodostamisessa l\u00e4hdet\u00e4\u00e4n liikkeelle tutkimuskysymyksest\u00e4: mihin halutaan l\u00f6yt\u00e4\u00e4 vastaus katsauksen avulla. Kysymyksest\u00e4 johdetaan aiheen p\u00e4\u00e4k\u00e4sitteet ja niille etsit\u00e4\u00e4n vastineita asia- ja avainsanoista. Kirjallisuuskatsauksen prosessista eri vaiheineen on selke\u00e4 kuva Marjamaan ja Sinisalon artikkelissa. Tavoite tiedonhaulle m\u00e4\u00e4ritt\u00e4\u00e4, miten kattavia hakuja on tarkoitus tehd\u00e4. T\u00e4rkeint\u00e4 kirjallisuuskatsausta [&hellip;]\" \/>\n<meta property=\"og:url\" content=\"https:\/\/help.jamk.fi\/opinnaytetyon-ohjaus\/fi\/kirjallisuuskatsaukset\/hakustrategian-arviointi\/\" \/>\n<meta property=\"og:site_name\" content=\"Thesis Supervisor&#039;s Handbook\" \/>\n<meta property=\"article:modified_time\" content=\"2025-08-28T07:10:42+00:00\" \/>\n<meta name=\"twitter:card\" content=\"summary_large_image\" \/>\n<meta name=\"twitter:label1\" content=\"Arvioitu lukuaika\" \/>\n\t<meta name=\"twitter:data1\" content=\"5 minuuttia\" \/>\n<script type=\"application\/ld+json\" class=\"yoast-schema-graph\">{\"@context\":\"https:\\\/\\\/schema.org\",\"@graph\":[{\"@type\":\"WebPage\",\"@id\":\"https:\\\/\\\/help.jamk.fi\\\/opinnaytetyon-ohjaus\\\/fi\\\/kirjallisuuskatsaukset\\\/hakustrategian-arviointi\\\/\",\"url\":\"https:\\\/\\\/help.jamk.fi\\\/opinnaytetyon-ohjaus\\\/fi\\\/kirjallisuuskatsaukset\\\/hakustrategian-arviointi\\\/\",\"name\":\"8.1 Hakustrategian suunnittelu ja arviointi - Thesis Supervisor&#039;s Handbook\",\"isPartOf\":{\"@id\":\"https:\\\/\\\/help.jamk.fi\\\/opinnaytetyon-ohjaus\\\/#website\"},\"datePublished\":\"2016-12-22T10:00:52+00:00\",\"dateModified\":\"2025-08-28T07:10:42+00:00\",\"breadcrumb\":{\"@id\":\"https:\\\/\\\/help.jamk.fi\\\/opinnaytetyon-ohjaus\\\/fi\\\/kirjallisuuskatsaukset\\\/hakustrategian-arviointi\\\/#breadcrumb\"},\"inLanguage\":\"fi\",\"potentialAction\":[{\"@type\":\"ReadAction\",\"target\":[\"https:\\\/\\\/help.jamk.fi\\\/opinnaytetyon-ohjaus\\\/fi\\\/kirjallisuuskatsaukset\\\/hakustrategian-arviointi\\\/\"]}]},{\"@type\":\"BreadcrumbList\",\"@id\":\"https:\\\/\\\/help.jamk.fi\\\/opinnaytetyon-ohjaus\\\/fi\\\/kirjallisuuskatsaukset\\\/hakustrategian-arviointi\\\/#breadcrumb\",\"itemListElement\":[{\"@type\":\"ListItem\",\"position\":1,\"name\":\"Etusivu\",\"item\":\"https:\\\/\\\/help.jamk.fi\\\/opinnaytetyon-ohjaus\\\/fi\\\/\"},{\"@type\":\"ListItem\",\"position\":2,\"name\":\"8 Kirjallisuuskatsaukset\",\"item\":\"https:\\\/\\\/help.jamk.fi\\\/opinnaytetyon-ohjaus\\\/fi\\\/kirjallisuuskatsaukset\\\/\"},{\"@type\":\"ListItem\",\"position\":3,\"name\":\"8.1 Hakustrategian suunnittelu ja arviointi\"}]},{\"@type\":\"WebSite\",\"@id\":\"https:\\\/\\\/help.jamk.fi\\\/opinnaytetyon-ohjaus\\\/#website\",\"url\":\"https:\\\/\\\/help.jamk.fi\\\/opinnaytetyon-ohjaus\\\/\",\"name\":\"Thesis Supervisor&#039;s Handbook\",\"description\":\"Opinn\u00e4ytety\u00f6n ohjaajan k\u00e4sikirja ja vinkkipankki\",\"potentialAction\":[{\"@type\":\"SearchAction\",\"target\":{\"@type\":\"EntryPoint\",\"urlTemplate\":\"https:\\\/\\\/help.jamk.fi\\\/opinnaytetyon-ohjaus\\\/?s={search_term_string}\"},\"query-input\":{\"@type\":\"PropertyValueSpecification\",\"valueRequired\":true,\"valueName\":\"search_term_string\"}}],\"inLanguage\":\"fi\"}]}<\/script>\n<!-- \/ Yoast SEO plugin. -->","yoast_head_json":{"title":"8.1 Hakustrategian suunnittelu ja arviointi - Thesis Supervisor&#039;s Handbook","robots":{"index":"index","follow":"follow","max-snippet":"max-snippet:-1","max-image-preview":"max-image-preview:large","max-video-preview":"max-video-preview:-1"},"canonical":"https:\/\/help.jamk.fi\/opinnaytetyon-ohjaus\/fi\/kirjallisuuskatsaukset\/hakustrategian-arviointi\/","og_locale":"fi_FI","og_type":"article","og_title":"8.1 Hakustrategian suunnittelu ja arviointi - Thesis Supervisor&#039;s Handbook","og_description":"Kirjallisuuskatsauksessa on t\u00e4rke\u00e4\u00e4, ett\u00e4 tiedonhaku on tarkoin suunniteltu ja kirjoitettu hakulausekkeeksi. Hakustrategian muodostamisessa l\u00e4hdet\u00e4\u00e4n liikkeelle tutkimuskysymyksest\u00e4: mihin halutaan l\u00f6yt\u00e4\u00e4 vastaus katsauksen avulla. Kysymyksest\u00e4 johdetaan aiheen p\u00e4\u00e4k\u00e4sitteet ja niille etsit\u00e4\u00e4n vastineita asia- ja avainsanoista. Kirjallisuuskatsauksen prosessista eri vaiheineen on selke\u00e4 kuva Marjamaan ja Sinisalon artikkelissa. Tavoite tiedonhaulle m\u00e4\u00e4ritt\u00e4\u00e4, miten kattavia hakuja on tarkoitus tehd\u00e4. T\u00e4rkeint\u00e4 kirjallisuuskatsausta [&hellip;]","og_url":"https:\/\/help.jamk.fi\/opinnaytetyon-ohjaus\/fi\/kirjallisuuskatsaukset\/hakustrategian-arviointi\/","og_site_name":"Thesis Supervisor&#039;s Handbook","article_modified_time":"2025-08-28T07:10:42+00:00","twitter_card":"summary_large_image","twitter_misc":{"Arvioitu lukuaika":"5 minuuttia"},"schema":{"@context":"https:\/\/schema.org","@graph":[{"@type":"WebPage","@id":"https:\/\/help.jamk.fi\/opinnaytetyon-ohjaus\/fi\/kirjallisuuskatsaukset\/hakustrategian-arviointi\/","url":"https:\/\/help.jamk.fi\/opinnaytetyon-ohjaus\/fi\/kirjallisuuskatsaukset\/hakustrategian-arviointi\/","name":"8.1 Hakustrategian suunnittelu ja arviointi - Thesis Supervisor&#039;s Handbook","isPartOf":{"@id":"https:\/\/help.jamk.fi\/opinnaytetyon-ohjaus\/#website"},"datePublished":"2016-12-22T10:00:52+00:00","dateModified":"2025-08-28T07:10:42+00:00","breadcrumb":{"@id":"https:\/\/help.jamk.fi\/opinnaytetyon-ohjaus\/fi\/kirjallisuuskatsaukset\/hakustrategian-arviointi\/#breadcrumb"},"inLanguage":"fi","potentialAction":[{"@type":"ReadAction","target":["https:\/\/help.jamk.fi\/opinnaytetyon-ohjaus\/fi\/kirjallisuuskatsaukset\/hakustrategian-arviointi\/"]}]},{"@type":"BreadcrumbList","@id":"https:\/\/help.jamk.fi\/opinnaytetyon-ohjaus\/fi\/kirjallisuuskatsaukset\/hakustrategian-arviointi\/#breadcrumb","itemListElement":[{"@type":"ListItem","position":1,"name":"Etusivu","item":"https:\/\/help.jamk.fi\/opinnaytetyon-ohjaus\/fi\/"},{"@type":"ListItem","position":2,"name":"8 Kirjallisuuskatsaukset","item":"https:\/\/help.jamk.fi\/opinnaytetyon-ohjaus\/fi\/kirjallisuuskatsaukset\/"},{"@type":"ListItem","position":3,"name":"8.1 Hakustrategian suunnittelu ja arviointi"}]},{"@type":"WebSite","@id":"https:\/\/help.jamk.fi\/opinnaytetyon-ohjaus\/#website","url":"https:\/\/help.jamk.fi\/opinnaytetyon-ohjaus\/","name":"Thesis Supervisor&#039;s Handbook","description":"Opinn\u00e4ytety\u00f6n ohjaajan k\u00e4sikirja ja vinkkipankki","potentialAction":[{"@type":"SearchAction","target":{"@type":"EntryPoint","urlTemplate":"https:\/\/help.jamk.fi\/opinnaytetyon-ohjaus\/?s={search_term_string}"},"query-input":{"@type":"PropertyValueSpecification","valueRequired":true,"valueName":"search_term_string"}}],"inLanguage":"fi"}]}},"_links":{"self":[{"href":"https:\/\/help.jamk.fi\/opinnaytetyon-ohjaus\/wp-json\/wp\/v2\/pages\/191","targetHints":{"allow":["GET"]}}],"collection":[{"href":"https:\/\/help.jamk.fi\/opinnaytetyon-ohjaus\/wp-json\/wp\/v2\/pages"}],"about":[{"href":"https:\/\/help.jamk.fi\/opinnaytetyon-ohjaus\/wp-json\/wp\/v2\/types\/page"}],"author":[{"embeddable":true,"href":"https:\/\/help.jamk.fi\/opinnaytetyon-ohjaus\/wp-json\/wp\/v2\/users\/79"}],"replies":[{"embeddable":true,"href":"https:\/\/help.jamk.fi\/opinnaytetyon-ohjaus\/wp-json\/wp\/v2\/comments?post=191"}],"version-history":[{"count":6,"href":"https:\/\/help.jamk.fi\/opinnaytetyon-ohjaus\/wp-json\/wp\/v2\/pages\/191\/revisions"}],"predecessor-version":[{"id":1878,"href":"https:\/\/help.jamk.fi\/opinnaytetyon-ohjaus\/wp-json\/wp\/v2\/pages\/191\/revisions\/1878"}],"up":[{"embeddable":true,"href":"https:\/\/help.jamk.fi\/opinnaytetyon-ohjaus\/wp-json\/wp\/v2\/pages\/29"}],"wp:attachment":[{"href":"https:\/\/help.jamk.fi\/opinnaytetyon-ohjaus\/wp-json\/wp\/v2\/media?parent=191"}],"wp:term":[{"taxonomy":"category","embeddable":true,"href":"https:\/\/help.jamk.fi\/opinnaytetyon-ohjaus\/wp-json\/wp\/v2\/categories?post=191"},{"taxonomy":"post_tag","embeddable":true,"href":"https:\/\/help.jamk.fi\/opinnaytetyon-ohjaus\/wp-json\/wp\/v2\/tags?post=191"}],"curies":[{"name":"wp","href":"https:\/\/api.w.org\/{rel}","templated":true}]}}