{"id":222,"date":"2019-05-24T08:21:09","date_gmt":"2019-05-24T05:21:09","guid":{"rendered":"https:\/\/help.jamk.fi\/yamk-kasikirja\/opinnaytetyo-ja-tietosuoja\/"},"modified":"2024-11-12T09:33:11","modified_gmt":"2024-11-12T07:33:11","slug":"opinnaytetyo-ja-tietosuoja","status":"publish","type":"page","link":"https:\/\/help.jamk.fi\/opinnaytetyon-ohjaus\/fi\/opinnaytetyo-ja-tietosuoja\/","title":{"rendered":"6 Opinn\u00e4ytety\u00f6 ja tietosuoja"},"content":{"rendered":"\n<p>Tietosuoja opinn\u00e4ytety\u00f6ss\u00e4 koskettaa opinn\u00e4ytety\u00f6t\u00e4 laativaa opiskelijaa, toimeksiantajaa, mahdollisia tutkimukseen osallistuvia sek\u00e4 kirjallista opinn\u00e4ytety\u00f6t\u00e4 tutkimusaineistoineen.<\/p>\n\n\n\n<p><strong>Henkil\u00f6tietojen k\u00e4sittely<\/strong> edellytt\u00e4\u00e4 k\u00e4sittelyn suunnittelua, tutkittavien informointia ja k\u00e4sittelyn dokumentointia my\u00f6s opinn\u00e4ytety\u00f6t\u00e4 laadittaessa ja tutkimusaineistoa ker\u00e4tt\u00e4ess\u00e4.<\/p>\n\n\n\n<p>Opiskelijan ei tule tallentaa opinn\u00e4ytety\u00f6h\u00f6n opiskelijanumeroaan eik\u00e4 omia tai muiden yhteystietoja (osoite, puhelinnumero, s\u00e4hk\u00f6postiosoite tms.) eik\u00e4 muita tutkimukseen osallistuvan tunnisteellisia henkil\u00f6tietoja. Jos opinn\u00e4ytety\u00f6n liiteaineistoon liitet\u00e4\u00e4n esimerkiksi kyselytutkimuslomake saatteineen suositellaan, ett\u00e4 tunnisteelliset tiedot poistetaan.&nbsp; <strong>Tunnistettavuudesta ja nimien k\u00e4yt\u00f6st\u00e4 tutkimusjulkaisuissa on aina sovittava tutkittavien kanssa etuk\u00e4teen ja t\u00e4m\u00e4 on dokumentoitava.<\/strong> T\u00e4m\u00e4 tulee huomioida erityisesti silloin, kun verkkojulkaisuluvan saanut opinn\u00e4ytety\u00f6 julkaistaan julkisessa ja avoimessa tietoverkossa (Theseus).<\/p>\n\n\n\n<p><strong>Perehdy huolella Tutkimuseettisen neuvottelukunnan ohjeistukseen<\/strong> (<a title=\"Eettinen ennakkoarviointi ihmistieteiss\u00e4\" href=\"https:\/\/www.tenk.fi\/fi\/eettinen-ennakkoarviointi-ihmistieteissa#3\" target=\"_blank\" rel=\"noopener noreferrer\"><strong>Eettinen ennakkoarviointi<\/strong> ihmistieteiss\u00e4<\/a>), jossa k\u00e4sitell\u00e4\u00e4n mm. tutkittavan itsem\u00e4\u00e4r\u00e4\u00e4misoikeutta,\u00a0informointia sek\u00e4 muita yksityisyyden suojaa koskevia tutkimuseettisi\u00e4 periaatteita (mm. tutkimusaineistojen k\u00e4sittely ja yksityisyyden suoja tutkimusjulkaisuissa).<\/p>\n\n\n\r\n<div id=\"embed-block_21e8fcd0c35a9a220b8fc2267743577f\" class=\"embed block-embed\">\r\n      <div class=\"block-embed__wrapper\">\r\n\r\n      \r\n          <div class=\"block-embed__cookie-notice--wrapper\" id=\"cookie-notice\">\r\n              <div class=\"block-embed__cookie-notice--text\">\r\n                                    <p>Hyv\u00e4ksy v\u00e4ltt\u00e4m\u00e4tt\u00f6m\u00e4t ev\u00e4steet n\u00e4hd\u00e4ksesi upotetun sis\u00e4ll\u00f6n: marketing, analytics, preferences.<\/p>\r\n                  <a href=\"#\" class=\"ch2-open-settings-btn\"> Hyv\u00e4ksy v\u00e4ltt\u00e4m\u00e4tt\u00f6m\u00e4t ev\u00e4steet<\/a>\r\n              <\/div>\r\n              <div class=\"block-embed__cookie-reload-notice\">\r\n                  <p class=\"cookie-reload-text\">\r\n                    (Jos olet hyv\u00e4ksynyt ev\u00e4steet, mutta n\u00e4et silti t\u00e4m\u00e4n viestin, lataa sivu uudelleen.)                  <\/p>\r\n                  <a href=\"#\" onclick=\"location.reload(); return false;\">\r\n                    Lataa sivu uudelleen                  <\/a>\r\n              <\/div>\r\n          <\/div>\r\n\r\n      \r\n      <\/div>\r\n<\/div>\r\n\n\n\n<h2 class=\"wp-block-heading\">Jamkin ohjeet<\/h2>\n\n\n\n<ul class=\"wp-block-list\">\n<li><a href=\"https:\/\/jamkstudent.sharepoint.com\/sites\/Tietosuoja-ja-tietoturva-Elmo\/SitePages\/Tietosuojan-ohje-opinn%C3%A4ytety%C3%B6n-tekij%C3%A4lle.aspx\" target=\"_blank\" rel=\"noreferrer noopener\">Opinn\u00e4ytety\u00f6 ja tietosuoja (Elmo-intra, vaatii kirjautumisen)<\/a><\/li>\n\n\n\n<li><a href=\"https:\/\/help.jamk.fi\/opinnaytetyo\/opinnaytetyo\/julkisuus\/\" target=\"_blank\" rel=\"noopener noreferrer\">Opinn\u00e4ytety\u00f6n julkisuus ja salassapito (Opiskelijan opinn\u00e4ytety\u00f6ohje)<\/a><\/li>\n\n\n\n<li><a href=\"https:\/\/jamkstudent.sharepoint.com\/sites\/Tietosuoja-ja-tietoturva-Elmo\/SitePages\/Henkil%C3%B6tiedot-Webropolissa.aspx\" target=\"_blank\" rel=\"noreferrer noopener\">Henkil\u00f6tietojen k\u00e4sittely Webropol-kyselyohjelmassa (Jamkin ohjeet, Elmo-intra, vaatii kirjautumisen)<\/a><\/li>\n<\/ul>\n\n\n\n<h2 class=\"wp-block-heading\">Ohjeita muualla<\/h2>\n\n\n\n<ul class=\"wp-block-list\">\n<li><a title=\"Aineistonhallinnan k\u00e4sikirja (Tietoarkisto)\" href=\"https:\/\/www.fsd.uta.fi\/aineistonhallinta\/fi\/\" target=\"_blank\" rel=\"noopener noreferrer\">Aineistonhallinnan k\u00e4sikirja (Tietoarkisto)<\/a><\/li>\n\n\n\n<li><a href=\"http:\/\/www.arene.fi\/julkaisut\/raportit\/opinnaytetoiden-eettiset-suositukset\/\" target=\"_blank\" rel=\"noopener noreferrer\">Opinn\u00e4ytety\u00f6n eettiset ohjeet (Arene)<\/a><\/li>\n\n\n\n<li><a href=\"https:\/\/www.tenk.fi\/fi\/eettinen-ennakkoarviointi-ihmistieteissa#3\" target=\"_blank\" rel=\"noopener noreferrer\">Tutkimuseettisen neuvottelukunnan: Yksityisyys ja tietosuoja<\/a><\/li>\n\n\n\n<li><a title=\"Tutkittavan informointi \" href=\"http:\/\/www.fsd.uta.fi\/aineistonhallinta\/fi\/tutkittavien-informointi.html\" target=\"_blank\" rel=\"noopener noreferrer\">Tutkittavan informointi (Tietoarkisto)<\/a><\/li>\n<\/ul>\n\n\n\n<p><sub>P\u00e4ivitetty 14.06.2022 Elina Kirjalainen<\/sub><\/p>\n","protected":false},"excerpt":{"rendered":"<p>Tietosuoja opinn\u00e4ytety\u00f6ss\u00e4 koskettaa opinn\u00e4ytety\u00f6t\u00e4 laativaa opiskelijaa, toimeksiantajaa, mahdollisia tutkimukseen osallistuvia sek\u00e4 kirjallista opinn\u00e4ytety\u00f6t\u00e4 tutkimusaineistoineen. Henkil\u00f6tietojen k\u00e4sittely edellytt\u00e4\u00e4 k\u00e4sittelyn suunnittelua, tutkittavien informointia ja k\u00e4sittelyn dokumentointia my\u00f6s opinn\u00e4ytety\u00f6t\u00e4 laadittaessa ja tutkimusaineistoa ker\u00e4tt\u00e4ess\u00e4. Opiskelijan ei tule tallentaa opinn\u00e4ytety\u00f6h\u00f6n opiskelijanumeroaan eik\u00e4 omia tai muiden yhteystietoja (osoite, puhelinnumero, s\u00e4hk\u00f6postiosoite tms.) eik\u00e4 muita tutkimukseen osallistuvan tunnisteellisia henkil\u00f6tietoja. Jos opinn\u00e4ytety\u00f6n liiteaineistoon liitet\u00e4\u00e4n [&hellip;]<\/p>\n","protected":false},"author":79,"featured_media":0,"parent":0,"menu_order":6,"comment_status":"closed","ping_status":"closed","template":"","meta":{"_acf_changed":false,"_relevanssi_hide_post":"","_relevanssi_hide_content":"","_relevanssi_pin_for_all":"","_relevanssi_pin_keywords":"","_relevanssi_unpin_keywords":"","_relevanssi_related_keywords":"","_relevanssi_related_include_ids":"","_relevanssi_related_exclude_ids":"","_relevanssi_related_no_append":"","_relevanssi_related_not_related":"","_relevanssi_related_posts":"","_relevanssi_noindex_reason":"","footnotes":""},"categories":[1],"tags":[207,213],"class_list":["post-222","page","type-page","status-publish","hentry","category-yleinen","tag-henkilotietojen-kasittely","tag-tietosuoja"],"acf":[],"yoast_head":"<!-- This site is optimized with the Yoast SEO plugin v27.3 - https:\/\/yoast.com\/product\/yoast-seo-wordpress\/ -->\n<title>6 Opinn\u00e4ytety\u00f6 ja tietosuoja - Thesis Supervisor&#039;s Handbook<\/title>\n<meta name=\"robots\" content=\"index, follow, max-snippet:-1, max-image-preview:large, max-video-preview:-1\" \/>\n<link rel=\"canonical\" href=\"https:\/\/help.jamk.fi\/opinnaytetyon-ohjaus\/fi\/opinnaytetyo-ja-tietosuoja\/\" \/>\n<meta property=\"og:locale\" content=\"fi_FI\" \/>\n<meta property=\"og:type\" content=\"article\" \/>\n<meta property=\"og:title\" content=\"6 Opinn\u00e4ytety\u00f6 ja tietosuoja - Thesis Supervisor&#039;s Handbook\" \/>\n<meta property=\"og:description\" content=\"Tietosuoja opinn\u00e4ytety\u00f6ss\u00e4 koskettaa opinn\u00e4ytety\u00f6t\u00e4 laativaa opiskelijaa, toimeksiantajaa, mahdollisia tutkimukseen osallistuvia sek\u00e4 kirjallista opinn\u00e4ytety\u00f6t\u00e4 tutkimusaineistoineen. Henkil\u00f6tietojen k\u00e4sittely edellytt\u00e4\u00e4 k\u00e4sittelyn suunnittelua, tutkittavien informointia ja k\u00e4sittelyn dokumentointia my\u00f6s opinn\u00e4ytety\u00f6t\u00e4 laadittaessa ja tutkimusaineistoa ker\u00e4tt\u00e4ess\u00e4. Opiskelijan ei tule tallentaa opinn\u00e4ytety\u00f6h\u00f6n opiskelijanumeroaan eik\u00e4 omia tai muiden yhteystietoja (osoite, puhelinnumero, s\u00e4hk\u00f6postiosoite tms.) eik\u00e4 muita tutkimukseen osallistuvan tunnisteellisia henkil\u00f6tietoja. Jos opinn\u00e4ytety\u00f6n liiteaineistoon liitet\u00e4\u00e4n [&hellip;]\" \/>\n<meta property=\"og:url\" content=\"https:\/\/help.jamk.fi\/opinnaytetyon-ohjaus\/fi\/opinnaytetyo-ja-tietosuoja\/\" \/>\n<meta property=\"og:site_name\" content=\"Thesis Supervisor&#039;s Handbook\" \/>\n<meta property=\"article:modified_time\" content=\"2024-11-12T07:33:11+00:00\" \/>\n<meta name=\"twitter:card\" content=\"summary_large_image\" \/>\n<meta name=\"twitter:label1\" content=\"Arvioitu lukuaika\" \/>\n\t<meta name=\"twitter:data1\" content=\"2 minuuttia\" \/>\n<script type=\"application\/ld+json\" class=\"yoast-schema-graph\">{\"@context\":\"https:\\\/\\\/schema.org\",\"@graph\":[{\"@type\":\"WebPage\",\"@id\":\"https:\\\/\\\/help.jamk.fi\\\/opinnaytetyon-ohjaus\\\/fi\\\/opinnaytetyo-ja-tietosuoja\\\/\",\"url\":\"https:\\\/\\\/help.jamk.fi\\\/opinnaytetyon-ohjaus\\\/fi\\\/opinnaytetyo-ja-tietosuoja\\\/\",\"name\":\"6 Opinn\u00e4ytety\u00f6 ja tietosuoja - Thesis Supervisor&#039;s Handbook\",\"isPartOf\":{\"@id\":\"https:\\\/\\\/help.jamk.fi\\\/opinnaytetyon-ohjaus\\\/#website\"},\"datePublished\":\"2019-05-24T05:21:09+00:00\",\"dateModified\":\"2024-11-12T07:33:11+00:00\",\"breadcrumb\":{\"@id\":\"https:\\\/\\\/help.jamk.fi\\\/opinnaytetyon-ohjaus\\\/fi\\\/opinnaytetyo-ja-tietosuoja\\\/#breadcrumb\"},\"inLanguage\":\"fi\",\"potentialAction\":[{\"@type\":\"ReadAction\",\"target\":[\"https:\\\/\\\/help.jamk.fi\\\/opinnaytetyon-ohjaus\\\/fi\\\/opinnaytetyo-ja-tietosuoja\\\/\"]}]},{\"@type\":\"BreadcrumbList\",\"@id\":\"https:\\\/\\\/help.jamk.fi\\\/opinnaytetyon-ohjaus\\\/fi\\\/opinnaytetyo-ja-tietosuoja\\\/#breadcrumb\",\"itemListElement\":[{\"@type\":\"ListItem\",\"position\":1,\"name\":\"Etusivu\",\"item\":\"https:\\\/\\\/help.jamk.fi\\\/opinnaytetyon-ohjaus\\\/fi\\\/\"},{\"@type\":\"ListItem\",\"position\":2,\"name\":\"6 Opinn\u00e4ytety\u00f6 ja tietosuoja\"}]},{\"@type\":\"WebSite\",\"@id\":\"https:\\\/\\\/help.jamk.fi\\\/opinnaytetyon-ohjaus\\\/#website\",\"url\":\"https:\\\/\\\/help.jamk.fi\\\/opinnaytetyon-ohjaus\\\/\",\"name\":\"Thesis Supervisor&#039;s Handbook\",\"description\":\"Opinn\u00e4ytety\u00f6n ohjaajan k\u00e4sikirja ja vinkkipankki\",\"potentialAction\":[{\"@type\":\"SearchAction\",\"target\":{\"@type\":\"EntryPoint\",\"urlTemplate\":\"https:\\\/\\\/help.jamk.fi\\\/opinnaytetyon-ohjaus\\\/?s={search_term_string}\"},\"query-input\":{\"@type\":\"PropertyValueSpecification\",\"valueRequired\":true,\"valueName\":\"search_term_string\"}}],\"inLanguage\":\"fi\"}]}<\/script>\n<!-- \/ Yoast SEO plugin. -->","yoast_head_json":{"title":"6 Opinn\u00e4ytety\u00f6 ja tietosuoja - Thesis Supervisor&#039;s Handbook","robots":{"index":"index","follow":"follow","max-snippet":"max-snippet:-1","max-image-preview":"max-image-preview:large","max-video-preview":"max-video-preview:-1"},"canonical":"https:\/\/help.jamk.fi\/opinnaytetyon-ohjaus\/fi\/opinnaytetyo-ja-tietosuoja\/","og_locale":"fi_FI","og_type":"article","og_title":"6 Opinn\u00e4ytety\u00f6 ja tietosuoja - Thesis Supervisor&#039;s Handbook","og_description":"Tietosuoja opinn\u00e4ytety\u00f6ss\u00e4 koskettaa opinn\u00e4ytety\u00f6t\u00e4 laativaa opiskelijaa, toimeksiantajaa, mahdollisia tutkimukseen osallistuvia sek\u00e4 kirjallista opinn\u00e4ytety\u00f6t\u00e4 tutkimusaineistoineen. Henkil\u00f6tietojen k\u00e4sittely edellytt\u00e4\u00e4 k\u00e4sittelyn suunnittelua, tutkittavien informointia ja k\u00e4sittelyn dokumentointia my\u00f6s opinn\u00e4ytety\u00f6t\u00e4 laadittaessa ja tutkimusaineistoa ker\u00e4tt\u00e4ess\u00e4. Opiskelijan ei tule tallentaa opinn\u00e4ytety\u00f6h\u00f6n opiskelijanumeroaan eik\u00e4 omia tai muiden yhteystietoja (osoite, puhelinnumero, s\u00e4hk\u00f6postiosoite tms.) eik\u00e4 muita tutkimukseen osallistuvan tunnisteellisia henkil\u00f6tietoja. Jos opinn\u00e4ytety\u00f6n liiteaineistoon liitet\u00e4\u00e4n [&hellip;]","og_url":"https:\/\/help.jamk.fi\/opinnaytetyon-ohjaus\/fi\/opinnaytetyo-ja-tietosuoja\/","og_site_name":"Thesis Supervisor&#039;s Handbook","article_modified_time":"2024-11-12T07:33:11+00:00","twitter_card":"summary_large_image","twitter_misc":{"Arvioitu lukuaika":"2 minuuttia"},"schema":{"@context":"https:\/\/schema.org","@graph":[{"@type":"WebPage","@id":"https:\/\/help.jamk.fi\/opinnaytetyon-ohjaus\/fi\/opinnaytetyo-ja-tietosuoja\/","url":"https:\/\/help.jamk.fi\/opinnaytetyon-ohjaus\/fi\/opinnaytetyo-ja-tietosuoja\/","name":"6 Opinn\u00e4ytety\u00f6 ja tietosuoja - Thesis Supervisor&#039;s Handbook","isPartOf":{"@id":"https:\/\/help.jamk.fi\/opinnaytetyon-ohjaus\/#website"},"datePublished":"2019-05-24T05:21:09+00:00","dateModified":"2024-11-12T07:33:11+00:00","breadcrumb":{"@id":"https:\/\/help.jamk.fi\/opinnaytetyon-ohjaus\/fi\/opinnaytetyo-ja-tietosuoja\/#breadcrumb"},"inLanguage":"fi","potentialAction":[{"@type":"ReadAction","target":["https:\/\/help.jamk.fi\/opinnaytetyon-ohjaus\/fi\/opinnaytetyo-ja-tietosuoja\/"]}]},{"@type":"BreadcrumbList","@id":"https:\/\/help.jamk.fi\/opinnaytetyon-ohjaus\/fi\/opinnaytetyo-ja-tietosuoja\/#breadcrumb","itemListElement":[{"@type":"ListItem","position":1,"name":"Etusivu","item":"https:\/\/help.jamk.fi\/opinnaytetyon-ohjaus\/fi\/"},{"@type":"ListItem","position":2,"name":"6 Opinn\u00e4ytety\u00f6 ja tietosuoja"}]},{"@type":"WebSite","@id":"https:\/\/help.jamk.fi\/opinnaytetyon-ohjaus\/#website","url":"https:\/\/help.jamk.fi\/opinnaytetyon-ohjaus\/","name":"Thesis Supervisor&#039;s Handbook","description":"Opinn\u00e4ytety\u00f6n ohjaajan k\u00e4sikirja ja vinkkipankki","potentialAction":[{"@type":"SearchAction","target":{"@type":"EntryPoint","urlTemplate":"https:\/\/help.jamk.fi\/opinnaytetyon-ohjaus\/?s={search_term_string}"},"query-input":{"@type":"PropertyValueSpecification","valueRequired":true,"valueName":"search_term_string"}}],"inLanguage":"fi"}]}},"_links":{"self":[{"href":"https:\/\/help.jamk.fi\/opinnaytetyon-ohjaus\/wp-json\/wp\/v2\/pages\/222","targetHints":{"allow":["GET"]}}],"collection":[{"href":"https:\/\/help.jamk.fi\/opinnaytetyon-ohjaus\/wp-json\/wp\/v2\/pages"}],"about":[{"href":"https:\/\/help.jamk.fi\/opinnaytetyon-ohjaus\/wp-json\/wp\/v2\/types\/page"}],"author":[{"embeddable":true,"href":"https:\/\/help.jamk.fi\/opinnaytetyon-ohjaus\/wp-json\/wp\/v2\/users\/79"}],"replies":[{"embeddable":true,"href":"https:\/\/help.jamk.fi\/opinnaytetyon-ohjaus\/wp-json\/wp\/v2\/comments?post=222"}],"version-history":[{"count":9,"href":"https:\/\/help.jamk.fi\/opinnaytetyon-ohjaus\/wp-json\/wp\/v2\/pages\/222\/revisions"}],"predecessor-version":[{"id":1707,"href":"https:\/\/help.jamk.fi\/opinnaytetyon-ohjaus\/wp-json\/wp\/v2\/pages\/222\/revisions\/1707"}],"wp:attachment":[{"href":"https:\/\/help.jamk.fi\/opinnaytetyon-ohjaus\/wp-json\/wp\/v2\/media?parent=222"}],"wp:term":[{"taxonomy":"category","embeddable":true,"href":"https:\/\/help.jamk.fi\/opinnaytetyon-ohjaus\/wp-json\/wp\/v2\/categories?post=222"},{"taxonomy":"post_tag","embeddable":true,"href":"https:\/\/help.jamk.fi\/opinnaytetyon-ohjaus\/wp-json\/wp\/v2\/tags?post=222"}],"curies":[{"name":"wp","href":"https:\/\/api.w.org\/{rel}","templated":true}]}}