{"id":225,"date":"2022-05-27T06:00:00","date_gmt":"2022-05-27T03:00:00","guid":{"rendered":"https:\/\/help.jamk.fi\/yamk-kasikirja\/opinnaytetyon-ohjaaminen\/opinnaytetyon-vastuullinen-ohjaus\/"},"modified":"2024-11-12T09:31:14","modified_gmt":"2024-11-12T07:31:14","slug":"opinnaytetyon-vastuullinen-ohjaus","status":"publish","type":"page","link":"https:\/\/help.jamk.fi\/opinnaytetyon-ohjaus\/fi\/opinnaytetyon-ohjaaminen\/opinnaytetyon-vastuullinen-ohjaus\/","title":{"rendered":"1.1 Opinn\u00e4ytety\u00f6n vastuullinen ohjaus ja ohjauksen hyv\u00e4t k\u00e4yt\u00e4nn\u00f6t"},"content":{"rendered":"\n<p>Arene on julkaissut ammattikorkeakoulujen opinn\u00e4ytet\u00f6iden eettiset suositukset 2019 ja niit\u00e4 on p\u00e4ivitetty 9.1.2020. Suosituksissa kuvataan eettisen ja hyv\u00e4n tieteellisen k\u00e4yt\u00e4nn\u00f6n mukaista opinn\u00e4ytety\u00f6prosessi opiskelijan ja ohjaajan muistilistoina ja niit\u00e4 avaavina tekstein\u00e4 sek\u00e4 suosituksia ammattikorkeakouluille organisaatioina.<\/p>\n\n\n\n<h2 class=\"wp-block-heading\">Ohjaajan muistilista (Arene 2020)<\/h2>\n\n\n\n<ol class=\"wp-block-list\">\n<li>Olen selvitt\u00e4nyt esteellisyyteni<\/li>\n\n\n\n<li>Ohjaan opinn\u00e4ytety\u00f6n asiantuntevasti<\/li>\n\n\n\n<li>Opinn\u00e4ytety\u00f6n toteutukseen on riitt\u00e4v\u00e4t resurssit<\/li>\n\n\n\n<li>Opinn\u00e4ytety\u00f6ss\u00e4 noudatetaan tutkimuseettisi\u00e4 ohjeistuksia<\/li>\n\n\n\n<li>Opinn\u00e4ytety\u00f6ss\u00e4 noudatetaan henkil\u00f6tietojen k\u00e4sittelyyn ja tietosuojaan liittyv\u00e4\u00e4 lains\u00e4\u00e4d\u00e4nt\u00f6\u00e4<\/li>\n\n\n\n<li>Ennen opinn\u00e4ytety\u00f6n aloittamista opinn\u00e4ytety\u00f6lle on tarvittaessa haettu eettisen toimikunnan lausunto ja asianmukaiset tutkimusluvat<\/li>\n\n\n\n<li>Opiskelijan, ammattikorkeakoulun ja mahdollisten yhteisty\u00f6kumppaneiden kanssa on solmittu tarvittavat sopimukset<\/li>\n\n\n\n<li>Opiskelijan kanssa on sovittu opinn\u00e4ytety\u00f6h\u00f6n liittyvien julkaisujen kirjoittajuudesta ja tekijyydest\u00e4<\/li>\n\n\n\n<li>Opinn\u00e4ytety\u00f6n aineistojen s\u00e4ilytt\u00e4misest\u00e4 sek\u00e4 omistus- ja k\u00e4ytt\u00f6oikeuksista on sovittu<\/li>\n\n\n\n<li>Opinn\u00e4ytety\u00f6h\u00f6n liittyv\u00e4 rahoitus ja muut merkitykselliset sidonnaisuudet on ilmoitettu<\/li>\n\n\n\n<li>Opinn\u00e4ytety\u00f6 tarkistetaan plagiaatintunnistusj\u00e4rjestelm\u00e4ss\u00e4 ja  opiskelija on t\u00e4st\u00e4 tietoinen<\/li>\n\n\n\n<li>Opinn\u00e4ytety\u00f6 on julkinen asiakirja ja opiskelija ja yhteisty\u00f6kumppanit ovat t\u00e4st\u00e4 tietoisia<\/li>\n\n\n\n<li>Opiskelijalla on oikeus laadukkaaseen opinn\u00e4ytety\u00f6prosessiin<\/li>\n<\/ol>\n\n\n\n<h2 class=\"wp-block-heading\">Ohjauksen hyv\u00e4t k\u00e4yt\u00e4nn\u00f6t<\/h2>\n\n\n\n<ol class=\"wp-block-list\">\n<li><strong>S\u00e4\u00e4nn\u00f6llinen ohjaus.<\/strong> Sovi opiskelija kanssa s\u00e4\u00e4nn\u00f6lliset ohjaustapaamiset esimerkiksi 3 viikon v\u00e4lein pienryhm\u00e4- ja yksil\u00f6ohjauksia sopivasti rytmitt\u00e4en. Vertaistuki pienryhm\u00e4ohjauksissa parhaimmillaan edist\u00e4\u00e4 kaikkien ryhm\u00e4l\u00e4isten opinn\u00e4ytety\u00f6n etenemist\u00e4 ja osaamisen kehittymist\u00e4.<\/li>\n\n\n\n<li><strong>Sovi ohjausk\u00e4yt\u00e4nn\u00f6ist\u00e4 opiskelijan kanssa.<\/strong> Tarvittaessa laadi pelis\u00e4\u00e4nn\u00f6t opinn\u00e4ytety\u00f6n ohjaukseen.<\/li>\n\n\n\n<li><strong>Tue opiskelijaa projektiaikataulun tekemisess\u00e4.<\/strong> Opinn\u00e4ytety\u00f6n tekeminen on rinnastettavissa projektity\u00f6h\u00f6n. Auta opiskelijaa hahmottamaan realistinen aikataulu v\u00e4litavoitteineen opinn\u00e4ytety\u00f6n aloittamisesta opinn\u00e4ytety\u00f6n valmistumiseen. Loppuun kannattaa varata riitt\u00e4v\u00e4sti aikaa arviointiprosessiin opinn\u00e4ytety\u00f6ryhm\u00e4n kokousajat huomioiden.<\/li>\n\n\n\n<li><strong>Ohjaa hyvin ja laadukkaasti. <\/strong>Anna opiskelijalle havainnollista ja rakentavaa palautetta. Luo yhteisymm\u00e4rryst\u00e4 vuorovaikutteisessa ohjaustilanteessa.<\/li>\n\n\n\n<li><strong>Ole l\u00e4sn\u00e4 ohjaustilanteessa. <\/strong>Lyhytkin ohjaustilanne (20-30 min.) on usein riitt\u00e4v\u00e4. Unohda s\u00e4hk\u00f6postit ja puhelin ohjaustuokion ajaksi.<\/li>\n\n\n\n<li><strong>Ole saavutettavissa.<\/strong> Reagoi opiskelijalta saamiisi viesteihin. Keskit\u00e4 viestittely Wihiin, ei s\u00e4hk\u00f6postiin.<\/li>\n\n\n\n<li><strong>Jaa ty\u00f6yhteis\u00f6ss\u00e4 omaa asiantuntijuuttasi <\/strong>opinn\u00e4ytety\u00f6n ohjauksesta. Keskustele ja kehit\u00e4 opinn\u00e4ytety\u00f6n ohjausta ty\u00f6yhteis\u00f6ss\u00e4si.<\/li>\n<\/ol>\n\n\n\n<h2 class=\"wp-block-heading\">Linkit<\/h2>\n\n\n\n<p><a data-type=\"URL\" data-id=\"https:\/\/www.arene.fi\/julkaisut\/raportit\/opinnaytetoiden-eettiset-suositukset\/\" href=\"https:\/\/www.arene.fi\/julkaisut\/raportit\/opinnaytetoiden-eettiset-suositukset\/\" target=\"_blank\" rel=\"noreferrer noopener\">Ammattikorkeakoulujen opinn\u00e4ytet\u00f6iden eettiset suositukset. Arene 2019.<\/a><\/p>\n\n\n\n<p class=\"has-text-align-right\"><em>P\u00e4ivitetty 28.5.2022, Sirpa Tuomi<\/em><\/p>\n","protected":false},"excerpt":{"rendered":"<p>Arene on julkaissut ammattikorkeakoulujen opinn\u00e4ytet\u00f6iden eettiset suositukset 2019 ja niit\u00e4 on p\u00e4ivitetty 9.1.2020. Suosituksissa kuvataan eettisen ja hyv\u00e4n tieteellisen k\u00e4yt\u00e4nn\u00f6n mukaista opinn\u00e4ytety\u00f6prosessi opiskelijan ja ohjaajan muistilistoina ja niit\u00e4 avaavina tekstein\u00e4 sek\u00e4 suosituksia ammattikorkeakouluille organisaatioina. Ohjaajan muistilista (Arene 2020) Ohjauksen hyv\u00e4t k\u00e4yt\u00e4nn\u00f6t Linkit Ammattikorkeakoulujen opinn\u00e4ytet\u00f6iden eettiset suositukset. Arene 2019. P\u00e4ivitetty 28.5.2022, Sirpa Tuomi<\/p>\n","protected":false},"author":79,"featured_media":0,"parent":77,"menu_order":1,"comment_status":"closed","ping_status":"closed","template":"","meta":{"_acf_changed":false,"_relevanssi_hide_post":"","_relevanssi_hide_content":"","_relevanssi_pin_for_all":"","_relevanssi_pin_keywords":"","_relevanssi_unpin_keywords":"","_relevanssi_related_keywords":"","_relevanssi_related_include_ids":"","_relevanssi_related_exclude_ids":"","_relevanssi_related_no_append":"","_relevanssi_related_not_related":"","_relevanssi_related_posts":"","_relevanssi_noindex_reason":"","footnotes":""},"categories":[1],"tags":[83],"class_list":["post-225","page","type-page","status-publish","hentry","category-yleinen","tag-opinnaytetyon-ohjaus"],"acf":[],"yoast_head":"<!-- This site is optimized with the Yoast SEO plugin v27.3 - https:\/\/yoast.com\/product\/yoast-seo-wordpress\/ -->\n<title>1.1 Opinn\u00e4ytety\u00f6n vastuullinen ohjaus ja ohjauksen hyv\u00e4t k\u00e4yt\u00e4nn\u00f6t - Thesis Supervisor&#039;s Handbook<\/title>\n<meta name=\"robots\" content=\"index, follow, max-snippet:-1, max-image-preview:large, max-video-preview:-1\" \/>\n<link rel=\"canonical\" href=\"https:\/\/help.jamk.fi\/opinnaytetyon-ohjaus\/fi\/opinnaytetyon-ohjaaminen\/opinnaytetyon-vastuullinen-ohjaus\/\" \/>\n<meta property=\"og:locale\" content=\"fi_FI\" \/>\n<meta property=\"og:type\" content=\"article\" \/>\n<meta property=\"og:title\" content=\"1.1 Opinn\u00e4ytety\u00f6n vastuullinen ohjaus ja ohjauksen hyv\u00e4t k\u00e4yt\u00e4nn\u00f6t - Thesis Supervisor&#039;s Handbook\" \/>\n<meta property=\"og:description\" content=\"Arene on julkaissut ammattikorkeakoulujen opinn\u00e4ytet\u00f6iden eettiset suositukset 2019 ja niit\u00e4 on p\u00e4ivitetty 9.1.2020. Suosituksissa kuvataan eettisen ja hyv\u00e4n tieteellisen k\u00e4yt\u00e4nn\u00f6n mukaista opinn\u00e4ytety\u00f6prosessi opiskelijan ja ohjaajan muistilistoina ja niit\u00e4 avaavina tekstein\u00e4 sek\u00e4 suosituksia ammattikorkeakouluille organisaatioina. Ohjaajan muistilista (Arene 2020) Ohjauksen hyv\u00e4t k\u00e4yt\u00e4nn\u00f6t Linkit Ammattikorkeakoulujen opinn\u00e4ytet\u00f6iden eettiset suositukset. Arene 2019. P\u00e4ivitetty 28.5.2022, Sirpa Tuomi\" \/>\n<meta property=\"og:url\" content=\"https:\/\/help.jamk.fi\/opinnaytetyon-ohjaus\/fi\/opinnaytetyon-ohjaaminen\/opinnaytetyon-vastuullinen-ohjaus\/\" \/>\n<meta property=\"og:site_name\" content=\"Thesis Supervisor&#039;s Handbook\" \/>\n<meta property=\"article:modified_time\" content=\"2024-11-12T07:31:14+00:00\" \/>\n<meta name=\"twitter:card\" content=\"summary_large_image\" \/>\n<meta name=\"twitter:label1\" content=\"Arvioitu lukuaika\" \/>\n\t<meta name=\"twitter:data1\" content=\"2 minuuttia\" \/>\n<script type=\"application\/ld+json\" class=\"yoast-schema-graph\">{\"@context\":\"https:\\\/\\\/schema.org\",\"@graph\":[{\"@type\":\"WebPage\",\"@id\":\"https:\\\/\\\/help.jamk.fi\\\/opinnaytetyon-ohjaus\\\/fi\\\/opinnaytetyon-ohjaaminen\\\/opinnaytetyon-vastuullinen-ohjaus\\\/\",\"url\":\"https:\\\/\\\/help.jamk.fi\\\/opinnaytetyon-ohjaus\\\/fi\\\/opinnaytetyon-ohjaaminen\\\/opinnaytetyon-vastuullinen-ohjaus\\\/\",\"name\":\"1.1 Opinn\u00e4ytety\u00f6n vastuullinen ohjaus ja ohjauksen hyv\u00e4t k\u00e4yt\u00e4nn\u00f6t - Thesis Supervisor&#039;s Handbook\",\"isPartOf\":{\"@id\":\"https:\\\/\\\/help.jamk.fi\\\/opinnaytetyon-ohjaus\\\/#website\"},\"datePublished\":\"2022-05-27T03:00:00+00:00\",\"dateModified\":\"2024-11-12T07:31:14+00:00\",\"breadcrumb\":{\"@id\":\"https:\\\/\\\/help.jamk.fi\\\/opinnaytetyon-ohjaus\\\/fi\\\/opinnaytetyon-ohjaaminen\\\/opinnaytetyon-vastuullinen-ohjaus\\\/#breadcrumb\"},\"inLanguage\":\"fi\",\"potentialAction\":[{\"@type\":\"ReadAction\",\"target\":[\"https:\\\/\\\/help.jamk.fi\\\/opinnaytetyon-ohjaus\\\/fi\\\/opinnaytetyon-ohjaaminen\\\/opinnaytetyon-vastuullinen-ohjaus\\\/\"]}]},{\"@type\":\"BreadcrumbList\",\"@id\":\"https:\\\/\\\/help.jamk.fi\\\/opinnaytetyon-ohjaus\\\/fi\\\/opinnaytetyon-ohjaaminen\\\/opinnaytetyon-vastuullinen-ohjaus\\\/#breadcrumb\",\"itemListElement\":[{\"@type\":\"ListItem\",\"position\":1,\"name\":\"Etusivu\",\"item\":\"https:\\\/\\\/help.jamk.fi\\\/opinnaytetyon-ohjaus\\\/fi\\\/\"},{\"@type\":\"ListItem\",\"position\":2,\"name\":\"1 Opinn\u00e4ytety\u00f6n ohjaaminen\",\"item\":\"https:\\\/\\\/help.jamk.fi\\\/opinnaytetyon-ohjaus\\\/fi\\\/opinnaytetyon-ohjaaminen\\\/\"},{\"@type\":\"ListItem\",\"position\":3,\"name\":\"1.1 Opinn\u00e4ytety\u00f6n vastuullinen ohjaus ja ohjauksen hyv\u00e4t k\u00e4yt\u00e4nn\u00f6t\"}]},{\"@type\":\"WebSite\",\"@id\":\"https:\\\/\\\/help.jamk.fi\\\/opinnaytetyon-ohjaus\\\/#website\",\"url\":\"https:\\\/\\\/help.jamk.fi\\\/opinnaytetyon-ohjaus\\\/\",\"name\":\"Thesis Supervisor&#039;s Handbook\",\"description\":\"Opinn\u00e4ytety\u00f6n ohjaajan k\u00e4sikirja ja vinkkipankki\",\"potentialAction\":[{\"@type\":\"SearchAction\",\"target\":{\"@type\":\"EntryPoint\",\"urlTemplate\":\"https:\\\/\\\/help.jamk.fi\\\/opinnaytetyon-ohjaus\\\/?s={search_term_string}\"},\"query-input\":{\"@type\":\"PropertyValueSpecification\",\"valueRequired\":true,\"valueName\":\"search_term_string\"}}],\"inLanguage\":\"fi\"}]}<\/script>\n<!-- \/ Yoast SEO plugin. -->","yoast_head_json":{"title":"1.1 Opinn\u00e4ytety\u00f6n vastuullinen ohjaus ja ohjauksen hyv\u00e4t k\u00e4yt\u00e4nn\u00f6t - Thesis Supervisor&#039;s Handbook","robots":{"index":"index","follow":"follow","max-snippet":"max-snippet:-1","max-image-preview":"max-image-preview:large","max-video-preview":"max-video-preview:-1"},"canonical":"https:\/\/help.jamk.fi\/opinnaytetyon-ohjaus\/fi\/opinnaytetyon-ohjaaminen\/opinnaytetyon-vastuullinen-ohjaus\/","og_locale":"fi_FI","og_type":"article","og_title":"1.1 Opinn\u00e4ytety\u00f6n vastuullinen ohjaus ja ohjauksen hyv\u00e4t k\u00e4yt\u00e4nn\u00f6t - Thesis Supervisor&#039;s Handbook","og_description":"Arene on julkaissut ammattikorkeakoulujen opinn\u00e4ytet\u00f6iden eettiset suositukset 2019 ja niit\u00e4 on p\u00e4ivitetty 9.1.2020. Suosituksissa kuvataan eettisen ja hyv\u00e4n tieteellisen k\u00e4yt\u00e4nn\u00f6n mukaista opinn\u00e4ytety\u00f6prosessi opiskelijan ja ohjaajan muistilistoina ja niit\u00e4 avaavina tekstein\u00e4 sek\u00e4 suosituksia ammattikorkeakouluille organisaatioina. Ohjaajan muistilista (Arene 2020) Ohjauksen hyv\u00e4t k\u00e4yt\u00e4nn\u00f6t Linkit Ammattikorkeakoulujen opinn\u00e4ytet\u00f6iden eettiset suositukset. Arene 2019. P\u00e4ivitetty 28.5.2022, Sirpa Tuomi","og_url":"https:\/\/help.jamk.fi\/opinnaytetyon-ohjaus\/fi\/opinnaytetyon-ohjaaminen\/opinnaytetyon-vastuullinen-ohjaus\/","og_site_name":"Thesis Supervisor&#039;s Handbook","article_modified_time":"2024-11-12T07:31:14+00:00","twitter_card":"summary_large_image","twitter_misc":{"Arvioitu lukuaika":"2 minuuttia"},"schema":{"@context":"https:\/\/schema.org","@graph":[{"@type":"WebPage","@id":"https:\/\/help.jamk.fi\/opinnaytetyon-ohjaus\/fi\/opinnaytetyon-ohjaaminen\/opinnaytetyon-vastuullinen-ohjaus\/","url":"https:\/\/help.jamk.fi\/opinnaytetyon-ohjaus\/fi\/opinnaytetyon-ohjaaminen\/opinnaytetyon-vastuullinen-ohjaus\/","name":"1.1 Opinn\u00e4ytety\u00f6n vastuullinen ohjaus ja ohjauksen hyv\u00e4t k\u00e4yt\u00e4nn\u00f6t - Thesis Supervisor&#039;s Handbook","isPartOf":{"@id":"https:\/\/help.jamk.fi\/opinnaytetyon-ohjaus\/#website"},"datePublished":"2022-05-27T03:00:00+00:00","dateModified":"2024-11-12T07:31:14+00:00","breadcrumb":{"@id":"https:\/\/help.jamk.fi\/opinnaytetyon-ohjaus\/fi\/opinnaytetyon-ohjaaminen\/opinnaytetyon-vastuullinen-ohjaus\/#breadcrumb"},"inLanguage":"fi","potentialAction":[{"@type":"ReadAction","target":["https:\/\/help.jamk.fi\/opinnaytetyon-ohjaus\/fi\/opinnaytetyon-ohjaaminen\/opinnaytetyon-vastuullinen-ohjaus\/"]}]},{"@type":"BreadcrumbList","@id":"https:\/\/help.jamk.fi\/opinnaytetyon-ohjaus\/fi\/opinnaytetyon-ohjaaminen\/opinnaytetyon-vastuullinen-ohjaus\/#breadcrumb","itemListElement":[{"@type":"ListItem","position":1,"name":"Etusivu","item":"https:\/\/help.jamk.fi\/opinnaytetyon-ohjaus\/fi\/"},{"@type":"ListItem","position":2,"name":"1 Opinn\u00e4ytety\u00f6n ohjaaminen","item":"https:\/\/help.jamk.fi\/opinnaytetyon-ohjaus\/fi\/opinnaytetyon-ohjaaminen\/"},{"@type":"ListItem","position":3,"name":"1.1 Opinn\u00e4ytety\u00f6n vastuullinen ohjaus ja ohjauksen hyv\u00e4t k\u00e4yt\u00e4nn\u00f6t"}]},{"@type":"WebSite","@id":"https:\/\/help.jamk.fi\/opinnaytetyon-ohjaus\/#website","url":"https:\/\/help.jamk.fi\/opinnaytetyon-ohjaus\/","name":"Thesis Supervisor&#039;s Handbook","description":"Opinn\u00e4ytety\u00f6n ohjaajan k\u00e4sikirja ja vinkkipankki","potentialAction":[{"@type":"SearchAction","target":{"@type":"EntryPoint","urlTemplate":"https:\/\/help.jamk.fi\/opinnaytetyon-ohjaus\/?s={search_term_string}"},"query-input":{"@type":"PropertyValueSpecification","valueRequired":true,"valueName":"search_term_string"}}],"inLanguage":"fi"}]}},"_links":{"self":[{"href":"https:\/\/help.jamk.fi\/opinnaytetyon-ohjaus\/wp-json\/wp\/v2\/pages\/225","targetHints":{"allow":["GET"]}}],"collection":[{"href":"https:\/\/help.jamk.fi\/opinnaytetyon-ohjaus\/wp-json\/wp\/v2\/pages"}],"about":[{"href":"https:\/\/help.jamk.fi\/opinnaytetyon-ohjaus\/wp-json\/wp\/v2\/types\/page"}],"author":[{"embeddable":true,"href":"https:\/\/help.jamk.fi\/opinnaytetyon-ohjaus\/wp-json\/wp\/v2\/users\/79"}],"replies":[{"embeddable":true,"href":"https:\/\/help.jamk.fi\/opinnaytetyon-ohjaus\/wp-json\/wp\/v2\/comments?post=225"}],"version-history":[{"count":7,"href":"https:\/\/help.jamk.fi\/opinnaytetyon-ohjaus\/wp-json\/wp\/v2\/pages\/225\/revisions"}],"predecessor-version":[{"id":1705,"href":"https:\/\/help.jamk.fi\/opinnaytetyon-ohjaus\/wp-json\/wp\/v2\/pages\/225\/revisions\/1705"}],"up":[{"embeddable":true,"href":"https:\/\/help.jamk.fi\/opinnaytetyon-ohjaus\/wp-json\/wp\/v2\/pages\/77"}],"wp:attachment":[{"href":"https:\/\/help.jamk.fi\/opinnaytetyon-ohjaus\/wp-json\/wp\/v2\/media?parent=225"}],"wp:term":[{"taxonomy":"category","embeddable":true,"href":"https:\/\/help.jamk.fi\/opinnaytetyon-ohjaus\/wp-json\/wp\/v2\/categories?post=225"},{"taxonomy":"post_tag","embeddable":true,"href":"https:\/\/help.jamk.fi\/opinnaytetyon-ohjaus\/wp-json\/wp\/v2\/tags?post=225"}],"curies":[{"name":"wp","href":"https:\/\/api.w.org\/{rel}","templated":true}]}}