{"id":228,"date":"2022-05-24T12:15:27","date_gmt":"2022-05-24T09:15:27","guid":{"rendered":"https:\/\/help.jamk.fi\/yamk-kasikirja\/wihi-ohjeet-ohjaajalle\/"},"modified":"2026-03-26T14:24:32","modified_gmt":"2026-03-26T12:24:32","slug":"wihi-ohjeet-ohjaajalle","status":"publish","type":"page","link":"https:\/\/help.jamk.fi\/opinnaytetyon-ohjaus\/fi\/wihi-ohjeet-ohjaajalle\/","title":{"rendered":"10 Wihi-ohjeet ohjaajalle"},"content":{"rendered":"\n<p>Wihi (wihi.jamk.fi) on opinn\u00e4ytety\u00f6n &#8221;projektinhallintaohjelma&#8221;. Sen avulla opiskelija aikatauluttaa ty\u00f6ns\u00e4 etenemisen.<br>Ohjaaja voi seurata opiskelijan etenemist\u00e4. <\/p>\n\n\n\n<h2 class=\"wp-block-heading\">Wihi dokumentoi ohjausta ja opiskelijan etenemist\u00e4<\/h2>\n\n\n\n<p>Kun k\u00e4yt\u00e4t opinn\u00e4ytety\u00f6n ohjauksessa Wihi\u00e4, se tekee ohjaamisesta l\u00e4pin\u00e4kyv\u00e4\u00e4. Se my\u00f6s parantaa riskienhallintaa esimerkiksi silloin, jos ohjaaja joutuisi \u00e4kisti j\u00e4\u00e4m\u00e4\u00e4n pois t\u00f6ist\u00e4 tai jos opinn\u00e4yety\u00f6n ohjaaja vaihtuisi muusta syyst\u00e4. Jos ohjausviestint\u00e4 on s\u00e4hk\u00f6postissa tai Teamsissa tai Moodlessa, kukaan toinen ei voi sijaistaa sinua ohjaajana.<br>Kun k\u00e4yt\u00f6ss\u00e4 on Wihi, koordinaattori n\u00e4kee opinn\u00e4ytety\u00f6n edistymisen ja sijainen voi astua saappaisiin tarpeen vaatiessa.<\/p>\n\n\n\n<p>Jos tarvitset apua Wihin kanssa, liity Teams ryhm\u00e4\u00e4n &#8221;Verkko-opetus at Jamk&#8221; ja siell\u00e4 seuraa kanavaa Wihi.. Wihin kehitysehdotukset ja virheilmoitukset voit laittaa HelpDeskin kautta (J\u00e4t\u00e4 palvelupyynt\u00f6 -painike n\u00e4ill\u00e4 sivuilla). Valitse j\u00e4rjestelm\u00e4ksi Wihi ja opinn\u00e4ytety\u00f6.<\/p>\n\n\n\n<p>L\u00f6yd\u00e4t Wihi-ohjeet ohjaajalle t\u00e4m\u00e4n sivun alasivuilta. Katso opiskelijan opinn\u00e4ytety\u00f6h\u00f6n liittyv\u00e4t teht\u00e4v\u00e4t opiskelijan ohjeista.<\/p>\n\n\n\n<p><\/p>\n\n\n<div id=\"link-lifts-block_b8aedc4a3e24b4d882a4d4864dc24e54\" class=\"link-lifts block-link-lifts\">\n  <div class=\"row\">\n            <div class=\"col-12 col-lg-4 block-link-lifts__column\">\n          <div class=\"block-link-lifts__item pink\">\n            <h3 class=\"block-link-lifts__item--heading\">Alasivut<\/h3>\n                          <ul class=\"block-link-lifts__item--link-list\">\n                                                                        <li>\n                                              <a class=\"link-list\" href=\"https:\/\/help.jamk.fi\/opinnaytetyon-ohjaus\/fi\/wihi-ohjeet-ohjaajalle\/yleista-wihista\/\" target=\"_self\">10.1 Yleist\u00e4 Wihist\u00e4<\/a>\n                                          <\/li>\n                                                                                          <li>\n                                              <a class=\"link-list\" href=\"https:\/\/help.jamk.fi\/opinnaytetyon-ohjaus\/fi\/wihi-ohjeet-ohjaajalle\/ohjaajaksi-hyvaksyminen\/\" target=\"_self\">10.2 Ohjaajaksi hyv\u00e4ksyminen<\/a>\n                                          <\/li>\n                                                                                          <li>\n                                              <a class=\"link-list\" href=\"https:\/\/help.jamk.fi\/opinnaytetyon-ohjaus\/fi\/wihi-ohjeet-ohjaajalle\/wihin-toiminnot\/\" target=\"_self\">10.3 Wihin toiminnot<\/a>\n                                          <\/li>\n                                                                                          <li>\n                                              <a class=\"link-list\" href=\"https:\/\/help.jamk.fi\/opinnaytetyon-ohjaus\/fi\/wihi-ohjeet-ohjaajalle\/projektisuunnitelma\/\" target=\"_self\">10.4 Projektisuunnitelma ja aikataulu<\/a>\n                                          <\/li>\n                                                                                          <li>\n                                              <a class=\"link-list\" href=\"https:\/\/help.jamk.fi\/opinnaytetyon-ohjaus\/fi\/wihi-ohjeet-ohjaajalle\/vaiheen-hyvaksyminen\/\" target=\"_self\">10.5 Vaiheen hyv\u00e4ksyminen ja suoritusmerkinn\u00e4t<\/a>\n                                          <\/li>\n                                                                                          <li>\n                                              <a class=\"link-list\" href=\"https:\/\/help.jamk.fi\/opinnaytetyon-ohjaus\/fi\/wihi-ohjeet-ohjaajalle\/opinnaytetyon-palauttaminen\/\" target=\"_self\">10.6 Opinn\u00e4ytety\u00f6n palauttaminen ja tekstintarkastus<\/a>\n                                          <\/li>\n                                                                                          <li>\n                                              <a class=\"link-list\" href=\"https:\/\/help.jamk.fi\/opinnaytetyon-ohjaus\/fi\/wihi-ohjeet-ohjaajalle\/salassa-pidettava-opinnaytetyo-wihissa\/\" target=\"_self\">10.7 Salassapidett\u00e4vi\u00e4 liitteit\u00e4 sis\u00e4lt\u00e4v\u00e4 opinn\u00e4ytety\u00f6 Wihiss\u00e4<\/a>\n                                          <\/li>\n                                                                                          <li>\n                                              <a class=\"link-list\" href=\"https:\/\/help.jamk.fi\/opinnaytetyon-ohjaus\/fi\/wihi-ohjeet-ohjaajalle\/opinnaytetyon-arvioiminen\/\" target=\"_self\">10.8 Opinn\u00e4ytety\u00f6n arvioiminen ja arviointilomake<\/a>\n                                          <\/li>\n                                                                                          <li>\n                                              <a class=\"link-list\" href=\"https:\/\/help.jamk.fi\/opinnaytetyon-ohjaus\/fi\/wihi-ohjeet-ohjaajalle\/projektin-paattaminen\/\" target=\"_self\">10.9 Projektin p\u00e4\u00e4tt\u00e4minen ja arvosanojen siirtyminen Peppiin<\/a>\n                                          <\/li>\n                                                <\/ul>\n            \n          <\/div>\n        <\/div>\n      <\/div>\n<\/div>\n\n\n<h2 class=\"wp-block-heading\">Dokumentit<\/h2>\n\n\n\n<p><a href=\"https:\/\/help.jamk.fi\/opinnaytetyon-ohjaus\/wp-content\/uploads\/sites\/110\/2023\/09\/Opinnaytetyon-arvioinnin-vaiheet-Wihissa2.pdf\" data-type=\"link\" data-id=\"https:\/\/help.jamk.fi\/opinnaytetyon-ohjaus\/wp-content\/uploads\/sites\/110\/2023\/09\/Opinnaytetyon-arvioinnin-vaiheet-Wihissa2.pdf\">Opinn\u00e4ytety\u00f6n arvioinnin vaiheet Wihiss\u00e4 (pdf)<\/a><\/p>\n\n\n<div id=\"link-lifts-block_a761747d544c56cb2cdeb8df5766a9e8\" class=\"link-lifts block-link-lifts\">\n  <div class=\"row\">\n            <div class=\"col-12 col-lg-4 block-link-lifts__column\">\n          <div class=\"block-link-lifts__item lilac\">\n            <h3 class=\"block-link-lifts__item--heading\">Opiskelijan ohjeet<\/h3>\n                          <ul class=\"block-link-lifts__item--link-list\">\n                                                                        <li>\n                                              <a class=\"link-list\" href=\"https:\/\/help.jamk.fi\/opinnaytetyo\/fi\/opinnaytetyoprojekti\/\" target=\"_self\">Opinn\u00e4ytety\u00f6projekti ja teht\u00e4v\u00e4t<\/a>\n                                          <\/li>\n                                                <\/ul>\n            \n          <\/div>\n        <\/div>\n      <\/div>\n<\/div>","protected":false},"excerpt":{"rendered":"<p>Wihi (wihi.jamk.fi) on opinn\u00e4ytety\u00f6n &#8221;projektinhallintaohjelma&#8221;. Sen avulla opiskelija aikatauluttaa ty\u00f6ns\u00e4 etenemisen.Ohjaaja voi seurata opiskelijan etenemist\u00e4. Wihi dokumentoi ohjausta ja opiskelijan etenemist\u00e4 Kun k\u00e4yt\u00e4t opinn\u00e4ytety\u00f6n ohjauksessa Wihi\u00e4, se tekee ohjaamisesta l\u00e4pin\u00e4kyv\u00e4\u00e4. Se my\u00f6s parantaa riskienhallintaa esimerkiksi silloin, jos ohjaaja joutuisi \u00e4kisti j\u00e4\u00e4m\u00e4\u00e4n pois t\u00f6ist\u00e4 tai jos opinn\u00e4yety\u00f6n ohjaaja vaihtuisi muusta syyst\u00e4. Jos ohjausviestint\u00e4 on s\u00e4hk\u00f6postissa tai [&hellip;]<\/p>\n","protected":false},"author":79,"featured_media":0,"parent":0,"menu_order":10,"comment_status":"closed","ping_status":"closed","template":"","meta":{"_acf_changed":false,"_relevanssi_hide_post":"","_relevanssi_hide_content":"","_relevanssi_pin_for_all":"","_relevanssi_pin_keywords":"","_relevanssi_unpin_keywords":"","_relevanssi_related_keywords":"","_relevanssi_related_include_ids":"","_relevanssi_related_exclude_ids":"","_relevanssi_related_no_append":"","_relevanssi_related_not_related":"","_relevanssi_related_posts":"","_relevanssi_noindex_reason":"","footnotes":""},"categories":[1],"tags":[83,155],"class_list":["post-228","page","type-page","status-publish","hentry","category-yleinen","tag-opinnaytetyon-ohjaus","tag-wihi"],"acf":[],"yoast_head":"<!-- This site is optimized with the Yoast SEO plugin v27.4 - https:\/\/yoast.com\/product\/yoast-seo-wordpress\/ -->\n<title>10 Wihi-ohjeet ohjaajalle - Thesis Supervisor&#039;s Handbook<\/title>\n<meta name=\"robots\" content=\"index, follow, max-snippet:-1, max-image-preview:large, max-video-preview:-1\" \/>\n<link rel=\"canonical\" href=\"https:\/\/help.jamk.fi\/opinnaytetyon-ohjaus\/fi\/wihi-ohjeet-ohjaajalle\/\" \/>\n<meta property=\"og:locale\" content=\"fi_FI\" \/>\n<meta property=\"og:type\" content=\"article\" \/>\n<meta property=\"og:title\" content=\"10 Wihi-ohjeet ohjaajalle - Thesis Supervisor&#039;s Handbook\" \/>\n<meta property=\"og:description\" content=\"Wihi (wihi.jamk.fi) on opinn\u00e4ytety\u00f6n &#8221;projektinhallintaohjelma&#8221;. Sen avulla opiskelija aikatauluttaa ty\u00f6ns\u00e4 etenemisen.Ohjaaja voi seurata opiskelijan etenemist\u00e4. Wihi dokumentoi ohjausta ja opiskelijan etenemist\u00e4 Kun k\u00e4yt\u00e4t opinn\u00e4ytety\u00f6n ohjauksessa Wihi\u00e4, se tekee ohjaamisesta l\u00e4pin\u00e4kyv\u00e4\u00e4. Se my\u00f6s parantaa riskienhallintaa esimerkiksi silloin, jos ohjaaja joutuisi \u00e4kisti j\u00e4\u00e4m\u00e4\u00e4n pois t\u00f6ist\u00e4 tai jos opinn\u00e4yety\u00f6n ohjaaja vaihtuisi muusta syyst\u00e4. Jos ohjausviestint\u00e4 on s\u00e4hk\u00f6postissa tai [&hellip;]\" \/>\n<meta property=\"og:url\" content=\"https:\/\/help.jamk.fi\/opinnaytetyon-ohjaus\/fi\/wihi-ohjeet-ohjaajalle\/\" \/>\n<meta property=\"og:site_name\" content=\"Thesis Supervisor&#039;s Handbook\" \/>\n<meta property=\"article:modified_time\" content=\"2026-03-26T12:24:32+00:00\" \/>\n<meta name=\"twitter:card\" content=\"summary_large_image\" \/>\n<meta name=\"twitter:label1\" content=\"Arvioitu lukuaika\" \/>\n\t<meta name=\"twitter:data1\" content=\"1 minuutti\" \/>\n<script type=\"application\/ld+json\" class=\"yoast-schema-graph\">{\"@context\":\"https:\\\/\\\/schema.org\",\"@graph\":[{\"@type\":\"WebPage\",\"@id\":\"https:\\\/\\\/help.jamk.fi\\\/opinnaytetyon-ohjaus\\\/fi\\\/wihi-ohjeet-ohjaajalle\\\/\",\"url\":\"https:\\\/\\\/help.jamk.fi\\\/opinnaytetyon-ohjaus\\\/fi\\\/wihi-ohjeet-ohjaajalle\\\/\",\"name\":\"10 Wihi-ohjeet ohjaajalle - Thesis Supervisor&#039;s Handbook\",\"isPartOf\":{\"@id\":\"https:\\\/\\\/help.jamk.fi\\\/opinnaytetyon-ohjaus\\\/#website\"},\"datePublished\":\"2022-05-24T09:15:27+00:00\",\"dateModified\":\"2026-03-26T12:24:32+00:00\",\"breadcrumb\":{\"@id\":\"https:\\\/\\\/help.jamk.fi\\\/opinnaytetyon-ohjaus\\\/fi\\\/wihi-ohjeet-ohjaajalle\\\/#breadcrumb\"},\"inLanguage\":\"fi\",\"potentialAction\":[{\"@type\":\"ReadAction\",\"target\":[\"https:\\\/\\\/help.jamk.fi\\\/opinnaytetyon-ohjaus\\\/fi\\\/wihi-ohjeet-ohjaajalle\\\/\"]}]},{\"@type\":\"BreadcrumbList\",\"@id\":\"https:\\\/\\\/help.jamk.fi\\\/opinnaytetyon-ohjaus\\\/fi\\\/wihi-ohjeet-ohjaajalle\\\/#breadcrumb\",\"itemListElement\":[{\"@type\":\"ListItem\",\"position\":1,\"name\":\"Etusivu\",\"item\":\"https:\\\/\\\/help.jamk.fi\\\/opinnaytetyon-ohjaus\\\/fi\\\/\"},{\"@type\":\"ListItem\",\"position\":2,\"name\":\"10 Wihi-ohjeet ohjaajalle\"}]},{\"@type\":\"WebSite\",\"@id\":\"https:\\\/\\\/help.jamk.fi\\\/opinnaytetyon-ohjaus\\\/#website\",\"url\":\"https:\\\/\\\/help.jamk.fi\\\/opinnaytetyon-ohjaus\\\/\",\"name\":\"Thesis Supervisor&#039;s Handbook\",\"description\":\"Opinn\u00e4ytety\u00f6n ohjaajan k\u00e4sikirja ja vinkkipankki\",\"potentialAction\":[{\"@type\":\"SearchAction\",\"target\":{\"@type\":\"EntryPoint\",\"urlTemplate\":\"https:\\\/\\\/help.jamk.fi\\\/opinnaytetyon-ohjaus\\\/?s={search_term_string}\"},\"query-input\":{\"@type\":\"PropertyValueSpecification\",\"valueRequired\":true,\"valueName\":\"search_term_string\"}}],\"inLanguage\":\"fi\"}]}<\/script>\n<!-- \/ Yoast SEO plugin. -->","yoast_head_json":{"title":"10 Wihi-ohjeet ohjaajalle - Thesis Supervisor&#039;s Handbook","robots":{"index":"index","follow":"follow","max-snippet":"max-snippet:-1","max-image-preview":"max-image-preview:large","max-video-preview":"max-video-preview:-1"},"canonical":"https:\/\/help.jamk.fi\/opinnaytetyon-ohjaus\/fi\/wihi-ohjeet-ohjaajalle\/","og_locale":"fi_FI","og_type":"article","og_title":"10 Wihi-ohjeet ohjaajalle - Thesis Supervisor&#039;s Handbook","og_description":"Wihi (wihi.jamk.fi) on opinn\u00e4ytety\u00f6n &#8221;projektinhallintaohjelma&#8221;. Sen avulla opiskelija aikatauluttaa ty\u00f6ns\u00e4 etenemisen.Ohjaaja voi seurata opiskelijan etenemist\u00e4. Wihi dokumentoi ohjausta ja opiskelijan etenemist\u00e4 Kun k\u00e4yt\u00e4t opinn\u00e4ytety\u00f6n ohjauksessa Wihi\u00e4, se tekee ohjaamisesta l\u00e4pin\u00e4kyv\u00e4\u00e4. Se my\u00f6s parantaa riskienhallintaa esimerkiksi silloin, jos ohjaaja joutuisi \u00e4kisti j\u00e4\u00e4m\u00e4\u00e4n pois t\u00f6ist\u00e4 tai jos opinn\u00e4yety\u00f6n ohjaaja vaihtuisi muusta syyst\u00e4. Jos ohjausviestint\u00e4 on s\u00e4hk\u00f6postissa tai [&hellip;]","og_url":"https:\/\/help.jamk.fi\/opinnaytetyon-ohjaus\/fi\/wihi-ohjeet-ohjaajalle\/","og_site_name":"Thesis Supervisor&#039;s Handbook","article_modified_time":"2026-03-26T12:24:32+00:00","twitter_card":"summary_large_image","twitter_misc":{"Arvioitu lukuaika":"1 minuutti"},"schema":{"@context":"https:\/\/schema.org","@graph":[{"@type":"WebPage","@id":"https:\/\/help.jamk.fi\/opinnaytetyon-ohjaus\/fi\/wihi-ohjeet-ohjaajalle\/","url":"https:\/\/help.jamk.fi\/opinnaytetyon-ohjaus\/fi\/wihi-ohjeet-ohjaajalle\/","name":"10 Wihi-ohjeet ohjaajalle - Thesis Supervisor&#039;s Handbook","isPartOf":{"@id":"https:\/\/help.jamk.fi\/opinnaytetyon-ohjaus\/#website"},"datePublished":"2022-05-24T09:15:27+00:00","dateModified":"2026-03-26T12:24:32+00:00","breadcrumb":{"@id":"https:\/\/help.jamk.fi\/opinnaytetyon-ohjaus\/fi\/wihi-ohjeet-ohjaajalle\/#breadcrumb"},"inLanguage":"fi","potentialAction":[{"@type":"ReadAction","target":["https:\/\/help.jamk.fi\/opinnaytetyon-ohjaus\/fi\/wihi-ohjeet-ohjaajalle\/"]}]},{"@type":"BreadcrumbList","@id":"https:\/\/help.jamk.fi\/opinnaytetyon-ohjaus\/fi\/wihi-ohjeet-ohjaajalle\/#breadcrumb","itemListElement":[{"@type":"ListItem","position":1,"name":"Etusivu","item":"https:\/\/help.jamk.fi\/opinnaytetyon-ohjaus\/fi\/"},{"@type":"ListItem","position":2,"name":"10 Wihi-ohjeet ohjaajalle"}]},{"@type":"WebSite","@id":"https:\/\/help.jamk.fi\/opinnaytetyon-ohjaus\/#website","url":"https:\/\/help.jamk.fi\/opinnaytetyon-ohjaus\/","name":"Thesis Supervisor&#039;s Handbook","description":"Opinn\u00e4ytety\u00f6n ohjaajan k\u00e4sikirja ja vinkkipankki","potentialAction":[{"@type":"SearchAction","target":{"@type":"EntryPoint","urlTemplate":"https:\/\/help.jamk.fi\/opinnaytetyon-ohjaus\/?s={search_term_string}"},"query-input":{"@type":"PropertyValueSpecification","valueRequired":true,"valueName":"search_term_string"}}],"inLanguage":"fi"}]}},"_links":{"self":[{"href":"https:\/\/help.jamk.fi\/opinnaytetyon-ohjaus\/wp-json\/wp\/v2\/pages\/228","targetHints":{"allow":["GET"]}}],"collection":[{"href":"https:\/\/help.jamk.fi\/opinnaytetyon-ohjaus\/wp-json\/wp\/v2\/pages"}],"about":[{"href":"https:\/\/help.jamk.fi\/opinnaytetyon-ohjaus\/wp-json\/wp\/v2\/types\/page"}],"author":[{"embeddable":true,"href":"https:\/\/help.jamk.fi\/opinnaytetyon-ohjaus\/wp-json\/wp\/v2\/users\/79"}],"replies":[{"embeddable":true,"href":"https:\/\/help.jamk.fi\/opinnaytetyon-ohjaus\/wp-json\/wp\/v2\/comments?post=228"}],"version-history":[{"count":14,"href":"https:\/\/help.jamk.fi\/opinnaytetyon-ohjaus\/wp-json\/wp\/v2\/pages\/228\/revisions"}],"predecessor-version":[{"id":1963,"href":"https:\/\/help.jamk.fi\/opinnaytetyon-ohjaus\/wp-json\/wp\/v2\/pages\/228\/revisions\/1963"}],"wp:attachment":[{"href":"https:\/\/help.jamk.fi\/opinnaytetyon-ohjaus\/wp-json\/wp\/v2\/media?parent=228"}],"wp:term":[{"taxonomy":"category","embeddable":true,"href":"https:\/\/help.jamk.fi\/opinnaytetyon-ohjaus\/wp-json\/wp\/v2\/categories?post=228"},{"taxonomy":"post_tag","embeddable":true,"href":"https:\/\/help.jamk.fi\/opinnaytetyon-ohjaus\/wp-json\/wp\/v2\/tags?post=228"}],"curies":[{"name":"wp","href":"https:\/\/api.w.org\/{rel}","templated":true}]}}