{"id":264,"date":"2022-09-20T09:51:58","date_gmt":"2022-09-20T06:51:58","guid":{"rendered":"https:\/\/help.jamk.fi\/yamk-kasikirja\/wihi-ohjeet-ohjaajalle\/ohjaajaksi-hyvaksyminen\/"},"modified":"2023-12-21T11:30:39","modified_gmt":"2023-12-21T09:30:39","slug":"ohjaajaksi-hyvaksyminen","status":"publish","type":"page","link":"https:\/\/help.jamk.fi\/opinnaytetyon-ohjaus\/fi\/wihi-ohjeet-ohjaajalle\/ohjaajaksi-hyvaksyminen\/","title":{"rendered":"10.2 Ohjaajaksi hyv\u00e4ksyminen"},"content":{"rendered":"\n<p>Kun opiskelija on tehnyt Wihiss\u00e4 aihe-ehdotuksen, ja koordinaattori on sen hyv\u00e4ksynyt ja lis\u00e4nnyt sinut ohjaajaksi opinn\u00e4ytety\u00f6lle, saat siit\u00e4 ilmoituksen Wihin etusivulle ja s\u00e4hk\u00f6postiisi. <\/p>\n\n\n\n<p>HUOM. Vain Wihiss\u00e4 n\u00e4et koordinaattorin mahdollisesti kirjoittaman kommentin.<\/p>\n\n\n\n<p>Wihin etusivulta n\u00e4et p\u00e4\u00e4t\u00f6st\u00e4si odottavat aihe-ehdotukset. Etusivulta n\u00e4et my\u00f6s jo ohjauksessasi olevat ty\u00f6t (kuvio 1).<\/p>\n\n\n\n<figure class=\"wp-block-image size-large\"><img decoding=\"async\" src=\"https:\/\/help.jamk.fi\/opinnaytetyon-ohjaus\/wp-content\/uploads\/sites\/110\/2023\/09\/Ohjaajan-tyopoydan-etusivu.png\" alt=\"\" class=\"wp-image-985\"\/><figcaption class=\"wp-element-caption\">Kuvio 1. Ohjaajan ty\u00f6p\u00f6yd\u00e4n etusivu<\/figcaption><\/figure>\n\n\n\n<p>Voit hyv\u00e4ksy\u00e4 tai hyl\u00e4t\u00e4 opinn\u00e4ytety\u00f6n ohjaukseesi siirtym\u00e4ll\u00e4 Aihe-ehdotukset -v\u00e4lilehdelle (kuvio 2). Opinn\u00e4ytety\u00f6n nimi -linkist\u00e4 p\u00e4\u00e4set tarkastelemaan aihe-ehdotusta.<\/p>\n\n\n\n<figure class=\"wp-block-image size-large\"><img decoding=\"async\" src=\"https:\/\/help.jamk.fi\/opinnaytetyon-ohjaus\/wp-content\/uploads\/sites\/110\/2023\/09\/Ohjaaja-hyvaksyy-tai-hylkaa-tyon.png\" alt=\"\" class=\"wp-image-987\"\/><figcaption class=\"wp-element-caption\">Kuvio 2. Opinn\u00e4ytety\u00f6n hyv\u00e4ksyminen ohjaukseen<\/figcaption><\/figure>\n\n\n\n<p>Jos hylk\u00e4\u00e4t ty\u00f6n, se palautuu koordinaattorille uudelleen k\u00e4sitelt\u00e4v\u00e4ksi.<\/p>\n\n\n\n<p>Ty\u00f6n hyv\u00e4ksyminen ohjaukseen avaa Wihiss\u00e4 opinn\u00e4ytety\u00f6projektin ja siihen liittyv\u00e4t ty\u00f6kalut sek\u00e4 opiskelijalle ett\u00e4 ohjaajalle (kuvio 3).<\/p>\n\n\n\n<figure class=\"wp-block-image size-large\"><img decoding=\"async\" src=\"https:\/\/help.jamk.fi\/opinnaytetyon-ohjaus\/wp-content\/uploads\/sites\/110\/2023\/09\/Ohjaajan-projektityoalue.png\" alt=\"\" class=\"wp-image-990\"\/><figcaption class=\"wp-element-caption\">Kuvio 3. Ohjaajan projektialue<\/figcaption><\/figure>\n\n\n\n<p>Projektialueen oikeassa reunassa n\u00e4kyv\u00e4t opiskelijan tiedot, opinn\u00e4ytety\u00f6n tiedot (aihe-ehdotus ja suunniteltu aikataulu), mahdollisen yrityksen tiedot ja sidosryhmien lausunnot sek\u00e4 tapahtumaloki.<\/p>\n\n\n\n<p>N\u00e4kym\u00e4n yl\u00e4osassa n\u00e4kyv\u00e4t opinn\u00e4ytety\u00f6n eri vaiheet ja niiden tilatiedot sek\u00e4 suunnitellut valmistumisp\u00e4iv\u00e4m\u00e4\u00e4r\u00e4t (sen j\u00e4lkeen kun projektisuunnitelma on tehty). Oranssilla v\u00e4rill\u00e4 n\u00e4kyv\u00e4t kaikki ne vaiheet, jotka on hyv\u00e4ksytty, avoin oranssi ikoni kertoo vaiheen, jossa ollaan menossa ja harmaat ikonit ovat tulossa olevia vaiheita.<\/p>\n\n\n\n<p>Keskell\u00e4 projektialuetta ovat ohjaajan eri vaiheiden ty\u00f6kalut. N\u00e4m\u00e4 ty\u00f6kalut ovat samat kaikissa vaiheissa.<\/p>\n","protected":false},"excerpt":{"rendered":"<p>Kun opiskelija on tehnyt Wihiss\u00e4 aihe-ehdotuksen, ja koordinaattori on sen hyv\u00e4ksynyt ja lis\u00e4nnyt sinut ohjaajaksi opinn\u00e4ytety\u00f6lle, saat siit\u00e4 ilmoituksen Wihin etusivulle ja s\u00e4hk\u00f6postiisi. HUOM. Vain Wihiss\u00e4 n\u00e4et koordinaattorin mahdollisesti kirjoittaman kommentin. Wihin etusivulta n\u00e4et p\u00e4\u00e4t\u00f6st\u00e4si odottavat aihe-ehdotukset. Etusivulta n\u00e4et my\u00f6s jo ohjauksessasi olevat ty\u00f6t (kuvio 1). Voit hyv\u00e4ksy\u00e4 tai hyl\u00e4t\u00e4 opinn\u00e4ytety\u00f6n ohjaukseesi siirtym\u00e4ll\u00e4 Aihe-ehdotukset -v\u00e4lilehdelle [&hellip;]<\/p>\n","protected":false},"author":79,"featured_media":0,"parent":228,"menu_order":2,"comment_status":"closed","ping_status":"closed","template":"","meta":{"_acf_changed":false,"_relevanssi_hide_post":"","_relevanssi_hide_content":"","_relevanssi_pin_for_all":"","_relevanssi_pin_keywords":"","_relevanssi_unpin_keywords":"","_relevanssi_related_keywords":"","_relevanssi_related_include_ids":"","_relevanssi_related_exclude_ids":"","_relevanssi_related_no_append":"","_relevanssi_related_not_related":"","_relevanssi_related_posts":"","_relevanssi_noindex_reason":"","footnotes":""},"categories":[1],"tags":[],"class_list":["post-264","page","type-page","status-publish","hentry","category-yleinen"],"acf":[],"yoast_head":"<!-- This site is optimized with the Yoast SEO plugin v27.3 - https:\/\/yoast.com\/product\/yoast-seo-wordpress\/ -->\n<title>10.2 Ohjaajaksi hyv\u00e4ksyminen - Thesis Supervisor&#039;s Handbook<\/title>\n<meta name=\"robots\" content=\"index, follow, max-snippet:-1, max-image-preview:large, max-video-preview:-1\" \/>\n<link rel=\"canonical\" href=\"https:\/\/help.jamk.fi\/opinnaytetyon-ohjaus\/fi\/wihi-ohjeet-ohjaajalle\/ohjaajaksi-hyvaksyminen\/\" \/>\n<meta property=\"og:locale\" content=\"fi_FI\" \/>\n<meta property=\"og:type\" content=\"article\" \/>\n<meta property=\"og:title\" content=\"10.2 Ohjaajaksi hyv\u00e4ksyminen - Thesis Supervisor&#039;s Handbook\" \/>\n<meta property=\"og:description\" content=\"Kun opiskelija on tehnyt Wihiss\u00e4 aihe-ehdotuksen, ja koordinaattori on sen hyv\u00e4ksynyt ja lis\u00e4nnyt sinut ohjaajaksi opinn\u00e4ytety\u00f6lle, saat siit\u00e4 ilmoituksen Wihin etusivulle ja s\u00e4hk\u00f6postiisi. HUOM. Vain Wihiss\u00e4 n\u00e4et koordinaattorin mahdollisesti kirjoittaman kommentin. Wihin etusivulta n\u00e4et p\u00e4\u00e4t\u00f6st\u00e4si odottavat aihe-ehdotukset. Etusivulta n\u00e4et my\u00f6s jo ohjauksessasi olevat ty\u00f6t (kuvio 1). Voit hyv\u00e4ksy\u00e4 tai hyl\u00e4t\u00e4 opinn\u00e4ytety\u00f6n ohjaukseesi siirtym\u00e4ll\u00e4 Aihe-ehdotukset -v\u00e4lilehdelle [&hellip;]\" \/>\n<meta property=\"og:url\" content=\"https:\/\/help.jamk.fi\/opinnaytetyon-ohjaus\/fi\/wihi-ohjeet-ohjaajalle\/ohjaajaksi-hyvaksyminen\/\" \/>\n<meta property=\"og:site_name\" content=\"Thesis Supervisor&#039;s Handbook\" \/>\n<meta property=\"article:modified_time\" content=\"2023-12-21T09:30:39+00:00\" \/>\n<meta property=\"og:image\" content=\"https:\/\/help.jamk.fi\/opinnaytetyon-ohjaus\/wp-content\/uploads\/sites\/110\/2023\/09\/Ohjaajan-tyopoydan-etusivu.png\" \/>\n<meta name=\"twitter:card\" content=\"summary_large_image\" \/>\n<meta name=\"twitter:label1\" content=\"Arvioitu lukuaika\" \/>\n\t<meta name=\"twitter:data1\" content=\"2 minuuttia\" \/>\n<script type=\"application\/ld+json\" class=\"yoast-schema-graph\">{\"@context\":\"https:\\\/\\\/schema.org\",\"@graph\":[{\"@type\":\"WebPage\",\"@id\":\"https:\\\/\\\/help.jamk.fi\\\/opinnaytetyon-ohjaus\\\/fi\\\/wihi-ohjeet-ohjaajalle\\\/ohjaajaksi-hyvaksyminen\\\/\",\"url\":\"https:\\\/\\\/help.jamk.fi\\\/opinnaytetyon-ohjaus\\\/fi\\\/wihi-ohjeet-ohjaajalle\\\/ohjaajaksi-hyvaksyminen\\\/\",\"name\":\"10.2 Ohjaajaksi hyv\u00e4ksyminen - Thesis Supervisor&#039;s Handbook\",\"isPartOf\":{\"@id\":\"https:\\\/\\\/help.jamk.fi\\\/opinnaytetyon-ohjaus\\\/#website\"},\"primaryImageOfPage\":{\"@id\":\"https:\\\/\\\/help.jamk.fi\\\/opinnaytetyon-ohjaus\\\/fi\\\/wihi-ohjeet-ohjaajalle\\\/ohjaajaksi-hyvaksyminen\\\/#primaryimage\"},\"image\":{\"@id\":\"https:\\\/\\\/help.jamk.fi\\\/opinnaytetyon-ohjaus\\\/fi\\\/wihi-ohjeet-ohjaajalle\\\/ohjaajaksi-hyvaksyminen\\\/#primaryimage\"},\"thumbnailUrl\":\"https:\\\/\\\/help.jamk.fi\\\/opinnaytetyon-ohjaus\\\/wp-content\\\/uploads\\\/sites\\\/110\\\/2023\\\/09\\\/Ohjaajan-tyopoydan-etusivu.png\",\"datePublished\":\"2022-09-20T06:51:58+00:00\",\"dateModified\":\"2023-12-21T09:30:39+00:00\",\"breadcrumb\":{\"@id\":\"https:\\\/\\\/help.jamk.fi\\\/opinnaytetyon-ohjaus\\\/fi\\\/wihi-ohjeet-ohjaajalle\\\/ohjaajaksi-hyvaksyminen\\\/#breadcrumb\"},\"inLanguage\":\"fi\",\"potentialAction\":[{\"@type\":\"ReadAction\",\"target\":[\"https:\\\/\\\/help.jamk.fi\\\/opinnaytetyon-ohjaus\\\/fi\\\/wihi-ohjeet-ohjaajalle\\\/ohjaajaksi-hyvaksyminen\\\/\"]}]},{\"@type\":\"ImageObject\",\"inLanguage\":\"fi\",\"@id\":\"https:\\\/\\\/help.jamk.fi\\\/opinnaytetyon-ohjaus\\\/fi\\\/wihi-ohjeet-ohjaajalle\\\/ohjaajaksi-hyvaksyminen\\\/#primaryimage\",\"url\":\"https:\\\/\\\/help.jamk.fi\\\/opinnaytetyon-ohjaus\\\/wp-content\\\/uploads\\\/sites\\\/110\\\/2023\\\/09\\\/Ohjaajan-tyopoydan-etusivu.png\",\"contentUrl\":\"https:\\\/\\\/help.jamk.fi\\\/opinnaytetyon-ohjaus\\\/wp-content\\\/uploads\\\/sites\\\/110\\\/2023\\\/09\\\/Ohjaajan-tyopoydan-etusivu.png\"},{\"@type\":\"BreadcrumbList\",\"@id\":\"https:\\\/\\\/help.jamk.fi\\\/opinnaytetyon-ohjaus\\\/fi\\\/wihi-ohjeet-ohjaajalle\\\/ohjaajaksi-hyvaksyminen\\\/#breadcrumb\",\"itemListElement\":[{\"@type\":\"ListItem\",\"position\":1,\"name\":\"Etusivu\",\"item\":\"https:\\\/\\\/help.jamk.fi\\\/opinnaytetyon-ohjaus\\\/fi\\\/\"},{\"@type\":\"ListItem\",\"position\":2,\"name\":\"10 Wihi-ohjeet ohjaajalle\",\"item\":\"https:\\\/\\\/help.jamk.fi\\\/opinnaytetyon-ohjaus\\\/fi\\\/wihi-ohjeet-ohjaajalle\\\/\"},{\"@type\":\"ListItem\",\"position\":3,\"name\":\"10.2 Ohjaajaksi hyv\u00e4ksyminen\"}]},{\"@type\":\"WebSite\",\"@id\":\"https:\\\/\\\/help.jamk.fi\\\/opinnaytetyon-ohjaus\\\/#website\",\"url\":\"https:\\\/\\\/help.jamk.fi\\\/opinnaytetyon-ohjaus\\\/\",\"name\":\"Thesis Supervisor&#039;s Handbook\",\"description\":\"Opinn\u00e4ytety\u00f6n ohjaajan k\u00e4sikirja ja vinkkipankki\",\"potentialAction\":[{\"@type\":\"SearchAction\",\"target\":{\"@type\":\"EntryPoint\",\"urlTemplate\":\"https:\\\/\\\/help.jamk.fi\\\/opinnaytetyon-ohjaus\\\/?s={search_term_string}\"},\"query-input\":{\"@type\":\"PropertyValueSpecification\",\"valueRequired\":true,\"valueName\":\"search_term_string\"}}],\"inLanguage\":\"fi\"}]}<\/script>\n<!-- \/ Yoast SEO plugin. -->","yoast_head_json":{"title":"10.2 Ohjaajaksi hyv\u00e4ksyminen - Thesis Supervisor&#039;s Handbook","robots":{"index":"index","follow":"follow","max-snippet":"max-snippet:-1","max-image-preview":"max-image-preview:large","max-video-preview":"max-video-preview:-1"},"canonical":"https:\/\/help.jamk.fi\/opinnaytetyon-ohjaus\/fi\/wihi-ohjeet-ohjaajalle\/ohjaajaksi-hyvaksyminen\/","og_locale":"fi_FI","og_type":"article","og_title":"10.2 Ohjaajaksi hyv\u00e4ksyminen - Thesis Supervisor&#039;s Handbook","og_description":"Kun opiskelija on tehnyt Wihiss\u00e4 aihe-ehdotuksen, ja koordinaattori on sen hyv\u00e4ksynyt ja lis\u00e4nnyt sinut ohjaajaksi opinn\u00e4ytety\u00f6lle, saat siit\u00e4 ilmoituksen Wihin etusivulle ja s\u00e4hk\u00f6postiisi. HUOM. Vain Wihiss\u00e4 n\u00e4et koordinaattorin mahdollisesti kirjoittaman kommentin. Wihin etusivulta n\u00e4et p\u00e4\u00e4t\u00f6st\u00e4si odottavat aihe-ehdotukset. Etusivulta n\u00e4et my\u00f6s jo ohjauksessasi olevat ty\u00f6t (kuvio 1). Voit hyv\u00e4ksy\u00e4 tai hyl\u00e4t\u00e4 opinn\u00e4ytety\u00f6n ohjaukseesi siirtym\u00e4ll\u00e4 Aihe-ehdotukset -v\u00e4lilehdelle [&hellip;]","og_url":"https:\/\/help.jamk.fi\/opinnaytetyon-ohjaus\/fi\/wihi-ohjeet-ohjaajalle\/ohjaajaksi-hyvaksyminen\/","og_site_name":"Thesis Supervisor&#039;s Handbook","article_modified_time":"2023-12-21T09:30:39+00:00","og_image":[{"url":"https:\/\/help.jamk.fi\/opinnaytetyon-ohjaus\/wp-content\/uploads\/sites\/110\/2023\/09\/Ohjaajan-tyopoydan-etusivu.png","type":"","width":"","height":""}],"twitter_card":"summary_large_image","twitter_misc":{"Arvioitu lukuaika":"2 minuuttia"},"schema":{"@context":"https:\/\/schema.org","@graph":[{"@type":"WebPage","@id":"https:\/\/help.jamk.fi\/opinnaytetyon-ohjaus\/fi\/wihi-ohjeet-ohjaajalle\/ohjaajaksi-hyvaksyminen\/","url":"https:\/\/help.jamk.fi\/opinnaytetyon-ohjaus\/fi\/wihi-ohjeet-ohjaajalle\/ohjaajaksi-hyvaksyminen\/","name":"10.2 Ohjaajaksi hyv\u00e4ksyminen - Thesis Supervisor&#039;s Handbook","isPartOf":{"@id":"https:\/\/help.jamk.fi\/opinnaytetyon-ohjaus\/#website"},"primaryImageOfPage":{"@id":"https:\/\/help.jamk.fi\/opinnaytetyon-ohjaus\/fi\/wihi-ohjeet-ohjaajalle\/ohjaajaksi-hyvaksyminen\/#primaryimage"},"image":{"@id":"https:\/\/help.jamk.fi\/opinnaytetyon-ohjaus\/fi\/wihi-ohjeet-ohjaajalle\/ohjaajaksi-hyvaksyminen\/#primaryimage"},"thumbnailUrl":"https:\/\/help.jamk.fi\/opinnaytetyon-ohjaus\/wp-content\/uploads\/sites\/110\/2023\/09\/Ohjaajan-tyopoydan-etusivu.png","datePublished":"2022-09-20T06:51:58+00:00","dateModified":"2023-12-21T09:30:39+00:00","breadcrumb":{"@id":"https:\/\/help.jamk.fi\/opinnaytetyon-ohjaus\/fi\/wihi-ohjeet-ohjaajalle\/ohjaajaksi-hyvaksyminen\/#breadcrumb"},"inLanguage":"fi","potentialAction":[{"@type":"ReadAction","target":["https:\/\/help.jamk.fi\/opinnaytetyon-ohjaus\/fi\/wihi-ohjeet-ohjaajalle\/ohjaajaksi-hyvaksyminen\/"]}]},{"@type":"ImageObject","inLanguage":"fi","@id":"https:\/\/help.jamk.fi\/opinnaytetyon-ohjaus\/fi\/wihi-ohjeet-ohjaajalle\/ohjaajaksi-hyvaksyminen\/#primaryimage","url":"https:\/\/help.jamk.fi\/opinnaytetyon-ohjaus\/wp-content\/uploads\/sites\/110\/2023\/09\/Ohjaajan-tyopoydan-etusivu.png","contentUrl":"https:\/\/help.jamk.fi\/opinnaytetyon-ohjaus\/wp-content\/uploads\/sites\/110\/2023\/09\/Ohjaajan-tyopoydan-etusivu.png"},{"@type":"BreadcrumbList","@id":"https:\/\/help.jamk.fi\/opinnaytetyon-ohjaus\/fi\/wihi-ohjeet-ohjaajalle\/ohjaajaksi-hyvaksyminen\/#breadcrumb","itemListElement":[{"@type":"ListItem","position":1,"name":"Etusivu","item":"https:\/\/help.jamk.fi\/opinnaytetyon-ohjaus\/fi\/"},{"@type":"ListItem","position":2,"name":"10 Wihi-ohjeet ohjaajalle","item":"https:\/\/help.jamk.fi\/opinnaytetyon-ohjaus\/fi\/wihi-ohjeet-ohjaajalle\/"},{"@type":"ListItem","position":3,"name":"10.2 Ohjaajaksi hyv\u00e4ksyminen"}]},{"@type":"WebSite","@id":"https:\/\/help.jamk.fi\/opinnaytetyon-ohjaus\/#website","url":"https:\/\/help.jamk.fi\/opinnaytetyon-ohjaus\/","name":"Thesis Supervisor&#039;s Handbook","description":"Opinn\u00e4ytety\u00f6n ohjaajan k\u00e4sikirja ja vinkkipankki","potentialAction":[{"@type":"SearchAction","target":{"@type":"EntryPoint","urlTemplate":"https:\/\/help.jamk.fi\/opinnaytetyon-ohjaus\/?s={search_term_string}"},"query-input":{"@type":"PropertyValueSpecification","valueRequired":true,"valueName":"search_term_string"}}],"inLanguage":"fi"}]}},"_links":{"self":[{"href":"https:\/\/help.jamk.fi\/opinnaytetyon-ohjaus\/wp-json\/wp\/v2\/pages\/264","targetHints":{"allow":["GET"]}}],"collection":[{"href":"https:\/\/help.jamk.fi\/opinnaytetyon-ohjaus\/wp-json\/wp\/v2\/pages"}],"about":[{"href":"https:\/\/help.jamk.fi\/opinnaytetyon-ohjaus\/wp-json\/wp\/v2\/types\/page"}],"author":[{"embeddable":true,"href":"https:\/\/help.jamk.fi\/opinnaytetyon-ohjaus\/wp-json\/wp\/v2\/users\/79"}],"replies":[{"embeddable":true,"href":"https:\/\/help.jamk.fi\/opinnaytetyon-ohjaus\/wp-json\/wp\/v2\/comments?post=264"}],"version-history":[{"count":11,"href":"https:\/\/help.jamk.fi\/opinnaytetyon-ohjaus\/wp-json\/wp\/v2\/pages\/264\/revisions"}],"predecessor-version":[{"id":1542,"href":"https:\/\/help.jamk.fi\/opinnaytetyon-ohjaus\/wp-json\/wp\/v2\/pages\/264\/revisions\/1542"}],"up":[{"embeddable":true,"href":"https:\/\/help.jamk.fi\/opinnaytetyon-ohjaus\/wp-json\/wp\/v2\/pages\/228"}],"wp:attachment":[{"href":"https:\/\/help.jamk.fi\/opinnaytetyon-ohjaus\/wp-json\/wp\/v2\/media?parent=264"}],"wp:term":[{"taxonomy":"category","embeddable":true,"href":"https:\/\/help.jamk.fi\/opinnaytetyon-ohjaus\/wp-json\/wp\/v2\/categories?post=264"},{"taxonomy":"post_tag","embeddable":true,"href":"https:\/\/help.jamk.fi\/opinnaytetyon-ohjaus\/wp-json\/wp\/v2\/tags?post=264"}],"curies":[{"name":"wp","href":"https:\/\/api.w.org\/{rel}","templated":true}]}}