{"id":29,"date":"2021-10-04T13:00:00","date_gmt":"2021-10-04T10:00:00","guid":{"rendered":"https:\/\/help.jamk.fi\/yamk-kasikirja\/kirjallisuuskatsaukset\/"},"modified":"2025-10-09T08:45:35","modified_gmt":"2025-10-09T05:45:35","slug":"kirjallisuuskatsaukset","status":"publish","type":"page","link":"https:\/\/help.jamk.fi\/opinnaytetyon-ohjaus\/fi\/kirjallisuuskatsaukset\/","title":{"rendered":"8 Kirjallisuuskatsaukset"},"content":{"rendered":"\n<p><strong>Kirjallisuuskatsauksia<\/strong> tehd\u00e4\u00e4n erilaisiin tarkoituksiin, siksi niiden tekotavat ja nimitykset eroavat hieman toisistaan. Kirjallisuuskatsaus voi olla <strong>YAMK-opinn\u00e4ytety\u00f6n menetelm\u00e4 silloin<\/strong>, kun opiskelijalla on menetelm\u00e4n vaativat akateemiset taidot artikkelitietokantojen systemaattiseen k\u00e4ytt\u00f6\u00f6n, artikkelin lukemiseen ja analyysien tekemiseen. YAMK opinn\u00e4ytet\u00f6it\u00e4 on tehty k\u00e4ytt\u00e4m\u00e4ll\u00e4 integratiivista, systemaattista ja kuvailevaa (narratiivinen, perinteinen)&nbsp;kirjallisuuskatsausta. Kirjallisuuskatsaus on teoreettinen tapa, jolloin se ei ole ensisijainen vaihtoehto AMK-opinn\u00e4ytety\u00f6lle.<\/p>\n\n\n\n<p>Kirjallisuuskatsauksella kartoitetaan sit\u00e4, millaista tietoa joltakin rajatulta alueelta on olemassa. Yleens\u00e4 haetaan vastausta johonkin kysymykseen, kuten tutkimusongelmaan. Kirjallisuuskatsaus voi olla artikkeli, esitelm\u00e4 tai opinn\u00e4ytety\u00f6n osa, jossa k\u00e4yd\u00e4\u00e4n analyyttisesti l\u00e4vitse mit\u00e4 tarkasteltavasta&nbsp; ilmi\u00f6st\u00e4 tiedet\u00e4\u00e4n. Kartoittavaa katsausta (scoping review) tarvitaan esim. isojen hankkeiden kuten <a href=\"https:\/\/www.terveysportti.fi\/dtk\/hta\/koti\" target=\"_blank\" rel=\"noopener\">Terveydenhuollon menetelmien arvioinnin (HTA)<\/a> alussa tutkimuskysymyksen muotoilussa. Silloin selvitell\u00e4\u00e4n my\u00f6s, mill\u00e4 menetelmill\u00e4 ja kuinka onnistuneesti aihetta on tutkittu ja onko tutkitussa tiedossa aukkoja, joihin tutkimusta tulisi suunnata. Kartoituksessa selvi\u00e4\u00e4 my\u00f6s hankkeen laajuus. K\u00e4sitteit\u00e4 kehitell\u00e4\u00e4n koko ajan lis\u00e4\u00e4, kun eri tekniikoita yhdistell\u00e4\u00e4n, esimerkkin\u00e4 scoping meta-review, joka sijoittuu kartoittavan katsauksen ja metareviewn v\u00e4liin. (Ks. Ikonen, Isoj\u00e4rvi, &amp; Malmivaara 2009, 3209).<\/p>\n\n\n\n<p><\/p>\n\n\n\n<p>Kirjallisuuskatsauksen suunnittelun apuna on <strong>k\u00e4siteanalyysi<\/strong>, jonka tuloksena syntyy miellekartta tai k\u00e4sitekartta. T\u00e4m\u00e4 k\u00e4sitekartta on&nbsp;hy\u00f6dyllinen systemaattisessa tiedonhaussa, jossa tarvitaan erilaisia hakusanoja ja niiden yhdistelmi\u00e4. <strong>J\u00e4rjestelm\u00e4llisess\u00e4 (=systemaattisessa) kirjallisuushaussa<\/strong> (ks. esim. <a href=\"https:\/\/libguides.tuni.fi\/systemaattinen-tiedonhaku\" target=\"_blank\" rel=\"noreferrer noopener\">Tampereen yliopiston kirjaston Systemaattisen tiedonhaun opas)<\/a> pyrit\u00e4\u00e4n l\u00f6yt\u00e4m\u00e4\u00e4n mahdollisimman paljon tutkimusaiheen kannalta relevantteja julkaisuja tietokannoista ja rekistereist\u00e4 tehokkaasti ja organisoidusti. Hakuprosessi raportoidaan niin, ett\u00e4 se on l\u00e4pin\u00e4kyv\u00e4 ja kuka tahansa voi toistaa haun ja saada samat tulokset (Isoj\u00e4rvi 2011, Isoj\u00e4rvi 2017, M\u00e4kel\u00e4 &amp; Punkari, 2017).<\/p>\n\n\n\n<h2 class=\"wp-block-heading\">Erilaisia kirjallisuuskatsauksia<\/h2>\n\n\n\n<p>Kirjallisuuskatsaustyypit voidaan jakaa kolmeen p\u00e4\u00e4tyyppiin: 1) kuvailevat katsaukset (narrative literature reviews), 2) systemaattiset kirjallisuuskatsaukset (systematic reviews, systematisized reviews) sek\u00e4 3) m\u00e4\u00e4r\u00e4llinen meta-analyysi (kohdistuu m\u00e4\u00e4r\u00e4llisiin tutkimuksiin) ja laadullinen meta-synteesi &nbsp;(meta-analysis). Metasynteesi kohdistuu laadullisiin tutkimuksiin. Vaikka katsaustyyppej\u00e4 on useita, ne sis\u00e4lt\u00e4v\u00e4t tyypilliset osat, jotka ovat kirjallisuuden haku, (kriittinen) arviointi, aineiston perusteella tehty synteesi ja analyysi. Jokaisella katsaustyypill\u00e4 on omanlaisensa hienojakoiset erot katsauksen tarkoituksen, aineistonhankinnan, m\u00e4\u00e4rittelyn ja analyysimenetelm\u00e4n osalta. (Ks.&nbsp;Kirjallisuuskatsaus hoitotieteess\u00e4. 2016, 8-17).<\/p>\n\n\n\n<p><strong>Kuvailevat kirjallisuuskatsaukset<\/strong> kertovat tai kuvaavat aiheeseen liittyv\u00e4\u00e4 aiempaa tutkimusta, sen laajuutta, syvyytt\u00e4 ja m\u00e4\u00e4r\u00e4\u00e4.<\/p>\n\n\n\n<ul class=\"wp-block-list\">\n<li>narratiivinen kirjallisuuskatsaus \/ narrative literature review<\/li>\n\n\n\n<li>perinteinen kirjallisuuskatsaus \/ traditional literature review<\/li>\n\n\n\n<li>kriittinen katsaus \/ critical review<\/li>\n\n\n\n<li>kartoittava&nbsp; katsaus \/ mapping review<\/li>\n\n\n\n<li>scoping katsaus \/ scoping review<\/li>\n\n\n\n<li>nopea katsaus \/ rapid review<\/li>\n\n\n\n<li>yleiskatsaus &nbsp;\/ overview<\/li>\n\n\n\n<li>state-of-the-art review<\/li>\n<\/ul>\n\n\n\n<p><strong>Systemaattiset katsaukset&nbsp;<\/strong>ovat kehittyneet toisistaan, joten termist\u00f6 on viel\u00e4 vakiintumatonta. Luokittelu tapahtuu lopputuloksen yksityiskohtaisuuden ja tiiviyden mukaan.<\/p>\n\n\n\n<ul class=\"wp-block-list\">\n<li>integroiva, integratiivinen&nbsp;kirjallisuuskatsaus \/ integrative literature review: laajin katsaustyyppi, joka voi sis\u00e4lt\u00e4\u00e4 joko empiirist\u00e4 tai teoreettista kirjallisuutta tai &nbsp;yhdess\u00e4&nbsp;molempia. Siin\u00e4 on sek\u00e4 narratiivisen ett\u00e4 systemaattisen katsauksen piirteit\u00e4. Keskeist\u00e4 on erilaisten tutkimusasetelmin tuotettujen tutkimusten synteesi, jonka tekeminen on vaativaa.<\/li>\n\n\n\n<li>systemaattinen, j\u00e4rjestelm\u00e4llinen kirjallisuuskatsaus \/ &nbsp;systematic review on parhaiten tunnettu katsauksen laji, jossa vastausta etsit\u00e4\u00e4n tarkkaan, usein kliiniseen PICO-mallin avulla tehtyyn kysymykseen aiemmasta tutkimuskirjallisuudesta mahdollisimman kattavasti. Cochrane-katsaukset ja tai vastaavat pureutuvat tiettyjen valittujen menettelyjen vaikuttavuuden osoittamiseen.<\/li>\n\n\n\n<li>systemoitu katsaus \/ systematized review edellisen alalajina eroaa systemaattisesta siin\u00e4, ett\u00e4 sen tekee yleens\u00e4 yksi tutkija, kun systemaattisessa katsauksessa tutkijoita on yleens\u00e4 kaksi tai useampia. Tutkimuskirjallisuuden haku saatetaan tehd\u00e4 vain yhdest\u00e4 tietokannasta eik\u00e4 aineiston arviointi, analyysi ja synteesi ole yht\u00e4 j\u00e4rjestelm\u00e4llisi\u00e4 ja kokonaisvaltaisia kuin systemaattisessa katsauksessa.<\/li>\n\n\n\n<li>j\u00e4rjestelm\u00e4llinen haku ja katsaus \/ systematic search and review<\/li>\n\n\n\n<li>sateenvarjokatsaus \/ umbrella review on systemaattisten katsausten katsaus, jonka synty liittyy n\u00e4ytt\u00f6\u00f6n perustuvaan toimintaan.<\/li>\n<\/ul>\n\n\n\n<p><strong>Meta-analyysit <\/strong>jaetaan laadullisiin ja m\u00e4\u00e4r\u00e4llisiin meta-analyyseihin<\/p>\n\n\n\n<ul class=\"wp-block-list\">\n<li>&nbsp;laadullinen meta-analyysi sis\u00e4lt\u00e4\u00e4 kaksi orientaatiota: metasynteesi \/ qualitative evidence synthesis (tulkitsevampi, kuvailevampi) ja metayhteenveto \/ qualitative metasummary (matemaattisempi, m\u00e4\u00e4r\u00e4llisempi ote)<\/li>\n\n\n\n<li>m\u00e4\u00e4r\u00e4llisen tutkimuksen meta-analyysi \/ meta-analysis ei ole katsaustyyppi vaan tekniikka, jolla tilastollisesti yhdistet\u00e4\u00e4n m\u00e4\u00e4r\u00e4llisten tietty\u00e4 aihetta tarkastelevien alkuper\u00e4istutkimusten tulokset tai tulosten vaikutukset. T\u00e4ll\u00e4 tekniikalla toteutetut analyysit edellytt\u00e4v\u00e4t systemoidun katsauksen tekemist\u00e4 &nbsp;ja ett\u00e4 alkuper\u00e4istutkimuksia, samaa tutkimuskohdetta samoin menetelmin ja mittav\u00e4linein l\u00f6ytyy riitt\u00e4v\u00e4sti.(Ks.&nbsp;Kirjallisuuskatsaus hoitotieteess\u00e4. 2016, 8-17).<\/li>\n<\/ul>\n\n\n\n<p><\/p>\n\n\n\n<p>Kirjallisuuskatsauksen ohjauksesta kirjaston n\u00e4k\u00f6kulmasta kirjoittivat Kreodin Ohjauksen ja oppimisen teemanumerossa 2\/2022 tietoasiantuntijat Minna Marjamaa (Laurea) ja Riikka Sinisalo (LUT ja LAB). <a href=\"http:\/\/urn.fi\/URN:NBN:fi-fe2022060343112\">Verkkoartikkelissa<\/a> on erinomaisen selke\u00e4 kuvio Kuvailevan kirjallisuuskatsauksen prosessista. (Marjamaa, M. &amp; Sinisalo, R. 2022). It\u00e4-Suomen yliopiston Tiedonhakijan opas, uudistettu 2025, on laaja verkkomateriaali erityisesti tieteellisen tiedonhakemiseen. Sielt\u00e4 l\u00f6ytyy my\u00f6s materiaalia systeemaattisen tiedonhaun tekemiseen.<\/p>\n\n\n\n<p><\/p>\n\n\n\n<p><strong>Esimerkkej\u00e4 YAMK-opinn\u00e4ytet\u00f6ist\u00e4:<\/strong><\/p>\n\n\n\n<p><a href=\"http:\/\/urn.fi\/URN:NBN:fi:amk-2015092014727\" target=\"_blank\" rel=\"noopener\">Karjalainen, S. &amp; Vesalo, M. <\/a>2015. Esimiesty\u00f6n merkitys organisaatioiden johtamisessa muutosprosesseissa: Integratiivinen kirjallisuuskatsaus. YAMK opinn\u00e4ytety\u00f6. Jyv\u00e4skyl\u00e4n ammattikorkeakoulu.<\/p>\n\n\n\n<p><a href=\"http:\/\/urn.fi\/URN:NBN:fi:amk-200908284190\" target=\"_blank\" rel=\"noopener\">Lepp\u00e4nen, N. &amp; Puupponen, A<\/a>. 2009. Systemaattinen kirjallisuuskatsaus: Hoitoty\u00f6n asiantuntija:&nbsp; &#8211; k\u00e4sitteen m\u00e4\u00e4rittely\u00e4.&nbsp;YAMK opinn\u00e4ytety\u00f6. Jyv\u00e4skyl\u00e4n ammattikorkeakoulu.<\/p>\n\n\n\n<p><strong>L\u00e4hteit\u00e4:<\/strong><\/p>\n\n\n\n<p>Hirsj\u00e4rvi, S., Remes, P. &amp; Sajavaara, P. 2009. Tutki ja kirjoita.<\/p>\n\n\n\n<p>Ikonen, T., Isoj\u00e4rvi, J. &amp; Malmivaara, A. 2009. Esikartoitus hy\u00f6dytt\u00e4\u00e4 terveydenhuollon menetelmien arviointia. Suomen L\u00e4\u00e4k\u00e4rilehti 2009, 64, 39, 3209-3214.<\/p>\n\n\n\n<p>Isoj\u00e4rvi J. 2017. Kirjallisuushaku. Versio 1.1. HTA-opas. Helsinki: Suomalainen L\u00e4\u00e4k\u00e4riseura Duodecim. Viitattu 17.6.2021. Saatavana: <a href=\"https:\/\/www.terveysportti.fi\/dtk\/hta\/avaa?p_artikkeli=hta00008\" target=\"_blank\" rel=\"noreferrer noopener\">https:\/\/www.terveysportti.fi\/dtk\/hta\/avaa?p_artikkeli=hta00008<\/a>.<\/p>\n\n\n\n<p>Isoj\u00e4rvi J. 2011. Tutkimuskysymyksest\u00e4 hakustrategiaksi: PICO-asetelma informaatikon ty\u00f6kaluna. Osaamisen ytimess\u00e4 &#8211; tietoaineistot tutuiksi. BMF ry:n kev\u00e4tseminaari 13.4.2011 Kuopio. Viitattu 5.3.2021. Saatavana: <a href=\"https:\/\/bmfry.files.wordpress.com\/2018\/06\/pico-asetelma-informaatikon-tyc3b6kaluna.pdf\" target=\"_blank\" rel=\"noreferrer noopener\">https:\/\/bmfry.files.wordpress.com\/2018\/06\/pico-asetelma-informaatikon-tyc3b6kaluna.pdf.<\/a><br><br>Kirjallisuuskatsaus hoitotieteess\u00e4. 2016. Toim. M. Stolt, A. Axelin ja R. Suhonen. 2. korj. p. Turku: Turun yliopisto. Hoitotieteen laitoksen julkaisuja A:73.<\/p>\n\n\n\n<p>Marjamaa, M. &amp; Sinisalo, R. 2022. Kirjallisuuskatsauksen ohjaus \u2013 perustana tutkimuskysymys ja ohjaushaastattelu. Kreodi 2022, 2. Viitattu 18.10.2023. Saatavana: <a href=\"http:\/\/urn.fi\/URN:NBN:fi-fe2022060343112\" target=\"_blank\" rel=\"noreferrer noopener\">http:\/\/urn.fi\/URN:NBN:fi-fe2022060343112<\/a>.<\/p>\n\n\n\n<p>M\u00e4kel\u00e4, M &amp; Punkari, K. 2017. K\u00e4sitteit\u00e4. Versio 1.1. HTA-opas. Helsinki: Suomalainen L\u00e4\u00e4k\u00e4riseura Duodecim. Viitattu 5.3.2021. Saatavana: <a href=\"https:\/\/www.terveysportti.fi\/dtk\/hta\/koti\" target=\"_blank\" rel=\"noreferrer noopener\">https:\/\/www.terveysportti.fi\/dtk\/hta\/koti<\/a>.&nbsp;<\/p>\n\n\n\n<p>Systemaattinen tiedonhaku: opas. 2023. Tampereen yliopiston kirjasto. P. Lukin, J. Isoj\u00e4rvi, S. M\u00e4kel\u00e4 ja T. Peltonen. Viitattu 21.11.2023. Saatavana: <a href=\"https:\/\/libguides.tuni.fi\/systemaattinen-tiedonhaku\" target=\"_blank\" rel=\"noreferrer noopener\">https:\/\/libguides.tuni.fi\/systemaattinen-tiedonhaku.<\/a>&nbsp; &nbsp; &nbsp;<\/p>\n\n\n\n<p>Tiedonhakijan opas \/\/ UEF-kirjasto. uudistettu 2025. Viitattu 9.10.2025. Saatavana: <a href=\"https:\/\/sites.uef.fi\/tiedonhaku-kirjasto\/\">https:\/\/sites.uef.fi\/tiedonhaku-kirjasto\/<\/a><\/p>\n\n\n\n<p>Vilkka, H. 2023. Kirjallisuuskatsaus metodina, opinn\u00e4ytety\u00f6n osana ja tekstilajina. Helsinki: Art House. Saatavana sek\u00e4 painettuna ett\u00e4 e-kirjana (Ellibs).<\/p>\n\n\n\n<p>\n<sub> P\u00e4ivitetty 10.3.2025, Riikka Ahlgren <\/sub><BR>\n<sub>P\u00e4ivitetty 09.10.2025, Arja Kunnela<\/sub><\/p>\n","protected":false},"excerpt":{"rendered":"<p>Kirjallisuuskatsauksia tehd\u00e4\u00e4n erilaisiin tarkoituksiin, siksi niiden tekotavat ja nimitykset eroavat hieman toisistaan. Kirjallisuuskatsaus voi olla YAMK-opinn\u00e4ytety\u00f6n menetelm\u00e4 silloin, kun opiskelijalla on menetelm\u00e4n vaativat akateemiset taidot artikkelitietokantojen systemaattiseen k\u00e4ytt\u00f6\u00f6n, artikkelin lukemiseen ja analyysien tekemiseen. YAMK opinn\u00e4ytet\u00f6it\u00e4 on tehty k\u00e4ytt\u00e4m\u00e4ll\u00e4 integratiivista, systemaattista ja kuvailevaa (narratiivinen, perinteinen)&nbsp;kirjallisuuskatsausta. Kirjallisuuskatsaus on teoreettinen tapa, jolloin se ei ole ensisijainen vaihtoehto AMK-opinn\u00e4ytety\u00f6lle. [&hellip;]<\/p>\n","protected":false},"author":79,"featured_media":0,"parent":0,"menu_order":8,"comment_status":"closed","ping_status":"closed","template":"","meta":{"_acf_changed":false,"_relevanssi_hide_post":"","_relevanssi_hide_content":"","_relevanssi_pin_for_all":"","_relevanssi_pin_keywords":"","_relevanssi_unpin_keywords":"","_relevanssi_related_keywords":"","_relevanssi_related_include_ids":"","_relevanssi_related_exclude_ids":"","_relevanssi_related_no_append":"","_relevanssi_related_not_related":"","_relevanssi_related_posts":"","_relevanssi_noindex_reason":"","footnotes":""},"categories":[1],"tags":[35,23,29],"class_list":["post-29","page","type-page","status-publish","hentry","category-yleinen","tag-kirjallisuuskatsaukset","tag-kasiteanalyysi","tag-kasitekartat"],"acf":[],"yoast_head":"<!-- This site is optimized with the Yoast SEO plugin v27.3 - https:\/\/yoast.com\/product\/yoast-seo-wordpress\/ -->\n<title>8 Kirjallisuuskatsaukset - Thesis Supervisor&#039;s Handbook<\/title>\n<meta name=\"robots\" content=\"index, follow, max-snippet:-1, max-image-preview:large, max-video-preview:-1\" \/>\n<link rel=\"canonical\" href=\"https:\/\/help.jamk.fi\/opinnaytetyon-ohjaus\/fi\/kirjallisuuskatsaukset\/\" \/>\n<meta property=\"og:locale\" content=\"fi_FI\" \/>\n<meta property=\"og:type\" content=\"article\" \/>\n<meta property=\"og:title\" content=\"8 Kirjallisuuskatsaukset - Thesis Supervisor&#039;s Handbook\" \/>\n<meta property=\"og:description\" content=\"Kirjallisuuskatsauksia tehd\u00e4\u00e4n erilaisiin tarkoituksiin, siksi niiden tekotavat ja nimitykset eroavat hieman toisistaan. Kirjallisuuskatsaus voi olla YAMK-opinn\u00e4ytety\u00f6n menetelm\u00e4 silloin, kun opiskelijalla on menetelm\u00e4n vaativat akateemiset taidot artikkelitietokantojen systemaattiseen k\u00e4ytt\u00f6\u00f6n, artikkelin lukemiseen ja analyysien tekemiseen. YAMK opinn\u00e4ytet\u00f6it\u00e4 on tehty k\u00e4ytt\u00e4m\u00e4ll\u00e4 integratiivista, systemaattista ja kuvailevaa (narratiivinen, perinteinen)&nbsp;kirjallisuuskatsausta. Kirjallisuuskatsaus on teoreettinen tapa, jolloin se ei ole ensisijainen vaihtoehto AMK-opinn\u00e4ytety\u00f6lle. [&hellip;]\" \/>\n<meta property=\"og:url\" content=\"https:\/\/help.jamk.fi\/opinnaytetyon-ohjaus\/fi\/kirjallisuuskatsaukset\/\" \/>\n<meta property=\"og:site_name\" content=\"Thesis Supervisor&#039;s Handbook\" \/>\n<meta property=\"article:modified_time\" content=\"2025-10-09T05:45:35+00:00\" \/>\n<meta name=\"twitter:card\" content=\"summary_large_image\" \/>\n<meta name=\"twitter:label1\" content=\"Arvioitu lukuaika\" \/>\n\t<meta name=\"twitter:data1\" content=\"6 minuuttia\" \/>\n<script type=\"application\/ld+json\" class=\"yoast-schema-graph\">{\"@context\":\"https:\\\/\\\/schema.org\",\"@graph\":[{\"@type\":\"WebPage\",\"@id\":\"https:\\\/\\\/help.jamk.fi\\\/opinnaytetyon-ohjaus\\\/fi\\\/kirjallisuuskatsaukset\\\/\",\"url\":\"https:\\\/\\\/help.jamk.fi\\\/opinnaytetyon-ohjaus\\\/fi\\\/kirjallisuuskatsaukset\\\/\",\"name\":\"8 Kirjallisuuskatsaukset - Thesis Supervisor&#039;s Handbook\",\"isPartOf\":{\"@id\":\"https:\\\/\\\/help.jamk.fi\\\/opinnaytetyon-ohjaus\\\/#website\"},\"datePublished\":\"2021-10-04T10:00:00+00:00\",\"dateModified\":\"2025-10-09T05:45:35+00:00\",\"breadcrumb\":{\"@id\":\"https:\\\/\\\/help.jamk.fi\\\/opinnaytetyon-ohjaus\\\/fi\\\/kirjallisuuskatsaukset\\\/#breadcrumb\"},\"inLanguage\":\"fi\",\"potentialAction\":[{\"@type\":\"ReadAction\",\"target\":[\"https:\\\/\\\/help.jamk.fi\\\/opinnaytetyon-ohjaus\\\/fi\\\/kirjallisuuskatsaukset\\\/\"]}]},{\"@type\":\"BreadcrumbList\",\"@id\":\"https:\\\/\\\/help.jamk.fi\\\/opinnaytetyon-ohjaus\\\/fi\\\/kirjallisuuskatsaukset\\\/#breadcrumb\",\"itemListElement\":[{\"@type\":\"ListItem\",\"position\":1,\"name\":\"Etusivu\",\"item\":\"https:\\\/\\\/help.jamk.fi\\\/opinnaytetyon-ohjaus\\\/fi\\\/\"},{\"@type\":\"ListItem\",\"position\":2,\"name\":\"8 Kirjallisuuskatsaukset\"}]},{\"@type\":\"WebSite\",\"@id\":\"https:\\\/\\\/help.jamk.fi\\\/opinnaytetyon-ohjaus\\\/#website\",\"url\":\"https:\\\/\\\/help.jamk.fi\\\/opinnaytetyon-ohjaus\\\/\",\"name\":\"Thesis Supervisor&#039;s Handbook\",\"description\":\"Opinn\u00e4ytety\u00f6n ohjaajan k\u00e4sikirja ja vinkkipankki\",\"potentialAction\":[{\"@type\":\"SearchAction\",\"target\":{\"@type\":\"EntryPoint\",\"urlTemplate\":\"https:\\\/\\\/help.jamk.fi\\\/opinnaytetyon-ohjaus\\\/?s={search_term_string}\"},\"query-input\":{\"@type\":\"PropertyValueSpecification\",\"valueRequired\":true,\"valueName\":\"search_term_string\"}}],\"inLanguage\":\"fi\"}]}<\/script>\n<!-- \/ Yoast SEO plugin. -->","yoast_head_json":{"title":"8 Kirjallisuuskatsaukset - Thesis Supervisor&#039;s Handbook","robots":{"index":"index","follow":"follow","max-snippet":"max-snippet:-1","max-image-preview":"max-image-preview:large","max-video-preview":"max-video-preview:-1"},"canonical":"https:\/\/help.jamk.fi\/opinnaytetyon-ohjaus\/fi\/kirjallisuuskatsaukset\/","og_locale":"fi_FI","og_type":"article","og_title":"8 Kirjallisuuskatsaukset - Thesis Supervisor&#039;s Handbook","og_description":"Kirjallisuuskatsauksia tehd\u00e4\u00e4n erilaisiin tarkoituksiin, siksi niiden tekotavat ja nimitykset eroavat hieman toisistaan. Kirjallisuuskatsaus voi olla YAMK-opinn\u00e4ytety\u00f6n menetelm\u00e4 silloin, kun opiskelijalla on menetelm\u00e4n vaativat akateemiset taidot artikkelitietokantojen systemaattiseen k\u00e4ytt\u00f6\u00f6n, artikkelin lukemiseen ja analyysien tekemiseen. YAMK opinn\u00e4ytet\u00f6it\u00e4 on tehty k\u00e4ytt\u00e4m\u00e4ll\u00e4 integratiivista, systemaattista ja kuvailevaa (narratiivinen, perinteinen)&nbsp;kirjallisuuskatsausta. Kirjallisuuskatsaus on teoreettinen tapa, jolloin se ei ole ensisijainen vaihtoehto AMK-opinn\u00e4ytety\u00f6lle. [&hellip;]","og_url":"https:\/\/help.jamk.fi\/opinnaytetyon-ohjaus\/fi\/kirjallisuuskatsaukset\/","og_site_name":"Thesis Supervisor&#039;s Handbook","article_modified_time":"2025-10-09T05:45:35+00:00","twitter_card":"summary_large_image","twitter_misc":{"Arvioitu lukuaika":"6 minuuttia"},"schema":{"@context":"https:\/\/schema.org","@graph":[{"@type":"WebPage","@id":"https:\/\/help.jamk.fi\/opinnaytetyon-ohjaus\/fi\/kirjallisuuskatsaukset\/","url":"https:\/\/help.jamk.fi\/opinnaytetyon-ohjaus\/fi\/kirjallisuuskatsaukset\/","name":"8 Kirjallisuuskatsaukset - Thesis Supervisor&#039;s Handbook","isPartOf":{"@id":"https:\/\/help.jamk.fi\/opinnaytetyon-ohjaus\/#website"},"datePublished":"2021-10-04T10:00:00+00:00","dateModified":"2025-10-09T05:45:35+00:00","breadcrumb":{"@id":"https:\/\/help.jamk.fi\/opinnaytetyon-ohjaus\/fi\/kirjallisuuskatsaukset\/#breadcrumb"},"inLanguage":"fi","potentialAction":[{"@type":"ReadAction","target":["https:\/\/help.jamk.fi\/opinnaytetyon-ohjaus\/fi\/kirjallisuuskatsaukset\/"]}]},{"@type":"BreadcrumbList","@id":"https:\/\/help.jamk.fi\/opinnaytetyon-ohjaus\/fi\/kirjallisuuskatsaukset\/#breadcrumb","itemListElement":[{"@type":"ListItem","position":1,"name":"Etusivu","item":"https:\/\/help.jamk.fi\/opinnaytetyon-ohjaus\/fi\/"},{"@type":"ListItem","position":2,"name":"8 Kirjallisuuskatsaukset"}]},{"@type":"WebSite","@id":"https:\/\/help.jamk.fi\/opinnaytetyon-ohjaus\/#website","url":"https:\/\/help.jamk.fi\/opinnaytetyon-ohjaus\/","name":"Thesis Supervisor&#039;s Handbook","description":"Opinn\u00e4ytety\u00f6n ohjaajan k\u00e4sikirja ja vinkkipankki","potentialAction":[{"@type":"SearchAction","target":{"@type":"EntryPoint","urlTemplate":"https:\/\/help.jamk.fi\/opinnaytetyon-ohjaus\/?s={search_term_string}"},"query-input":{"@type":"PropertyValueSpecification","valueRequired":true,"valueName":"search_term_string"}}],"inLanguage":"fi"}]}},"_links":{"self":[{"href":"https:\/\/help.jamk.fi\/opinnaytetyon-ohjaus\/wp-json\/wp\/v2\/pages\/29","targetHints":{"allow":["GET"]}}],"collection":[{"href":"https:\/\/help.jamk.fi\/opinnaytetyon-ohjaus\/wp-json\/wp\/v2\/pages"}],"about":[{"href":"https:\/\/help.jamk.fi\/opinnaytetyon-ohjaus\/wp-json\/wp\/v2\/types\/page"}],"author":[{"embeddable":true,"href":"https:\/\/help.jamk.fi\/opinnaytetyon-ohjaus\/wp-json\/wp\/v2\/users\/79"}],"replies":[{"embeddable":true,"href":"https:\/\/help.jamk.fi\/opinnaytetyon-ohjaus\/wp-json\/wp\/v2\/comments?post=29"}],"version-history":[{"count":14,"href":"https:\/\/help.jamk.fi\/opinnaytetyon-ohjaus\/wp-json\/wp\/v2\/pages\/29\/revisions"}],"predecessor-version":[{"id":1934,"href":"https:\/\/help.jamk.fi\/opinnaytetyon-ohjaus\/wp-json\/wp\/v2\/pages\/29\/revisions\/1934"}],"wp:attachment":[{"href":"https:\/\/help.jamk.fi\/opinnaytetyon-ohjaus\/wp-json\/wp\/v2\/media?parent=29"}],"wp:term":[{"taxonomy":"category","embeddable":true,"href":"https:\/\/help.jamk.fi\/opinnaytetyon-ohjaus\/wp-json\/wp\/v2\/categories?post=29"},{"taxonomy":"post_tag","embeddable":true,"href":"https:\/\/help.jamk.fi\/opinnaytetyon-ohjaus\/wp-json\/wp\/v2\/tags?post=29"}],"curies":[{"name":"wp","href":"https:\/\/api.w.org\/{rel}","templated":true}]}}