{"id":300,"date":"2022-09-20T09:54:08","date_gmt":"2022-09-20T06:54:08","guid":{"rendered":"https:\/\/help.jamk.fi\/yamk-kasikirja\/wihi-ohjeet-ohjaajalle\/projektisuunnitelma\/"},"modified":"2024-01-02T09:07:36","modified_gmt":"2024-01-02T07:07:36","slug":"projektisuunnitelma","status":"publish","type":"page","link":"https:\/\/help.jamk.fi\/opinnaytetyon-ohjaus\/fi\/wihi-ohjeet-ohjaajalle\/projektisuunnitelma\/","title":{"rendered":"10.4 Projektisuunnitelma ja aikataulu"},"content":{"rendered":"\n<p>Projektisuunnitelma ja aikataulu \u2013vaiheessa opiskelija laatii opinn\u00e4ytety\u00f6n vaiheiden aikataulutuksen ja sopii ensimm\u00e4isest\u00e4 ohjauskeskustelusta p\u00e4\u00e4ohjaajan kanssa. T\u00e4m\u00e4n j\u00e4lkeen voit hyv\u00e4ksy\u00e4 vaiheen. T\u00e4t\u00e4 vaihetta ei ole erikseen Pepiss\u00e4 omana opintojaksonaan, vaan se kuuluu Opinn\u00e4ytety\u00f6n suunnitelma -opintojaksoon.<\/p>\n\n\n\n<p>Opiskelijan tekem\u00e4 aikataulutus n\u00e4kyy ohjaajan n\u00e4kym\u00e4n yl\u00e4osassa projektijanalla (kuvio 1). Oranssilla v\u00e4rill\u00e4 n\u00e4kyv\u00e4t kaikki ne vaiheet, jotka on hyv\u00e4ksytty, avoin oranssi ikoni kertoo vaiheen, jossa ollaan menossa ja harmaat ikonit ovat tulossa olevia vaiheita.<\/p>\n\n\n\n<figure class=\"wp-block-image size-full\"><img decoding=\"async\" src=\"https:\/\/help.jamk.fi\/opinnaytetyon-ohjaus\/wp-content\/uploads\/sites\/110\/2023\/09\/Projektin-aikataulutus-ohjaajan-nakymassa.png\" alt=\"\" class=\"wp-image-1015\"\/><figcaption class=\"wp-element-caption\">Kuvio 1. Projektin aikataulutus projektijanalla<\/figcaption><\/figure>\n\n\n\n<p><\/p>\n","protected":false},"excerpt":{"rendered":"<p>Projektisuunnitelma ja aikataulu \u2013vaiheessa opiskelija laatii opinn\u00e4ytety\u00f6n vaiheiden aikataulutuksen ja sopii ensimm\u00e4isest\u00e4 ohjauskeskustelusta p\u00e4\u00e4ohjaajan kanssa. T\u00e4m\u00e4n j\u00e4lkeen voit hyv\u00e4ksy\u00e4 vaiheen. T\u00e4t\u00e4 vaihetta ei ole erikseen Pepiss\u00e4 omana opintojaksonaan, vaan se kuuluu Opinn\u00e4ytety\u00f6n suunnitelma -opintojaksoon. Opiskelijan tekem\u00e4 aikataulutus n\u00e4kyy ohjaajan n\u00e4kym\u00e4n yl\u00e4osassa projektijanalla (kuvio 1). Oranssilla v\u00e4rill\u00e4 n\u00e4kyv\u00e4t kaikki ne vaiheet, jotka on hyv\u00e4ksytty, avoin oranssi [&hellip;]<\/p>\n","protected":false},"author":79,"featured_media":0,"parent":228,"menu_order":4,"comment_status":"closed","ping_status":"closed","template":"","meta":{"_acf_changed":false,"_relevanssi_hide_post":"","_relevanssi_hide_content":"","_relevanssi_pin_for_all":"","_relevanssi_pin_keywords":"","_relevanssi_unpin_keywords":"","_relevanssi_related_keywords":"","_relevanssi_related_include_ids":"","_relevanssi_related_exclude_ids":"","_relevanssi_related_no_append":"","_relevanssi_related_not_related":"","_relevanssi_related_posts":"","_relevanssi_noindex_reason":"","footnotes":""},"categories":[1],"tags":[],"class_list":["post-300","page","type-page","status-publish","hentry","category-yleinen"],"acf":[],"yoast_head":"<!-- This site is optimized with the Yoast SEO plugin v27.3 - https:\/\/yoast.com\/product\/yoast-seo-wordpress\/ -->\n<title>10.4 Projektisuunnitelma ja aikataulu - Thesis Supervisor&#039;s Handbook<\/title>\n<meta name=\"robots\" content=\"index, follow, max-snippet:-1, max-image-preview:large, max-video-preview:-1\" \/>\n<link rel=\"canonical\" href=\"https:\/\/help.jamk.fi\/opinnaytetyon-ohjaus\/fi\/wihi-ohjeet-ohjaajalle\/projektisuunnitelma\/\" \/>\n<meta property=\"og:locale\" content=\"fi_FI\" \/>\n<meta property=\"og:type\" content=\"article\" \/>\n<meta property=\"og:title\" content=\"10.4 Projektisuunnitelma ja aikataulu - Thesis Supervisor&#039;s Handbook\" \/>\n<meta property=\"og:description\" content=\"Projektisuunnitelma ja aikataulu \u2013vaiheessa opiskelija laatii opinn\u00e4ytety\u00f6n vaiheiden aikataulutuksen ja sopii ensimm\u00e4isest\u00e4 ohjauskeskustelusta p\u00e4\u00e4ohjaajan kanssa. T\u00e4m\u00e4n j\u00e4lkeen voit hyv\u00e4ksy\u00e4 vaiheen. T\u00e4t\u00e4 vaihetta ei ole erikseen Pepiss\u00e4 omana opintojaksonaan, vaan se kuuluu Opinn\u00e4ytety\u00f6n suunnitelma -opintojaksoon. Opiskelijan tekem\u00e4 aikataulutus n\u00e4kyy ohjaajan n\u00e4kym\u00e4n yl\u00e4osassa projektijanalla (kuvio 1). Oranssilla v\u00e4rill\u00e4 n\u00e4kyv\u00e4t kaikki ne vaiheet, jotka on hyv\u00e4ksytty, avoin oranssi [&hellip;]\" \/>\n<meta property=\"og:url\" content=\"https:\/\/help.jamk.fi\/opinnaytetyon-ohjaus\/fi\/wihi-ohjeet-ohjaajalle\/projektisuunnitelma\/\" \/>\n<meta property=\"og:site_name\" content=\"Thesis Supervisor&#039;s Handbook\" \/>\n<meta property=\"article:modified_time\" content=\"2024-01-02T07:07:36+00:00\" \/>\n<meta property=\"og:image\" content=\"https:\/\/help.jamk.fi\/opinnaytetyon-ohjaus\/wp-content\/uploads\/sites\/110\/2023\/09\/Projektin-aikataulutus-ohjaajan-nakymassa.png\" \/>\n<meta name=\"twitter:card\" content=\"summary_large_image\" \/>\n<meta name=\"twitter:label1\" content=\"Arvioitu lukuaika\" \/>\n\t<meta name=\"twitter:data1\" content=\"1 minuutti\" \/>\n<script type=\"application\/ld+json\" class=\"yoast-schema-graph\">{\"@context\":\"https:\\\/\\\/schema.org\",\"@graph\":[{\"@type\":\"WebPage\",\"@id\":\"https:\\\/\\\/help.jamk.fi\\\/opinnaytetyon-ohjaus\\\/fi\\\/wihi-ohjeet-ohjaajalle\\\/projektisuunnitelma\\\/\",\"url\":\"https:\\\/\\\/help.jamk.fi\\\/opinnaytetyon-ohjaus\\\/fi\\\/wihi-ohjeet-ohjaajalle\\\/projektisuunnitelma\\\/\",\"name\":\"10.4 Projektisuunnitelma ja aikataulu - Thesis Supervisor&#039;s Handbook\",\"isPartOf\":{\"@id\":\"https:\\\/\\\/help.jamk.fi\\\/opinnaytetyon-ohjaus\\\/#website\"},\"primaryImageOfPage\":{\"@id\":\"https:\\\/\\\/help.jamk.fi\\\/opinnaytetyon-ohjaus\\\/fi\\\/wihi-ohjeet-ohjaajalle\\\/projektisuunnitelma\\\/#primaryimage\"},\"image\":{\"@id\":\"https:\\\/\\\/help.jamk.fi\\\/opinnaytetyon-ohjaus\\\/fi\\\/wihi-ohjeet-ohjaajalle\\\/projektisuunnitelma\\\/#primaryimage\"},\"thumbnailUrl\":\"https:\\\/\\\/help.jamk.fi\\\/opinnaytetyon-ohjaus\\\/wp-content\\\/uploads\\\/sites\\\/110\\\/2023\\\/09\\\/Projektin-aikataulutus-ohjaajan-nakymassa.png\",\"datePublished\":\"2022-09-20T06:54:08+00:00\",\"dateModified\":\"2024-01-02T07:07:36+00:00\",\"breadcrumb\":{\"@id\":\"https:\\\/\\\/help.jamk.fi\\\/opinnaytetyon-ohjaus\\\/fi\\\/wihi-ohjeet-ohjaajalle\\\/projektisuunnitelma\\\/#breadcrumb\"},\"inLanguage\":\"fi\",\"potentialAction\":[{\"@type\":\"ReadAction\",\"target\":[\"https:\\\/\\\/help.jamk.fi\\\/opinnaytetyon-ohjaus\\\/fi\\\/wihi-ohjeet-ohjaajalle\\\/projektisuunnitelma\\\/\"]}]},{\"@type\":\"ImageObject\",\"inLanguage\":\"fi\",\"@id\":\"https:\\\/\\\/help.jamk.fi\\\/opinnaytetyon-ohjaus\\\/fi\\\/wihi-ohjeet-ohjaajalle\\\/projektisuunnitelma\\\/#primaryimage\",\"url\":\"https:\\\/\\\/help.jamk.fi\\\/opinnaytetyon-ohjaus\\\/wp-content\\\/uploads\\\/sites\\\/110\\\/2023\\\/09\\\/Projektin-aikataulutus-ohjaajan-nakymassa.png\",\"contentUrl\":\"https:\\\/\\\/help.jamk.fi\\\/opinnaytetyon-ohjaus\\\/wp-content\\\/uploads\\\/sites\\\/110\\\/2023\\\/09\\\/Projektin-aikataulutus-ohjaajan-nakymassa.png\"},{\"@type\":\"BreadcrumbList\",\"@id\":\"https:\\\/\\\/help.jamk.fi\\\/opinnaytetyon-ohjaus\\\/fi\\\/wihi-ohjeet-ohjaajalle\\\/projektisuunnitelma\\\/#breadcrumb\",\"itemListElement\":[{\"@type\":\"ListItem\",\"position\":1,\"name\":\"Etusivu\",\"item\":\"https:\\\/\\\/help.jamk.fi\\\/opinnaytetyon-ohjaus\\\/fi\\\/\"},{\"@type\":\"ListItem\",\"position\":2,\"name\":\"10 Wihi-ohjeet ohjaajalle\",\"item\":\"https:\\\/\\\/help.jamk.fi\\\/opinnaytetyon-ohjaus\\\/fi\\\/wihi-ohjeet-ohjaajalle\\\/\"},{\"@type\":\"ListItem\",\"position\":3,\"name\":\"10.4 Projektisuunnitelma ja aikataulu\"}]},{\"@type\":\"WebSite\",\"@id\":\"https:\\\/\\\/help.jamk.fi\\\/opinnaytetyon-ohjaus\\\/#website\",\"url\":\"https:\\\/\\\/help.jamk.fi\\\/opinnaytetyon-ohjaus\\\/\",\"name\":\"Thesis Supervisor&#039;s Handbook\",\"description\":\"Opinn\u00e4ytety\u00f6n ohjaajan k\u00e4sikirja ja vinkkipankki\",\"potentialAction\":[{\"@type\":\"SearchAction\",\"target\":{\"@type\":\"EntryPoint\",\"urlTemplate\":\"https:\\\/\\\/help.jamk.fi\\\/opinnaytetyon-ohjaus\\\/?s={search_term_string}\"},\"query-input\":{\"@type\":\"PropertyValueSpecification\",\"valueRequired\":true,\"valueName\":\"search_term_string\"}}],\"inLanguage\":\"fi\"}]}<\/script>\n<!-- \/ Yoast SEO plugin. -->","yoast_head_json":{"title":"10.4 Projektisuunnitelma ja aikataulu - Thesis Supervisor&#039;s Handbook","robots":{"index":"index","follow":"follow","max-snippet":"max-snippet:-1","max-image-preview":"max-image-preview:large","max-video-preview":"max-video-preview:-1"},"canonical":"https:\/\/help.jamk.fi\/opinnaytetyon-ohjaus\/fi\/wihi-ohjeet-ohjaajalle\/projektisuunnitelma\/","og_locale":"fi_FI","og_type":"article","og_title":"10.4 Projektisuunnitelma ja aikataulu - Thesis Supervisor&#039;s Handbook","og_description":"Projektisuunnitelma ja aikataulu \u2013vaiheessa opiskelija laatii opinn\u00e4ytety\u00f6n vaiheiden aikataulutuksen ja sopii ensimm\u00e4isest\u00e4 ohjauskeskustelusta p\u00e4\u00e4ohjaajan kanssa. T\u00e4m\u00e4n j\u00e4lkeen voit hyv\u00e4ksy\u00e4 vaiheen. T\u00e4t\u00e4 vaihetta ei ole erikseen Pepiss\u00e4 omana opintojaksonaan, vaan se kuuluu Opinn\u00e4ytety\u00f6n suunnitelma -opintojaksoon. Opiskelijan tekem\u00e4 aikataulutus n\u00e4kyy ohjaajan n\u00e4kym\u00e4n yl\u00e4osassa projektijanalla (kuvio 1). Oranssilla v\u00e4rill\u00e4 n\u00e4kyv\u00e4t kaikki ne vaiheet, jotka on hyv\u00e4ksytty, avoin oranssi [&hellip;]","og_url":"https:\/\/help.jamk.fi\/opinnaytetyon-ohjaus\/fi\/wihi-ohjeet-ohjaajalle\/projektisuunnitelma\/","og_site_name":"Thesis Supervisor&#039;s Handbook","article_modified_time":"2024-01-02T07:07:36+00:00","og_image":[{"url":"https:\/\/help.jamk.fi\/opinnaytetyon-ohjaus\/wp-content\/uploads\/sites\/110\/2023\/09\/Projektin-aikataulutus-ohjaajan-nakymassa.png","type":"","width":"","height":""}],"twitter_card":"summary_large_image","twitter_misc":{"Arvioitu lukuaika":"1 minuutti"},"schema":{"@context":"https:\/\/schema.org","@graph":[{"@type":"WebPage","@id":"https:\/\/help.jamk.fi\/opinnaytetyon-ohjaus\/fi\/wihi-ohjeet-ohjaajalle\/projektisuunnitelma\/","url":"https:\/\/help.jamk.fi\/opinnaytetyon-ohjaus\/fi\/wihi-ohjeet-ohjaajalle\/projektisuunnitelma\/","name":"10.4 Projektisuunnitelma ja aikataulu - Thesis Supervisor&#039;s Handbook","isPartOf":{"@id":"https:\/\/help.jamk.fi\/opinnaytetyon-ohjaus\/#website"},"primaryImageOfPage":{"@id":"https:\/\/help.jamk.fi\/opinnaytetyon-ohjaus\/fi\/wihi-ohjeet-ohjaajalle\/projektisuunnitelma\/#primaryimage"},"image":{"@id":"https:\/\/help.jamk.fi\/opinnaytetyon-ohjaus\/fi\/wihi-ohjeet-ohjaajalle\/projektisuunnitelma\/#primaryimage"},"thumbnailUrl":"https:\/\/help.jamk.fi\/opinnaytetyon-ohjaus\/wp-content\/uploads\/sites\/110\/2023\/09\/Projektin-aikataulutus-ohjaajan-nakymassa.png","datePublished":"2022-09-20T06:54:08+00:00","dateModified":"2024-01-02T07:07:36+00:00","breadcrumb":{"@id":"https:\/\/help.jamk.fi\/opinnaytetyon-ohjaus\/fi\/wihi-ohjeet-ohjaajalle\/projektisuunnitelma\/#breadcrumb"},"inLanguage":"fi","potentialAction":[{"@type":"ReadAction","target":["https:\/\/help.jamk.fi\/opinnaytetyon-ohjaus\/fi\/wihi-ohjeet-ohjaajalle\/projektisuunnitelma\/"]}]},{"@type":"ImageObject","inLanguage":"fi","@id":"https:\/\/help.jamk.fi\/opinnaytetyon-ohjaus\/fi\/wihi-ohjeet-ohjaajalle\/projektisuunnitelma\/#primaryimage","url":"https:\/\/help.jamk.fi\/opinnaytetyon-ohjaus\/wp-content\/uploads\/sites\/110\/2023\/09\/Projektin-aikataulutus-ohjaajan-nakymassa.png","contentUrl":"https:\/\/help.jamk.fi\/opinnaytetyon-ohjaus\/wp-content\/uploads\/sites\/110\/2023\/09\/Projektin-aikataulutus-ohjaajan-nakymassa.png"},{"@type":"BreadcrumbList","@id":"https:\/\/help.jamk.fi\/opinnaytetyon-ohjaus\/fi\/wihi-ohjeet-ohjaajalle\/projektisuunnitelma\/#breadcrumb","itemListElement":[{"@type":"ListItem","position":1,"name":"Etusivu","item":"https:\/\/help.jamk.fi\/opinnaytetyon-ohjaus\/fi\/"},{"@type":"ListItem","position":2,"name":"10 Wihi-ohjeet ohjaajalle","item":"https:\/\/help.jamk.fi\/opinnaytetyon-ohjaus\/fi\/wihi-ohjeet-ohjaajalle\/"},{"@type":"ListItem","position":3,"name":"10.4 Projektisuunnitelma ja aikataulu"}]},{"@type":"WebSite","@id":"https:\/\/help.jamk.fi\/opinnaytetyon-ohjaus\/#website","url":"https:\/\/help.jamk.fi\/opinnaytetyon-ohjaus\/","name":"Thesis Supervisor&#039;s Handbook","description":"Opinn\u00e4ytety\u00f6n ohjaajan k\u00e4sikirja ja vinkkipankki","potentialAction":[{"@type":"SearchAction","target":{"@type":"EntryPoint","urlTemplate":"https:\/\/help.jamk.fi\/opinnaytetyon-ohjaus\/?s={search_term_string}"},"query-input":{"@type":"PropertyValueSpecification","valueRequired":true,"valueName":"search_term_string"}}],"inLanguage":"fi"}]}},"_links":{"self":[{"href":"https:\/\/help.jamk.fi\/opinnaytetyon-ohjaus\/wp-json\/wp\/v2\/pages\/300","targetHints":{"allow":["GET"]}}],"collection":[{"href":"https:\/\/help.jamk.fi\/opinnaytetyon-ohjaus\/wp-json\/wp\/v2\/pages"}],"about":[{"href":"https:\/\/help.jamk.fi\/opinnaytetyon-ohjaus\/wp-json\/wp\/v2\/types\/page"}],"author":[{"embeddable":true,"href":"https:\/\/help.jamk.fi\/opinnaytetyon-ohjaus\/wp-json\/wp\/v2\/users\/79"}],"replies":[{"embeddable":true,"href":"https:\/\/help.jamk.fi\/opinnaytetyon-ohjaus\/wp-json\/wp\/v2\/comments?post=300"}],"version-history":[{"count":8,"href":"https:\/\/help.jamk.fi\/opinnaytetyon-ohjaus\/wp-json\/wp\/v2\/pages\/300\/revisions"}],"predecessor-version":[{"id":1581,"href":"https:\/\/help.jamk.fi\/opinnaytetyon-ohjaus\/wp-json\/wp\/v2\/pages\/300\/revisions\/1581"}],"up":[{"embeddable":true,"href":"https:\/\/help.jamk.fi\/opinnaytetyon-ohjaus\/wp-json\/wp\/v2\/pages\/228"}],"wp:attachment":[{"href":"https:\/\/help.jamk.fi\/opinnaytetyon-ohjaus\/wp-json\/wp\/v2\/media?parent=300"}],"wp:term":[{"taxonomy":"category","embeddable":true,"href":"https:\/\/help.jamk.fi\/opinnaytetyon-ohjaus\/wp-json\/wp\/v2\/categories?post=300"},{"taxonomy":"post_tag","embeddable":true,"href":"https:\/\/help.jamk.fi\/opinnaytetyon-ohjaus\/wp-json\/wp\/v2\/tags?post=300"}],"curies":[{"name":"wp","href":"https:\/\/api.w.org\/{rel}","templated":true}]}}