{"id":360,"date":"2022-09-22T09:03:41","date_gmt":"2022-09-22T06:03:41","guid":{"rendered":"https:\/\/help.jamk.fi\/yamk-kasikirja\/wihi-ohjeet-koordinaattorille\/aihe-ehdotuksen-hyvaksyminen\/"},"modified":"2024-01-03T12:39:49","modified_gmt":"2024-01-03T10:39:49","slug":"aihe-ehdotuksen-hyvaksyminen","status":"publish","type":"page","link":"https:\/\/help.jamk.fi\/opinnaytetyon-ohjaus\/fi\/wihi-ohjeet-koordinaattorille\/aihe-ehdotuksen-hyvaksyminen\/","title":{"rendered":"11.1 Aihe-ehdotuksen hyv\u00e4ksyminen"},"content":{"rendered":"\n<p>Opiskelija aloittaa opinn\u00e4ytety\u00f6n tekemisen laatimalla Wihiss\u00e4 opinn\u00e4ytety\u00f6n aihe-ehdotuksen. Kun opiskelija on tallentanut aihe-ehdotuksen, voit Wihin koordinaattorina n\u00e4hd\u00e4 sen. Uudesta aihe-ehdotuksesta saat ilmoituksen s\u00e4hk\u00f6postiisi, mik\u00e4li olet Wihin asetuksissa sen siten m\u00e4\u00e4ritellyt (ks. asetukset Yleist\u00e4 Wihist\u00e4 -sivulta).<\/p>\n\n\n\n<p>HUOM. Jos teet opiskelijan tai opiskelijaryhm\u00e4n puolesta aihe-ehdotuksen ja n\u00e4in kutsut opiskelijat tekem\u00e4\u00e4n opinn\u00e4ytety\u00f6t\u00e4 Wihiss\u00e4, tulee jokaisen opiskelijan erikseen k\u00e4yd\u00e4 hyv\u00e4ksym\u00e4ss\u00e4 kutsu projektiin, ennen kuin p\u00e4\u00e4set hyv\u00e4ksym\u00e4\u00e4n aihe-ehdotuksen ja valitsemaan ty\u00f6lle ohjaajan.<\/p>\n\n\n\n<h2 class=\"wp-block-heading\">Uusi aihe-ehdotus<\/h2>\n\n\n\n<p>Koordinaattorin teht\u00e4v\u00e4n\u00e4 on hyv\u00e4ksy\u00e4 oman tutkinto-ohjelmansa opiskelijoiden tekem\u00e4t aihe-ehdotukset ja ehdottaa niille ohjaajat.<\/p>\n\n\n\n<p>N\u00e4et uudet opinn\u00e4ytety\u00f6n aihe-ehdotukset Wihin etusivulla (kuvio 1). Etusivulla n\u00e4et vain uusimmat aihe-ehdotukset sek\u00e4 hitaimmin edistyv\u00e4t ty\u00f6t. Kaikki saapuneet aihe-ehdotukset l\u00f6ytyv\u00e4t Aihe-ehdotukset -v\u00e4lilehdelt\u00e4. Voit n\u00e4hd\u00e4 ja k\u00e4sitell\u00e4 kaikkia aihe-ehdotuksia, mutta sinun kannattaa suodattaa n\u00e4kyviin oman tutkinto-ohjelmasi aihe-ehdotukset.<\/p>\n\n\n\n<figure class=\"wp-block-image size-large\"><img decoding=\"async\" src=\"https:\/\/help.jamk.fi\/opinnaytetyon-ohjaus\/wp-content\/uploads\/sites\/110\/2023\/09\/Koordinaattorin-etusivu.png\" alt=\"\" class=\"wp-image-1243\"\/><figcaption class=\"wp-element-caption\">Kuvio 1. Koordinaattorin etusivu<\/figcaption><\/figure>\n\n\n\n<p>Hyv\u00e4ksy\u00e4ksesi aihe-ehdotuksen ja valitaksesi sille ohjaajan, klikkaa opinn\u00e4ytety\u00f6n nime\u00e4, jolloin p\u00e4\u00e4set projektialueelle tarkistamaan opiskelijan kirjoittamaa aihe-ehdotusta. Aihe-ehdotus n\u00e4kyy ikkunan oikeassa reunassa Opinn\u00e4ytety\u00f6n tiedot -otsikon alla. Oikeassa reunassa n\u00e4et my\u00f6s opiskelijan, ohjaajan ja mahdollisen yrityksen (sidosryhm\u00e4n) tiedot.<\/p>\n\n\n\n<p>Projektialueen yl\u00e4osan <strong>Hyv\u00e4ksy<\/strong>-painikkeella p\u00e4\u00e4set hyv\u00e4ksym\u00e4\u00e4n opiskelijan aihe-ehdotuksen (kuvio 2).<\/p>\n\n\n\n<p>Aihe-ehdotusta ei voi hyl\u00e4t\u00e4, mutta voit viesti\u00e4 opiskelijan kanssa ja ehdottaa aihe-ehdotuksen muuttamista tai kehitt\u00e4mist\u00e4 ennen kuin sen hyv\u00e4ksyt. Voit viesti\u00e4 opiskelijan kanssa projektialueella n\u00e4kyv\u00e4n <strong>Kirjoita viesti<\/strong> -painikkeen kautta. Opiskelija saa koordinaattorin viesteist\u00e4 ilmoituksen s\u00e4hk\u00f6postiinsa.<\/p>\n\n\n\n<figure class=\"wp-block-image size-large\"><img decoding=\"async\" src=\"https:\/\/help.jamk.fi\/opinnaytetyon-ohjaus\/wp-content\/uploads\/sites\/110\/2023\/09\/Koordinaattorin-projektialue-ennen-aiheen-hyvaksymista.png\" alt=\"\" class=\"wp-image-1251\"\/><figcaption class=\"wp-element-caption\">Kuvio 2. Koordinaattorin projektialue ennen aiheen hyv\u00e4ksymist\u00e4<\/figcaption><\/figure>\n\n\n\n<p>Aiheen hyv\u00e4ksymisen j\u00e4lkeen valitset ty\u00f6lle ohjaajan. Se tehd\u00e4\u00e4n <strong>Ehdota ohjaajalle<\/strong> -painikkeella (kuvio 3).<\/p>\n\n\n\n<figure class=\"wp-block-image size-large\"><img decoding=\"async\" src=\"https:\/\/help.jamk.fi\/opinnaytetyon-ohjaus\/wp-content\/uploads\/sites\/110\/2023\/09\/Koordinaattori-valitsee-ohjaajan.png\" alt=\"\" class=\"wp-image-1253\"\/><figcaption class=\"wp-element-caption\">Kuvio 3. Koordinaattori valitsee ohjaajan<\/figcaption><\/figure>\n\n\n\n<p>Ehdota ohjaajalle -ikkunassa, joka on avautunut klikattuasi <strong>Ehdota ohjaajalle<\/strong> -painiketta, valitset ohjaajan ja voit kirjoittaa ohjaajalle kommentin (kuvio 4). Klikattuasi <strong>L\u00e4het\u00e4<\/strong>-painiketta ohjaaja saa ilmoituksen s\u00e4hk\u00f6postiinsa uudesta ohjattavasta ty\u00f6st\u00e4. (HUOM. kommentti n\u00e4kyy vain Wihi-palvelussa).<\/p>\n\n\n\n<figure class=\"wp-block-image size-full\"><img decoding=\"async\" src=\"https:\/\/help.jamk.fi\/opinnaytetyon-ohjaus\/wp-content\/uploads\/sites\/110\/2023\/09\/Ehdota-ohjaajalle-ikkuna.png\" alt=\"\" class=\"wp-image-1255\"\/><figcaption class=\"wp-element-caption\">Kuvio 4. Ehdota ohjaajalle -ikkuna<\/figcaption><\/figure>\n\n\n\n<p>Ohjaaja voi joko hyv\u00e4ksy\u00e4 ty\u00f6n ohjattavakseen tai hyl\u00e4t\u00e4 sen. Hyl\u00e4tess\u00e4\u00e4n ty\u00f6n, aihe-ehdotus palautuu takaisin koordinaattorille. Kun ohjaaja hyv\u00e4ksyy ty\u00f6n, varsinainen opinn\u00e4ytety\u00f6prosessi alkaa, ja sek\u00e4 opiskelijalle ett\u00e4 ohjaajalle aukeavat Wihiss\u00e4 olevat vaiheet ja ty\u00f6kalut n\u00e4kyviin.<\/p>\n\n\n\n<h2 class=\"wp-block-heading\">Linkit<\/h2>\n\n\n\n<p><a href=\"https:\/\/help.jamk.fi\/opinnaytetyon-ohjaus\/fi\/wihi-ohjeet-ohjaajalle\/yleista-wihista\/\">Yleist\u00e4 Wihist\u00e4<\/a><\/p>\n","protected":false},"excerpt":{"rendered":"<p>Opiskelija aloittaa opinn\u00e4ytety\u00f6n tekemisen laatimalla Wihiss\u00e4 opinn\u00e4ytety\u00f6n aihe-ehdotuksen. Kun opiskelija on tallentanut aihe-ehdotuksen, voit Wihin koordinaattorina n\u00e4hd\u00e4 sen. Uudesta aihe-ehdotuksesta saat ilmoituksen s\u00e4hk\u00f6postiisi, mik\u00e4li olet Wihin asetuksissa sen siten m\u00e4\u00e4ritellyt (ks. asetukset Yleist\u00e4 Wihist\u00e4 -sivulta). HUOM. Jos teet opiskelijan tai opiskelijaryhm\u00e4n puolesta aihe-ehdotuksen ja n\u00e4in kutsut opiskelijat tekem\u00e4\u00e4n opinn\u00e4ytety\u00f6t\u00e4 Wihiss\u00e4, tulee jokaisen opiskelijan erikseen k\u00e4yd\u00e4 [&hellip;]<\/p>\n","protected":false},"author":79,"featured_media":0,"parent":231,"menu_order":1,"comment_status":"closed","ping_status":"closed","template":"","meta":{"_acf_changed":false,"_relevanssi_hide_post":"","_relevanssi_hide_content":"","_relevanssi_pin_for_all":"","_relevanssi_pin_keywords":"","_relevanssi_unpin_keywords":"","_relevanssi_related_keywords":"","_relevanssi_related_include_ids":"","_relevanssi_related_exclude_ids":"","_relevanssi_related_no_append":"","_relevanssi_related_not_related":"","_relevanssi_related_posts":"","_relevanssi_noindex_reason":"","footnotes":""},"categories":[1],"tags":[],"class_list":["post-360","page","type-page","status-publish","hentry","category-yleinen"],"acf":[],"yoast_head":"<!-- This site is optimized with the Yoast SEO plugin v27.3 - https:\/\/yoast.com\/product\/yoast-seo-wordpress\/ -->\n<title>11.1 Aihe-ehdotuksen hyv\u00e4ksyminen - Thesis Supervisor&#039;s Handbook<\/title>\n<meta name=\"robots\" content=\"index, follow, max-snippet:-1, max-image-preview:large, max-video-preview:-1\" \/>\n<link rel=\"canonical\" href=\"https:\/\/help.jamk.fi\/opinnaytetyon-ohjaus\/fi\/wihi-ohjeet-koordinaattorille\/aihe-ehdotuksen-hyvaksyminen\/\" \/>\n<meta property=\"og:locale\" content=\"fi_FI\" \/>\n<meta property=\"og:type\" content=\"article\" \/>\n<meta property=\"og:title\" content=\"11.1 Aihe-ehdotuksen hyv\u00e4ksyminen - Thesis Supervisor&#039;s Handbook\" \/>\n<meta property=\"og:description\" content=\"Opiskelija aloittaa opinn\u00e4ytety\u00f6n tekemisen laatimalla Wihiss\u00e4 opinn\u00e4ytety\u00f6n aihe-ehdotuksen. Kun opiskelija on tallentanut aihe-ehdotuksen, voit Wihin koordinaattorina n\u00e4hd\u00e4 sen. Uudesta aihe-ehdotuksesta saat ilmoituksen s\u00e4hk\u00f6postiisi, mik\u00e4li olet Wihin asetuksissa sen siten m\u00e4\u00e4ritellyt (ks. asetukset Yleist\u00e4 Wihist\u00e4 -sivulta). HUOM. Jos teet opiskelijan tai opiskelijaryhm\u00e4n puolesta aihe-ehdotuksen ja n\u00e4in kutsut opiskelijat tekem\u00e4\u00e4n opinn\u00e4ytety\u00f6t\u00e4 Wihiss\u00e4, tulee jokaisen opiskelijan erikseen k\u00e4yd\u00e4 [&hellip;]\" \/>\n<meta property=\"og:url\" content=\"https:\/\/help.jamk.fi\/opinnaytetyon-ohjaus\/fi\/wihi-ohjeet-koordinaattorille\/aihe-ehdotuksen-hyvaksyminen\/\" \/>\n<meta property=\"og:site_name\" content=\"Thesis Supervisor&#039;s Handbook\" \/>\n<meta property=\"article:modified_time\" content=\"2024-01-03T10:39:49+00:00\" \/>\n<meta property=\"og:image\" content=\"https:\/\/help.jamk.fi\/opinnaytetyon-ohjaus\/wp-content\/uploads\/sites\/110\/2023\/09\/Koordinaattorin-etusivu.png\" \/>\n<meta name=\"twitter:card\" content=\"summary_large_image\" \/>\n<meta name=\"twitter:label1\" content=\"Arvioitu lukuaika\" \/>\n\t<meta name=\"twitter:data1\" content=\"3 minuuttia\" \/>\n<script type=\"application\/ld+json\" class=\"yoast-schema-graph\">{\"@context\":\"https:\\\/\\\/schema.org\",\"@graph\":[{\"@type\":\"WebPage\",\"@id\":\"https:\\\/\\\/help.jamk.fi\\\/opinnaytetyon-ohjaus\\\/fi\\\/wihi-ohjeet-koordinaattorille\\\/aihe-ehdotuksen-hyvaksyminen\\\/\",\"url\":\"https:\\\/\\\/help.jamk.fi\\\/opinnaytetyon-ohjaus\\\/fi\\\/wihi-ohjeet-koordinaattorille\\\/aihe-ehdotuksen-hyvaksyminen\\\/\",\"name\":\"11.1 Aihe-ehdotuksen hyv\u00e4ksyminen - Thesis Supervisor&#039;s Handbook\",\"isPartOf\":{\"@id\":\"https:\\\/\\\/help.jamk.fi\\\/opinnaytetyon-ohjaus\\\/#website\"},\"primaryImageOfPage\":{\"@id\":\"https:\\\/\\\/help.jamk.fi\\\/opinnaytetyon-ohjaus\\\/fi\\\/wihi-ohjeet-koordinaattorille\\\/aihe-ehdotuksen-hyvaksyminen\\\/#primaryimage\"},\"image\":{\"@id\":\"https:\\\/\\\/help.jamk.fi\\\/opinnaytetyon-ohjaus\\\/fi\\\/wihi-ohjeet-koordinaattorille\\\/aihe-ehdotuksen-hyvaksyminen\\\/#primaryimage\"},\"thumbnailUrl\":\"https:\\\/\\\/help.jamk.fi\\\/opinnaytetyon-ohjaus\\\/wp-content\\\/uploads\\\/sites\\\/110\\\/2023\\\/09\\\/Koordinaattorin-etusivu.png\",\"datePublished\":\"2022-09-22T06:03:41+00:00\",\"dateModified\":\"2024-01-03T10:39:49+00:00\",\"breadcrumb\":{\"@id\":\"https:\\\/\\\/help.jamk.fi\\\/opinnaytetyon-ohjaus\\\/fi\\\/wihi-ohjeet-koordinaattorille\\\/aihe-ehdotuksen-hyvaksyminen\\\/#breadcrumb\"},\"inLanguage\":\"fi\",\"potentialAction\":[{\"@type\":\"ReadAction\",\"target\":[\"https:\\\/\\\/help.jamk.fi\\\/opinnaytetyon-ohjaus\\\/fi\\\/wihi-ohjeet-koordinaattorille\\\/aihe-ehdotuksen-hyvaksyminen\\\/\"]}]},{\"@type\":\"ImageObject\",\"inLanguage\":\"fi\",\"@id\":\"https:\\\/\\\/help.jamk.fi\\\/opinnaytetyon-ohjaus\\\/fi\\\/wihi-ohjeet-koordinaattorille\\\/aihe-ehdotuksen-hyvaksyminen\\\/#primaryimage\",\"url\":\"https:\\\/\\\/help.jamk.fi\\\/opinnaytetyon-ohjaus\\\/wp-content\\\/uploads\\\/sites\\\/110\\\/2023\\\/09\\\/Koordinaattorin-etusivu.png\",\"contentUrl\":\"https:\\\/\\\/help.jamk.fi\\\/opinnaytetyon-ohjaus\\\/wp-content\\\/uploads\\\/sites\\\/110\\\/2023\\\/09\\\/Koordinaattorin-etusivu.png\"},{\"@type\":\"BreadcrumbList\",\"@id\":\"https:\\\/\\\/help.jamk.fi\\\/opinnaytetyon-ohjaus\\\/fi\\\/wihi-ohjeet-koordinaattorille\\\/aihe-ehdotuksen-hyvaksyminen\\\/#breadcrumb\",\"itemListElement\":[{\"@type\":\"ListItem\",\"position\":1,\"name\":\"Etusivu\",\"item\":\"https:\\\/\\\/help.jamk.fi\\\/opinnaytetyon-ohjaus\\\/fi\\\/\"},{\"@type\":\"ListItem\",\"position\":2,\"name\":\"11 Wihi-ohjeet koordinaattorille\",\"item\":\"https:\\\/\\\/help.jamk.fi\\\/opinnaytetyon-ohjaus\\\/fi\\\/wihi-ohjeet-koordinaattorille\\\/\"},{\"@type\":\"ListItem\",\"position\":3,\"name\":\"11.1 Aihe-ehdotuksen hyv\u00e4ksyminen\"}]},{\"@type\":\"WebSite\",\"@id\":\"https:\\\/\\\/help.jamk.fi\\\/opinnaytetyon-ohjaus\\\/#website\",\"url\":\"https:\\\/\\\/help.jamk.fi\\\/opinnaytetyon-ohjaus\\\/\",\"name\":\"Thesis Supervisor&#039;s Handbook\",\"description\":\"Opinn\u00e4ytety\u00f6n ohjaajan k\u00e4sikirja ja vinkkipankki\",\"potentialAction\":[{\"@type\":\"SearchAction\",\"target\":{\"@type\":\"EntryPoint\",\"urlTemplate\":\"https:\\\/\\\/help.jamk.fi\\\/opinnaytetyon-ohjaus\\\/?s={search_term_string}\"},\"query-input\":{\"@type\":\"PropertyValueSpecification\",\"valueRequired\":true,\"valueName\":\"search_term_string\"}}],\"inLanguage\":\"fi\"}]}<\/script>\n<!-- \/ Yoast SEO plugin. -->","yoast_head_json":{"title":"11.1 Aihe-ehdotuksen hyv\u00e4ksyminen - Thesis Supervisor&#039;s Handbook","robots":{"index":"index","follow":"follow","max-snippet":"max-snippet:-1","max-image-preview":"max-image-preview:large","max-video-preview":"max-video-preview:-1"},"canonical":"https:\/\/help.jamk.fi\/opinnaytetyon-ohjaus\/fi\/wihi-ohjeet-koordinaattorille\/aihe-ehdotuksen-hyvaksyminen\/","og_locale":"fi_FI","og_type":"article","og_title":"11.1 Aihe-ehdotuksen hyv\u00e4ksyminen - Thesis Supervisor&#039;s Handbook","og_description":"Opiskelija aloittaa opinn\u00e4ytety\u00f6n tekemisen laatimalla Wihiss\u00e4 opinn\u00e4ytety\u00f6n aihe-ehdotuksen. Kun opiskelija on tallentanut aihe-ehdotuksen, voit Wihin koordinaattorina n\u00e4hd\u00e4 sen. Uudesta aihe-ehdotuksesta saat ilmoituksen s\u00e4hk\u00f6postiisi, mik\u00e4li olet Wihin asetuksissa sen siten m\u00e4\u00e4ritellyt (ks. asetukset Yleist\u00e4 Wihist\u00e4 -sivulta). HUOM. Jos teet opiskelijan tai opiskelijaryhm\u00e4n puolesta aihe-ehdotuksen ja n\u00e4in kutsut opiskelijat tekem\u00e4\u00e4n opinn\u00e4ytety\u00f6t\u00e4 Wihiss\u00e4, tulee jokaisen opiskelijan erikseen k\u00e4yd\u00e4 [&hellip;]","og_url":"https:\/\/help.jamk.fi\/opinnaytetyon-ohjaus\/fi\/wihi-ohjeet-koordinaattorille\/aihe-ehdotuksen-hyvaksyminen\/","og_site_name":"Thesis Supervisor&#039;s Handbook","article_modified_time":"2024-01-03T10:39:49+00:00","og_image":[{"url":"https:\/\/help.jamk.fi\/opinnaytetyon-ohjaus\/wp-content\/uploads\/sites\/110\/2023\/09\/Koordinaattorin-etusivu.png","type":"","width":"","height":""}],"twitter_card":"summary_large_image","twitter_misc":{"Arvioitu lukuaika":"3 minuuttia"},"schema":{"@context":"https:\/\/schema.org","@graph":[{"@type":"WebPage","@id":"https:\/\/help.jamk.fi\/opinnaytetyon-ohjaus\/fi\/wihi-ohjeet-koordinaattorille\/aihe-ehdotuksen-hyvaksyminen\/","url":"https:\/\/help.jamk.fi\/opinnaytetyon-ohjaus\/fi\/wihi-ohjeet-koordinaattorille\/aihe-ehdotuksen-hyvaksyminen\/","name":"11.1 Aihe-ehdotuksen hyv\u00e4ksyminen - Thesis Supervisor&#039;s Handbook","isPartOf":{"@id":"https:\/\/help.jamk.fi\/opinnaytetyon-ohjaus\/#website"},"primaryImageOfPage":{"@id":"https:\/\/help.jamk.fi\/opinnaytetyon-ohjaus\/fi\/wihi-ohjeet-koordinaattorille\/aihe-ehdotuksen-hyvaksyminen\/#primaryimage"},"image":{"@id":"https:\/\/help.jamk.fi\/opinnaytetyon-ohjaus\/fi\/wihi-ohjeet-koordinaattorille\/aihe-ehdotuksen-hyvaksyminen\/#primaryimage"},"thumbnailUrl":"https:\/\/help.jamk.fi\/opinnaytetyon-ohjaus\/wp-content\/uploads\/sites\/110\/2023\/09\/Koordinaattorin-etusivu.png","datePublished":"2022-09-22T06:03:41+00:00","dateModified":"2024-01-03T10:39:49+00:00","breadcrumb":{"@id":"https:\/\/help.jamk.fi\/opinnaytetyon-ohjaus\/fi\/wihi-ohjeet-koordinaattorille\/aihe-ehdotuksen-hyvaksyminen\/#breadcrumb"},"inLanguage":"fi","potentialAction":[{"@type":"ReadAction","target":["https:\/\/help.jamk.fi\/opinnaytetyon-ohjaus\/fi\/wihi-ohjeet-koordinaattorille\/aihe-ehdotuksen-hyvaksyminen\/"]}]},{"@type":"ImageObject","inLanguage":"fi","@id":"https:\/\/help.jamk.fi\/opinnaytetyon-ohjaus\/fi\/wihi-ohjeet-koordinaattorille\/aihe-ehdotuksen-hyvaksyminen\/#primaryimage","url":"https:\/\/help.jamk.fi\/opinnaytetyon-ohjaus\/wp-content\/uploads\/sites\/110\/2023\/09\/Koordinaattorin-etusivu.png","contentUrl":"https:\/\/help.jamk.fi\/opinnaytetyon-ohjaus\/wp-content\/uploads\/sites\/110\/2023\/09\/Koordinaattorin-etusivu.png"},{"@type":"BreadcrumbList","@id":"https:\/\/help.jamk.fi\/opinnaytetyon-ohjaus\/fi\/wihi-ohjeet-koordinaattorille\/aihe-ehdotuksen-hyvaksyminen\/#breadcrumb","itemListElement":[{"@type":"ListItem","position":1,"name":"Etusivu","item":"https:\/\/help.jamk.fi\/opinnaytetyon-ohjaus\/fi\/"},{"@type":"ListItem","position":2,"name":"11 Wihi-ohjeet koordinaattorille","item":"https:\/\/help.jamk.fi\/opinnaytetyon-ohjaus\/fi\/wihi-ohjeet-koordinaattorille\/"},{"@type":"ListItem","position":3,"name":"11.1 Aihe-ehdotuksen hyv\u00e4ksyminen"}]},{"@type":"WebSite","@id":"https:\/\/help.jamk.fi\/opinnaytetyon-ohjaus\/#website","url":"https:\/\/help.jamk.fi\/opinnaytetyon-ohjaus\/","name":"Thesis Supervisor&#039;s Handbook","description":"Opinn\u00e4ytety\u00f6n ohjaajan k\u00e4sikirja ja vinkkipankki","potentialAction":[{"@type":"SearchAction","target":{"@type":"EntryPoint","urlTemplate":"https:\/\/help.jamk.fi\/opinnaytetyon-ohjaus\/?s={search_term_string}"},"query-input":{"@type":"PropertyValueSpecification","valueRequired":true,"valueName":"search_term_string"}}],"inLanguage":"fi"}]}},"_links":{"self":[{"href":"https:\/\/help.jamk.fi\/opinnaytetyon-ohjaus\/wp-json\/wp\/v2\/pages\/360","targetHints":{"allow":["GET"]}}],"collection":[{"href":"https:\/\/help.jamk.fi\/opinnaytetyon-ohjaus\/wp-json\/wp\/v2\/pages"}],"about":[{"href":"https:\/\/help.jamk.fi\/opinnaytetyon-ohjaus\/wp-json\/wp\/v2\/types\/page"}],"author":[{"embeddable":true,"href":"https:\/\/help.jamk.fi\/opinnaytetyon-ohjaus\/wp-json\/wp\/v2\/users\/79"}],"replies":[{"embeddable":true,"href":"https:\/\/help.jamk.fi\/opinnaytetyon-ohjaus\/wp-json\/wp\/v2\/comments?post=360"}],"version-history":[{"count":12,"href":"https:\/\/help.jamk.fi\/opinnaytetyon-ohjaus\/wp-json\/wp\/v2\/pages\/360\/revisions"}],"predecessor-version":[{"id":1588,"href":"https:\/\/help.jamk.fi\/opinnaytetyon-ohjaus\/wp-json\/wp\/v2\/pages\/360\/revisions\/1588"}],"up":[{"embeddable":true,"href":"https:\/\/help.jamk.fi\/opinnaytetyon-ohjaus\/wp-json\/wp\/v2\/pages\/231"}],"wp:attachment":[{"href":"https:\/\/help.jamk.fi\/opinnaytetyon-ohjaus\/wp-json\/wp\/v2\/media?parent=360"}],"wp:term":[{"taxonomy":"category","embeddable":true,"href":"https:\/\/help.jamk.fi\/opinnaytetyon-ohjaus\/wp-json\/wp\/v2\/categories?post=360"},{"taxonomy":"post_tag","embeddable":true,"href":"https:\/\/help.jamk.fi\/opinnaytetyon-ohjaus\/wp-json\/wp\/v2\/tags?post=360"}],"curies":[{"name":"wp","href":"https:\/\/api.w.org\/{rel}","templated":true}]}}