{"id":386,"date":"2022-09-22T09:09:01","date_gmt":"2022-09-22T06:09:01","guid":{"rendered":"https:\/\/help.jamk.fi\/yamk-kasikirja\/wihi-ohjeet-koordinaattorille\/vaiheen-avaaminen\/"},"modified":"2024-01-22T15:01:09","modified_gmt":"2024-01-22T13:01:09","slug":"vaiheen-avaaminen","status":"publish","type":"page","link":"https:\/\/help.jamk.fi\/opinnaytetyon-ohjaus\/fi\/wihi-ohjeet-koordinaattorille\/vaiheen-avaaminen\/","title":{"rendered":"11.3 Vaiheen avaaminen"},"content":{"rendered":"\n<p>Koordinaattorina voit avata jo hyv\u00e4ksytyt vaiheet: 1\/3, 2\/3 tai 3\/3 (arvioinnin avaaminen). T\u00e4m\u00e4 onnistuu my\u00f6s siin\u00e4 tapauksessa, ett\u00e4 seuraavassa vaiheessa on jo viestint\u00e4\u00e4, aktiivisuusmerkint\u00f6j\u00e4 tai teht\u00e4vi\u00e4. Viestint\u00e4 ja teht\u00e4v\u00e4t siirtyv\u00e4t t\u00e4ll\u00f6in vaiheeseen, jota ollaan avaamassa.<\/p>\n\n\n\n<p>HUOM. Vaiheen avaaminen ei poista Peppiin jo mahdollisesti siirtyneit\u00e4 suoritusmerkint\u00f6j\u00e4.<\/p>\n\n\n\n<p>Tee vaiheen avaaminen seuraavasti:<\/p>\n\n\n\n<p>Etsi opinn\u00e4ytety\u00f6 joko Aktiiviset projektit &#8211; tai Julkaisuvaiheen projektit -v\u00e4lilehdelt\u00e4. Jos avattava vaihe on 1\/3 tai 2\/3, voit menn\u00e4 projektialueelle klikkaamalla opinn\u00e4ytety\u00f6n nime\u00e4 ja avata vaiheen klikkaamalla <strong>Peruuta vaihe <\/strong>-painiketta (kuvio 1).<\/p>\n\n\n\n<figure class=\"wp-block-image size-large\"><img decoding=\"async\" src=\"https:\/\/help.jamk.fi\/opinnaytetyon-ohjaus\/wp-content\/uploads\/sites\/110\/2023\/09\/Vaiheen-avaaminen.png\" alt=\"\" class=\"wp-image-1277\"\/><figcaption class=\"wp-element-caption\">Kuvio 1. Vaiheen 1\/3 tai 2\/3 avaaminen<\/figcaption><\/figure>\n\n\n\n<p>Jos ty\u00f6 on jo arvioitu (l\u00f6ytyy Julkaisuvaiheen projektit -v\u00e4lilehdelt\u00e4), vaiheen avaaminen tarkoittaa samalla arvioinnin purkamista. Tee t\u00e4m\u00e4 klikkaamalla Julkaisuvaiheen projektit -v\u00e4lilehdelt\u00e4 l\u00f6ytyv\u00e4n ty\u00f6n per\u00e4ss\u00e4 olevaa <strong>Tarkastele arviointia<\/strong> -painiketta (kuvio 2), jolloin arviointilomake avautuu. Klikkaa arviointilomakkeelta <strong>Avaa arviointi uudelleen<\/strong> -painiketta.<\/p>\n\n\n\n<figure class=\"wp-block-image size-large\"><img decoding=\"async\" src=\"https:\/\/help.jamk.fi\/opinnaytetyon-ohjaus\/wp-content\/uploads\/sites\/110\/2023\/09\/Arvioinnin-avaaminen.png\" alt=\"\" class=\"wp-image-1279\"\/><figcaption class=\"wp-element-caption\">Kuvio 2. Vaiheen 3\/3 avaaminen<\/figcaption><\/figure>\n\n\n\n<p>HUOM. Jos olet ty\u00f6n ohjaaja, et voi avata vaihetta 3\/3 koordinaattorin oikeudella, vaan sinun tulee pyyt\u00e4\u00e4 jota kuta toista koordinaattoria tekem\u00e4\u00e4n se.<\/p>\n","protected":false},"excerpt":{"rendered":"<p>Koordinaattorina voit avata jo hyv\u00e4ksytyt vaiheet: 1\/3, 2\/3 tai 3\/3 (arvioinnin avaaminen). T\u00e4m\u00e4 onnistuu my\u00f6s siin\u00e4 tapauksessa, ett\u00e4 seuraavassa vaiheessa on jo viestint\u00e4\u00e4, aktiivisuusmerkint\u00f6j\u00e4 tai teht\u00e4vi\u00e4. Viestint\u00e4 ja teht\u00e4v\u00e4t siirtyv\u00e4t t\u00e4ll\u00f6in vaiheeseen, jota ollaan avaamassa. HUOM. Vaiheen avaaminen ei poista Peppiin jo mahdollisesti siirtyneit\u00e4 suoritusmerkint\u00f6j\u00e4. Tee vaiheen avaaminen seuraavasti: Etsi opinn\u00e4ytety\u00f6 joko Aktiiviset projektit &#8211; [&hellip;]<\/p>\n","protected":false},"author":79,"featured_media":0,"parent":231,"menu_order":3,"comment_status":"closed","ping_status":"closed","template":"","meta":{"_acf_changed":false,"_relevanssi_hide_post":"","_relevanssi_hide_content":"","_relevanssi_pin_for_all":"","_relevanssi_pin_keywords":"","_relevanssi_unpin_keywords":"","_relevanssi_related_keywords":"","_relevanssi_related_include_ids":"","_relevanssi_related_exclude_ids":"","_relevanssi_related_no_append":"","_relevanssi_related_not_related":"","_relevanssi_related_posts":"","_relevanssi_noindex_reason":"","footnotes":""},"categories":[1],"tags":[],"class_list":["post-386","page","type-page","status-publish","hentry","category-yleinen"],"acf":[],"yoast_head":"<!-- This site is optimized with the Yoast SEO plugin v27.4 - https:\/\/yoast.com\/product\/yoast-seo-wordpress\/ -->\n<title>11.3 Vaiheen avaaminen - Thesis Supervisor&#039;s Handbook<\/title>\n<meta name=\"robots\" content=\"index, follow, max-snippet:-1, max-image-preview:large, max-video-preview:-1\" \/>\n<link rel=\"canonical\" href=\"https:\/\/help.jamk.fi\/opinnaytetyon-ohjaus\/fi\/wihi-ohjeet-koordinaattorille\/vaiheen-avaaminen\/\" \/>\n<meta property=\"og:locale\" content=\"fi_FI\" \/>\n<meta property=\"og:type\" content=\"article\" \/>\n<meta property=\"og:title\" content=\"11.3 Vaiheen avaaminen - Thesis Supervisor&#039;s Handbook\" \/>\n<meta property=\"og:description\" content=\"Koordinaattorina voit avata jo hyv\u00e4ksytyt vaiheet: 1\/3, 2\/3 tai 3\/3 (arvioinnin avaaminen). T\u00e4m\u00e4 onnistuu my\u00f6s siin\u00e4 tapauksessa, ett\u00e4 seuraavassa vaiheessa on jo viestint\u00e4\u00e4, aktiivisuusmerkint\u00f6j\u00e4 tai teht\u00e4vi\u00e4. Viestint\u00e4 ja teht\u00e4v\u00e4t siirtyv\u00e4t t\u00e4ll\u00f6in vaiheeseen, jota ollaan avaamassa. HUOM. Vaiheen avaaminen ei poista Peppiin jo mahdollisesti siirtyneit\u00e4 suoritusmerkint\u00f6j\u00e4. Tee vaiheen avaaminen seuraavasti: Etsi opinn\u00e4ytety\u00f6 joko Aktiiviset projektit &#8211; [&hellip;]\" \/>\n<meta property=\"og:url\" content=\"https:\/\/help.jamk.fi\/opinnaytetyon-ohjaus\/fi\/wihi-ohjeet-koordinaattorille\/vaiheen-avaaminen\/\" \/>\n<meta property=\"og:site_name\" content=\"Thesis Supervisor&#039;s Handbook\" \/>\n<meta property=\"article:modified_time\" content=\"2024-01-22T13:01:09+00:00\" \/>\n<meta property=\"og:image\" content=\"https:\/\/help.jamk.fi\/opinnaytetyon-ohjaus\/wp-content\/uploads\/sites\/110\/2023\/09\/Vaiheen-avaaminen.png\" \/>\n<meta name=\"twitter:card\" content=\"summary_large_image\" \/>\n<meta name=\"twitter:label1\" content=\"Arvioitu lukuaika\" \/>\n\t<meta name=\"twitter:data1\" content=\"2 minuuttia\" \/>\n<script type=\"application\/ld+json\" class=\"yoast-schema-graph\">{\"@context\":\"https:\\\/\\\/schema.org\",\"@graph\":[{\"@type\":\"WebPage\",\"@id\":\"https:\\\/\\\/help.jamk.fi\\\/opinnaytetyon-ohjaus\\\/fi\\\/wihi-ohjeet-koordinaattorille\\\/vaiheen-avaaminen\\\/\",\"url\":\"https:\\\/\\\/help.jamk.fi\\\/opinnaytetyon-ohjaus\\\/fi\\\/wihi-ohjeet-koordinaattorille\\\/vaiheen-avaaminen\\\/\",\"name\":\"11.3 Vaiheen avaaminen - Thesis Supervisor&#039;s Handbook\",\"isPartOf\":{\"@id\":\"https:\\\/\\\/help.jamk.fi\\\/opinnaytetyon-ohjaus\\\/#website\"},\"primaryImageOfPage\":{\"@id\":\"https:\\\/\\\/help.jamk.fi\\\/opinnaytetyon-ohjaus\\\/fi\\\/wihi-ohjeet-koordinaattorille\\\/vaiheen-avaaminen\\\/#primaryimage\"},\"image\":{\"@id\":\"https:\\\/\\\/help.jamk.fi\\\/opinnaytetyon-ohjaus\\\/fi\\\/wihi-ohjeet-koordinaattorille\\\/vaiheen-avaaminen\\\/#primaryimage\"},\"thumbnailUrl\":\"https:\\\/\\\/help.jamk.fi\\\/opinnaytetyon-ohjaus\\\/wp-content\\\/uploads\\\/sites\\\/110\\\/2023\\\/09\\\/Vaiheen-avaaminen.png\",\"datePublished\":\"2022-09-22T06:09:01+00:00\",\"dateModified\":\"2024-01-22T13:01:09+00:00\",\"breadcrumb\":{\"@id\":\"https:\\\/\\\/help.jamk.fi\\\/opinnaytetyon-ohjaus\\\/fi\\\/wihi-ohjeet-koordinaattorille\\\/vaiheen-avaaminen\\\/#breadcrumb\"},\"inLanguage\":\"fi\",\"potentialAction\":[{\"@type\":\"ReadAction\",\"target\":[\"https:\\\/\\\/help.jamk.fi\\\/opinnaytetyon-ohjaus\\\/fi\\\/wihi-ohjeet-koordinaattorille\\\/vaiheen-avaaminen\\\/\"]}]},{\"@type\":\"ImageObject\",\"inLanguage\":\"fi\",\"@id\":\"https:\\\/\\\/help.jamk.fi\\\/opinnaytetyon-ohjaus\\\/fi\\\/wihi-ohjeet-koordinaattorille\\\/vaiheen-avaaminen\\\/#primaryimage\",\"url\":\"https:\\\/\\\/help.jamk.fi\\\/opinnaytetyon-ohjaus\\\/wp-content\\\/uploads\\\/sites\\\/110\\\/2023\\\/09\\\/Vaiheen-avaaminen.png\",\"contentUrl\":\"https:\\\/\\\/help.jamk.fi\\\/opinnaytetyon-ohjaus\\\/wp-content\\\/uploads\\\/sites\\\/110\\\/2023\\\/09\\\/Vaiheen-avaaminen.png\"},{\"@type\":\"BreadcrumbList\",\"@id\":\"https:\\\/\\\/help.jamk.fi\\\/opinnaytetyon-ohjaus\\\/fi\\\/wihi-ohjeet-koordinaattorille\\\/vaiheen-avaaminen\\\/#breadcrumb\",\"itemListElement\":[{\"@type\":\"ListItem\",\"position\":1,\"name\":\"Etusivu\",\"item\":\"https:\\\/\\\/help.jamk.fi\\\/opinnaytetyon-ohjaus\\\/fi\\\/\"},{\"@type\":\"ListItem\",\"position\":2,\"name\":\"11 Wihi-ohjeet koordinaattorille\",\"item\":\"https:\\\/\\\/help.jamk.fi\\\/opinnaytetyon-ohjaus\\\/fi\\\/wihi-ohjeet-koordinaattorille\\\/\"},{\"@type\":\"ListItem\",\"position\":3,\"name\":\"11.3 Vaiheen avaaminen\"}]},{\"@type\":\"WebSite\",\"@id\":\"https:\\\/\\\/help.jamk.fi\\\/opinnaytetyon-ohjaus\\\/#website\",\"url\":\"https:\\\/\\\/help.jamk.fi\\\/opinnaytetyon-ohjaus\\\/\",\"name\":\"Thesis Supervisor&#039;s Handbook\",\"description\":\"Opinn\u00e4ytety\u00f6n ohjaajan k\u00e4sikirja ja vinkkipankki\",\"potentialAction\":[{\"@type\":\"SearchAction\",\"target\":{\"@type\":\"EntryPoint\",\"urlTemplate\":\"https:\\\/\\\/help.jamk.fi\\\/opinnaytetyon-ohjaus\\\/?s={search_term_string}\"},\"query-input\":{\"@type\":\"PropertyValueSpecification\",\"valueRequired\":true,\"valueName\":\"search_term_string\"}}],\"inLanguage\":\"fi\"}]}<\/script>\n<!-- \/ Yoast SEO plugin. -->","yoast_head_json":{"title":"11.3 Vaiheen avaaminen - Thesis Supervisor&#039;s Handbook","robots":{"index":"index","follow":"follow","max-snippet":"max-snippet:-1","max-image-preview":"max-image-preview:large","max-video-preview":"max-video-preview:-1"},"canonical":"https:\/\/help.jamk.fi\/opinnaytetyon-ohjaus\/fi\/wihi-ohjeet-koordinaattorille\/vaiheen-avaaminen\/","og_locale":"fi_FI","og_type":"article","og_title":"11.3 Vaiheen avaaminen - Thesis Supervisor&#039;s Handbook","og_description":"Koordinaattorina voit avata jo hyv\u00e4ksytyt vaiheet: 1\/3, 2\/3 tai 3\/3 (arvioinnin avaaminen). T\u00e4m\u00e4 onnistuu my\u00f6s siin\u00e4 tapauksessa, ett\u00e4 seuraavassa vaiheessa on jo viestint\u00e4\u00e4, aktiivisuusmerkint\u00f6j\u00e4 tai teht\u00e4vi\u00e4. Viestint\u00e4 ja teht\u00e4v\u00e4t siirtyv\u00e4t t\u00e4ll\u00f6in vaiheeseen, jota ollaan avaamassa. HUOM. Vaiheen avaaminen ei poista Peppiin jo mahdollisesti siirtyneit\u00e4 suoritusmerkint\u00f6j\u00e4. Tee vaiheen avaaminen seuraavasti: Etsi opinn\u00e4ytety\u00f6 joko Aktiiviset projektit &#8211; [&hellip;]","og_url":"https:\/\/help.jamk.fi\/opinnaytetyon-ohjaus\/fi\/wihi-ohjeet-koordinaattorille\/vaiheen-avaaminen\/","og_site_name":"Thesis Supervisor&#039;s Handbook","article_modified_time":"2024-01-22T13:01:09+00:00","og_image":[{"url":"https:\/\/help.jamk.fi\/opinnaytetyon-ohjaus\/wp-content\/uploads\/sites\/110\/2023\/09\/Vaiheen-avaaminen.png","type":"","width":"","height":""}],"twitter_card":"summary_large_image","twitter_misc":{"Arvioitu lukuaika":"2 minuuttia"},"schema":{"@context":"https:\/\/schema.org","@graph":[{"@type":"WebPage","@id":"https:\/\/help.jamk.fi\/opinnaytetyon-ohjaus\/fi\/wihi-ohjeet-koordinaattorille\/vaiheen-avaaminen\/","url":"https:\/\/help.jamk.fi\/opinnaytetyon-ohjaus\/fi\/wihi-ohjeet-koordinaattorille\/vaiheen-avaaminen\/","name":"11.3 Vaiheen avaaminen - Thesis Supervisor&#039;s Handbook","isPartOf":{"@id":"https:\/\/help.jamk.fi\/opinnaytetyon-ohjaus\/#website"},"primaryImageOfPage":{"@id":"https:\/\/help.jamk.fi\/opinnaytetyon-ohjaus\/fi\/wihi-ohjeet-koordinaattorille\/vaiheen-avaaminen\/#primaryimage"},"image":{"@id":"https:\/\/help.jamk.fi\/opinnaytetyon-ohjaus\/fi\/wihi-ohjeet-koordinaattorille\/vaiheen-avaaminen\/#primaryimage"},"thumbnailUrl":"https:\/\/help.jamk.fi\/opinnaytetyon-ohjaus\/wp-content\/uploads\/sites\/110\/2023\/09\/Vaiheen-avaaminen.png","datePublished":"2022-09-22T06:09:01+00:00","dateModified":"2024-01-22T13:01:09+00:00","breadcrumb":{"@id":"https:\/\/help.jamk.fi\/opinnaytetyon-ohjaus\/fi\/wihi-ohjeet-koordinaattorille\/vaiheen-avaaminen\/#breadcrumb"},"inLanguage":"fi","potentialAction":[{"@type":"ReadAction","target":["https:\/\/help.jamk.fi\/opinnaytetyon-ohjaus\/fi\/wihi-ohjeet-koordinaattorille\/vaiheen-avaaminen\/"]}]},{"@type":"ImageObject","inLanguage":"fi","@id":"https:\/\/help.jamk.fi\/opinnaytetyon-ohjaus\/fi\/wihi-ohjeet-koordinaattorille\/vaiheen-avaaminen\/#primaryimage","url":"https:\/\/help.jamk.fi\/opinnaytetyon-ohjaus\/wp-content\/uploads\/sites\/110\/2023\/09\/Vaiheen-avaaminen.png","contentUrl":"https:\/\/help.jamk.fi\/opinnaytetyon-ohjaus\/wp-content\/uploads\/sites\/110\/2023\/09\/Vaiheen-avaaminen.png"},{"@type":"BreadcrumbList","@id":"https:\/\/help.jamk.fi\/opinnaytetyon-ohjaus\/fi\/wihi-ohjeet-koordinaattorille\/vaiheen-avaaminen\/#breadcrumb","itemListElement":[{"@type":"ListItem","position":1,"name":"Etusivu","item":"https:\/\/help.jamk.fi\/opinnaytetyon-ohjaus\/fi\/"},{"@type":"ListItem","position":2,"name":"11 Wihi-ohjeet koordinaattorille","item":"https:\/\/help.jamk.fi\/opinnaytetyon-ohjaus\/fi\/wihi-ohjeet-koordinaattorille\/"},{"@type":"ListItem","position":3,"name":"11.3 Vaiheen avaaminen"}]},{"@type":"WebSite","@id":"https:\/\/help.jamk.fi\/opinnaytetyon-ohjaus\/#website","url":"https:\/\/help.jamk.fi\/opinnaytetyon-ohjaus\/","name":"Thesis Supervisor&#039;s Handbook","description":"Opinn\u00e4ytety\u00f6n ohjaajan k\u00e4sikirja ja vinkkipankki","potentialAction":[{"@type":"SearchAction","target":{"@type":"EntryPoint","urlTemplate":"https:\/\/help.jamk.fi\/opinnaytetyon-ohjaus\/?s={search_term_string}"},"query-input":{"@type":"PropertyValueSpecification","valueRequired":true,"valueName":"search_term_string"}}],"inLanguage":"fi"}]}},"_links":{"self":[{"href":"https:\/\/help.jamk.fi\/opinnaytetyon-ohjaus\/wp-json\/wp\/v2\/pages\/386","targetHints":{"allow":["GET"]}}],"collection":[{"href":"https:\/\/help.jamk.fi\/opinnaytetyon-ohjaus\/wp-json\/wp\/v2\/pages"}],"about":[{"href":"https:\/\/help.jamk.fi\/opinnaytetyon-ohjaus\/wp-json\/wp\/v2\/types\/page"}],"author":[{"embeddable":true,"href":"https:\/\/help.jamk.fi\/opinnaytetyon-ohjaus\/wp-json\/wp\/v2\/users\/79"}],"replies":[{"embeddable":true,"href":"https:\/\/help.jamk.fi\/opinnaytetyon-ohjaus\/wp-json\/wp\/v2\/comments?post=386"}],"version-history":[{"count":10,"href":"https:\/\/help.jamk.fi\/opinnaytetyon-ohjaus\/wp-json\/wp\/v2\/pages\/386\/revisions"}],"predecessor-version":[{"id":1646,"href":"https:\/\/help.jamk.fi\/opinnaytetyon-ohjaus\/wp-json\/wp\/v2\/pages\/386\/revisions\/1646"}],"up":[{"embeddable":true,"href":"https:\/\/help.jamk.fi\/opinnaytetyon-ohjaus\/wp-json\/wp\/v2\/pages\/231"}],"wp:attachment":[{"href":"https:\/\/help.jamk.fi\/opinnaytetyon-ohjaus\/wp-json\/wp\/v2\/media?parent=386"}],"wp:term":[{"taxonomy":"category","embeddable":true,"href":"https:\/\/help.jamk.fi\/opinnaytetyon-ohjaus\/wp-json\/wp\/v2\/categories?post=386"},{"taxonomy":"post_tag","embeddable":true,"href":"https:\/\/help.jamk.fi\/opinnaytetyon-ohjaus\/wp-json\/wp\/v2\/tags?post=386"}],"curies":[{"name":"wp","href":"https:\/\/api.w.org\/{rel}","templated":true}]}}