{"id":1881,"date":"2015-06-04T08:42:23","date_gmt":"2015-06-04T07:42:23","guid":{"rendered":"https:\/\/help.jamk.fi\/oppiminen\/video-oppimistehtavana\/"},"modified":"2024-10-08T10:23:12","modified_gmt":"2024-10-08T07:23:12","slug":"video-oppimistehtavana","status":"publish","type":"page","link":"https:\/\/help.jamk.fi\/oppiminen\/fi\/verkko-opiskelun-ymparistot\/video-oppimistehtavana\/","title":{"rendered":"Video oppimisteht\u00e4v\u00e4n\u00e4"},"content":{"rendered":"\n<p>Opintojen aikana tulee vastaan oppimisteht\u00e4vi\u00e4, joissa kirjallisen raportin tai pohdinnan sijaan opiskelijan teht\u00e4v\u00e4n\u00e4 on tuottaa videomuotoista materiaalia. Videoteht\u00e4v\u00e4n tekoon, editointiin ja jakamiseen l\u00f6ytyy lukuisia erilaisia alustoja ja vaihtoehtoja.<\/p>\n\n\n\n<p>Videon nauhoituksessa voit k\u00e4ytt\u00e4\u00e4 esimerkiksi tietokoneen web-kameraa ja Windowsin Kamera-sovellusta tai puhelinta tai iPadia. Jamkin opiskelijana voit lainata p\u00e4\u00e4kampukselta (Rajakatu 35, Jyv\u00e4skyl\u00e4) tarvittaessa av-laitteita, kuten videokameran. N\u00e4m\u00e4 laitteet l\u00f6ytyv\u00e4t Locker-laatikoista p\u00e4\u00e4aulan Lounge-tilasta. Lainaus tapahtuu esimerkiksi kirjastokorttisi viivakoodilla. Ohjeet kortin aktivointiin l\u00f6yd\u00e4t Locker-lainauspisteest\u00e4.<\/p>\n\n\n\n<p>Kysy Locker-lainatarviketarjonnasta tarkemmin <a href=\"https:\/\/help.jamk.fi\/fi\/\">Helpist\u00e4.<\/a><\/p>\n\n\n\n<h2 class=\"wp-block-heading\">Video PowerPointilla<\/h2>\n\n\n\n<p>PowerPointilla voit tehd\u00e4 diaesityksest\u00e4si videon. Toiminnallisuus l\u00f6ytyy Slide show -v\u00e4lilehdelt\u00e4, sen avulla voit lis\u00e4t\u00e4 esitykseesi sek\u00e4 puhetta ett\u00e4 videokuvaa. <\/p>\n\n\n\n<ul class=\"wp-block-list\">\n<li>Rakenna PowerPoint -dioja normaaliin tapaan<\/li>\n\n\n\n<li>Puhe ja video  lis\u00e4t\u00e4\u00e4n kohdassa Slide show -&gt; Record Slide Show yhteen diaan kerrallaan. Muista pieni tauko diojen v\u00e4liss\u00e4.<\/li>\n\n\n\n<li>Kaikkien  diojen ei tarvitse olla valmiina ennen puheen tallentamisen aloittamista, vaan voit tallentaa puhetta dia kerrallaan. Tallennuksen voi my\u00f6s uusi yhteen diaan kerrallaan, jos et ole tyytyv\u00e4inen tulokseen.<\/li>\n\n\n\n<li>Insert-v\u00e4lilehdell\u00e4 voit puolestaan lis\u00e4t\u00e4 esitykseesi my\u00f6s ruudunkaappausvideon.<\/li>\n\n\n\n<li>Kun esityksen tallentaminen kaikkiin dioihin on valmis, tallenna PowerPoint esitys. Sen j\u00e4lkeen valitse File &#8211;&gt; Export &#8211;&gt; Create video, jolloin esityksesi tallentuu videomuotoon.<\/li>\n<\/ul>\n\n\n\n<p><a href=\"https:\/\/youtu.be\/eOYplH8jEJg\" target=\"_blank\" rel=\"noreferrer noopener\">N\u00e4in teet PowerPoint -esityksest\u00e4 videon (Omnia\/YouTube)<\/a><\/p>\n\n\n\n<h2 class=\"wp-block-heading\">Ruudunkaappausvideot <\/h2>\n\n\n\n<p>N\u00e4ytt\u00f6\u00e4 tallentavat ohjelmat laajentavat mahdollisuuksia oppimisteht\u00e4vien tuottamiseen. N\u00e4it\u00e4 videoita sanotaan ruudunkaappausvideoiksi, screencast-videoiksi tai n\u00e4ytt\u00f6tallenteiksi. <\/p>\n\n\n\n<p>Voit tehd\u00e4 ruudunkaappausvideoita esimerkiksi:<\/p>\n\n\n\n<ul class=\"wp-block-list\">\n<li>lis\u00e4\u00e4m\u00e4ll\u00e4 n\u00e4ytt\u00f6tallenne PowerPointiin (Lis\u00e4\u00e4 &gt; N\u00e4ytt\u00f6tallenne),<\/li>\n\n\n\n<li>hy\u00f6dynt\u00e4m\u00e4ll\u00e4 Zoomia tai Teamsia &#8211; aloita videopuhelu, jaa n\u00e4ytt\u00f6si ja tallenna esityksesi,<\/li>\n\n\n\n<li>kirjautumalla Panoptoon ja valitsemalla yl\u00e4nauhasta Create &gt; Panopto Capture tai <\/li>\n\n\n\n<li>voit my\u00f6s k\u00e4ytt\u00e4\u00e4 verkosta l\u00f6ytyvi\u00e4 ilmaisohjelmia.<\/li>\n<\/ul>\n\n\n<div id=\"info-lift-block_266d3077c4db269926afa5796080eba4\" class=\"block-info-lift block-info-lift\">\n  <div class=\"row\">\n    <div class=\"col-12\">\n              <div class=\"block-info-lift__content\">\n          <div class=\"block-info-lift__content__icon\">\n            <span>!<\/span>\n          <\/div>\n          <p class=\"block-info-lift__content__text\">Tee ruutukaappausvideo, jos sinun pit\u00e4\u00e4 selitt\u00e4\u00e4 jokin hankala ongelma opiskelukaverille tai opettajalle esimerkiksi opiskeltavan sovelluksen k\u00e4ytt\u00f6\u00f6n liittyen. <\/p>\n        <\/div>\n          <\/div>\n  <\/div>\n<\/div>\n\n\n<h2 class=\"wp-block-heading\">Videon editointi<\/h2>\n\n\n\n<p>Video tuntuu kaipaavan joskus pient\u00e4 editointia. Yleisimm\u00e4t tarpeet liittyv\u00e4t otsikointiin ja turhien p\u00e4tkien leikkaamiseen. N\u00e4ihin tarpeisiin l\u00f6ytyy ratkaisu joko k\u00e4ytt\u00f6j\u00e4rjestelm\u00e4st\u00e4 (esim. Windows Videoeditori) tai ilmaisohjelmista. Mobiililaitteisiin l\u00f6yd\u00e4t vaihtoehtoja sovelluskaupoista.<\/p>\n\n\n\n<p>Esimerkkej\u00e4 ilmaisista editointiohjelmista:<br><a href=\"https:\/\/www.openshot.org\/\">OpenShot<\/a>&nbsp;\u2013 muistuttaa v\u00e4h\u00e4n entist\u00e4 Windowsin Movie Makeria, jos se on sinulle tuttu.<br><a href=\"https:\/\/www.blackmagicdesign.com\/products\/davinciresolve\/\">DaVinci Resolve<\/a>&nbsp;\u2013 enemm\u00e4n efektej\u00e4 ja enemm\u00e4n ominaisuuksia, vaatii siis enemm\u00e4n paneutumista ja tehoja koneelta.<\/p>\n\n\n\n<h2 class=\"wp-block-heading\">Videon julkaiseminen ja jakaminen<\/h2>\n\n\n\n<p>Jamkissa on k\u00e4yt\u00f6ss\u00e4 videotallennepalvelu Panopto. Sen kautta pystyt jakamaan opiskeluun liittyvi\u00e4 videoita. <br><a href=\"https:\/\/help.jamk.fi\/panopto\/fi\/\">Panopto | Ev\u00e4it\u00e4 Panopto-palvelun k\u00e4ytt\u00f6\u00f6n (jamk.fi)<\/a> <\/p>\n\n\n\n<p>Lyhyen videon jakaminen opiskeluun tai oppimisteht\u00e4v\u00e4\u00e4n liittyen onnistuu my\u00f6s esimerkiksi OneDrivest\u00e4, vaikka ei ole varsinaisesti videon jakoalusta. Useissa tapauksissa voit ladata videon halutessasi my\u00f6s <strong>YouTuben tai Vimeon<\/strong> kaltaisiin videopalveluihin, mik\u00e4li niiden k\u00e4ytt\u00f6 on sinulle tuttua. Esim. YouTube tarjoaa mahdollisuuden ladata videoita siten, ett\u00e4 video ei mene julkisiin hakuihin (\u201dUnlisted\u201d, vain linkin tiet\u00e4v\u00e4t p\u00e4\u00e4sev\u00e4t videon katsomaan). T\u00e4t\u00e4 toimintoa on usein hy\u00f6dynnetty oppimisteht\u00e4viss\u00e4, jotka ovat julkisia, mutta haluttu n\u00e4ht\u00e4ville v\u00e4h\u00e4n rajatummalle katsojaryhm\u00e4lle.<\/p>\n\n\n\n<p>Ohjeita YouTuben k\u00e4ytt\u00f6\u00f6n l\u00f6yd\u00e4t Tuben suomenkielisest\u00e4 <a href=\"https:\/\/support.google.com\/youtube\/?hl=fi#topic=4355266\" target=\"_blank\" rel=\"noreferrer noopener\">ohjekeskuksesta<\/a>.<\/p>\n\n\n\n<p>Vimeo tarjoaa <a rel=\"noreferrer noopener\" href=\"https:\/\/vimeo.com\/help\" target=\"_blank\">k\u00e4ytt\u00f6ohjeita<\/a> englannin kielell\u00e4. Vimeon ohjeista l\u00f6ytyy my\u00f6s hy\u00f6dyllinen Video School, joka tarjoaa vinkkej\u00e4 videotuotantoon julkaisualustasta riippumatta.<\/p>\n","protected":false},"excerpt":{"rendered":"<p>Opintojen aikana tulee vastaan oppimisteht\u00e4vi\u00e4, joissa kirjallisen raportin tai pohdinnan sijaan opiskelijan teht\u00e4v\u00e4n\u00e4 on tuottaa videomuotoista materiaalia. Videoteht\u00e4v\u00e4n tekoon, editointiin ja jakamiseen l\u00f6ytyy lukuisia erilaisia alustoja ja vaihtoehtoja. Videon nauhoituksessa voit k\u00e4ytt\u00e4\u00e4 esimerkiksi tietokoneen web-kameraa ja Windowsin Kamera-sovellusta tai puhelinta tai iPadia. Jamkin opiskelijana voit lainata p\u00e4\u00e4kampukselta (Rajakatu 35, Jyv\u00e4skyl\u00e4) tarvittaessa av-laitteita, kuten videokameran. N\u00e4m\u00e4 [&hellip;]<\/p>\n","protected":false},"author":73,"featured_media":0,"parent":1892,"menu_order":0,"comment_status":"closed","ping_status":"open","template":"","meta":{"_acf_changed":false,"_relevanssi_hide_post":"","_relevanssi_hide_content":"","_relevanssi_pin_for_all":"","_relevanssi_pin_keywords":"","_relevanssi_unpin_keywords":"","_relevanssi_related_keywords":"","_relevanssi_related_include_ids":"","_relevanssi_related_exclude_ids":"","_relevanssi_related_no_append":"","_relevanssi_related_not_related":"","_relevanssi_related_posts":"","_relevanssi_noindex_reason":"","footnotes":""},"categories":[1],"tags":[],"class_list":["post-1881","page","type-page","status-publish","hentry","category-uncategorised"],"acf":[],"yoast_head":"<!-- This site is optimized with the Yoast SEO plugin v27.4 - https:\/\/yoast.com\/product\/yoast-seo-wordpress\/ -->\n<title>Video oppimisteht\u00e4v\u00e4n\u00e4 - Oppiminen<\/title>\n<meta name=\"robots\" content=\"index, follow, max-snippet:-1, max-image-preview:large, max-video-preview:-1\" \/>\n<link rel=\"canonical\" href=\"https:\/\/help.jamk.fi\/oppiminen\/fi\/verkko-opiskelun-ymparistot\/video-oppimistehtavana\/\" \/>\n<meta property=\"og:locale\" content=\"fi_FI\" \/>\n<meta property=\"og:type\" content=\"article\" \/>\n<meta property=\"og:title\" content=\"Video oppimisteht\u00e4v\u00e4n\u00e4 - Oppiminen\" \/>\n<meta property=\"og:description\" content=\"Opintojen aikana tulee vastaan oppimisteht\u00e4vi\u00e4, joissa kirjallisen raportin tai pohdinnan sijaan opiskelijan teht\u00e4v\u00e4n\u00e4 on tuottaa videomuotoista materiaalia. Videoteht\u00e4v\u00e4n tekoon, editointiin ja jakamiseen l\u00f6ytyy lukuisia erilaisia alustoja ja vaihtoehtoja. Videon nauhoituksessa voit k\u00e4ytt\u00e4\u00e4 esimerkiksi tietokoneen web-kameraa ja Windowsin Kamera-sovellusta tai puhelinta tai iPadia. Jamkin opiskelijana voit lainata p\u00e4\u00e4kampukselta (Rajakatu 35, Jyv\u00e4skyl\u00e4) tarvittaessa av-laitteita, kuten videokameran. N\u00e4m\u00e4 [&hellip;]\" \/>\n<meta property=\"og:url\" content=\"https:\/\/help.jamk.fi\/oppiminen\/fi\/verkko-opiskelun-ymparistot\/video-oppimistehtavana\/\" \/>\n<meta property=\"og:site_name\" content=\"Oppiminen\" \/>\n<meta property=\"article:modified_time\" content=\"2024-10-08T07:23:12+00:00\" \/>\n<meta name=\"twitter:card\" content=\"summary_large_image\" \/>\n<meta name=\"twitter:label1\" content=\"Arvioitu lukuaika\" \/>\n\t<meta name=\"twitter:data1\" content=\"3 minuuttia\" \/>\n<script type=\"application\/ld+json\" class=\"yoast-schema-graph\">{\"@context\":\"https:\\\/\\\/schema.org\",\"@graph\":[{\"@type\":\"WebPage\",\"@id\":\"https:\\\/\\\/help.jamk.fi\\\/oppiminen\\\/fi\\\/verkko-opiskelun-ymparistot\\\/video-oppimistehtavana\\\/\",\"url\":\"https:\\\/\\\/help.jamk.fi\\\/oppiminen\\\/fi\\\/verkko-opiskelun-ymparistot\\\/video-oppimistehtavana\\\/\",\"name\":\"Video oppimisteht\u00e4v\u00e4n\u00e4 - Oppiminen\",\"isPartOf\":{\"@id\":\"https:\\\/\\\/help.jamk.fi\\\/oppiminen\\\/#website\"},\"datePublished\":\"2015-06-04T07:42:23+00:00\",\"dateModified\":\"2024-10-08T07:23:12+00:00\",\"breadcrumb\":{\"@id\":\"https:\\\/\\\/help.jamk.fi\\\/oppiminen\\\/fi\\\/verkko-opiskelun-ymparistot\\\/video-oppimistehtavana\\\/#breadcrumb\"},\"inLanguage\":\"fi\",\"potentialAction\":[{\"@type\":\"ReadAction\",\"target\":[\"https:\\\/\\\/help.jamk.fi\\\/oppiminen\\\/fi\\\/verkko-opiskelun-ymparistot\\\/video-oppimistehtavana\\\/\"]}]},{\"@type\":\"BreadcrumbList\",\"@id\":\"https:\\\/\\\/help.jamk.fi\\\/oppiminen\\\/fi\\\/verkko-opiskelun-ymparistot\\\/video-oppimistehtavana\\\/#breadcrumb\",\"itemListElement\":[{\"@type\":\"ListItem\",\"position\":1,\"name\":\"Home\",\"item\":\"https:\\\/\\\/help.jamk.fi\\\/oppiminen\\\/fi\\\/\"},{\"@type\":\"ListItem\",\"position\":2,\"name\":\"Avuksi oppimisteht\u00e4viin\",\"item\":\"https:\\\/\\\/help.jamk.fi\\\/oppiminen\\\/fi\\\/verkko-opiskelun-ymparistot\\\/\"},{\"@type\":\"ListItem\",\"position\":3,\"name\":\"Video oppimisteht\u00e4v\u00e4n\u00e4\"}]},{\"@type\":\"WebSite\",\"@id\":\"https:\\\/\\\/help.jamk.fi\\\/oppiminen\\\/#website\",\"url\":\"https:\\\/\\\/help.jamk.fi\\\/oppiminen\\\/\",\"name\":\"Oppiminen\",\"description\":\"\",\"potentialAction\":[{\"@type\":\"SearchAction\",\"target\":{\"@type\":\"EntryPoint\",\"urlTemplate\":\"https:\\\/\\\/help.jamk.fi\\\/oppiminen\\\/?s={search_term_string}\"},\"query-input\":{\"@type\":\"PropertyValueSpecification\",\"valueRequired\":true,\"valueName\":\"search_term_string\"}}],\"inLanguage\":\"fi\"}]}<\/script>\n<!-- \/ Yoast SEO plugin. -->","yoast_head_json":{"title":"Video oppimisteht\u00e4v\u00e4n\u00e4 - Oppiminen","robots":{"index":"index","follow":"follow","max-snippet":"max-snippet:-1","max-image-preview":"max-image-preview:large","max-video-preview":"max-video-preview:-1"},"canonical":"https:\/\/help.jamk.fi\/oppiminen\/fi\/verkko-opiskelun-ymparistot\/video-oppimistehtavana\/","og_locale":"fi_FI","og_type":"article","og_title":"Video oppimisteht\u00e4v\u00e4n\u00e4 - Oppiminen","og_description":"Opintojen aikana tulee vastaan oppimisteht\u00e4vi\u00e4, joissa kirjallisen raportin tai pohdinnan sijaan opiskelijan teht\u00e4v\u00e4n\u00e4 on tuottaa videomuotoista materiaalia. Videoteht\u00e4v\u00e4n tekoon, editointiin ja jakamiseen l\u00f6ytyy lukuisia erilaisia alustoja ja vaihtoehtoja. Videon nauhoituksessa voit k\u00e4ytt\u00e4\u00e4 esimerkiksi tietokoneen web-kameraa ja Windowsin Kamera-sovellusta tai puhelinta tai iPadia. Jamkin opiskelijana voit lainata p\u00e4\u00e4kampukselta (Rajakatu 35, Jyv\u00e4skyl\u00e4) tarvittaessa av-laitteita, kuten videokameran. N\u00e4m\u00e4 [&hellip;]","og_url":"https:\/\/help.jamk.fi\/oppiminen\/fi\/verkko-opiskelun-ymparistot\/video-oppimistehtavana\/","og_site_name":"Oppiminen","article_modified_time":"2024-10-08T07:23:12+00:00","twitter_card":"summary_large_image","twitter_misc":{"Arvioitu lukuaika":"3 minuuttia"},"schema":{"@context":"https:\/\/schema.org","@graph":[{"@type":"WebPage","@id":"https:\/\/help.jamk.fi\/oppiminen\/fi\/verkko-opiskelun-ymparistot\/video-oppimistehtavana\/","url":"https:\/\/help.jamk.fi\/oppiminen\/fi\/verkko-opiskelun-ymparistot\/video-oppimistehtavana\/","name":"Video oppimisteht\u00e4v\u00e4n\u00e4 - Oppiminen","isPartOf":{"@id":"https:\/\/help.jamk.fi\/oppiminen\/#website"},"datePublished":"2015-06-04T07:42:23+00:00","dateModified":"2024-10-08T07:23:12+00:00","breadcrumb":{"@id":"https:\/\/help.jamk.fi\/oppiminen\/fi\/verkko-opiskelun-ymparistot\/video-oppimistehtavana\/#breadcrumb"},"inLanguage":"fi","potentialAction":[{"@type":"ReadAction","target":["https:\/\/help.jamk.fi\/oppiminen\/fi\/verkko-opiskelun-ymparistot\/video-oppimistehtavana\/"]}]},{"@type":"BreadcrumbList","@id":"https:\/\/help.jamk.fi\/oppiminen\/fi\/verkko-opiskelun-ymparistot\/video-oppimistehtavana\/#breadcrumb","itemListElement":[{"@type":"ListItem","position":1,"name":"Home","item":"https:\/\/help.jamk.fi\/oppiminen\/fi\/"},{"@type":"ListItem","position":2,"name":"Avuksi oppimisteht\u00e4viin","item":"https:\/\/help.jamk.fi\/oppiminen\/fi\/verkko-opiskelun-ymparistot\/"},{"@type":"ListItem","position":3,"name":"Video oppimisteht\u00e4v\u00e4n\u00e4"}]},{"@type":"WebSite","@id":"https:\/\/help.jamk.fi\/oppiminen\/#website","url":"https:\/\/help.jamk.fi\/oppiminen\/","name":"Oppiminen","description":"","potentialAction":[{"@type":"SearchAction","target":{"@type":"EntryPoint","urlTemplate":"https:\/\/help.jamk.fi\/oppiminen\/?s={search_term_string}"},"query-input":{"@type":"PropertyValueSpecification","valueRequired":true,"valueName":"search_term_string"}}],"inLanguage":"fi"}]}},"_links":{"self":[{"href":"https:\/\/help.jamk.fi\/oppiminen\/wp-json\/wp\/v2\/pages\/1881","targetHints":{"allow":["GET"]}}],"collection":[{"href":"https:\/\/help.jamk.fi\/oppiminen\/wp-json\/wp\/v2\/pages"}],"about":[{"href":"https:\/\/help.jamk.fi\/oppiminen\/wp-json\/wp\/v2\/types\/page"}],"author":[{"embeddable":true,"href":"https:\/\/help.jamk.fi\/oppiminen\/wp-json\/wp\/v2\/users\/73"}],"replies":[{"embeddable":true,"href":"https:\/\/help.jamk.fi\/oppiminen\/wp-json\/wp\/v2\/comments?post=1881"}],"version-history":[{"count":8,"href":"https:\/\/help.jamk.fi\/oppiminen\/wp-json\/wp\/v2\/pages\/1881\/revisions"}],"predecessor-version":[{"id":2391,"href":"https:\/\/help.jamk.fi\/oppiminen\/wp-json\/wp\/v2\/pages\/1881\/revisions\/2391"}],"up":[{"embeddable":true,"href":"https:\/\/help.jamk.fi\/oppiminen\/wp-json\/wp\/v2\/pages\/1892"}],"wp:attachment":[{"href":"https:\/\/help.jamk.fi\/oppiminen\/wp-json\/wp\/v2\/media?parent=1881"}],"wp:term":[{"taxonomy":"category","embeddable":true,"href":"https:\/\/help.jamk.fi\/oppiminen\/wp-json\/wp\/v2\/categories?post=1881"},{"taxonomy":"post_tag","embeddable":true,"href":"https:\/\/help.jamk.fi\/oppiminen\/wp-json\/wp\/v2\/tags?post=1881"}],"curies":[{"name":"wp","href":"https:\/\/api.w.org\/{rel}","templated":true}]}}